Build Information
Failed to build SpeziStorage, reference main (05fe7e), with Swift 6.2 for Wasm on 14 Jul 2026 21:01:15 UTC.
Build Command
bash -c docker run --pull=always --rm -v "checkouts-53886770-3":/host -w "$PWD" -e JAVA_HOME="/root/.sdkman/candidates/java/current" -e SPI_BUILD="1" -e SPI_PROCESSING="1" registry.gitlab.com/saguaro1/spi-images:wasm-6.2-latest swift build --swift-sdk swift-6.2-RELEASE_wasm 2>&1Build Log
========================================
RunAll
========================================
Builder version: e8bafa5c5d5b3cc8a20258ddf060ad6c89f46bf9
Interrupt handler set up.
========================================
Checkout
========================================
Clone URL: https://github.com/StanfordSpezi/SpeziStorage.git
Reference: main
Initialized empty Git repository in /host/spi-builder-workspace/.git/
hint: Using 'master' as the name for the initial branch. This default branch name
hint: is subject to change. To configure the initial branch name to use in all
hint: of your new repositories, which will suppress this warning, call:
hint:
hint: git config --global init.defaultBranch <name>
hint:
hint: Names commonly chosen instead of 'master' are 'main', 'trunk' and
hint: 'development'. The just-created branch can be renamed via this command:
hint:
hint: git branch -m <name>
From https://github.com/StanfordSpezi/SpeziStorage
* branch main -> FETCH_HEAD
* [new branch] main -> origin/main
HEAD is now at 05fe7e1 Stabilize Markdown Link Check by ignoring Swift Package Index documentation links (#42)
Cloned https://github.com/StanfordSpezi/SpeziStorage.git
Revision (git rev-parse @):
05fe7e13aacee800445f2c91fabf8059daf44fcf
SPI manifest file found: $PWD/.spi.yml
SUCCESS checkout https://github.com/StanfordSpezi/SpeziStorage.git at main
========================================
Build
========================================
Selected platform: wasm
Swift version: 6.2
Building package at path: $PWD
https://github.com/StanfordSpezi/SpeziStorage.git
Running build ...
bash -c docker run --pull=always --rm -v "checkouts-53886770-3":/host -w "$PWD" -e JAVA_HOME="/root/.sdkman/candidates/java/current" -e SPI_BUILD="1" -e SPI_PROCESSING="1" registry.gitlab.com/saguaro1/spi-images:wasm-6.2-latest swift build --swift-sdk swift-6.2-RELEASE_wasm 2>&1
wasm-6.2-latest: Pulling from saguaro1/spi-images
Digest: sha256:dc8dffc38f1d92eca7ee5312617822470123661393ed20672e77964f9dcaaffb
Status: Image is up to date for registry.gitlab.com/saguaro1/spi-images:wasm-6.2-latest
Fetching https://github.com/StanfordSpezi/Spezi.git
Fetching https://github.com/StanfordSpezi/SpeziFoundation.git
Fetching https://github.com/StanfordBDHG/XCTRuntimeAssertions.git
[1/3050] Fetching spezifoundation
[428/13400] Fetching spezifoundation, spezi
[1234/14135] Fetching spezifoundation, spezi, xctruntimeassertions
Fetched https://github.com/StanfordBDHG/XCTRuntimeAssertions.git from cache (0.46s)
[4396/13400] Fetching spezifoundation, spezi
Fetched https://github.com/StanfordSpezi/SpeziFoundation.git from cache (0.58s)
Fetched https://github.com/StanfordSpezi/Spezi.git from cache (0.59s)
Computing version for https://github.com/StanfordBDHG/XCTRuntimeAssertions.git
Computed https://github.com/StanfordBDHG/XCTRuntimeAssertions.git at 2.2.0 (0.83s)
Computing version for https://github.com/StanfordSpezi/Spezi.git
Computed https://github.com/StanfordSpezi/Spezi.git at 1.10.2 (0.30s)
Fetching https://github.com/apple/swift-collections.git
[1/25988] Fetching swift-collections
Fetched https://github.com/apple/swift-collections.git from cache (1.15s)
Computing version for https://github.com/StanfordSpezi/SpeziFoundation.git
Computed https://github.com/StanfordSpezi/SpeziFoundation.git at 2.7.7 (1.53s)
Fetching https://github.com/apple/swift-algorithms.git
Fetching https://github.com/StanfordBDHG/ThreadLocal.git
Fetching https://github.com/StanfordBDHG/zstd.git
Fetching https://github.com/apple/swift-atomics.git
Fetching https://github.com/apple/swift-log
[1/1868] Fetching swift-atomics
[599/2051] Fetching swift-atomics, threadlocal
[2052/65208] Fetching swift-atomics, threadlocal, zstd
[2053/72909] Fetching swift-atomics, threadlocal, zstd, swift-log
[4379/78985] Fetching swift-atomics, threadlocal, zstd, swift-log, swift-algorithms
Fetched https://github.com/apple/swift-atomics.git from cache (0.47s)
[3357/77117] Fetching threadlocal, zstd, swift-log, swift-algorithms
Fetched https://github.com/apple/swift-log from cache (0.61s)
Fetched https://github.com/apple/swift-algorithms.git from cache (0.62s)
[12815/63340] Fetching threadlocal, zstd
Fetched https://github.com/StanfordBDHG/ThreadLocal.git from cache (3.51s)
Fetched https://github.com/StanfordBDHG/zstd.git from cache (3.57s)
Computing version for https://github.com/apple/swift-algorithms.git
Computed https://github.com/apple/swift-algorithms.git at 1.2.1 (5.29s)
Fetching https://github.com/apple/swift-numerics.git
[1/6441] Fetching swift-numerics
Fetched https://github.com/apple/swift-numerics.git from cache (0.60s)
Computing version for https://github.com/apple/swift-atomics.git
Computed https://github.com/apple/swift-atomics.git at 1.3.1 (0.98s)
Computing version for https://github.com/StanfordBDHG/ThreadLocal.git
Computed https://github.com/StanfordBDHG/ThreadLocal.git at 0.1.3 (0.28s)
Fetching https://github.com/swiftlang/swift-syntax.git
[1/76052] Fetching swift-syntax
Fetched https://github.com/swiftlang/swift-syntax.git from cache (4.96s)
Computing version for https://github.com/apple/swift-numerics.git
Computed https://github.com/apple/swift-numerics.git at 1.1.1 (5.30s)
Computing version for https://github.com/swiftlang/swift-syntax.git
Computed https://github.com/swiftlang/swift-syntax.git at 603.0.2 (0.48s)
Computing version for https://github.com/apple/swift-collections.git
Computed https://github.com/apple/swift-collections.git at 1.6.0 (0.47s)
Computing version for https://github.com/apple/swift-log
Computed https://github.com/apple/swift-log at 1.14.0 (0.37s)
Computing version for https://github.com/StanfordBDHG/zstd.git
Computed https://github.com/StanfordBDHG/zstd.git at 1.5.8-beta.1 (0.38s)
Creating working copy for https://github.com/apple/swift-log
Working copy of https://github.com/apple/swift-log resolved at 1.14.0
Creating working copy for https://github.com/StanfordBDHG/XCTRuntimeAssertions.git
Working copy of https://github.com/StanfordBDHG/XCTRuntimeAssertions.git resolved at 2.2.0
Creating working copy for https://github.com/StanfordSpezi/SpeziFoundation.git
Working copy of https://github.com/StanfordSpezi/SpeziFoundation.git resolved at 2.7.7
Creating working copy for https://github.com/StanfordBDHG/ThreadLocal.git
Working copy of https://github.com/StanfordBDHG/ThreadLocal.git resolved at 0.1.3
Creating working copy for https://github.com/apple/swift-algorithms.git
Working copy of https://github.com/apple/swift-algorithms.git resolved at 1.2.1
Creating working copy for https://github.com/StanfordSpezi/Spezi.git
Working copy of https://github.com/StanfordSpezi/Spezi.git resolved at 1.10.2
Creating working copy for https://github.com/StanfordBDHG/zstd.git
Working copy of https://github.com/StanfordBDHG/zstd.git resolved at 1.5.8-beta.1
Creating working copy for https://github.com/apple/swift-collections.git
Working copy of https://github.com/apple/swift-collections.git resolved at 1.6.0
Creating working copy for https://github.com/swiftlang/swift-syntax.git
Working copy of https://github.com/swiftlang/swift-syntax.git resolved at 603.0.2
Creating working copy for https://github.com/apple/swift-atomics.git
Working copy of https://github.com/apple/swift-atomics.git resolved at 1.3.1
Creating working copy for https://github.com/apple/swift-numerics.git
Working copy of https://github.com/apple/swift-numerics.git resolved at 1.1.1
Building for debugging...
[0/91] Write sources
[6/91] Compiling SpeziFoundationObjC ObjCExceptionHandling.m
[7/91] Compiling debug.c
[7/91] Write sources
[27/91] Compiling error_private.c
[28/91] Compiling fse_decompress.c
[29/91] Compiling _SwiftSyntaxCShims PlatformMutex.c
[30/91] Compiling pool.c
[31/91] Compiling zstd_common.c
[32/91] Write swift-version-24593BA9C3E375BF.txt
[33/91] Compiling divsufsort.c
[34/91] Compiling cover.c
[35/91] Compiling zstd_ddict.c
[36/91] Compiling fastcover.c
[37/97] Compiling zdict.c
[38/99] Compiling zstd_fast.c
[40/99] Emitting module SwiftSyntax603
[40/99] Compiling zstd_decompress.c
[42/111] Emitting module SwiftSyntax509
[42/111] Compiling zstd_decompress_block.c
[43/111] Compiling huf_decompress_amd64.S
[44/111] Compiling huf_decompress.c
[45/111] Compiling zstdmt_compress.c
[46/111] Compiling zstd_preSplit.c
[47/111] Compiling zstd_opt.c
[48/111] Compiling zstd_ldm.c
[50/111] Compiling SwiftSyntax602 Empty.swift
[51/111] Emitting module SwiftSyntax602
[53/112] Emitting module SwiftSyntax601
[54/112] Compiling SwiftSyntax601 Empty.swift
[55/113] Compiling SwiftSyntax600 Empty.swift
[56/113] Emitting module SwiftSyntax600
[58/114] Compiling SwiftSyntax603 Empty.swift
[60/115] Compiling zstd_double_fast.c
[61/115] Wrapping AST for SwiftSyntax603 for debugging
[63/115] Compiling SwiftSyntax509 Empty.swift
[64/116] Emitting module SwiftSyntax510
[65/116] Compiling SwiftSyntax510 Empty.swift
[65/117] Wrapping AST for SwiftSyntax602 for debugging
[66/117] Wrapping AST for SwiftSyntax601 for debugging
[69/117] Wrapping AST for SwiftSyntax600 for debugging
[70/117] Compiling zstd_compress_sequences.c
[71/117] Compiling zstd_compress_superblock.c
[72/117] Wrapping AST for SwiftSyntax510 for debugging
[73/117] Compiling zstd_compress_literals.c
[74/117] Wrapping AST for SwiftSyntax509 for debugging
[75/117] Compiling hist.c
[76/117] Compiling threading.c
[77/117] Compiling xxhash.c
[78/128] Compiling _NumericsShims _NumericsShims.c
[79/160] Compiling fse_compress.c
[79/160] Write sources
[79/160] Copying Localizable.xcstrings.license
[79/160] Copying Localizable.xcstrings
[79/160] Copying Info.plist
[79/160] Write sources
[89/164] Compiling _AtomicsShims.c
[90/180] Compiling entropy_common.c
[91/200] Compiling huf_compress.c
[93/238] Compiling Atomics UnsafeAtomic.swift
[94/238] Compiling Atomics UnsafeAtomicLazyReference.swift
[95/240] Compiling Atomics ManagedAtomic.swift
[96/240] Compiling Atomics ManagedAtomicLazyReference.swift
[97/240] Compiling Atomics IntegerConformances.swift
[98/240] Compiling Atomics PointerConformances.swift
[98/241] Compiling zstd_compress.c
[100/241] Compiling Atomics AtomicInteger.swift
[101/241] Compiling Atomics AtomicOptionalWrappable.swift
[102/241] Compiling Atomics AtomicReference.swift
[103/243] Compiling RealModule RealFunctions.swift
[104/243] Compiling RealModule Real.swift
[105/243] Compiling RealModule Float80+Real.swift
[106/243] Compiling RealModule Float16+Real.swift
[107/244] Compiling Atomics AtomicStorage.swift
[108/244] Compiling Atomics AtomicValue.swift
[109/244] Compiling Atomics AtomicMemoryOrderings.swift
[110/244] Compiling Atomics DoubleWord.swift
[111/244] Compiling Logging LoggingSystem.swift
error: emit-module command failed with exit code 1 (use -v to see invocation)
[112/244] Emitting module RuntimeAssertions
/host/spi-builder-workspace/.build/checkouts/XCTRuntimeAssertions/Sources/RuntimeAssertions/NeverReturn.swift:16:25: error: value of type 'RunLoop' has no member 'run'
14 | // This is unfortunate but as far as I can see the only feasible way to return Never without calling a runtime crashing function, e.g. `fatalError()`.
15 | repeat {
16 | RunLoop.current.run()
| `- error: value of type 'RunLoop' has no member 'run'
17 | } while (true)
18 | }
[113/245] Compiling Atomics RawRepresentable.swift
[114/245] Compiling Atomics AtomicBool.swift
[115/245] Compiling RuntimeAssertions RuntimeAssertion.swift
[116/245] Compiling Atomics Primitives.native.swift
[117/245] Compiling Atomics OptionalRawRepresentable.swift
[120/245] Compiling InternalCollectionsUtilities _SortedCollection.swift
[121/245] Compiling InternalCollectionsUtilities _UniqueCollection.swift
[122/245] Compiling RealModule RelaxedArithmetic.swift
[133/245] Emitting module RealModule
[137/271] Compiling Logging Logger+Attributes.swift
[138/271] Compiling Algorithms MinMax.swift
[139/271] Compiling Algorithms FlattenCollection.swift
[140/271] Compiling Algorithms Grouped.swift
[140/271] Compiling zstd_lazy.c
[142/271] Compiling Logging Logger+With.swift
[143/271] Compiling Logging Logger.swift
[144/271] Emitting module InternalCollectionsUtilities
[145/271] Compiling Algorithms Chunked.swift
[146/271] Compiling Algorithms Combinations.swift
[147/271] Compiling RuntimeAssertions Precondition.swift
[148/271] Compiling Algorithms Partition.swift
[149/271] Compiling Algorithms Permutations.swift
[150/271] Compiling Algorithms Product.swift
[151/274] Compiling Logging MetadataProvider.swift
[152/274] Compiling RuntimeAssertions RuntimePrecondition.swift
/host/spi-builder-workspace/.build/checkouts/XCTRuntimeAssertions/Sources/RuntimeAssertions/RuntimePrecondition.swift:31:25: error: cannot find 'DispatchQueue' in scope
29 |
30 | // We have to run the operation on a `DispatchQueue` as we have to call `RunLoop.current.run()` in the `preconditionFailure` call.
31 | let dispatchQueue = DispatchQueue(label: "RuntimePrecondition-\(injection.id)")
| `- error: cannot find 'DispatchQueue' in scope
32 |
33 | let expressionWorkItem = DispatchWorkItem {
/host/spi-builder-workspace/.build/checkouts/XCTRuntimeAssertions/Sources/RuntimeAssertions/RuntimePrecondition.swift:33:30: error: cannot find 'DispatchWorkItem' in scope
31 | let dispatchQueue = DispatchQueue(label: "RuntimePrecondition-\(injection.id)")
32 |
33 | let expressionWorkItem = DispatchWorkItem {
| `- error: cannot find 'DispatchWorkItem' in scope
34 | injection.withInjection(expression)
35 | }
[153/274] Compiling RuntimeAssertions DebugOnly.swift
[154/274] Compiling Algorithms Joined.swift
[155/274] Compiling Algorithms Keyed.swift
[156/274] Emitting module Logging
[157/275] Compiling Algorithms Indexed.swift
[158/275] Compiling Algorithms Intersperse.swift
[159/275] Compiling Algorithms Compacted.swift
[160/275] Compiling Algorithms Cycle.swift
[161/276] Compiling RuntimeAssertions Assert.swift
[162/276] Compiling RuntimeAssertions Counter.swift
[168/276] Compiling RuntimeAssertions RuntimeAssertionInjection.swift
[169/276] Compiling RuntimeAssertions NeverReturn.swift
/host/spi-builder-workspace/.build/checkouts/XCTRuntimeAssertions/Sources/RuntimeAssertions/NeverReturn.swift:16:25: error: value of type 'RunLoop' has no member 'run'
14 | // This is unfortunate but as far as I can see the only feasible way to return Never without calling a runtime crashing function, e.g. `fatalError()`.
15 | repeat {
16 | RunLoop.current.run()
| `- error: value of type 'RunLoop' has no member 'run'
17 | } while (true)
18 | }
[170/276] Compiling Algorithms AdjacentPairs.swift
[171/276] Compiling Algorithms Chain.swift
BUILD FAILURE 6.2 wasm