The Swift Package Index logo.Swift Package Index

Build Information

Failed to build MotionEffects, reference main (74de4c), with Swift 6.4 for watchOS using Xcode 27.0 on 24 Sep 2026 07:23:48 UTC.

Build Command

env DEVELOPER_DIR=/Applications/Xcode-27.0.0-Release.Candidate.app xcrun xcodebuild -IDEClonedSourcePackagesDirPathOverride=$PWD/.dependencies -skipMacroValidation -skipPackagePluginValidation -derivedDataPath $PWD/.derivedData build -scheme MotionEffects -destination generic/platform=watchOS

Build Log

========================================
RunAll
========================================
Builder version: 5.1.0
Interrupt handler set up.
========================================
Checkout
========================================
Clone URL: https://github.com/wiedem/motion-effects.git
Reference: main
Initialized empty Git repository in /Users/admin/builder/spi-builder-workspace/.git/
From https://github.com/wiedem/motion-effects
 * branch            main       -> FETCH_HEAD
 * [new branch]      main       -> origin/main
HEAD is now at 74de4c6 Remove redundant upcoming feature flags that cause Swift 6.0 build errors
Cloned https://github.com/wiedem/motion-effects.git
Revision (git rev-parse @):
74de4c6feb576ed804ad437064148dbef8e896c0
SUCCESS checkout https://github.com/wiedem/motion-effects.git at main
========================================
Build
========================================
Selected platform:         watchOS
Swift version:             6.4
Building package at path:  $PWD
https://github.com/wiedem/motion-effects.git
Command line invocation:
    /Applications/Xcode-27.0.0-Release.Candidate.app/Contents/Developer/usr/bin/xcodebuild -IDEClonedSourcePackagesDirPathOverride=/Users/admin/builder/spi-builder-workspace/.dependencies -resolvePackageDependencies
Resolve Package Graph
Resolve Package Graph
Resolved source packages:
  MotionEffects: /Users/admin/builder/spi-builder-workspace
resolved source packages: MotionEffects
2026-09-24 03:23:03.571 xcodebuild[525:2999] [MT] IDERunDestination: Supported platforms for the buildables in the current scheme is empty.
{
  "dependencies" : [
  ],
  "manifest_display_name" : "MotionEffects",
  "name" : "MotionEffects",
  "path" : "/Users/admin/builder/spi-builder-workspace",
  "platforms" : [
    {
      "name" : "ios",
      "version" : "15.0"
    }
  ],
  "products" : [
    {
      "name" : "MotionEffects",
      "targets" : [
        "MotionEffects"
      ],
      "type" : {
        "library" : [
          "automatic"
        ]
      }
    }
  ],
  "swift_languages_versions" : [
    "6"
  ],
  "targets" : [
    {
      "c99name" : "MotionEffectsTests",
      "module_type" : "SwiftTarget",
      "name" : "MotionEffectsTests",
      "path" : "Tests/MotionEffectsTests",
      "sources" : [
        "RangeProjectionTests.swift"
      ],
      "target_dependencies" : [
        "MotionEffects"
      ],
      "type" : "test"
    },
    {
      "c99name" : "MotionEffects",
      "module_type" : "SwiftTarget",
      "name" : "MotionEffects",
      "path" : "Sources",
      "product_memberships" : [
        "MotionEffects"
      ],
      "resources" : [
        {
          "path" : "/Users/admin/builder/spi-builder-workspace/Sources/Resources/PrivacyInfo.xcprivacy",
          "rule" : {
            "process" : {
            }
          }
        }
      ],
      "sources" : [
        "MotionEffects/MotionOffsetModifier.swift",
        "MotionEffects/OnChangeModifier.swift",
        "MotionEffects/ViewerOffsetModifier.swift",
        "MotionEffects/ViewerOffsetObservation.swift"
      ],
      "type" : "library"
    }
  ],
  "tools_version" : "6.0"
}
{
  "workspace" : {
    "name" : "MotionEffects",
    "schemes" : [
      "MotionEffects"
    ]
  }
}
2026-09-24 03:23:35.959 xcodebuild[622:3833] [MT] IDERunDestination: Supported platforms for the buildables in the current scheme is empty.
Running build ...
env DEVELOPER_DIR=/Applications/Xcode-27.0.0-Release.Candidate.app xcrun xcodebuild -IDEClonedSourcePackagesDirPathOverride=$PWD/.dependencies -skipMacroValidation -skipPackagePluginValidation -derivedDataPath $PWD/.derivedData build -scheme MotionEffects -destination generic/platform=watchOS
Command line invocation:
    /Applications/Xcode-27.0.0-Release.Candidate.app/Contents/Developer/usr/bin/xcodebuild -IDEClonedSourcePackagesDirPathOverride=/Users/admin/builder/spi-builder-workspace/.dependencies -skipMacroValidation -skipPackagePluginValidation -derivedDataPath /Users/admin/builder/spi-builder-workspace/.derivedData build -scheme MotionEffects -destination generic/platform=watchOS
Resolve Package Graph
Resolved source packages:
  MotionEffects: /Users/admin/builder/spi-builder-workspace
ComputePackagePrebuildTargetDependencyGraph
Prepare packages
CreateBuildRequest
SendProjectDescription
CreateBuildOperation
ComputeTargetDependencyGraph
note: Building targets in dependency order
note: Target dependency graph (3 targets)
    Target 'MotionEffects-product' in project 'MotionEffects'
        ➜ Explicit dependency on target 'MotionEffects' in project 'MotionEffects'
        ➜ Explicit dependency on target 'MotionEffects_MotionEffects' in project 'MotionEffects'
    Target 'MotionEffects' in project 'MotionEffects'
        ➜ Explicit dependency on target 'MotionEffects_MotionEffects' in project 'MotionEffects'
    Target 'MotionEffects_MotionEffects' in project 'MotionEffects' (no dependencies)
GatherProvisioningInputs
CreateBuildDescription
ExecuteExternalTool /Applications/Xcode-27.0.0-Release.Candidate.app/Contents/Developer/Toolchains/XcodeDefault.xctoolchain/usr/bin/clang -v -E -dM -isysroot /Applications/Xcode-27.0.0-Release.Candidate.app/Contents/Developer/Platforms/WatchOS.platform/Developer/SDKs/WatchOS27.0.sdk -x c -c /dev/null
ExecuteExternalTool /Applications/Xcode-27.0.0-Release.Candidate.app/Contents/Developer/Toolchains/XcodeDefault.xctoolchain/usr/bin/swiftc --version
ExecuteExternalTool /Applications/Xcode-27.0.0-Release.Candidate.app/Contents/Developer/Toolchains/XcodeDefault.xctoolchain/usr/bin/ld -version_details
Build description signature: 28ddb5f238aa24863b602ee9f2c30e0b
Build description path: /Users/admin/builder/spi-builder-workspace/.derivedData/Build/Intermediates.noindex/XCBuildData/28ddb5f238aa24863b602ee9f2c30e0b.xcbuilddata
CreateBuildDirectory /Users/admin/builder/spi-builder-workspace/.derivedData/SDKExplicitPrecompiledModules
    cd /Users/admin/builder/spi-builder-workspace/.swiftpm/xcode
    builtin-create-build-directory /Users/admin/builder/spi-builder-workspace/.derivedData/SDKExplicitPrecompiledModules
CreateBuildDirectory /Users/admin/builder/spi-builder-workspace/.derivedData/ModuleCache.noindex
    cd /Users/admin/builder/spi-builder-workspace/.swiftpm/xcode
    builtin-create-build-directory /Users/admin/builder/spi-builder-workspace/.derivedData/ModuleCache.noindex
CreateBuildDirectory /Users/admin/builder/spi-builder-workspace/.derivedData/CompilationCache.noindex
    cd /Users/admin/builder/spi-builder-workspace/.swiftpm/xcode
    builtin-create-build-directory /Users/admin/builder/spi-builder-workspace/.derivedData/CompilationCache.noindex
CreateBuildDirectory /Users/admin/builder/spi-builder-workspace/.derivedData/Build/Products
    cd /Users/admin/builder/spi-builder-workspace/.swiftpm/xcode
    builtin-create-build-directory /Users/admin/builder/spi-builder-workspace/.derivedData/Build/Products
ClangStatCache /Applications/Xcode-27.0.0-Release.Candidate.app/Contents/Developer/Toolchains/XcodeDefault.xctoolchain/usr/bin/clang-stat-cache /Applications/Xcode-27.0.0-Release.Candidate.app/Contents/Developer/Platforms/WatchOS.platform/Developer/SDKs/WatchOS27.0.sdk /Users/admin/builder/spi-builder-workspace/.derivedData/SDKStatCaches.noindex/watchos27.0-24R360-e829b21a6f8c9b70876ba0858053c04477534ef55a1706bf4c1112bbb242f0a2.sdkstatcache
    cd /Users/admin/builder/spi-builder-workspace/.swiftpm/xcode
    /Applications/Xcode-27.0.0-Release.Candidate.app/Contents/Developer/Toolchains/XcodeDefault.xctoolchain/usr/bin/clang-stat-cache /Applications/Xcode-27.0.0-Release.Candidate.app/Contents/Developer/Platforms/WatchOS.platform/Developer/SDKs/WatchOS27.0.sdk -o /Users/admin/builder/spi-builder-workspace/.derivedData/SDKStatCaches.noindex/watchos27.0-24R360-e829b21a6f8c9b70876ba0858053c04477534ef55a1706bf4c1112bbb242f0a2.sdkstatcache
CreateBuildDirectory /Users/admin/builder/spi-builder-workspace/.derivedData/Build/Intermediates.noindex
    cd /Users/admin/builder/spi-builder-workspace/.swiftpm/xcode
    builtin-create-build-directory /Users/admin/builder/spi-builder-workspace/.derivedData/Build/Intermediates.noindex
CreateBuildDirectory /Users/admin/builder/spi-builder-workspace/.derivedData/Build/Intermediates.noindex/SwiftExplicitPrecompiledModules
    cd /Users/admin/builder/spi-builder-workspace/.swiftpm/xcode
    builtin-create-build-directory /Users/admin/builder/spi-builder-workspace/.derivedData/Build/Intermediates.noindex/SwiftExplicitPrecompiledModules
CreateBuildDirectory /Users/admin/builder/spi-builder-workspace/.derivedData/Build/Intermediates.noindex/PrecompiledHeaders
    cd /Users/admin/builder/spi-builder-workspace/.swiftpm/xcode
    builtin-create-build-directory /Users/admin/builder/spi-builder-workspace/.derivedData/Build/Intermediates.noindex/PrecompiledHeaders
CreateBuildDirectory /Users/admin/builder/spi-builder-workspace/.derivedData/Build/Intermediates.noindex/ExplicitPrecompiledModules
    cd /Users/admin/builder/spi-builder-workspace/.swiftpm/xcode
    builtin-create-build-directory /Users/admin/builder/spi-builder-workspace/.derivedData/Build/Intermediates.noindex/ExplicitPrecompiledModules
CreateBuildDirectory /Users/admin/builder/spi-builder-workspace/.derivedData/Build/Intermediates.noindex/EagerLinkingTBDs/Debug-watchos
    cd /Users/admin/builder/spi-builder-workspace/.swiftpm/xcode
    builtin-create-build-directory /Users/admin/builder/spi-builder-workspace/.derivedData/Build/Intermediates.noindex/EagerLinkingTBDs/Debug-watchos
CreateBuildDirectory /Users/admin/builder/spi-builder-workspace/.derivedData/Build/Products/Debug-watchos
    cd /Users/admin/builder/spi-builder-workspace/.swiftpm/xcode
    builtin-create-build-directory /Users/admin/builder/spi-builder-workspace/.derivedData/Build/Products/Debug-watchos
CreateBuildDirectory /Users/admin/builder/spi-builder-workspace/.derivedData/Build/Products/Debug-watchos/PackageFrameworks
    cd /Users/admin/builder/spi-builder-workspace/.swiftpm/xcode
    builtin-create-build-directory /Users/admin/builder/spi-builder-workspace/.derivedData/Build/Products/Debug-watchos/PackageFrameworks
MkDir /Users/admin/builder/spi-builder-workspace/.derivedData/Build/Products/Debug-watchos/MotionEffects_MotionEffects.bundle (in target 'MotionEffects_MotionEffects' from project 'MotionEffects')
    cd /Users/admin/builder/spi-builder-workspace
    /bin/mkdir -p /Users/admin/builder/spi-builder-workspace/.derivedData/Build/Products/Debug-watchos/MotionEffects_MotionEffects.bundle
WriteAuxiliaryFile /Users/admin/builder/spi-builder-workspace/.derivedData/Build/Intermediates.noindex/MotionEffects.build/Debug-watchos/MotionEffects_MotionEffects-b.build/MotionEffects_MotionEffects.DependencyStaticMetadataFileList (in target 'MotionEffects_MotionEffects' from project 'MotionEffects')
    cd /Users/admin/builder/spi-builder-workspace
    write-file /Users/admin/builder/spi-builder-workspace/.derivedData/Build/Intermediates.noindex/MotionEffects.build/Debug-watchos/MotionEffects_MotionEffects-b.build/MotionEffects_MotionEffects.DependencyStaticMetadataFileList
WriteAuxiliaryFile /Users/admin/builder/spi-builder-workspace/.derivedData/Build/Intermediates.noindex/MotionEffects.build/Debug-watchos/MotionEffects_MotionEffects-b.build/MotionEffects_MotionEffects.DependencyMetadataFileList (in target 'MotionEffects_MotionEffects' from project 'MotionEffects')
    cd /Users/admin/builder/spi-builder-workspace
    write-file /Users/admin/builder/spi-builder-workspace/.derivedData/Build/Intermediates.noindex/MotionEffects.build/Debug-watchos/MotionEffects_MotionEffects-b.build/MotionEffects_MotionEffects.DependencyMetadataFileList
WriteAuxiliaryFile /Users/admin/builder/spi-builder-workspace/.derivedData/Build/Intermediates.noindex/MotionEffects.build/Debug-watchos/MotionEffects_MotionEffects-b.build/empty-MotionEffects_MotionEffects.plist (in target 'MotionEffects_MotionEffects' from project 'MotionEffects')
    cd /Users/admin/builder/spi-builder-workspace
    write-file /Users/admin/builder/spi-builder-workspace/.derivedData/Build/Intermediates.noindex/MotionEffects.build/Debug-watchos/MotionEffects_MotionEffects-b.build/empty-MotionEffects_MotionEffects.plist
WriteAuxiliaryFile /Users/admin/builder/spi-builder-workspace/.derivedData/Build/Intermediates.noindex/MotionEffects.build/Debug-watchos/MotionEffects-t.build/Objects-normal/arm64_32/MotionEffects_const_extract_protocols.json (in target 'MotionEffects' from project 'MotionEffects')
    cd /Users/admin/builder/spi-builder-workspace
    write-file /Users/admin/builder/spi-builder-workspace/.derivedData/Build/Intermediates.noindex/MotionEffects.build/Debug-watchos/MotionEffects-t.build/Objects-normal/arm64_32/MotionEffects_const_extract_protocols.json
WriteAuxiliaryFile /Users/admin/builder/spi-builder-workspace/.derivedData/Build/Intermediates.noindex/MotionEffects.build/Debug-watchos/MotionEffects-t.build/Objects-normal/arm64_32/MotionEffects.SwiftConstValuesFileList (in target 'MotionEffects' from project 'MotionEffects')
    cd /Users/admin/builder/spi-builder-workspace
    write-file /Users/admin/builder/spi-builder-workspace/.derivedData/Build/Intermediates.noindex/MotionEffects.build/Debug-watchos/MotionEffects-t.build/Objects-normal/arm64_32/MotionEffects.SwiftConstValuesFileList
WriteAuxiliaryFile /Users/admin/builder/spi-builder-workspace/.derivedData/Build/Intermediates.noindex/MotionEffects.build/Debug-watchos/MotionEffects-t.build/Objects-normal/arm64_32/MotionEffects.LinkFileList (in target 'MotionEffects' from project 'MotionEffects')
    cd /Users/admin/builder/spi-builder-workspace
    write-file /Users/admin/builder/spi-builder-workspace/.derivedData/Build/Intermediates.noindex/MotionEffects.build/Debug-watchos/MotionEffects-t.build/Objects-normal/arm64_32/MotionEffects.LinkFileList
WriteAuxiliaryFile /Users/admin/builder/spi-builder-workspace/.derivedData/Build/Intermediates.noindex/MotionEffects.build/Debug-watchos/MotionEffects-t.build/Objects-normal/arm64_32/MotionEffects.SwiftFileList (in target 'MotionEffects' from project 'MotionEffects')
    cd /Users/admin/builder/spi-builder-workspace
    write-file /Users/admin/builder/spi-builder-workspace/.derivedData/Build/Intermediates.noindex/MotionEffects.build/Debug-watchos/MotionEffects-t.build/Objects-normal/arm64_32/MotionEffects.SwiftFileList
WriteAuxiliaryFile /Users/admin/builder/spi-builder-workspace/.derivedData/Build/Intermediates.noindex/MotionEffects.build/Debug-watchos/MotionEffects-t.build/Objects-normal/arm64_32/MotionEffects-OutputFileMap.json (in target 'MotionEffects' from project 'MotionEffects')
    cd /Users/admin/builder/spi-builder-workspace
    write-file /Users/admin/builder/spi-builder-workspace/.derivedData/Build/Intermediates.noindex/MotionEffects.build/Debug-watchos/MotionEffects-t.build/Objects-normal/arm64_32/MotionEffects-OutputFileMap.json
WriteAuxiliaryFile /Users/admin/builder/spi-builder-workspace/.derivedData/Build/Intermediates.noindex/MotionEffects.build/Debug-watchos/MotionEffects-t.build/Objects-normal/arm64/MotionEffects_const_extract_protocols.json (in target 'MotionEffects' from project 'MotionEffects')
    cd /Users/admin/builder/spi-builder-workspace
    write-file /Users/admin/builder/spi-builder-workspace/.derivedData/Build/Intermediates.noindex/MotionEffects.build/Debug-watchos/MotionEffects-t.build/Objects-normal/arm64/MotionEffects_const_extract_protocols.json
WriteAuxiliaryFile /Users/admin/builder/spi-builder-workspace/.derivedData/Build/Intermediates.noindex/MotionEffects.build/Debug-watchos/MotionEffects-t.build/Objects-normal/arm64/MotionEffects.SwiftFileList (in target 'MotionEffects' from project 'MotionEffects')
    cd /Users/admin/builder/spi-builder-workspace
    write-file /Users/admin/builder/spi-builder-workspace/.derivedData/Build/Intermediates.noindex/MotionEffects.build/Debug-watchos/MotionEffects-t.build/Objects-normal/arm64/MotionEffects.SwiftFileList
WriteAuxiliaryFile /Users/admin/builder/spi-builder-workspace/.derivedData/Build/Intermediates.noindex/MotionEffects.build/Debug-watchos/MotionEffects-t.build/Objects-normal/arm64/MotionEffects.SwiftConstValuesFileList (in target 'MotionEffects' from project 'MotionEffects')
    cd /Users/admin/builder/spi-builder-workspace
    write-file /Users/admin/builder/spi-builder-workspace/.derivedData/Build/Intermediates.noindex/MotionEffects.build/Debug-watchos/MotionEffects-t.build/Objects-normal/arm64/MotionEffects.SwiftConstValuesFileList
WriteAuxiliaryFile /Users/admin/builder/spi-builder-workspace/.derivedData/Build/Intermediates.noindex/MotionEffects.build/Debug-watchos/MotionEffects-t.build/Objects-normal/arm64/MotionEffects.LinkFileList (in target 'MotionEffects' from project 'MotionEffects')
    cd /Users/admin/builder/spi-builder-workspace
    write-file /Users/admin/builder/spi-builder-workspace/.derivedData/Build/Intermediates.noindex/MotionEffects.build/Debug-watchos/MotionEffects-t.build/Objects-normal/arm64/MotionEffects.LinkFileList
WriteAuxiliaryFile /Users/admin/builder/spi-builder-workspace/.derivedData/Build/Intermediates.noindex/MotionEffects.build/Debug-watchos/MotionEffects-t.build/Objects-normal/arm64/MotionEffects-OutputFileMap.json (in target 'MotionEffects' from project 'MotionEffects')
    cd /Users/admin/builder/spi-builder-workspace
    write-file /Users/admin/builder/spi-builder-workspace/.derivedData/Build/Intermediates.noindex/MotionEffects.build/Debug-watchos/MotionEffects-t.build/Objects-normal/arm64/MotionEffects-OutputFileMap.json
WriteAuxiliaryFile /Users/admin/builder/spi-builder-workspace/.derivedData/Build/Intermediates.noindex/MotionEffects.build/Debug-watchos/MotionEffects-t.build/MotionEffects.modulemap (in target 'MotionEffects' from project 'MotionEffects')
    cd /Users/admin/builder/spi-builder-workspace
    write-file /Users/admin/builder/spi-builder-workspace/.derivedData/Build/Intermediates.noindex/MotionEffects.build/Debug-watchos/MotionEffects-t.build/MotionEffects.modulemap
WriteAuxiliaryFile /Users/admin/builder/spi-builder-workspace/.derivedData/Build/Intermediates.noindex/MotionEffects.build/Debug-watchos/MotionEffects-t.build/MotionEffects.DependencyStaticMetadataFileList (in target 'MotionEffects' from project 'MotionEffects')
    cd /Users/admin/builder/spi-builder-workspace
    write-file /Users/admin/builder/spi-builder-workspace/.derivedData/Build/Intermediates.noindex/MotionEffects.build/Debug-watchos/MotionEffects-t.build/MotionEffects.DependencyStaticMetadataFileList
WriteAuxiliaryFile /Users/admin/builder/spi-builder-workspace/.derivedData/Build/Intermediates.noindex/MotionEffects.build/Debug-watchos/MotionEffects-t.build/MotionEffects.DependencyMetadataFileList (in target 'MotionEffects' from project 'MotionEffects')
    cd /Users/admin/builder/spi-builder-workspace
    write-file /Users/admin/builder/spi-builder-workspace/.derivedData/Build/Intermediates.noindex/MotionEffects.build/Debug-watchos/MotionEffects-t.build/MotionEffects.DependencyMetadataFileList
WriteAuxiliaryFile /Users/admin/builder/spi-builder-workspace/.derivedData/Build/Intermediates.noindex/MotionEffects.build/Debug-watchos/MotionEffects-t.build/DerivedSources/resource_bundle_accessor.swift (in target 'MotionEffects' from project 'MotionEffects')
    cd /Users/admin/builder/spi-builder-workspace
    write-file /Users/admin/builder/spi-builder-workspace/.derivedData/Build/Intermediates.noindex/MotionEffects.build/Debug-watchos/MotionEffects-t.build/DerivedSources/resource_bundle_accessor.swift
Copy /Users/admin/builder/spi-builder-workspace/.derivedData/Build/Intermediates.noindex/GeneratedModuleMaps-watchos/MotionEffects.modulemap /Users/admin/builder/spi-builder-workspace/.derivedData/Build/Intermediates.noindex/MotionEffects.build/Debug-watchos/MotionEffects-t.build/MotionEffects.modulemap (in target 'MotionEffects' from project 'MotionEffects')
    cd /Users/admin/builder/spi-builder-workspace
    builtin-copy -exclude .DS_Store -exclude CVS -exclude .svn -exclude .git -exclude .hg -resolve-src-symlinks /Users/admin/builder/spi-builder-workspace/.derivedData/Build/Intermediates.noindex/MotionEffects.build/Debug-watchos/MotionEffects-t.build/MotionEffects.modulemap /Users/admin/builder/spi-builder-workspace/.derivedData/Build/Intermediates.noindex/GeneratedModuleMaps-watchos
CpResource /Users/admin/builder/spi-builder-workspace/.derivedData/Build/Products/Debug-watchos/MotionEffects_MotionEffects.bundle/PrivacyInfo.xcprivacy /Users/admin/builder/spi-builder-workspace/Sources/Resources/PrivacyInfo.xcprivacy (in target 'MotionEffects_MotionEffects' from project 'MotionEffects')
    cd /Users/admin/builder/spi-builder-workspace
    builtin-copy -exclude .DS_Store -exclude CVS -exclude .svn -exclude .git -exclude .hg -resolve-src-symlinks /Users/admin/builder/spi-builder-workspace/Sources/Resources/PrivacyInfo.xcprivacy /Users/admin/builder/spi-builder-workspace/.derivedData/Build/Products/Debug-watchos/MotionEffects_MotionEffects.bundle
ProcessInfoPlistFile /Users/admin/builder/spi-builder-workspace/.derivedData/Build/Products/Debug-watchos/MotionEffects_MotionEffects.bundle/Info.plist /Users/admin/builder/spi-builder-workspace/.derivedData/Build/Intermediates.noindex/MotionEffects.build/Debug-watchos/MotionEffects_MotionEffects-b.build/empty-MotionEffects_MotionEffects.plist (in target 'MotionEffects_MotionEffects' from project 'MotionEffects')
    cd /Users/admin/builder/spi-builder-workspace
    builtin-infoPlistUtility /Users/admin/builder/spi-builder-workspace/.derivedData/Build/Intermediates.noindex/MotionEffects.build/Debug-watchos/MotionEffects_MotionEffects-b.build/empty-MotionEffects_MotionEffects.plist -producttype com.apple.product-type.bundle -expandbuildsettings -format binary -platform watchos -o /Users/admin/builder/spi-builder-workspace/.derivedData/Build/Products/Debug-watchos/MotionEffects_MotionEffects.bundle/Info.plist
RegisterExecutionPolicyException /Users/admin/builder/spi-builder-workspace/.derivedData/Build/Products/Debug-watchos/MotionEffects_MotionEffects.bundle (in target 'MotionEffects_MotionEffects' from project 'MotionEffects')
    cd /Users/admin/builder/spi-builder-workspace
    builtin-RegisterExecutionPolicyException /Users/admin/builder/spi-builder-workspace/.derivedData/Build/Products/Debug-watchos/MotionEffects_MotionEffects.bundle
Touch /Users/admin/builder/spi-builder-workspace/.derivedData/Build/Products/Debug-watchos/MotionEffects_MotionEffects.bundle (in target 'MotionEffects_MotionEffects' from project 'MotionEffects')
    cd /Users/admin/builder/spi-builder-workspace
    /usr/bin/touch -c /Users/admin/builder/spi-builder-workspace/.derivedData/Build/Products/Debug-watchos/MotionEffects_MotionEffects.bundle
SwiftDriver MotionEffects normal arm64 com.apple.xcode.tools.swift.compiler (in target 'MotionEffects' from project 'MotionEffects')
    cd /Users/admin/builder/spi-builder-workspace/.swiftpm/xcode
    builtin-SwiftDriver -- /Applications/Xcode-27.0.0-Release.Candidate.app/Contents/Developer/Toolchains/XcodeDefault.xctoolchain/usr/bin/swiftc -parse-as-library -module-name MotionEffects -Onone @/Users/admin/builder/spi-builder-workspace/.derivedData/Build/Intermediates.noindex/MotionEffects.build/Debug-watchos/MotionEffects-t.build/Objects-normal/arm64/MotionEffects.SwiftFileList -DSWIFT_PACKAGE -DDEBUG -DSWIFT_MODULE_RESOURCE_BUNDLE_AVAILABLE -DXcode -plugin-path /Applications/Xcode-27.0.0-Release.Candidate.app/Contents/Developer/Toolchains/XcodeDefault.xctoolchain/usr/lib/swift/host/plugins/testing -enable-experimental-feature DebugDescriptionMacro -sdk /Applications/Xcode-27.0.0-Release.Candidate.app/Contents/Developer/Platforms/WatchOS.platform/Developer/SDKs/WatchOS27.0.sdk -target arm64-apple-watchos9.0 -g -module-cache-path /Users/admin/builder/spi-builder-workspace/.derivedData/ModuleCache.noindex -Xfrontend -serialize-debugging-options -profile-coverage-mapping -profile-generate -enable-testing -index-store-path /Users/admin/builder/spi-builder-workspace/.derivedData/Index.noindex/DataStore -Xcc -D_LIBCPP_HARDENING_MODE\=_LIBCPP_HARDENING_MODE_DEBUG -swift-version 6 -I /Users/admin/builder/spi-builder-workspace/.derivedData/Build/Products/Debug-watchos -Isystem /Applications/Xcode-27.0.0-Release.Candidate.app/Contents/Developer/Platforms/WatchOS.platform/Developer/usr/lib -F /Users/admin/builder/spi-builder-workspace/.derivedData/Build/Products/Debug-watchos -F /Applications/Xcode-27.0.0-Release.Candidate.app/Contents/Developer/Platforms/WatchOS.platform/Developer/Library/Frameworks -F /Applications/Xcode-27.0.0-Release.Candidate.app/Contents/Developer/Platforms/WatchOS.platform/Developer/SDKs/WatchOS27.0.sdk/Developer/Library/Frameworks -c -j10 -enable-batch-mode -incremental -Xcc -ivfsstatcache -Xcc /Users/admin/builder/spi-builder-workspace/.derivedData/SDKStatCaches.noindex/watchos27.0-24R360-e829b21a6f8c9b70876ba0858053c04477534ef55a1706bf4c1112bbb242f0a2.sdkstatcache -output-file-map /Users/admin/builder/spi-builder-workspace/.derivedData/Build/Intermediates.noindex/MotionEffects.build/Debug-watchos/MotionEffects-t.build/Objects-normal/arm64/MotionEffects-OutputFileMap.json -save-temps -no-color-diagnostics -explicit-module-build -module-cache-path /Users/admin/builder/spi-builder-workspace/.derivedData/Build/Intermediates.noindex/SwiftExplicitPrecompiledModules -clang-scanner-module-cache-path /Users/admin/builder/spi-builder-workspace/.derivedData/ModuleCache.noindex -sdk-module-cache-path /Users/admin/builder/spi-builder-workspace/.derivedData/SDKExplicitPrecompiledModules -emit-dependencies -emit-module -emit-module-path /Users/admin/builder/spi-builder-workspace/.derivedData/Build/Intermediates.noindex/MotionEffects.build/Debug-watchos/MotionEffects-t.build/Objects-normal/arm64/MotionEffects.swiftmodule -serialize-diagnostics -dependency-scan-serialize-diagnostics-path /Users/admin/builder/spi-builder-workspace/.derivedData/Build/Intermediates.noindex/MotionEffects.build/Debug-watchos/MotionEffects-t.build/Objects-normal/arm64/MotionEffects-dependency-scan.dia -validate-clang-modules-once -clang-build-session-file /Users/admin/builder/spi-builder-workspace/.derivedData/ModuleCache.noindex/Session.modulevalidation -Xcc -fmodules-prune-interval\=86400 -Xcc -fmodules-prune-after\=345600 -package-name spi_builder_workspace -emit-const-values -const-gather-protocols-list /Users/admin/builder/spi-builder-workspace/.derivedData/Build/Intermediates.noindex/MotionEffects.build/Debug-watchos/MotionEffects-t.build/Objects-normal/arm64/MotionEffects_const_extract_protocols.json -Xcc -I/Users/admin/builder/spi-builder-workspace/.derivedData/Build/Products/Debug-watchos/include -Xcc -I/Users/admin/builder/spi-builder-workspace/.derivedData/Build/Intermediates.noindex/MotionEffects.build/Debug-watchos/MotionEffects-t.build/DerivedSources-normal/arm64 -Xcc -I/Users/admin/builder/spi-builder-workspace/.derivedData/Build/Intermediates.noindex/MotionEffects.build/Debug-watchos/MotionEffects-t.build/DerivedSources/arm64 -Xcc -I/Users/admin/builder/spi-builder-workspace/.derivedData/Build/Intermediates.noindex/MotionEffects.build/Debug-watchos/MotionEffects-t.build/DerivedSources -Xcc -DSWIFT_PACKAGE -Xcc -DDEBUG\=1 -emit-objc-header -emit-objc-header-path /Users/admin/builder/spi-builder-workspace/.derivedData/Build/Intermediates.noindex/MotionEffects.build/Debug-watchos/MotionEffects-t.build/Objects-normal/arm64/MotionEffects-Swift.h -working-directory /Users/admin/builder/spi-builder-workspace/.swiftpm/xcode -experimental-emit-module-separately -disable-cmo
SwiftDriver MotionEffects normal arm64_32 com.apple.xcode.tools.swift.compiler (in target 'MotionEffects' from project 'MotionEffects')
    cd /Users/admin/builder/spi-builder-workspace/.swiftpm/xcode
    builtin-SwiftDriver -- /Applications/Xcode-27.0.0-Release.Candidate.app/Contents/Developer/Toolchains/XcodeDefault.xctoolchain/usr/bin/swiftc -parse-as-library -module-name MotionEffects -Onone @/Users/admin/builder/spi-builder-workspace/.derivedData/Build/Intermediates.noindex/MotionEffects.build/Debug-watchos/MotionEffects-t.build/Objects-normal/arm64_32/MotionEffects.SwiftFileList -DSWIFT_PACKAGE -DDEBUG -DSWIFT_MODULE_RESOURCE_BUNDLE_AVAILABLE -DXcode -plugin-path /Applications/Xcode-27.0.0-Release.Candidate.app/Contents/Developer/Toolchains/XcodeDefault.xctoolchain/usr/lib/swift/host/plugins/testing -enable-experimental-feature DebugDescriptionMacro -sdk /Applications/Xcode-27.0.0-Release.Candidate.app/Contents/Developer/Platforms/WatchOS.platform/Developer/SDKs/WatchOS27.0.sdk -target arm64_32-apple-watchos9.0 -g -module-cache-path /Users/admin/builder/spi-builder-workspace/.derivedData/ModuleCache.noindex -Xfrontend -serialize-debugging-options -profile-coverage-mapping -profile-generate -enable-testing -index-store-path /Users/admin/builder/spi-builder-workspace/.derivedData/Index.noindex/DataStore -Xcc -D_LIBCPP_HARDENING_MODE\=_LIBCPP_HARDENING_MODE_DEBUG -swift-version 6 -I /Users/admin/builder/spi-builder-workspace/.derivedData/Build/Products/Debug-watchos -Isystem /Applications/Xcode-27.0.0-Release.Candidate.app/Contents/Developer/Platforms/WatchOS.platform/Developer/usr/lib -F /Users/admin/builder/spi-builder-workspace/.derivedData/Build/Products/Debug-watchos -F /Applications/Xcode-27.0.0-Release.Candidate.app/Contents/Developer/Platforms/WatchOS.platform/Developer/Library/Frameworks -F /Applications/Xcode-27.0.0-Release.Candidate.app/Contents/Developer/Platforms/WatchOS.platform/Developer/SDKs/WatchOS27.0.sdk/Developer/Library/Frameworks -c -j10 -enable-batch-mode -incremental -Xcc -ivfsstatcache -Xcc /Users/admin/builder/spi-builder-workspace/.derivedData/SDKStatCaches.noindex/watchos27.0-24R360-e829b21a6f8c9b70876ba0858053c04477534ef55a1706bf4c1112bbb242f0a2.sdkstatcache -output-file-map /Users/admin/builder/spi-builder-workspace/.derivedData/Build/Intermediates.noindex/MotionEffects.build/Debug-watchos/MotionEffects-t.build/Objects-normal/arm64_32/MotionEffects-OutputFileMap.json -save-temps -no-color-diagnostics -explicit-module-build -module-cache-path /Users/admin/builder/spi-builder-workspace/.derivedData/Build/Intermediates.noindex/SwiftExplicitPrecompiledModules -clang-scanner-module-cache-path /Users/admin/builder/spi-builder-workspace/.derivedData/ModuleCache.noindex -sdk-module-cache-path /Users/admin/builder/spi-builder-workspace/.derivedData/SDKExplicitPrecompiledModules -emit-dependencies -emit-module -emit-module-path /Users/admin/builder/spi-builder-workspace/.derivedData/Build/Intermediates.noindex/MotionEffects.build/Debug-watchos/MotionEffects-t.build/Objects-normal/arm64_32/MotionEffects.swiftmodule -serialize-diagnostics -dependency-scan-serialize-diagnostics-path /Users/admin/builder/spi-builder-workspace/.derivedData/Build/Intermediates.noindex/MotionEffects.build/Debug-watchos/MotionEffects-t.build/Objects-normal/arm64_32/MotionEffects-dependency-scan.dia -validate-clang-modules-once -clang-build-session-file /Users/admin/builder/spi-builder-workspace/.derivedData/ModuleCache.noindex/Session.modulevalidation -Xcc -fmodules-prune-interval\=86400 -Xcc -fmodules-prune-after\=345600 -package-name spi_builder_workspace -emit-const-values -const-gather-protocols-list /Users/admin/builder/spi-builder-workspace/.derivedData/Build/Intermediates.noindex/MotionEffects.build/Debug-watchos/MotionEffects-t.build/Objects-normal/arm64_32/MotionEffects_const_extract_protocols.json -Xcc -I/Users/admin/builder/spi-builder-workspace/.derivedData/Build/Products/Debug-watchos/include -Xcc -I/Users/admin/builder/spi-builder-workspace/.derivedData/Build/Intermediates.noindex/MotionEffects.build/Debug-watchos/MotionEffects-t.build/DerivedSources-normal/arm64_32 -Xcc -I/Users/admin/builder/spi-builder-workspace/.derivedData/Build/Intermediates.noindex/MotionEffects.build/Debug-watchos/MotionEffects-t.build/DerivedSources/arm64_32 -Xcc -I/Users/admin/builder/spi-builder-workspace/.derivedData/Build/Intermediates.noindex/MotionEffects.build/Debug-watchos/MotionEffects-t.build/DerivedSources -Xcc -DSWIFT_PACKAGE -Xcc -DDEBUG\=1 -emit-objc-header -emit-objc-header-path /Users/admin/builder/spi-builder-workspace/.derivedData/Build/Intermediates.noindex/MotionEffects.build/Debug-watchos/MotionEffects-t.build/Objects-normal/arm64_32/MotionEffects-Swift.h -working-directory /Users/admin/builder/spi-builder-workspace/.swiftpm/xcode -experimental-emit-module-separately -disable-cmo
SwiftExplicitDependencyGeneratePcm arm64 /Users/admin/builder/spi-builder-workspace/.derivedData/SDKExplicitPrecompiledModules/DeveloperToolsSupport-CL5QT3CW0ZM498PFTWG64QMLA.pcm
SwiftExplicitDependencyGeneratePcm arm64 /Users/admin/builder/spi-builder-workspace/.derivedData/SDKExplicitPrecompiledModules/ptrauth-C7VQASAJ967Q4Q6SRD4I3CFWZ.pcm
SwiftExplicitDependencyGeneratePcm arm64 /Users/admin/builder/spi-builder-workspace/.derivedData/SDKExplicitPrecompiledModules/_Builtin_stddef-5OH846KKUPSJJT7GCX9XU1TKG.pcm
SwiftExplicitDependencyGeneratePcm arm64 /Users/admin/builder/spi-builder-workspace/.derivedData/SDKExplicitPrecompiledModules/SwiftShims-AJ4AZYHQNC33R5RLN7AGEIOMP.pcm
SwiftExplicitDependencyGeneratePcm arm64 /Users/admin/builder/spi-builder-workspace/.derivedData/SDKExplicitPrecompiledModules/_Builtin_stdarg-3X4KLXUYEI0UGBILP4X7D0CYW.pcm
SwiftExplicitDependencyGeneratePcm arm64 /Users/admin/builder/spi-builder-workspace/.derivedData/SDKExplicitPrecompiledModules/_Builtin_float-E4M4A8689VXF1T7P7BV56IKBT.pcm
SwiftExplicitDependencyGeneratePcm arm64 /Users/admin/builder/spi-builder-workspace/.derivedData/SDKExplicitPrecompiledModules/ptrcheck-8K07997SIHO7YGY7UQ3LOQ3TJ.pcm
SwiftExplicitDependencyGeneratePcm arm64 /Users/admin/builder/spi-builder-workspace/.derivedData/SDKExplicitPrecompiledModules/_SwiftConcurrencyShims-CTPSFSTDCBVSSQFHL6I305U72.pcm
SwiftExplicitDependencyGeneratePcm arm64 /Users/admin/builder/spi-builder-workspace/.derivedData/SDKExplicitPrecompiledModules/_Builtin_stdbool-B692L2PMR118794VVYBG37897.pcm
SwiftExplicitDependencyGeneratePcm arm64 /Users/admin/builder/spi-builder-workspace/.derivedData/SDKExplicitPrecompiledModules/_AvailabilityInternal-42EVAC8Q6P1ZT6G3A168N97G4.pcm
SwiftExplicitDependencyGeneratePcm arm64_32 /Users/admin/builder/spi-builder-workspace/.derivedData/SDKExplicitPrecompiledModules/_SwiftConcurrencyShims-58G4ISYSYDV3AT1DDGEE0QCUF.pcm
SwiftExplicitDependencyGeneratePcm arm64_32 /Users/admin/builder/spi-builder-workspace/.derivedData/SDKExplicitPrecompiledModules/SwiftShims-D9VBB138U50XYYGW2C2V21N3L.pcm
SwiftExplicitDependencyGeneratePcm arm64_32 /Users/admin/builder/spi-builder-workspace/.derivedData/SDKExplicitPrecompiledModules/_AvailabilityInternal-22ZP1ILSQW16KHXZS5GBZHOCS.pcm
SwiftExplicitDependencyGeneratePcm arm64_32 /Users/admin/builder/spi-builder-workspace/.derivedData/SDKExplicitPrecompiledModules/_Builtin_float-372PLGDQ1U3B6Z5EA5DJMDORJ.pcm
SwiftExplicitDependencyGeneratePcm arm64_32 /Users/admin/builder/spi-builder-workspace/.derivedData/SDKExplicitPrecompiledModules/_Builtin_stdarg-EYJP6DFYQL9GJLH1TJ84A8MHV.pcm
SwiftExplicitDependencyGeneratePcm arm64_32 /Users/admin/builder/spi-builder-workspace/.derivedData/SDKExplicitPrecompiledModules/_Builtin_stddef-2F9BFIPBQ5EWNSK5G7G7V4EKL.pcm
SwiftExplicitDependencyGeneratePcm arm64_32 /Users/admin/builder/spi-builder-workspace/.derivedData/SDKExplicitPrecompiledModules/ptrauth-EW7YZZ7LEZE1QZF2T8148IPSA.pcm
SwiftExplicitDependencyGeneratePcm arm64_32 /Users/admin/builder/spi-builder-workspace/.derivedData/SDKExplicitPrecompiledModules/_Builtin_stdbool-84ZA1VDW90AGWZ2LF5KOCM8DZ.pcm
SwiftExplicitDependencyGeneratePcm arm64_32 /Users/admin/builder/spi-builder-workspace/.derivedData/SDKExplicitPrecompiledModules/DeveloperToolsSupport-3FQKKPF3BW0SWE1YUZ86OZWIB.pcm
SwiftExplicitDependencyGeneratePcm arm64_32 /Users/admin/builder/spi-builder-workspace/.derivedData/SDKExplicitPrecompiledModules/ptrcheck-EAZ3I917ZFA9H6ZCL6PGLG4TR.pcm
SwiftExplicitDependencyGeneratePcm arm64 /Users/admin/builder/spi-builder-workspace/.derivedData/SDKExplicitPrecompiledModules/_DarwinFoundation1-7YQ9TVI7XTOGQU9OADRXP33D1.pcm
SwiftExplicitDependencyGeneratePcm arm64_32 /Users/admin/builder/spi-builder-workspace/.derivedData/SDKExplicitPrecompiledModules/_DarwinFoundation1-5SNIO0SFHX9KJZTLQGIPAPXUZ.pcm
SwiftExplicitDependencyGeneratePcm arm64 /Users/admin/builder/spi-builder-workspace/.derivedData/SDKExplicitPrecompiledModules/_DarwinFoundation2-CUPL4FH2SA95GMALQP4M6O8UA.pcm
SwiftExplicitDependencyGeneratePcm arm64 /Users/admin/builder/spi-builder-workspace/.derivedData/SDKExplicitPrecompiledModules/_Builtin_limits-75TRA1C7IHYOFCG3KJXQVTHJ4.pcm
SwiftExplicitDependencyGeneratePcm arm64_32 /Users/admin/builder/spi-builder-workspace/.derivedData/SDKExplicitPrecompiledModules/_DarwinFoundation2-FP2Q8F1Q2HR151SBYKTU6Q8B.pcm
SwiftExplicitDependencyGeneratePcm arm64_32 /Users/admin/builder/spi-builder-workspace/.derivedData/SDKExplicitPrecompiledModules/_Builtin_limits-AQMEC9CLG0FZQN6TLGDQ6WF78.pcm
SwiftExplicitDependencyGeneratePcm arm64 /Users/admin/builder/spi-builder-workspace/.derivedData/SDKExplicitPrecompiledModules/sys_types-9KPVYINL86WUSHF45TU8PWZZ1.pcm
SwiftExplicitDependencyGeneratePcm arm64 /Users/admin/builder/spi-builder-workspace/.derivedData/SDKExplicitPrecompiledModules/string_h-4N9Z22C0HUO8GV7GFPCLZRZA2.pcm
SwiftExplicitDependencyGeneratePcm arm64 /Users/admin/builder/spi-builder-workspace/.derivedData/SDKExplicitPrecompiledModules/_Builtin_stdint-6TUACK4YPMARFT56PLIO388SJ.pcm
SwiftExplicitDependencyGeneratePcm arm64 /Users/admin/builder/spi-builder-workspace/.derivedData/SDKExplicitPrecompiledModules/_Builtin_tgmath-7JP2AE1NQHA1DV5JYP2OHQ3BF.pcm
SwiftExplicitDependencyGeneratePcm arm64_32 /Users/admin/builder/spi-builder-workspace/.derivedData/SDKExplicitPrecompiledModules/_Builtin_stdint-6IWJLTRH2WB6RCG4THPA65RDS.pcm
SwiftExplicitDependencyGeneratePcm arm64_32 /Users/admin/builder/spi-builder-workspace/.derivedData/SDKExplicitPrecompiledModules/string_h-8QY7P4ZQXQAF14WVDITTM4R70.pcm
SwiftExplicitDependencyGeneratePcm arm64_32 /Users/admin/builder/spi-builder-workspace/.derivedData/SDKExplicitPrecompiledModules/sys_types-65NN51P1G7GN2GUAUPC53JJ7N.pcm
SwiftExplicitDependencyGeneratePcm arm64_32 /Users/admin/builder/spi-builder-workspace/.derivedData/SDKExplicitPrecompiledModules/_Builtin_tgmath-414CVW1GW3IL0HRLCNNCS6Q0U.pcm
SwiftExplicitDependencyGeneratePcm arm64 /Users/admin/builder/spi-builder-workspace/.derivedData/SDKExplicitPrecompiledModules/_Builtin_intrinsics-SQV576LJA0QE7RW5HF7CQ1BX.pcm
SwiftExplicitDependencyGeneratePcm arm64 /Users/admin/builder/spi-builder-workspace/.derivedData/SDKExplicitPrecompiledModules/_DarwinFoundation3-EJXZKD8LN9EYM9OWP9VLJ49PK.pcm
SwiftExplicitDependencyGeneratePcm arm64 /Users/admin/builder/spi-builder-workspace/.derivedData/SDKExplicitPrecompiledModules/_Builtin_stdatomic-25T9UW3XDYID74302F31PX0RP.pcm
SwiftExplicitDependencyGeneratePcm arm64_32 /Users/admin/builder/spi-builder-workspace/.derivedData/SDKExplicitPrecompiledModules/_Builtin_stdatomic-D2FE5M7JS5NQA5JDADVERWJM4.pcm
SwiftExplicitDependencyGeneratePcm arm64_32 /Users/admin/builder/spi-builder-workspace/.derivedData/SDKExplicitPrecompiledModules/_Builtin_intrinsics-2K07JIG9ZANIKHSNPO3O6L1K6.pcm
SwiftExplicitDependencyGeneratePcm arm64_32 /Users/admin/builder/spi-builder-workspace/.derivedData/SDKExplicitPrecompiledModules/_DarwinFoundation3-3YOBOPIW2MF1LRNQH7JBUBY4G.pcm
SwiftExplicitDependencyGeneratePcm arm64 /Users/admin/builder/spi-builder-workspace/.derivedData/SDKExplicitPrecompiledModules/_Builtin_inttypes-86YTNV5YADPJXFMJ82N3R4GWQ.pcm
SwiftExplicitDependencyGeneratePcm arm64_32 /Users/admin/builder/spi-builder-workspace/.derivedData/SDKExplicitPrecompiledModules/_Builtin_inttypes-BPZJ68HW1IMYWSHROAZ0IMUJP.pcm
SwiftExplicitDependencyGeneratePcm arm64 /Users/admin/builder/spi-builder-workspace/.derivedData/SDKExplicitPrecompiledModules/Darwin-CSB8C43KELVSFIQVR0803IZPN.pcm
SwiftExplicitDependencyGeneratePcm arm64_32 /Users/admin/builder/spi-builder-workspace/.derivedData/SDKExplicitPrecompiledModules/Darwin-10D35ZJWCWG7LJAF579U7I5V7.pcm
SwiftExplicitDependencyGeneratePcm arm64 /Users/admin/builder/spi-builder-workspace/.derivedData/SDKExplicitPrecompiledModules/simd-2C11HKTI5TJB05T724EWNFZXD.pcm
SwiftExplicitDependencyGeneratePcm arm64_32 /Users/admin/builder/spi-builder-workspace/.derivedData/SDKExplicitPrecompiledModules/simd-1W6O8NR1QUSWJGAN44DNNWVHX.pcm
SwiftExplicitDependencyGeneratePcm arm64 /Users/admin/builder/spi-builder-workspace/.derivedData/SDKExplicitPrecompiledModules/MachO-4RYXFVY68ZDEUZYFMVL57WEKU.pcm
SwiftExplicitDependencyGeneratePcm arm64 /Users/admin/builder/spi-builder-workspace/.derivedData/SDKExplicitPrecompiledModules/ObjectiveC-22CZPC4WYQC9G8T393WT2KKLW.pcm
SwiftExplicitDependencyGeneratePcm arm64_32 /Users/admin/builder/spi-builder-workspace/.derivedData/SDKExplicitPrecompiledModules/MachO-F47JQRYVH1SLPOQSJD8RK9MSX.pcm
SwiftExplicitDependencyGeneratePcm arm64_32 /Users/admin/builder/spi-builder-workspace/.derivedData/SDKExplicitPrecompiledModules/ObjectiveC-71AGZNHLBMR2QK817EJNUN54E.pcm
SwiftExplicitDependencyGeneratePcm arm64 /Users/admin/builder/spi-builder-workspace/.derivedData/SDKExplicitPrecompiledModules/os_object-6KYGGZ4DPVZ3BBAZ6QICZN8LI.pcm
SwiftExplicitDependencyGeneratePcm arm64_32 /Users/admin/builder/spi-builder-workspace/.derivedData/SDKExplicitPrecompiledModules/os_object-CTXVQBCWDOH6JHUXIFDUOWFRL.pcm
SwiftExplicitDependencyGeneratePcm arm64 /Users/admin/builder/spi-builder-workspace/.derivedData/SDKExplicitPrecompiledModules/os_workgroup-AHE7ULDQBKER38CYPIKDTZF4M.pcm
SwiftExplicitDependencyGeneratePcm arm64_32 /Users/admin/builder/spi-builder-workspace/.derivedData/SDKExplicitPrecompiledModules/os_workgroup-9L9R05BT5LTFRZ2NM68BZTVV2.pcm
SwiftExplicitDependencyGeneratePcm arm64 /Users/admin/builder/spi-builder-workspace/.derivedData/SDKExplicitPrecompiledModules/Spatial-EZKKX4XFW72RZCTOIG80Z93AP.pcm
SwiftExplicitDependencyGeneratePcm arm64_32 /Users/admin/builder/spi-builder-workspace/.derivedData/SDKExplicitPrecompiledModules/Spatial-4XS0QRL16224ZE9KE9TMKASKT.pcm
SwiftExplicitDependencyGeneratePcm arm64 /Users/admin/builder/spi-builder-workspace/.derivedData/SDKExplicitPrecompiledModules/Dispatch-39VR0G01IUJ09PQKMFGOHXZ4L.pcm
SwiftExplicitDependencyGeneratePcm arm64_32 /Users/admin/builder/spi-builder-workspace/.derivedData/SDKExplicitPrecompiledModules/Dispatch-CGIMI9KQKHNRQHR2IECIPRG14.pcm
SwiftExplicitDependencyGeneratePcm arm64_32 /Users/admin/builder/spi-builder-workspace/.derivedData/SDKExplicitPrecompiledModules/CoreFoundation-76B9WJP9MDYT33HZQVSNNZQZD.pcm
SwiftExplicitDependencyGeneratePcm arm64_32 /Users/admin/builder/spi-builder-workspace/.derivedData/SDKExplicitPrecompiledModules/XPC-7SLKI45KYLKXH9QET2WYS3UZ4.pcm
SwiftExplicitDependencyGeneratePcm arm64 /Users/admin/builder/spi-builder-workspace/.derivedData/SDKExplicitPrecompiledModules/CoreFoundation-59XKO8YNRGGYNC5U5LK8B4EM.pcm
SwiftExplicitDependencyGeneratePcm arm64 /Users/admin/builder/spi-builder-workspace/.derivedData/SDKExplicitPrecompiledModules/XPC-650JAZBTM6I0OMHYO6CKM0CWJ.pcm
SwiftExplicitDependencyGeneratePcm arm64_32 /Users/admin/builder/spi-builder-workspace/.derivedData/SDKExplicitPrecompiledModules/os-D9NWGT7PQGY2OD43XMA2KGLJK.pcm
SwiftExplicitDependencyGeneratePcm arm64 /Users/admin/builder/spi-builder-workspace/.derivedData/SDKExplicitPrecompiledModules/os-6BCTB8I5DCBBKFJ0Y0G4WQDDJ.pcm
SwiftExplicitDependencyGeneratePcm arm64_32 /Users/admin/builder/spi-builder-workspace/.derivedData/SDKExplicitPrecompiledModules/Security-1W411BS4UH2UNMNII2341429S.pcm
SwiftExplicitDependencyGeneratePcm arm64_32 /Users/admin/builder/spi-builder-workspace/.derivedData/SDKExplicitPrecompiledModules/CoreGraphics-A4WOQTM8SYZAQP223LI6RRPEK.pcm
SwiftExplicitDependencyGeneratePcm arm64_32 /Users/admin/builder/spi-builder-workspace/.derivedData/SDKExplicitPrecompiledModules/CoreAudioTypes-AY6JAXDJMW2FLVG4UD79375PW.pcm
SwiftExplicitDependencyGeneratePcm arm64 /Users/admin/builder/spi-builder-workspace/.derivedData/SDKExplicitPrecompiledModules/CoreGraphics-5488DA9QVJJ7QOFXPYOYIYFUX.pcm
SwiftExplicitDependencyGeneratePcm arm64 /Users/admin/builder/spi-builder-workspace/.derivedData/SDKExplicitPrecompiledModules/Security-69WNGEAVQP55EDBQHP3BLE8QU.pcm
SwiftExplicitDependencyGeneratePcm arm64 /Users/admin/builder/spi-builder-workspace/.derivedData/SDKExplicitPrecompiledModules/CoreAudioTypes-51SR7UBHOMSGMEPVFS6PLSR4M.pcm
SwiftExplicitDependencyGeneratePcm arm64_32 /Users/admin/builder/spi-builder-workspace/.derivedData/SDKExplicitPrecompiledModules/CoreAudio-1FTJGW5ZM9ZN5IKPBE4A9LGNF.pcm
SwiftExplicitDependencyGeneratePcm arm64 /Users/admin/builder/spi-builder-workspace/.derivedData/SDKExplicitPrecompiledModules/CoreAudio-368NRGVYQ33J8K75Y2DSNU06Y.pcm
SwiftExplicitDependencyGeneratePcm arm64_32 /Users/admin/builder/spi-builder-workspace/.derivedData/SDKExplicitPrecompiledModules/Foundation-AIQ30TCDC2B0LBUU6FPQZ0HWI.pcm
SwiftExplicitDependencyGeneratePcm arm64 /Users/admin/builder/spi-builder-workspace/.derivedData/SDKExplicitPrecompiledModules/Foundation-B3IXODHI7VO4VRX2RWRXLVJZT.pcm
SwiftExplicitDependencyGeneratePcm arm64_32 /Users/admin/builder/spi-builder-workspace/.derivedData/SDKExplicitPrecompiledModules/CoreVideo-BX0NALWCB2F1YOTF0NZGV9FWU.pcm
SwiftExplicitDependencyGeneratePcm arm64_32 /Users/admin/builder/spi-builder-workspace/.derivedData/SDKExplicitPrecompiledModules/CoreText-34U50N378SZT64826L0B62MN6.pcm
SwiftExplicitDependencyGeneratePcm arm64 /Users/admin/builder/spi-builder-workspace/.derivedData/SDKExplicitPrecompiledModules/CoreVideo-2YRZ292TS6QDW2V2V92NZMPWM.pcm
SwiftExplicitDependencyGeneratePcm arm64 /Users/admin/builder/spi-builder-workspace/.derivedData/SDKExplicitPrecompiledModules/CoreText-BEC0M2J7FJN53VXNFDZDKL9U2.pcm
SwiftExplicitDependencyGeneratePcm arm64_32 /Users/admin/builder/spi-builder-workspace/.derivedData/SDKExplicitPrecompiledModules/CoreMedia-CU8J9TNJY5EX43FQOPTAAHU29.pcm
SwiftExplicitDependencyGeneratePcm arm64 /Users/admin/builder/spi-builder-workspace/.derivedData/SDKExplicitPrecompiledModules/CoreMedia-EO02G285WTXB0RPNG3DP9O9VN.pcm
SwiftExplicitDependencyGeneratePcm arm64 /Users/admin/builder/spi-builder-workspace/.derivedData/SDKExplicitPrecompiledModules/Accessibility-DB0V1GY4JDAXG2CZ5MW826DDE.pcm
SwiftExplicitDependencyGeneratePcm arm64 /Users/admin/builder/spi-builder-workspace/.derivedData/SDKExplicitPrecompiledModules/UniformTypeIdentifiers-47SS6PHE8KOUZX5UOQUNKH397.pcm
SwiftExplicitDependencyGeneratePcm arm64 /Users/admin/builder/spi-builder-workspace/.derivedData/SDKExplicitPrecompiledModules/CoreData-DAEI6Z48P97TYC3SMMGLERAJ5.pcm
SwiftExplicitDependencyGeneratePcm arm64 /Users/admin/builder/spi-builder-workspace/.derivedData/SDKExplicitPrecompiledModules/UserNotifications-7VIERZPAA371031RT8VBKFYKJ.pcm
SwiftExplicitDependencyGeneratePcm arm64 /Users/admin/builder/spi-builder-workspace/.derivedData/SDKExplicitPrecompiledModules/Symbols-B8SNL2YULCKW9SYIL0T5QLMV.pcm
SwiftExplicitDependencyGeneratePcm arm64 /Users/admin/builder/spi-builder-workspace/.derivedData/SDKExplicitPrecompiledModules/QuartzCore-BRDP6VIMJ6A6HG4W4NYXZ8BI3.pcm
SwiftExplicitDependencyGeneratePcm arm64 /Users/admin/builder/spi-builder-workspace/.derivedData/SDKExplicitPrecompiledModules/OSLog-ESJZZ70KT229YQNKF5CWYQVLA.pcm
SwiftExplicitDependencyGeneratePcm arm64 /Users/admin/builder/spi-builder-workspace/.derivedData/SDKExplicitPrecompiledModules/SceneKit-4VPDXW2J8W40JMX88G7X30C4G.pcm
SwiftExplicitDependencyGeneratePcm arm64 /Users/admin/builder/spi-builder-workspace/.derivedData/SDKExplicitPrecompiledModules/CoreTransferable-EULYJN53RZTIP2D6F171CT1YZ.pcm
SwiftExplicitDependencyGeneratePcm arm64 /Users/admin/builder/spi-builder-workspace/.derivedData/SDKExplicitPrecompiledModules/UIUtilities-AR3EDJH6PMDGNUXQGV2JND65S.pcm
SwiftExplicitDependencyGeneratePcm arm64_32 /Users/admin/builder/spi-builder-workspace/.derivedData/SDKExplicitPrecompiledModules/SceneKit-CLOM4E4D45A8A94N3QNHOVW3H.pcm
SwiftExplicitDependencyGeneratePcm arm64_32 /Users/admin/builder/spi-builder-workspace/.derivedData/SDKExplicitPrecompiledModules/DataDetection-8EDL8T61430CB5CU94L1E3L0C.pcm
SwiftExplicitDependencyGeneratePcm arm64_32 /Users/admin/builder/spi-builder-workspace/.derivedData/SDKExplicitPrecompiledModules/OSLog-DXCLJ0K1EEBRV5MFYJOV1HIUX.pcm
SwiftExplicitDependencyGeneratePcm arm64_32 /Users/admin/builder/spi-builder-workspace/.derivedData/SDKExplicitPrecompiledModules/CoreTransferable-DSXZOKFM7XQLZ0FRNNKFDWZT0.pcm
SwiftExplicitDependencyGeneratePcm arm64_32 /Users/admin/builder/spi-builder-workspace/.derivedData/SDKExplicitPrecompiledModules/UIUtilities-ABH83C7CSGMIJAARTF384TV0L.pcm
SwiftExplicitDependencyGeneratePcm arm64_32 /Users/admin/builder/spi-builder-workspace/.derivedData/SDKExplicitPrecompiledModules/QuartzCore-72UYR37X0O2APTD1XMSJ20X5X.pcm
SwiftExplicitDependencyGeneratePcm arm64_32 /Users/admin/builder/spi-builder-workspace/.derivedData/SDKExplicitPrecompiledModules/Accessibility-BBXP8Z81UOB3UBBTO3GG9FEEO.pcm
SwiftExplicitDependencyGeneratePcm arm64_32 /Users/admin/builder/spi-builder-workspace/.derivedData/SDKExplicitPrecompiledModules/_LocationEssentials-1XWTF8V96VX3IAHKJO7PJZDU0.pcm
SwiftExplicitDependencyGeneratePcm arm64 /Users/admin/builder/spi-builder-workspace/.derivedData/SDKExplicitPrecompiledModules/SwiftUICore-D4BOUT6VJWDXKNATG8P2F95W3.pcm
SwiftExplicitDependencyGeneratePcm arm64_32 /Users/admin/builder/spi-builder-workspace/.derivedData/SDKExplicitPrecompiledModules/UserNotifications-F5AOMF9V2Y10QV8U00QNX8B7Q.pcm
SwiftExplicitDependencyGeneratePcm arm64 /Users/admin/builder/spi-builder-workspace/.derivedData/SDKExplicitPrecompiledModules/DataDetection-8RQ09UCIV0XSYRF8TQQD54MWN.pcm
SwiftExplicitDependencyGeneratePcm arm64_32 /Users/admin/builder/spi-builder-workspace/.derivedData/SDKExplicitPrecompiledModules/CoreData-6STZ9DXY0E1K8LHUUEU1F4SE.pcm
SwiftExplicitDependencyGeneratePcm arm64_32 /Users/admin/builder/spi-builder-workspace/.derivedData/SDKExplicitPrecompiledModules/UniformTypeIdentifiers-EH256724QTCKT0XATY095QHVP.pcm
SwiftExplicitDependencyGeneratePcm arm64_32 /Users/admin/builder/spi-builder-workspace/.derivedData/SDKExplicitPrecompiledModules/Symbols-DP67QJL9W7VSYP70ZVEBE3KRT.pcm
SwiftExplicitDependencyGeneratePcm arm64 /Users/admin/builder/spi-builder-workspace/.derivedData/SDKExplicitPrecompiledModules/_LocationEssentials-C3HYVW8P89QAUDLD9VRHUF48Q.pcm
SwiftExplicitDependencyGeneratePcm arm64_32 /Users/admin/builder/spi-builder-workspace/.derivedData/SDKExplicitPrecompiledModules/CoreLocation-4AZRAZ8X3W0CS36SZ1GS4LT05.pcm
SwiftExplicitDependencyGeneratePcm arm64_32 /Users/admin/builder/spi-builder-workspace/.derivedData/SDKExplicitPrecompiledModules/SwiftUICore-TURER010MQ2QH6SN4BGDJJKP.pcm
SwiftExplicitDependencyGeneratePcm arm64 /Users/admin/builder/spi-builder-workspace/.derivedData/SDKExplicitPrecompiledModules/CoreLocation-B0A9Z3B1UDU8OLBQROLWD03N3.pcm
SwiftExplicitDependencyGeneratePcm arm64_32 /Users/admin/builder/spi-builder-workspace/.derivedData/SDKExplicitPrecompiledModules/CoreMotion-E9C6K7MOTJF3RC93DULCZ130U.pcm
SwiftExplicitDependencyGeneratePcm arm64 /Users/admin/builder/spi-builder-workspace/.derivedData/SDKExplicitPrecompiledModules/CoreMotion-70RNUQRT1QM2F8WR42WPP4KQV.pcm
SwiftExplicitDependencyGeneratePcm arm64_32 /Users/admin/builder/spi-builder-workspace/.derivedData/SDKExplicitPrecompiledModules/UIKit-BGAQE5HOOTG6M9C46O1HHPCDR.pcm
SwiftExplicitDependencyGeneratePcm arm64 /Users/admin/builder/spi-builder-workspace/.derivedData/SDKExplicitPrecompiledModules/UIKit-2XWL6VFNA7WRWSTXI42YLU909.pcm
SwiftExplicitDependencyGeneratePcm arm64_32 /Users/admin/builder/spi-builder-workspace/.derivedData/SDKExplicitPrecompiledModules/HomeKit-DXH34ZWEY4P4FEELCOH3LXVCR.pcm
SwiftExplicitDependencyGeneratePcm arm64_32 /Users/admin/builder/spi-builder-workspace/.derivedData/SDKExplicitPrecompiledModules/MapKit-3RCPMYWFYVKLOR1JJH1M1L7O6.pcm
SwiftExplicitDependencyGeneratePcm arm64 /Users/admin/builder/spi-builder-workspace/.derivedData/SDKExplicitPrecompiledModules/MapKit-5U4CPBNVICOGB0BBK9BC7P4E9.pcm
SwiftExplicitDependencyGeneratePcm arm64 /Users/admin/builder/spi-builder-workspace/.derivedData/SDKExplicitPrecompiledModules/HomeKit-2JD3RMVTK0MFX7K570KHTLBBH.pcm
SwiftExplicitDependencyGeneratePcm arm64_32 /Users/admin/builder/spi-builder-workspace/.derivedData/SDKExplicitPrecompiledModules/WatchKit-7IATJTA58S6OFDEYHG9JSLLDQ.pcm
SwiftExplicitDependencyGeneratePcm arm64 /Users/admin/builder/spi-builder-workspace/.derivedData/SDKExplicitPrecompiledModules/WatchKit-22L6Z003SE8XPQ9JS14K57C9N.pcm
SwiftExplicitDependencyGeneratePcm arm64_32 /Users/admin/builder/spi-builder-workspace/.derivedData/SDKExplicitPrecompiledModules/SwiftUI-6DR5UJH94SD7QMITGWNAX9FBI.pcm
SwiftExplicitDependencyGeneratePcm arm64 /Users/admin/builder/spi-builder-workspace/.derivedData/SDKExplicitPrecompiledModules/SwiftUI-E6XJI4PF1Q2HPTXKL91GWARU6.pcm
SwiftEmitModule normal arm64_32 Emitting\ module\ for\ MotionEffects (in target 'MotionEffects' from project 'MotionEffects')
/Users/admin/builder/spi-builder-workspace/Sources/MotionEffects/ViewerOffsetObservation.swift:7:30: error: cannot find type 'Context' in scope
 5 |     let updateHandler: (_ viewerOffset: UIOffset) -> Void
 6 |
 7 |     func makeUIView(context: Context) -> OffsetHostView {
   |                              `- error: cannot find type 'Context' in scope
 8 |         OffsetHostView()
 9 |     }
/Users/admin/builder/spi-builder-workspace/Sources/MotionEffects/ViewerOffsetObservation.swift:11:58: error: cannot find type 'Context' in scope
 9 |     }
10 |
11 |     func updateUIView(_ uiView: OffsetHostView, context: Context) {
   |                                                          `- error: cannot find type 'Context' in scope
12 |         uiView.updateHandler = updateHandler
13 |
/Users/admin/builder/spi-builder-workspace/Sources/MotionEffects/ViewerOffsetObservation.swift:4:33: error: cannot find type 'UIViewRepresentable' in scope
 2 | private import UIKit
 3 |
 4 | struct ViewerOffsetObservation: UIViewRepresentable {
   |                                 `- error: cannot find type 'UIViewRepresentable' in scope
 5 |     let updateHandler: (_ viewerOffset: UIOffset) -> Void
 6 |
/Users/admin/builder/spi-builder-workspace/Sources/MotionEffects/ViewerOffsetObservation.swift:51:20: error: 'CALayer' is unavailable in watchOS
49 |     // Disable implicit CALayer animations. NSNull stops the action lookup chain.
50 |     override func action(
51 |         for layer: CALayer,
   |                    `- error: 'CALayer' is unavailable in watchOS
52 |         forKey event: String
53 |     ) -> (any CAAction)? {
/Applications/Xcode-27.0.0-Release.Candidate.app/Contents/Developer/Platforms/WatchOS.platform/Developer/SDKs/WatchOS27.0.sdk/System/Library/Frameworks/QuartzCore.framework/Headers/CALayer.h:117:12: note: 'CALayer' has been explicitly marked unavailable here
 115 |
 116 | API_AVAILABLE(macos(10.5), ios(2.0), tvos(9.0)) API_UNAVAILABLE(watchos)
 117 | @interface CALayer : NSObject <NSSecureCoding, CAMediaTiming>
     |            `- note: 'CALayer' has been explicitly marked unavailable here
 118 |
 119 | /** Layer creation and initialization. **/
/Users/admin/builder/spi-builder-workspace/Sources/MotionEffects/ViewerOffsetObservation.swift:53:15: error: 'CAAction' is unavailable in watchOS
51 |         for layer: CALayer,
52 |         forKey event: String
53 |     ) -> (any CAAction)? {
   |               `- error: 'CAAction' is unavailable in watchOS
54 |         NSNull()
55 |     }
/Applications/Xcode-27.0.0-Release.Candidate.app/Contents/Developer/Platforms/WatchOS.platform/Developer/SDKs/WatchOS27.0.sdk/System/Library/Frameworks/QuartzCore.framework/Headers/CALayer.h:945:11: note: 'CAAction' has been explicitly marked unavailable here
 943 |
 944 | API_AVAILABLE(macos(10.5), ios(2.0), tvos(9.0)) API_UNAVAILABLE(watchos)
 945 | @protocol CAAction
     |           `- note: 'CAAction' has been explicitly marked unavailable here
 946 |
 947 | /* Called to trigger the event named 'path' on the receiver. The object
/Users/admin/builder/spi-builder-workspace/Sources/MotionEffects/ViewerOffsetObservation.swift:29:29: error: 'UIView' is unavailable in watchOS
27 | }
28 |
29 | final class OffsetHostView: UIView {
   |                             `- error: 'UIView' is unavailable in watchOS
30 |     var pendingOffset: UIOffset?
31 |     var updateHandler: ((UIOffset) -> Void)?
/Applications/Xcode-27.0.0-Release.Candidate.app/Contents/Developer/Platforms/WatchOS.platform/Developer/SDKs/WatchOS27.0.sdk/System/Library/Frameworks/UIKit.framework/Headers/UIView.h:152:12: note: 'UIView' has been explicitly marked unavailable here
150 |
151 | UIKIT_EXTERN API_AVAILABLE(ios(2.0)) API_UNAVAILABLE(watchos) NS_SWIFT_UI_ACTOR
152 | @interface UIView : UIResponder <NSCoding, UIAppearance, UIAppearanceContainer, UIDynamicItem, UITraitEnvironment, UICoordinateSpace, UIFocusItem, UIFocusItemContainer, CALayerDelegate>
    |            `- note: 'UIView' has been explicitly marked unavailable here
153 |
154 | @property(class, nonatomic, readonly) Class layerClass;                        // default is [CALayer class]. Used when creating the underlying layer for the view.
/Users/admin/builder/spi-builder-workspace/Sources/MotionEffects/ViewerOffsetObservation.swift:69:47: error: 'UIMotionEffect' is unavailable in watchOS
67 | }
68 |
69 | private final class ViewerOffsetMotionEffect: UIMotionEffect {
   |                                               `- error: 'UIMotionEffect' is unavailable in watchOS
70 |     weak var hostView: OffsetHostView?
71 |
/Applications/Xcode-27.0.0-Release.Candidate.app/Contents/Developer/Platforms/WatchOS.platform/Developer/SDKs/WatchOS27.0.sdk/System/Library/Frameworks/UIKit.framework/Headers/UIMotionEffect.h:19:12: note: 'UIMotionEffect' has been explicitly marked unavailable here
17 |
18 | UIKIT_EXTERN API_AVAILABLE(ios(7.0)) API_UNAVAILABLE(watchos) NS_SWIFT_UI_ACTOR
19 | @interface UIMotionEffect : NSObject <NSCopying, NSCoding>
   |            `- note: 'UIMotionEffect' has been explicitly marked unavailable here
20 |
21 | - (instancetype)init NS_DESIGNATED_INITIALIZER;
Failed frontend command:
SwiftCompile normal arm64_32 (in target 'MotionEffects' from project 'MotionEffects')
    cd /Users/admin/builder/spi-builder-workspace/.swiftpm/xcode

/Applications/Xcode-27.0.0-Release.Candidate.app/Contents/Developer/Toolchains/XcodeDefault.xctoolchain/usr/bin/swift-frontend -frontend -emit-module -experimental-skip-non-inlinable-function-bodies-without-types /Users/admin/builder/spi-builder-workspace/.derivedData/Build/Intermediates.noindex/MotionEffects.build/Debug-watchos/MotionEffects-t.build/DerivedSources/resource_bundle_accessor.swift /Users/admin/builder/spi-builder-workspace/Sources/MotionEffects/MotionOffsetModifier.swift /Users/admin/builder/spi-builder-workspace/Sources/MotionEffects/OnChangeModifier.swift /Users/admin/builder/spi-builder-workspace/Sources/MotionEffects/ViewerOffsetModifier.swift /Users/admin/builder/spi-builder-workspace/Sources/MotionEffects/ViewerOffsetObservation.swift -target arm64_32-apple-watchos9.0 -disable-cross-import-overlay-search -load-resolved-plugin /Applications/Xcode-27.0.0-Release.Candidate.app/Contents/Developer/Platforms/WatchOS.platform/Developer/usr/lib/swift/host/plugins/libFoundationMacros.dylib\#/Applications/Xcode-27.0.0-Release.Candidate.app/Contents/Developer/Platforms/WatchOS.platform/Developer/usr/bin/swift-plugin-server\#FoundationMacros -load-resolved-plugin /Applications/Xcode-27.0.0-Release.Candidate.app/Contents/Developer/Platforms/WatchOS.platform/Developer/usr/lib/swift/host/plugins/libObservationMacros.dylib\#/Applications/Xcode-27.0.0-Release.Candidate.app/Contents/Developer/Platforms/WatchOS.platform/Developer/usr/bin/swift-plugin-server\#ObservationMacros -load-resolved-plugin /Applications/Xcode-27.0.0-Release.Candidate.app/Contents/Developer/Platforms/WatchOS.platform/Developer/usr/lib/swift/host/plugins/libPreviewsMacros.dylib\#/Applications/Xcode-27.0.0-Release.Candidate.app/Contents/Developer/Platforms/WatchOS.platform/Developer/usr/bin/swift-plugin-server\#PreviewsMacros -load-resolved-plugin /Applications/Xcode-27.0.0-Release.Candidate.app/Contents/Developer/Platforms/WatchOS.platform/Developer/usr/lib/swift/host/plugins/libSwiftMacros.dylib\#/Applications/Xcode-27.0.0-Release.Candidate.app/Contents/Developer/Platforms/WatchOS.platform/Developer/usr/bin/swift-plugin-server\#SwiftMacros -load-resolved-plugin /Applications/Xcode-27.0.0-Release.Candidate.app/Contents/Developer/Platforms/WatchOS.platform/Developer/usr/lib/swift/host/plugins/libSwiftUIMacros.dylib\#/Applications/Xcode-27.0.0-Release.Candidate.app/Contents/Developer/Platforms/WatchOS.platform/Developer/usr/bin/swift-plugin-server\#SwiftUIMacros -disable-implicit-swift-modules -Xcc -fno-implicit-modules -Xcc -fno-implicit-module-maps -explicit-swift-module-map-file /Users/admin/builder/spi-builder-workspace/.derivedData/Build/Intermediates.noindex/MotionEffects.build/Debug-watchos/MotionEffects-t.build/Objects-normal/arm64_32/MotionEffects-dependencies-1.json -enable-objc-interop -sdk /Applications/Xcode-27.0.0-Release.Candidate.app/Contents/Developer/Platforms/WatchOS.platform/Developer/SDKs/WatchOS27.0.sdk -I /Users/admin/builder/spi-builder-workspace/.derivedData/Build/Products/Debug-watchos -Isystem /Applications/Xcode-27.0.0-Release.Candidate.app/Contents/Developer/Platforms/WatchOS.platform/Developer/usr/lib -F /Users/admin/builder/spi-builder-workspace/.derivedData/Build/Products/Debug-watchos -F /Applications/Xcode-27.0.0-Release.Candidate.app/Contents/Developer/Platforms/WatchOS.platform/Developer/Library/Frameworks -F /Applications/Xcode-27.0.0-Release.Candidate.app/Contents/Developer/Platforms/WatchOS.platform/Developer/SDKs/WatchOS27.0.sdk/Developer/Library/Frameworks -module-cache-path /Users/admin/builder/spi-builder-workspace/.derivedData/Build/Intermediates.noindex/SwiftExplicitPrecompiledModules -no-color-diagnostics -Xcc -fno-color-diagnostics -enable-testing -g -debug-info-format\=dwarf -dwarf-version\=4 -profile-generate -profile-coverage-mapping -swift-version 6 -Onone -D SWIFT_PACKAGE -D DEBUG -D SWIFT_MODULE_RESOURCE_BUNDLE_AVAILABLE -D Xcode -serialize-debugging-options -enable-experimental-feature DebugDescriptionMacro -empty-abi-descriptor -validate-clang-modules-once -clang-build-session-file /Users/admin/builder/spi-builder-workspace/.derivedData/ModuleCache.noindex/Session.modulevalidation -Xcc -working-directory -Xcc /Users/admin/builder/spi-builder-workspace/.swiftpm/xcode -enable-anonymous-context-mangled-names -file-compilation-dir /Users/admin/builder/spi-builder-workspace/.swiftpm/xcode -Xcc -D_LIBCPP_HARDENING_MODE\=_LIBCPP_HARDENING_MODE_DEBUG -Xcc -ivfsstatcache -Xcc /Users/admin/builder/spi-builder-workspace/.derivedData/SDKStatCaches.noindex/watchos27.0-24R360-e829b21a6f8c9b70876ba0858053c04477534ef55a1706bf4c1112bbb242f0a2.sdkstatcache -Xcc -fmodules-prune-interval\=86400 -Xcc -fmodules-prune-after\=345600 -Xcc -I/Users/admin/builder/spi-builder-workspace/.derivedData/Build/Products/Debug-watchos/include -Xcc -I/Users/admin/builder/spi-builder-workspace/.derivedData/Build/Intermediates.noindex/MotionEffects.build/Debug-watchos/MotionEffects-t.build/DerivedSources-normal/arm64_32 -Xcc -I/Users/admin/builder/spi-builder-workspace/.derivedData/Build/Intermediates.noindex/MotionEffects.build/Debug-watchos/MotionEffects-t.build/DerivedSources/arm64_32 -Xcc -I/Users/admin/builder/spi-builder-workspace/.derivedData/Build/Intermediates.noindex/MotionEffects.build/Debug-watchos/MotionEffects-t.build/DerivedSources -Xcc -DSWIFT_PACKAGE -Xcc -DDEBUG\=1 -no-auto-bridging-header-chaining -module-name MotionEffects -package-name spi_builder_workspace -const-gather-protocols-file /Users/admin/builder/spi-builder-workspace/.derivedData/Build/Intermediates.noindex/MotionEffects.build/Debug-watchos/MotionEffects-t.build/Objects-normal/arm64_32/MotionEffects_const_extract_protocols.json -disable-clang-spi -clang-target arm64_32-apple-watchos27.0 -target-sdk-version 27.0 -target-sdk-name watchos27.0 -in-process-plugin-server-path /Applications/Xcode-27.0.0-Release.Candidate.app/Contents/Developer/Toolchains/XcodeDefault.xctoolchain/usr/lib/swift/host/libSwiftInProcPluginServer.dylib -emit-module-doc-path /Users/admin/builder/spi-builder-workspace/.derivedData/Build/Intermediates.noindex/MotionEffects.build/Debug-watchos/MotionEffects-t.build/Objects-normal/arm64_32/MotionEffects.swiftdoc -emit-module-source-info-path /Users/admin/builder/spi-builder-workspace/.derivedData/Build/Intermediates.noindex/MotionEffects.build/Debug-watchos/MotionEffects-t.build/Objects-normal/arm64_32/MotionEffects.swiftsourceinfo -emit-objc-header-path /Users/admin/builder/spi-builder-workspace/.derivedData/Build/Intermediates.noindex/MotionEffects.build/Debug-watchos/MotionEffects-t.build/Objects-normal/arm64_32/MotionEffects-Swift.h -serialize-diagnostics-path /Users/admin/builder/spi-builder-workspace/.derivedData/Build/Intermediates.noindex/MotionEffects.build/Debug-watchos/MotionEffects-t.build/Objects-normal/arm64_32/MotionEffects-primary-emit-module.dia -emit-dependencies-path /Users/admin/builder/spi-builder-workspace/.derivedData/Build/Intermediates.noindex/MotionEffects.build/Debug-watchos/MotionEffects-t.build/Objects-normal/arm64_32/MotionEffects-primary-emit-module.d -parse-as-library -o /Users/admin/builder/spi-builder-workspace/.derivedData/Build/Intermediates.noindex/MotionEffects.build/Debug-watchos/MotionEffects-t.build/Objects-normal/arm64_32/MotionEffects.swiftmodule -emit-abi-descriptor-path /Users/admin/builder/spi-builder-workspace/.derivedData/Build/Intermediates.noindex/MotionEffects.build/Debug-watchos/MotionEffects-t.build/Objects-normal/arm64_32/MotionEffects.abi.json
SwiftCompile normal arm64_32 Compiling\ OnChangeModifier.swift /Users/admin/builder/spi-builder-workspace/Sources/MotionEffects/OnChangeModifier.swift (in target 'MotionEffects' from project 'MotionEffects')
SwiftCompile normal arm64_32 /Users/admin/builder/spi-builder-workspace/Sources/MotionEffects/OnChangeModifier.swift (in target 'MotionEffects' from project 'MotionEffects')
    cd /Users/admin/builder/spi-builder-workspace/.swiftpm/xcode
    builtin-SwiftPerFileCompile OnChangeModifier.swift
SwiftCompile normal arm64_32 Compiling\ ViewerOffsetObservation.swift /Users/admin/builder/spi-builder-workspace/Sources/MotionEffects/ViewerOffsetObservation.swift (in target 'MotionEffects' from project 'MotionEffects')
/Users/admin/builder/spi-builder-workspace/Sources/MotionEffects/ViewerOffsetObservation.swift:7:30: error: cannot find type 'Context' in scope
 5 |     let updateHandler: (_ viewerOffset: UIOffset) -> Void
 6 |
 7 |     func makeUIView(context: Context) -> OffsetHostView {
   |                              `- error: cannot find type 'Context' in scope
 8 |         OffsetHostView()
 9 |     }
/Users/admin/builder/spi-builder-workspace/Sources/MotionEffects/ViewerOffsetObservation.swift:11:58: error: cannot find type 'Context' in scope
 9 |     }
10 |
11 |     func updateUIView(_ uiView: OffsetHostView, context: Context) {
   |                                                          `- error: cannot find type 'Context' in scope
12 |         uiView.updateHandler = updateHandler
13 |
/Users/admin/builder/spi-builder-workspace/Sources/MotionEffects/ViewerOffsetObservation.swift:4:33: error: cannot find type 'UIViewRepresentable' in scope
 2 | private import UIKit
 3 |
 4 | struct ViewerOffsetObservation: UIViewRepresentable {
   |                                 `- error: cannot find type 'UIViewRepresentable' in scope
 5 |     let updateHandler: (_ viewerOffset: UIOffset) -> Void
 6 |
/Users/admin/builder/spi-builder-workspace/Sources/MotionEffects/ViewerOffsetObservation.swift:51:20: error: 'CALayer' is unavailable in watchOS
49 |     // Disable implicit CALayer animations. NSNull stops the action lookup chain.
50 |     override func action(
51 |         for layer: CALayer,
   |                    `- error: 'CALayer' is unavailable in watchOS
52 |         forKey event: String
53 |     ) -> (any CAAction)? {
/Applications/Xcode-27.0.0-Release.Candidate.app/Contents/Developer/Platforms/WatchOS.platform/Developer/SDKs/WatchOS27.0.sdk/System/Library/Frameworks/QuartzCore.framework/Headers/CALayer.h:117:12: note: 'CALayer' has been explicitly marked unavailable here
 115 |
 116 | API_AVAILABLE(macos(10.5), ios(2.0), tvos(9.0)) API_UNAVAILABLE(watchos)
 117 | @interface CALayer : NSObject <NSSecureCoding, CAMediaTiming>
     |            `- note: 'CALayer' has been explicitly marked unavailable here
 118 |
 119 | /** Layer creation and initialization. **/
/Users/admin/builder/spi-builder-workspace/Sources/MotionEffects/ViewerOffsetObservation.swift:53:15: error: 'CAAction' is unavailable in watchOS
51 |         for layer: CALayer,
52 |         forKey event: String
53 |     ) -> (any CAAction)? {
   |               `- error: 'CAAction' is unavailable in watchOS
54 |         NSNull()
55 |     }
/Applications/Xcode-27.0.0-Release.Candidate.app/Contents/Developer/Platforms/WatchOS.platform/Developer/SDKs/WatchOS27.0.sdk/System/Library/Frameworks/QuartzCore.framework/Headers/CALayer.h:945:11: note: 'CAAction' has been explicitly marked unavailable here
 943 |
 944 | API_AVAILABLE(macos(10.5), ios(2.0), tvos(9.0)) API_UNAVAILABLE(watchos)
 945 | @protocol CAAction
     |           `- note: 'CAAction' has been explicitly marked unavailable here
 946 |
 947 | /* Called to trigger the event named 'path' on the receiver. The object
/Users/admin/builder/spi-builder-workspace/Sources/MotionEffects/ViewerOffsetObservation.swift:29:29: error: 'UIView' is unavailable in watchOS
27 | }
28 |
29 | final class OffsetHostView: UIView {
   |                             `- error: 'UIView' is unavailable in watchOS
30 |     var pendingOffset: UIOffset?
31 |     var updateHandler: ((UIOffset) -> Void)?
/Applications/Xcode-27.0.0-Release.Candidate.app/Contents/Developer/Platforms/WatchOS.platform/Developer/SDKs/WatchOS27.0.sdk/System/Library/Frameworks/UIKit.framework/Headers/UIView.h:152:12: note: 'UIView' has been explicitly marked unavailable here
150 |
151 | UIKIT_EXTERN API_AVAILABLE(ios(2.0)) API_UNAVAILABLE(watchos) NS_SWIFT_UI_ACTOR
152 | @interface UIView : UIResponder <NSCoding, UIAppearance, UIAppearanceContainer, UIDynamicItem, UITraitEnvironment, UICoordinateSpace, UIFocusItem, UIFocusItemContainer, CALayerDelegate>
    |            `- note: 'UIView' has been explicitly marked unavailable here
153 |
154 | @property(class, nonatomic, readonly) Class layerClass;                        // default is [CALayer class]. Used when creating the underlying layer for the view.
/Users/admin/builder/spi-builder-workspace/Sources/MotionEffects/ViewerOffsetObservation.swift:69:47: error: 'UIMotionEffect' is unavailable in watchOS
67 | }
68 |
69 | private final class ViewerOffsetMotionEffect: UIMotionEffect {
   |                                               `- error: 'UIMotionEffect' is unavailable in watchOS
70 |     weak var hostView: OffsetHostView?
71 |
/Applications/Xcode-27.0.0-Release.Candidate.app/Contents/Developer/Platforms/WatchOS.platform/Developer/SDKs/WatchOS27.0.sdk/System/Library/Frameworks/UIKit.framework/Headers/UIMotionEffect.h:19:12: note: 'UIMotionEffect' has been explicitly marked unavailable here
17 |
18 | UIKIT_EXTERN API_AVAILABLE(ios(7.0)) API_UNAVAILABLE(watchos) NS_SWIFT_UI_ACTOR
19 | @interface UIMotionEffect : NSObject <NSCopying, NSCoding>
   |            `- note: 'UIMotionEffect' has been explicitly marked unavailable here
20 |
21 | - (instancetype)init NS_DESIGNATED_INITIALIZER;
/Users/admin/builder/spi-builder-workspace/Sources/MotionEffects/ViewerOffsetObservation.swift:8:9: error: 'init()' is unavailable in watchOS
 6 |
 7 |     func makeUIView(context: Context) -> OffsetHostView {
 8 |         OffsetHostView()
   |         `- error: 'init()' is unavailable in watchOS
 9 |     }
10 |
/Applications/Xcode-27.0.0-Release.Candidate.app/Contents/Developer/Platforms/WatchOS.platform/Developer/SDKs/WatchOS27.0.sdk/System/Library/Frameworks/UIKit.framework/Headers/UIView.h:158:1: note: 'init()' has been explicitly marked unavailable here
156 | - (instancetype)initWithFrame:(CGRect)frame NS_DESIGNATED_INITIALIZER;
157 | - (nullable instancetype)initWithCoder:(NSCoder *)coder NS_DESIGNATED_INITIALIZER;
158 | - (instancetype)init API_AVAILABLE(ios(2.0), tvos(9.0), visionos(1.0)) API_UNAVAILABLE(watchos);
    | `- note: 'init()' has been explicitly marked unavailable here
159 |
160 | @property(nonatomic,getter=isUserInteractionEnabled) BOOL userInteractionEnabled;  // default is YES. if set to NO, user events (touch, keys) are ignored and removed from the event queue.
/Users/admin/builder/spi-builder-workspace/Sources/MotionEffects/ViewerOffsetObservation.swift:8:9: warning: call to main actor-isolated initializer 'init()' in a synchronous nonisolated context [#ActorIsolatedCall]
 5 |     let updateHandler: (_ viewerOffset: UIOffset) -> Void
 6 |
 7 |     func makeUIView(context: Context) -> OffsetHostView {
   |          `- note: add '@MainActor' to make instance method 'makeUIView(context:)' part of global actor 'MainActor'
 8 |         OffsetHostView()
   |         `- warning: call to main actor-isolated initializer 'init()' in a synchronous nonisolated context [#ActorIsolatedCall]
 9 |     }
10 |
/Applications/Xcode-27.0.0-Release.Candidate.app/Contents/Developer/Platforms/WatchOS.platform/Developer/SDKs/WatchOS27.0.sdk/System/Library/Frameworks/UIKit.framework/Headers/UIView.h:158:1: note: calls to initializer 'init()' from outside of its actor context are implicitly asynchronous
156 | - (instancetype)initWithFrame:(CGRect)frame NS_DESIGNATED_INITIALIZER;
157 | - (nullable instancetype)initWithCoder:(NSCoder *)coder NS_DESIGNATED_INITIALIZER;
158 | - (instancetype)init API_AVAILABLE(ios(2.0), tvos(9.0), visionos(1.0)) API_UNAVAILABLE(watchos);
    | `- note: calls to initializer 'init()' from outside of its actor context are implicitly asynchronous
159 |
160 | @property(nonatomic,getter=isUserInteractionEnabled) BOOL userInteractionEnabled;  // default is YES. if set to NO, user events (touch, keys) are ignored and removed from the event queue.
/Users/admin/builder/spi-builder-workspace/Sources/MotionEffects/ViewerOffsetObservation.swift:12:16: warning: main actor-isolated property 'updateHandler' can not be mutated from a nonisolated context
 9 |     }
10 |
11 |     func updateUIView(_ uiView: OffsetHostView, context: Context) {
   |          `- note: add '@MainActor' to make instance method 'updateUIView(_:context:)' part of global actor 'MainActor'
12 |         uiView.updateHandler = updateHandler
   |                `- warning: main actor-isolated property 'updateHandler' can not be mutated from a nonisolated context
13 |
14 |         // Manage the motion effect based on the accessibility setting.
   :
29 | final class OffsetHostView: UIView {
30 |     var pendingOffset: UIOffset?
31 |     var updateHandler: ((UIOffset) -> Void)?
   |         `- note: mutation of this property is only permitted within the actor
32 |
33 |     override init(frame: CGRect) {
/Users/admin/builder/spi-builder-workspace/Sources/MotionEffects/ViewerOffsetObservation.swift:17:36: warning: main actor-isolated property 'motionEffects' can not be referenced from a nonisolated context
 9 |     }
10 |
11 |     func updateUIView(_ uiView: OffsetHostView, context: Context) {
   |          `- note: add '@MainActor' to make instance method 'updateUIView(_:context:)' part of global actor 'MainActor'
12 |         uiView.updateHandler = updateHandler
13 |
   :
15 |         // When reduce motion is enabled, remove the effect and reset the offset.
16 |         if context.environment.accessibilityReduceMotion {
17 |             if let effect = uiView.motionEffects.first {
   |                                    `- warning: main actor-isolated property 'motionEffects' can not be referenced from a nonisolated context
18 |                 uiView.removeMotionEffect(effect)
19 |             }
/Applications/Xcode-27.0.0-Release.Candidate.app/Contents/Developer/Platforms/WatchOS.platform/Developer/SDKs/WatchOS27.0.sdk/System/Library/Frameworks/UIKit.framework/Headers/UIView.h:425:65: note: property declared here
423 | - (void)removeMotionEffect:(UIMotionEffect *)effect API_AVAILABLE(ios(7.0));
424 |
425 | @property (copy, nonatomic) NSArray<__kindof UIMotionEffect *> *motionEffects API_AVAILABLE(ios(7.0));
    |                                                                 `- note: property declared here
426 |
427 | @end
/Users/admin/builder/spi-builder-workspace/Sources/MotionEffects/ViewerOffsetObservation.swift:18:24: warning: call to main actor-isolated instance method 'removeMotionEffect' in a synchronous nonisolated context [#ActorIsolatedCall]
 9 |     }
10 |
11 |     func updateUIView(_ uiView: OffsetHostView, context: Context) {
   |          `- note: add '@MainActor' to make instance method 'updateUIView(_:context:)' part of global actor 'MainActor'
12 |         uiView.updateHandler = updateHandler
13 |
   :
16 |         if context.environment.accessibilityReduceMotion {
17 |             if let effect = uiView.motionEffects.first {
18 |                 uiView.removeMotionEffect(effect)
   |                        `- warning: call to main actor-isolated instance method 'removeMotionEffect' in a synchronous nonisolated context [#ActorIsolatedCall]
19 |             }
20 |             updateHandler(.zero)
/Applications/Xcode-27.0.0-Release.Candidate.app/Contents/Developer/Platforms/WatchOS.platform/Developer/SDKs/WatchOS27.0.sdk/System/Library/Frameworks/UIKit.framework/Headers/UIView.h:423:1: note: calls to instance method 'removeMotionEffect' from outside of its actor context are implicitly asynchronous
421 | /*! Stops applying `effect` to the receiver. Any affected presentation values will animate to
422 |     their post-removal values using the present UIView animation context. */
423 | - (void)removeMotionEffect:(UIMotionEffect *)effect API_AVAILABLE(ios(7.0));
    | `- note: calls to instance method 'removeMotionEffect' from outside of its actor context are implicitly asynchronous
424 |
425 | @property (copy, nonatomic) NSArray<__kindof UIMotionEffect *> *motionEffects API_AVAILABLE(ios(7.0));
/Users/admin/builder/spi-builder-workspace/Sources/MotionEffects/ViewerOffsetObservation.swift:21:26: warning: main actor-isolated property 'motionEffects' can not be referenced from a nonisolated context
 9 |     }
10 |
11 |     func updateUIView(_ uiView: OffsetHostView, context: Context) {
   |          `- note: add '@MainActor' to make instance method 'updateUIView(_:context:)' part of global actor 'MainActor'
12 |         uiView.updateHandler = updateHandler
13 |
   :
19 |             }
20 |             updateHandler(.zero)
21 |         } else if uiView.motionEffects.isEmpty {
   |                          `- warning: main actor-isolated property 'motionEffects' can not be referenced from a nonisolated context
22 |             let effect = ViewerOffsetMotionEffect()
23 |             effect.hostView = uiView
/Applications/Xcode-27.0.0-Release.Candidate.app/Contents/Developer/Platforms/WatchOS.platform/Developer/SDKs/WatchOS27.0.sdk/System/Library/Frameworks/UIKit.framework/Headers/UIView.h:425:65: note: property declared here
423 | - (void)removeMotionEffect:(UIMotionEffect *)effect API_AVAILABLE(ios(7.0));
424 |
425 | @property (copy, nonatomic) NSArray<__kindof UIMotionEffect *> *motionEffects API_AVAILABLE(ios(7.0));
    |                                                                 `- note: property declared here
426 |
427 | @end
/Users/admin/builder/spi-builder-workspace/Sources/MotionEffects/ViewerOffsetObservation.swift:22:26: warning: call to main actor-isolated initializer 'init()' in a synchronous nonisolated context [#ActorIsolatedCall]
 9 |     }
10 |
11 |     func updateUIView(_ uiView: OffsetHostView, context: Context) {
   |          `- note: add '@MainActor' to make instance method 'updateUIView(_:context:)' part of global actor 'MainActor'
12 |         uiView.updateHandler = updateHandler
13 |
   :
20 |             updateHandler(.zero)
21 |         } else if uiView.motionEffects.isEmpty {
22 |             let effect = ViewerOffsetMotionEffect()
   |                          `- warning: call to main actor-isolated initializer 'init()' in a synchronous nonisolated context [#ActorIsolatedCall]
23 |             effect.hostView = uiView
24 |             uiView.addMotionEffect(effect)
   :
75 |     }
76 |
77 |     override init() {
   |              |- note: calls to initializer 'init()' from outside of its actor context are implicitly asynchronous
   |              `- note: main actor isolation inferred from inheritance from class 'UIMotionEffect'
78 |         super.init()
79 |     }
/Users/admin/builder/spi-builder-workspace/Sources/MotionEffects/ViewerOffsetObservation.swift:23:20: warning: main actor-isolated property 'hostView' can not be mutated from a nonisolated context
 9 |     }
10 |
11 |     func updateUIView(_ uiView: OffsetHostView, context: Context) {
   |          `- note: add '@MainActor' to make instance method 'updateUIView(_:context:)' part of global actor 'MainActor'
12 |         uiView.updateHandler = updateHandler
13 |
   :
21 |         } else if uiView.motionEffects.isEmpty {
22 |             let effect = ViewerOffsetMotionEffect()
23 |             effect.hostView = uiView
   |                    `- warning: main actor-isolated property 'hostView' can not be mutated from a nonisolated context
24 |             uiView.addMotionEffect(effect)
25 |         }
   :
68 |
69 | private final class ViewerOffsetMotionEffect: UIMotionEffect {
70 |     weak var hostView: OffsetHostView?
   |              `- note: mutation of this property is only permitted within the actor
71 |
72 |     @available(*, unavailable)
/Users/admin/builder/spi-builder-workspace/Sources/MotionEffects/ViewerOffsetObservation.swift:24:20: warning: call to main actor-isolated instance method 'addMotionEffect' in a synchronous nonisolated context [#ActorIsolatedCall]
 9 |     }
10 |
11 |     func updateUIView(_ uiView: OffsetHostView, context: Context) {
   |          `- note: add '@MainActor' to make instance method 'updateUIView(_:context:)' part of global actor 'MainActor'
12 |         uiView.updateHandler = updateHandler
13 |
   :
22 |             let effect = ViewerOffsetMotionEffect()
23 |             effect.hostView = uiView
24 |             uiView.addMotionEffect(effect)
   |                    `- warning: call to main actor-isolated instance method 'addMotionEffect' in a synchronous nonisolated context [#ActorIsolatedCall]
25 |         }
26 |     }
/Applications/Xcode-27.0.0-Release.Candidate.app/Contents/Developer/Platforms/WatchOS.platform/Developer/SDKs/WatchOS27.0.sdk/System/Library/Frameworks/UIKit.framework/Headers/UIView.h:419:1: note: calls to instance method 'addMotionEffect' from outside of its actor context are implicitly asynchronous
417 |     Animates the transition to the motion effect's values using the present UIView animation
418 |     context. */
419 | - (void)addMotionEffect:(UIMotionEffect *)effect API_AVAILABLE(ios(7.0));
    | `- note: calls to instance method 'addMotionEffect' from outside of its actor context are implicitly asynchronous
420 |
421 | /*! Stops applying `effect` to the receiver. Any affected presentation values will animate to
/Users/admin/builder/spi-builder-workspace/Sources/MotionEffects/ViewerOffsetObservation.swift:37:9: error: 'accessibilityElementsHidden' is unavailable in watchOS
35 |
36 |         isUserInteractionEnabled = false
37 |         accessibilityElementsHidden = true
   |         `- error: 'accessibilityElementsHidden' is unavailable in watchOS
38 |     }
39 |
/Applications/Xcode-27.0.0-Release.Candidate.app/Contents/Developer/Platforms/WatchOS.platform/Developer/SDKs/WatchOS27.0.sdk/System/Library/Frameworks/UIKit.framework/Headers/UIAccessibility.h:160:28: note: 'accessibilityElementsHidden' has been explicitly marked unavailable here
158 |  default == NO
159 |  */
160 | @property (nonatomic) BOOL accessibilityElementsHidden API_AVAILABLE(ios(5.0)) API_UNAVAILABLE(watchos) NS_SWIFT_UI_ACTOR;
    |                            `- note: 'accessibilityElementsHidden' has been explicitly marked unavailable here
161 |
162 | /*
SwiftCompile normal arm64_32 /Users/admin/builder/spi-builder-workspace/Sources/MotionEffects/ViewerOffsetObservation.swift (in target 'MotionEffects' from project 'MotionEffects')
    cd /Users/admin/builder/spi-builder-workspace/.swiftpm/xcode
    builtin-SwiftPerFileCompile ViewerOffsetObservation.swift
SwiftCompile normal arm64_32 Compiling\ ViewerOffsetModifier.swift /Users/admin/builder/spi-builder-workspace/Sources/MotionEffects/ViewerOffsetModifier.swift (in target 'MotionEffects' from project 'MotionEffects')
SwiftCompile normal arm64_32 /Users/admin/builder/spi-builder-workspace/Sources/MotionEffects/ViewerOffsetModifier.swift (in target 'MotionEffects' from project 'MotionEffects')
    cd /Users/admin/builder/spi-builder-workspace/.swiftpm/xcode
    builtin-SwiftPerFileCompile ViewerOffsetModifier.swift
SwiftCompile normal arm64_32 Compiling\ MotionOffsetModifier.swift /Users/admin/builder/spi-builder-workspace/Sources/MotionEffects/MotionOffsetModifier.swift (in target 'MotionEffects' from project 'MotionEffects')
SwiftCompile normal arm64_32 /Users/admin/builder/spi-builder-workspace/Sources/MotionEffects/MotionOffsetModifier.swift (in target 'MotionEffects' from project 'MotionEffects')
    cd /Users/admin/builder/spi-builder-workspace/.swiftpm/xcode
    builtin-SwiftPerFileCompile MotionOffsetModifier.swift
SwiftCompile normal arm64_32 Compiling\ resource_bundle_accessor.swift /Users/admin/builder/spi-builder-workspace/.derivedData/Build/Intermediates.noindex/MotionEffects.build/Debug-watchos/MotionEffects-t.build/DerivedSources/resource_bundle_accessor.swift (in target 'MotionEffects' from project 'MotionEffects')
SwiftCompile normal arm64_32 /Users/admin/builder/spi-builder-workspace/.derivedData/Build/Intermediates.noindex/MotionEffects.build/Debug-watchos/MotionEffects-t.build/DerivedSources/resource_bundle_accessor.swift (in target 'MotionEffects' from project 'MotionEffects')
    cd /Users/admin/builder/spi-builder-workspace/.swiftpm/xcode
    builtin-SwiftPerFileCompile resource_bundle_accessor.swift
SwiftEmitModule normal arm64 Emitting\ module\ for\ MotionEffects (in target 'MotionEffects' from project 'MotionEffects')
/Users/admin/builder/spi-builder-workspace/Sources/MotionEffects/ViewerOffsetObservation.swift:7:30: error: cannot find type 'Context' in scope
 5 |     let updateHandler: (_ viewerOffset: UIOffset) -> Void
 6 |
 7 |     func makeUIView(context: Context) -> OffsetHostView {
   |                              `- error: cannot find type 'Context' in scope
 8 |         OffsetHostView()
 9 |     }
/Users/admin/builder/spi-builder-workspace/Sources/MotionEffects/ViewerOffsetObservation.swift:11:58: error: cannot find type 'Context' in scope
 9 |     }
10 |
11 |     func updateUIView(_ uiView: OffsetHostView, context: Context) {
   |                                                          `- error: cannot find type 'Context' in scope
12 |         uiView.updateHandler = updateHandler
13 |
/Users/admin/builder/spi-builder-workspace/Sources/MotionEffects/ViewerOffsetObservation.swift:4:33: error: cannot find type 'UIViewRepresentable' in scope
 2 | private import UIKit
 3 |
 4 | struct ViewerOffsetObservation: UIViewRepresentable {
   |                                 `- error: cannot find type 'UIViewRepresentable' in scope
 5 |     let updateHandler: (_ viewerOffset: UIOffset) -> Void
 6 |
/Users/admin/builder/spi-builder-workspace/Sources/MotionEffects/ViewerOffsetObservation.swift:51:20: error: 'CALayer' is unavailable in watchOS
49 |     // Disable implicit CALayer animations. NSNull stops the action lookup chain.
50 |     override func action(
51 |         for layer: CALayer,
   |                    `- error: 'CALayer' is unavailable in watchOS
52 |         forKey event: String
53 |     ) -> (any CAAction)? {
/Applications/Xcode-27.0.0-Release.Candidate.app/Contents/Developer/Platforms/WatchOS.platform/Developer/SDKs/WatchOS27.0.sdk/System/Library/Frameworks/QuartzCore.framework/Headers/CALayer.h:117:12: note: 'CALayer' has been explicitly marked unavailable here
 115 |
 116 | API_AVAILABLE(macos(10.5), ios(2.0), tvos(9.0)) API_UNAVAILABLE(watchos)
 117 | @interface CALayer : NSObject <NSSecureCoding, CAMediaTiming>
     |            `- note: 'CALayer' has been explicitly marked unavailable here
 118 |
 119 | /** Layer creation and initialization. **/
/Users/admin/builder/spi-builder-workspace/Sources/MotionEffects/ViewerOffsetObservation.swift:53:15: error: 'CAAction' is unavailable in watchOS
51 |         for layer: CALayer,
52 |         forKey event: String
53 |     ) -> (any CAAction)? {
   |               `- error: 'CAAction' is unavailable in watchOS
54 |         NSNull()
55 |     }
/Applications/Xcode-27.0.0-Release.Candidate.app/Contents/Developer/Platforms/WatchOS.platform/Developer/SDKs/WatchOS27.0.sdk/System/Library/Frameworks/QuartzCore.framework/Headers/CALayer.h:945:11: note: 'CAAction' has been explicitly marked unavailable here
 943 |
 944 | API_AVAILABLE(macos(10.5), ios(2.0), tvos(9.0)) API_UNAVAILABLE(watchos)
 945 | @protocol CAAction
     |           `- note: 'CAAction' has been explicitly marked unavailable here
 946 |
 947 | /* Called to trigger the event named 'path' on the receiver. The object
/Users/admin/builder/spi-builder-workspace/Sources/MotionEffects/ViewerOffsetObservation.swift:29:29: error: 'UIView' is unavailable in watchOS
27 | }
28 |
29 | final class OffsetHostView: UIView {
   |                             `- error: 'UIView' is unavailable in watchOS
30 |     var pendingOffset: UIOffset?
31 |     var updateHandler: ((UIOffset) -> Void)?
/Applications/Xcode-27.0.0-Release.Candidate.app/Contents/Developer/Platforms/WatchOS.platform/Developer/SDKs/WatchOS27.0.sdk/System/Library/Frameworks/UIKit.framework/Headers/UIView.h:152:12: note: 'UIView' has been explicitly marked unavailable here
150 |
151 | UIKIT_EXTERN API_AVAILABLE(ios(2.0)) API_UNAVAILABLE(watchos) NS_SWIFT_UI_ACTOR
152 | @interface UIView : UIResponder <NSCoding, UIAppearance, UIAppearanceContainer, UIDynamicItem, UITraitEnvironment, UICoordinateSpace, UIFocusItem, UIFocusItemContainer, CALayerDelegate>
    |            `- note: 'UIView' has been explicitly marked unavailable here
153 |
154 | @property(class, nonatomic, readonly) Class layerClass;                        // default is [CALayer class]. Used when creating the underlying layer for the view.
/Users/admin/builder/spi-builder-workspace/Sources/MotionEffects/ViewerOffsetObservation.swift:69:47: error: 'UIMotionEffect' is unavailable in watchOS
67 | }
68 |
69 | private final class ViewerOffsetMotionEffect: UIMotionEffect {
   |                                               `- error: 'UIMotionEffect' is unavailable in watchOS
70 |     weak var hostView: OffsetHostView?
71 |
/Applications/Xcode-27.0.0-Release.Candidate.app/Contents/Developer/Platforms/WatchOS.platform/Developer/SDKs/WatchOS27.0.sdk/System/Library/Frameworks/UIKit.framework/Headers/UIMotionEffect.h:19:12: note: 'UIMotionEffect' has been explicitly marked unavailable here
17 |
18 | UIKIT_EXTERN API_AVAILABLE(ios(7.0)) API_UNAVAILABLE(watchos) NS_SWIFT_UI_ACTOR
19 | @interface UIMotionEffect : NSObject <NSCopying, NSCoding>
   |            `- note: 'UIMotionEffect' has been explicitly marked unavailable here
20 |
21 | - (instancetype)init NS_DESIGNATED_INITIALIZER;
Failed frontend command:
/Applications/Xcode-27.0.0-Release.Candidate.app/Contents/Developer/Toolchains/XcodeDefault.xctoolchain/usr/bin/swift-frontend -frontend -emit-module -experimental-skip-non-inlinable-function-bodies-without-types /Users/admin/builder/spi-builder-workspace/.derivedData/Build/Intermediates.noindex/MotionEffects.build/Debug-watchos/MotionEffects-t.build/DerivedSources/resource_bundle_accessor.swift /Users/admin/builder/spi-builder-workspace/Sources/MotionEffects/MotionOffsetModifier.swift /Users/admin/builder/spi-builder-workspace/Sources/MotionEffects/OnChangeModifier.swift /Users/admin/builder/spi-builder-workspace/Sources/MotionEffects/ViewerOffsetModifier.swift /Users/admin/builder/spi-builder-workspace/Sources/MotionEffects/ViewerOffsetObservation.swift -target arm64-apple-watchos9.0 -disable-cross-import-overlay-search -load-resolved-plugin /Applications/Xcode-27.0.0-Release.Candidate.app/Contents/Developer/Platforms/WatchOS.platform/Developer/usr/lib/swift/host/plugins/libFoundationMacros.dylib\#/Applications/Xcode-27.0.0-Release.Candidate.app/Contents/Developer/Platforms/WatchOS.platform/Developer/usr/bin/swift-plugin-server\#FoundationMacros -load-resolved-plugin /Applications/Xcode-27.0.0-Release.Candidate.app/Contents/Developer/Platforms/WatchOS.platform/Developer/usr/lib/swift/host/plugins/libObservationMacros.dylib\#/Applications/Xcode-27.0.0-Release.Candidate.app/Contents/Developer/Platforms/WatchOS.platform/Developer/usr/bin/swift-plugin-server\#ObservationMacros -load-resolved-plugin /Applications/Xcode-27.0.0-Release.Candidate.app/Contents/Developer/Platforms/WatchOS.platform/Developer/usr/lib/swift/host/plugins/libPreviewsMacros.dylib\#/Applications/Xcode-27.0.0-Release.Candidate.app/Contents/Developer/Platforms/WatchOS.platform/Developer/usr/bin/swift-plugin-server\#PreviewsMacros -load-resolved-plugin /Applications/Xcode-27.0.0-Release.Candidate.app/Contents/Developer/Platforms/WatchOS.platform/Developer/usr/lib/swift/host/plugins/libSwiftMacros.dylib\#/Applications/Xcode-27.0.0-Release.Candidate.app/Contents/Developer/Platforms/WatchOS.platform/Developer/usr/bin/swift-plugin-server\#SwiftMacros -load-resolved-plugin /Applications/Xcode-27.0.0-Release.Candidate.app/Contents/Developer/Platforms/WatchOS.platform/Developer/usr/lib/swift/host/plugins/libSwiftUIMacros.dylib\#/Applications/Xcode-27.0.0-Release.Candidate.app/Contents/Developer/Platforms/WatchOS.platform/Developer/usr/bin/swift-plugin-server\#SwiftUIMacros -disable-implicit-swift-modules -Xcc -fno-implicit-modules -Xcc -fno-implicit-module-maps -explicit-swift-module-map-file /Users/admin/builder/spi-builder-workspace/.derivedData/Build/Intermediates.noindex/MotionEffects.build/Debug-watchos/MotionEffects-t.build/Objects-normal/arm64/MotionEffects-dependencies-2.json -Xllvm -aarch64-use-tbi -enable-objc-interop -stack-check -sdk /Applications/Xcode-27.0.0-Release.Candidate.app/Contents/Developer/Platforms/WatchOS.platform/Developer/SDKs/WatchOS27.0.sdk -I /Users/admin/builder/spi-builder-workspace/.derivedData/Build/Products/Debug-watchos -Isystem /Applications/Xcode-27.0.0-Release.Candidate.app/Contents/Developer/Platforms/WatchOS.platform/Developer/usr/lib -F /Users/admin/builder/spi-builder-workspace/.derivedData/Build/Products/Debug-watchos -F /Applications/Xcode-27.0.0-Release.Candidate.app/Contents/Developer/Platforms/WatchOS.platform/Developer/Library/Frameworks -F /Applications/Xcode-27.0.0-Release.Candidate.app/Contents/Developer/Platforms/WatchOS.platform/Developer/SDKs/WatchOS27.0.sdk/Developer/Library/Frameworks -module-cache-path /Users/admin/builder/spi-builder-workspace/.derivedData/Build/Intermediates.noindex/SwiftExplicitPrecompiledModules -no-color-diagnostics -Xcc -fno-color-diagnostics -enable-testing -g -debug-info-format\=dwarf -dwarf-version\=4 -profile-generate -profile-coverage-mapping -swift-version 6 -Onone -D SWIFT_PACKAGE -D DEBUG -D SWIFT_MODULE_RESOURCE_BUNDLE_AVAILABLE -D Xcode -serialize-debugging-options -enable-experimental-feature DebugDescriptionMacro -empty-abi-descriptor -validate-clang-modules-once -clang-build-session-file /Users/admin/builder/spi-builder-workspace/.derivedData/ModuleCache.noindex/Session.modulevalidation -Xcc -working-directory -Xcc /Users/admin/builder/spi-builder-workspace/.swiftpm/xcode -enable-anonymous-context-mangled-names -file-compilation-dir /Users/admin/builder/spi-builder-workspace/.swiftpm/xcode -Xcc -D_LIBCPP_HARDENING_MODE\=_LIBCPP_HARDENING_MODE_DEBUG -Xcc -ivfsstatcache -Xcc /Users/admin/builder/spi-builder-workspace/.derivedData/SDKStatCaches.noindex/watchos27.0-24R360-e829b21a6f8c9b70876ba0858053c04477534ef55a1706bf4c1112bbb242f0a2.sdkstatcache -Xcc -fmodules-prune-interval\=86400 -Xcc -fmodules-prune-after\=345600 -Xcc -I/Users/admin/builder/spi-builder-workspace/.derivedData/Build/Products/Debug-watchos/include -Xcc -I/Users/admin/builder/spi-builder-workspace/.derivedData/Build/Intermediates.noindex/MotionEffects.build/Debug-watchos/MotionEffects-t.build/DerivedSources-normal/arm64 -Xcc -I/Users/admin/builder/spi-builder-workspace/.derivedData/Build/Intermediates.noindex/MotionEffects.build/Debug-watchos/MotionEffects-t.build/DerivedSources/arm64 -Xcc -I/Users/admin/builder/spi-builder-workspace/.derivedData/Build/Intermediates.noindex/MotionEffects.build/Debug-watchos/MotionEffects-t.build/DerivedSources -Xcc -DSWIFT_PACKAGE -Xcc -DDEBUG\=1 -no-auto-bridging-header-chaining -module-name MotionEffects -package-name spi_builder_workspace -const-gather-protocols-file /Users/admin/builder/spi-builder-workspace/.derivedData/Build/Intermediates.noindex/MotionEffects.build/Debug-watchos/MotionEffects-t.build/Objects-normal/arm64/MotionEffects_const_extract_protocols.json -disable-clang-spi -clang-target arm64-apple-watchos27.0 -target-sdk-version 27.0 -target-sdk-name watchos27.0 -in-process-plugin-server-path /Applications/Xcode-27.0.0-Release.Candidate.app/Contents/Developer/Toolchains/XcodeDefault.xctoolchain/usr/lib/swift/host/libSwiftInProcPluginServer.dylib -emit-module-doc-path /Users/admin/builder/spi-builder-workspace/.derivedData/Build/Intermediates.noindex/MotionEffects.build/Debug-watchos/MotionEffects-t.build/Objects-normal/arm64/MotionEffects.swiftdoc -emit-module-source-info-path /Users/admin/builder/spi-builder-workspace/.derivedData/Build/Intermediates.noindex/MotionEffects.build/Debug-watchos/MotionEffects-t.build/Objects-normal/arm64/MotionEffects.swiftsourceinfo -emit-objc-header-path /Users/admin/builder/spi-builder-workspace/.derivedData/Build/Intermediates.noindex/MotionEffects.build/Debug-watchos/MotionEffects-t.build/Objects-normal/arm64/MotionEffects-Swift.h -serialize-diagnostics-path /Users/admin/builder/spi-builder-workspace/.derivedData/Build/Intermediates.noindex/MotionEffects.build/Debug-watchos/MotionEffects-t.build/Objects-normal/arm64/MotionEffects-primary-emit-module.dia -emit-dependencies-path /Users/admin/builder/spi-builder-workspace/.derivedData/Build/Intermediates.noindex/MotionEffects.build/Debug-watchos/MotionEffects-t.build/Objects-normal/arm64/MotionEffects-primary-emit-module.d -parse-as-library -o /Users/admin/builder/spi-builder-workspace/.derivedData/Build/Intermediates.noindex/MotionEffects.build/Debug-watchos/MotionEffects-t.build/Objects-normal/arm64/MotionEffects.swiftmodule -emit-abi-descriptor-path /Users/admin/builder/spi-builder-workspace/.derivedData/Build/Intermediates.noindex/MotionEffects.build/Debug-watchos/MotionEffects-t.build/Objects-normal/arm64/MotionEffects.abi.json
SwiftCompile normal arm64 (in target 'MotionEffects' from project 'MotionEffects')
    cd /Users/admin/builder/spi-builder-workspace/.swiftpm/xcode

SwiftCompile normal arm64 Compiling\ ViewerOffsetObservation.swift /Users/admin/builder/spi-builder-workspace/Sources/MotionEffects/ViewerOffsetObservation.swift (in target 'MotionEffects' from project 'MotionEffects')
/Users/admin/builder/spi-builder-workspace/Sources/MotionEffects/ViewerOffsetObservation.swift:7:30: error: cannot find type 'Context' in scope
 5 |     let updateHandler: (_ viewerOffset: UIOffset) -> Void
 6 |
 7 |     func makeUIView(context: Context) -> OffsetHostView {
   |                              `- error: cannot find type 'Context' in scope
 8 |         OffsetHostView()
 9 |     }
/Users/admin/builder/spi-builder-workspace/Sources/MotionEffects/ViewerOffsetObservation.swift:11:58: error: cannot find type 'Context' in scope
 9 |     }
10 |
11 |     func updateUIView(_ uiView: OffsetHostView, context: Context) {
   |                                                          `- error: cannot find type 'Context' in scope
12 |         uiView.updateHandler = updateHandler
13 |
/Users/admin/builder/spi-builder-workspace/Sources/MotionEffects/ViewerOffsetObservation.swift:4:33: error: cannot find type 'UIViewRepresentable' in scope
 2 | private import UIKit
 3 |
 4 | struct ViewerOffsetObservation: UIViewRepresentable {
   |                                 `- error: cannot find type 'UIViewRepresentable' in scope
 5 |     let updateHandler: (_ viewerOffset: UIOffset) -> Void
 6 |
/Users/admin/builder/spi-builder-workspace/Sources/MotionEffects/ViewerOffsetObservation.swift:51:20: error: 'CALayer' is unavailable in watchOS
49 |     // Disable implicit CALayer animations. NSNull stops the action lookup chain.
50 |     override func action(
51 |         for layer: CALayer,
   |                    `- error: 'CALayer' is unavailable in watchOS
52 |         forKey event: String
53 |     ) -> (any CAAction)? {
/Applications/Xcode-27.0.0-Release.Candidate.app/Contents/Developer/Platforms/WatchOS.platform/Developer/SDKs/WatchOS27.0.sdk/System/Library/Frameworks/QuartzCore.framework/Headers/CALayer.h:117:12: note: 'CALayer' has been explicitly marked unavailable here
 115 |
 116 | API_AVAILABLE(macos(10.5), ios(2.0), tvos(9.0)) API_UNAVAILABLE(watchos)
 117 | @interface CALayer : NSObject <NSSecureCoding, CAMediaTiming>
     |            `- note: 'CALayer' has been explicitly marked unavailable here
 118 |
 119 | /** Layer creation and initialization. **/
/Users/admin/builder/spi-builder-workspace/Sources/MotionEffects/ViewerOffsetObservation.swift:53:15: error: 'CAAction' is unavailable in watchOS
51 |         for layer: CALayer,
52 |         forKey event: String
53 |     ) -> (any CAAction)? {
   |               `- error: 'CAAction' is unavailable in watchOS
54 |         NSNull()
55 |     }
/Applications/Xcode-27.0.0-Release.Candidate.app/Contents/Developer/Platforms/WatchOS.platform/Developer/SDKs/WatchOS27.0.sdk/System/Library/Frameworks/QuartzCore.framework/Headers/CALayer.h:945:11: note: 'CAAction' has been explicitly marked unavailable here
 943 |
 944 | API_AVAILABLE(macos(10.5), ios(2.0), tvos(9.0)) API_UNAVAILABLE(watchos)
 945 | @protocol CAAction
     |           `- note: 'CAAction' has been explicitly marked unavailable here
 946 |
 947 | /* Called to trigger the event named 'path' on the receiver. The object
/Users/admin/builder/spi-builder-workspace/Sources/MotionEffects/ViewerOffsetObservation.swift:29:29: error: 'UIView' is unavailable in watchOS
27 | }
28 |
29 | final class OffsetHostView: UIView {
   |                             `- error: 'UIView' is unavailable in watchOS
30 |     var pendingOffset: UIOffset?
31 |     var updateHandler: ((UIOffset) -> Void)?
/Applications/Xcode-27.0.0-Release.Candidate.app/Contents/Developer/Platforms/WatchOS.platform/Developer/SDKs/WatchOS27.0.sdk/System/Library/Frameworks/UIKit.framework/Headers/UIView.h:152:12: note: 'UIView' has been explicitly marked unavailable here
150 |
151 | UIKIT_EXTERN API_AVAILABLE(ios(2.0)) API_UNAVAILABLE(watchos) NS_SWIFT_UI_ACTOR
152 | @interface UIView : UIResponder <NSCoding, UIAppearance, UIAppearanceContainer, UIDynamicItem, UITraitEnvironment, UICoordinateSpace, UIFocusItem, UIFocusItemContainer, CALayerDelegate>
    |            `- note: 'UIView' has been explicitly marked unavailable here
153 |
154 | @property(class, nonatomic, readonly) Class layerClass;                        // default is [CALayer class]. Used when creating the underlying layer for the view.
/Users/admin/builder/spi-builder-workspace/Sources/MotionEffects/ViewerOffsetObservation.swift:69:47: error: 'UIMotionEffect' is unavailable in watchOS
67 | }
68 |
69 | private final class ViewerOffsetMotionEffect: UIMotionEffect {
   |                                               `- error: 'UIMotionEffect' is unavailable in watchOS
70 |     weak var hostView: OffsetHostView?
71 |
/Applications/Xcode-27.0.0-Release.Candidate.app/Contents/Developer/Platforms/WatchOS.platform/Developer/SDKs/WatchOS27.0.sdk/System/Library/Frameworks/UIKit.framework/Headers/UIMotionEffect.h:19:12: note: 'UIMotionEffect' has been explicitly marked unavailable here
17 |
18 | UIKIT_EXTERN API_AVAILABLE(ios(7.0)) API_UNAVAILABLE(watchos) NS_SWIFT_UI_ACTOR
19 | @interface UIMotionEffect : NSObject <NSCopying, NSCoding>
   |            `- note: 'UIMotionEffect' has been explicitly marked unavailable here
20 |
21 | - (instancetype)init NS_DESIGNATED_INITIALIZER;
/Users/admin/builder/spi-builder-workspace/Sources/MotionEffects/ViewerOffsetObservation.swift:8:9: error: 'init()' is unavailable in watchOS
 6 |
 7 |     func makeUIView(context: Context) -> OffsetHostView {
 8 |         OffsetHostView()
   |         `- error: 'init()' is unavailable in watchOS
 9 |     }
10 |
/Applications/Xcode-27.0.0-Release.Candidate.app/Contents/Developer/Platforms/WatchOS.platform/Developer/SDKs/WatchOS27.0.sdk/System/Library/Frameworks/UIKit.framework/Headers/UIView.h:158:1: note: 'init()' has been explicitly marked unavailable here
156 | - (instancetype)initWithFrame:(CGRect)frame NS_DESIGNATED_INITIALIZER;
157 | - (nullable instancetype)initWithCoder:(NSCoder *)coder NS_DESIGNATED_INITIALIZER;
158 | - (instancetype)init API_AVAILABLE(ios(2.0), tvos(9.0), visionos(1.0)) API_UNAVAILABLE(watchos);
    | `- note: 'init()' has been explicitly marked unavailable here
159 |
160 | @property(nonatomic,getter=isUserInteractionEnabled) BOOL userInteractionEnabled;  // default is YES. if set to NO, user events (touch, keys) are ignored and removed from the event queue.
/Users/admin/builder/spi-builder-workspace/Sources/MotionEffects/ViewerOffsetObservation.swift:8:9: warning: call to main actor-isolated initializer 'init()' in a synchronous nonisolated context [#ActorIsolatedCall]
 5 |     let updateHandler: (_ viewerOffset: UIOffset) -> Void
 6 |
 7 |     func makeUIView(context: Context) -> OffsetHostView {
   |          `- note: add '@MainActor' to make instance method 'makeUIView(context:)' part of global actor 'MainActor'
 8 |         OffsetHostView()
   |         `- warning: call to main actor-isolated initializer 'init()' in a synchronous nonisolated context [#ActorIsolatedCall]
 9 |     }
10 |
/Applications/Xcode-27.0.0-Release.Candidate.app/Contents/Developer/Platforms/WatchOS.platform/Developer/SDKs/WatchOS27.0.sdk/System/Library/Frameworks/UIKit.framework/Headers/UIView.h:158:1: note: calls to initializer 'init()' from outside of its actor context are implicitly asynchronous
156 | - (instancetype)initWithFrame:(CGRect)frame NS_DESIGNATED_INITIALIZER;
157 | - (nullable instancetype)initWithCoder:(NSCoder *)coder NS_DESIGNATED_INITIALIZER;
158 | - (instancetype)init API_AVAILABLE(ios(2.0), tvos(9.0), visionos(1.0)) API_UNAVAILABLE(watchos);
    | `- note: calls to initializer 'init()' from outside of its actor context are implicitly asynchronous
159 |
160 | @property(nonatomic,getter=isUserInteractionEnabled) BOOL userInteractionEnabled;  // default is YES. if set to NO, user events (touch, keys) are ignored and removed from the event queue.
/Users/admin/builder/spi-builder-workspace/Sources/MotionEffects/ViewerOffsetObservation.swift:12:16: warning: main actor-isolated property 'updateHandler' can not be mutated from a nonisolated context
 9 |     }
10 |
11 |     func updateUIView(_ uiView: OffsetHostView, context: Context) {
   |          `- note: add '@MainActor' to make instance method 'updateUIView(_:context:)' part of global actor 'MainActor'
12 |         uiView.updateHandler = updateHandler
   |                `- warning: main actor-isolated property 'updateHandler' can not be mutated from a nonisolated context
13 |
14 |         // Manage the motion effect based on the accessibility setting.
   :
29 | final class OffsetHostView: UIView {
30 |     var pendingOffset: UIOffset?
31 |     var updateHandler: ((UIOffset) -> Void)?
   |         `- note: mutation of this property is only permitted within the actor
32 |
33 |     override init(frame: CGRect) {
/Users/admin/builder/spi-builder-workspace/Sources/MotionEffects/ViewerOffsetObservation.swift:17:36: warning: main actor-isolated property 'motionEffects' can not be referenced from a nonisolated context
 9 |     }
10 |
11 |     func updateUIView(_ uiView: OffsetHostView, context: Context) {
   |          `- note: add '@MainActor' to make instance method 'updateUIView(_:context:)' part of global actor 'MainActor'
12 |         uiView.updateHandler = updateHandler
13 |
   :
15 |         // When reduce motion is enabled, remove the effect and reset the offset.
16 |         if context.environment.accessibilityReduceMotion {
17 |             if let effect = uiView.motionEffects.first {
   |                                    `- warning: main actor-isolated property 'motionEffects' can not be referenced from a nonisolated context
18 |                 uiView.removeMotionEffect(effect)
19 |             }
/Applications/Xcode-27.0.0-Release.Candidate.app/Contents/Developer/Platforms/WatchOS.platform/Developer/SDKs/WatchOS27.0.sdk/System/Library/Frameworks/UIKit.framework/Headers/UIView.h:425:65: note: property declared here
423 | - (void)removeMotionEffect:(UIMotionEffect *)effect API_AVAILABLE(ios(7.0));
424 |
425 | @property (copy, nonatomic) NSArray<__kindof UIMotionEffect *> *motionEffects API_AVAILABLE(ios(7.0));
    |                                                                 `- note: property declared here
426 |
427 | @end
/Users/admin/builder/spi-builder-workspace/Sources/MotionEffects/ViewerOffsetObservation.swift:18:24: warning: call to main actor-isolated instance method 'removeMotionEffect' in a synchronous nonisolated context [#ActorIsolatedCall]
 9 |     }
10 |
11 |     func updateUIView(_ uiView: OffsetHostView, context: Context) {
   |          `- note: add '@MainActor' to make instance method 'updateUIView(_:context:)' part of global actor 'MainActor'
12 |         uiView.updateHandler = updateHandler
13 |
   :
16 |         if context.environment.accessibilityReduceMotion {
17 |             if let effect = uiView.motionEffects.first {
18 |                 uiView.removeMotionEffect(effect)
   |                        `- warning: call to main actor-isolated instance method 'removeMotionEffect' in a synchronous nonisolated context [#ActorIsolatedCall]
19 |             }
20 |             updateHandler(.zero)
/Applications/Xcode-27.0.0-Release.Candidate.app/Contents/Developer/Platforms/WatchOS.platform/Developer/SDKs/WatchOS27.0.sdk/System/Library/Frameworks/UIKit.framework/Headers/UIView.h:423:1: note: calls to instance method 'removeMotionEffect' from outside of its actor context are implicitly asynchronous
421 | /*! Stops applying `effect` to the receiver. Any affected presentation values will animate to
422 |     their post-removal values using the present UIView animation context. */
423 | - (void)removeMotionEffect:(UIMotionEffect *)effect API_AVAILABLE(ios(7.0));
    | `- note: calls to instance method 'removeMotionEffect' from outside of its actor context are implicitly asynchronous
424 |
425 | @property (copy, nonatomic) NSArray<__kindof UIMotionEffect *> *motionEffects API_AVAILABLE(ios(7.0));
/Users/admin/builder/spi-builder-workspace/Sources/MotionEffects/ViewerOffsetObservation.swift:21:26: warning: main actor-isolated property 'motionEffects' can not be referenced from a nonisolated context
 9 |     }
10 |
11 |     func updateUIView(_ uiView: OffsetHostView, context: Context) {
   |          `- note: add '@MainActor' to make instance method 'updateUIView(_:context:)' part of global actor 'MainActor'
12 |         uiView.updateHandler = updateHandler
13 |
   :
19 |             }
20 |             updateHandler(.zero)
21 |         } else if uiView.motionEffects.isEmpty {
   |                          `- warning: main actor-isolated property 'motionEffects' can not be referenced from a nonisolated context
22 |             let effect = ViewerOffsetMotionEffect()
23 |             effect.hostView = uiView
/Applications/Xcode-27.0.0-Release.Candidate.app/Contents/Developer/Platforms/WatchOS.platform/Developer/SDKs/WatchOS27.0.sdk/System/Library/Frameworks/UIKit.framework/Headers/UIView.h:425:65: note: property declared here
423 | - (void)removeMotionEffect:(UIMotionEffect *)effect API_AVAILABLE(ios(7.0));
424 |
425 | @property (copy, nonatomic) NSArray<__kindof UIMotionEffect *> *motionEffects API_AVAILABLE(ios(7.0));
    |                                                                 `- note: property declared here
426 |
427 | @end
/Users/admin/builder/spi-builder-workspace/Sources/MotionEffects/ViewerOffsetObservation.swift:22:26: warning: call to main actor-isolated initializer 'init()' in a synchronous nonisolated context [#ActorIsolatedCall]
 9 |     }
10 |
11 |     func updateUIView(_ uiView: OffsetHostView, context: Context) {
   |          `- note: add '@MainActor' to make instance method 'updateUIView(_:context:)' part of global actor 'MainActor'
12 |         uiView.updateHandler = updateHandler
13 |
   :
20 |             updateHandler(.zero)
21 |         } else if uiView.motionEffects.isEmpty {
22 |             let effect = ViewerOffsetMotionEffect()
   |                          `- warning: call to main actor-isolated initializer 'init()' in a synchronous nonisolated context [#ActorIsolatedCall]
23 |             effect.hostView = uiView
24 |             uiView.addMotionEffect(effect)
   :
75 |     }
76 |
77 |     override init() {
   |              |- note: calls to initializer 'init()' from outside of its actor context are implicitly asynchronous
   |              `- note: main actor isolation inferred from inheritance from class 'UIMotionEffect'
78 |         super.init()
79 |     }
/Users/admin/builder/spi-builder-workspace/Sources/MotionEffects/ViewerOffsetObservation.swift:23:20: warning: main actor-isolated property 'hostView' can not be mutated from a nonisolated context
 9 |     }
10 |
11 |     func updateUIView(_ uiView: OffsetHostView, context: Context) {
   |          `- note: add '@MainActor' to make instance method 'updateUIView(_:context:)' part of global actor 'MainActor'
12 |         uiView.updateHandler = updateHandler
13 |
   :
21 |         } else if uiView.motionEffects.isEmpty {
22 |             let effect = ViewerOffsetMotionEffect()
23 |             effect.hostView = uiView
   |                    `- warning: main actor-isolated property 'hostView' can not be mutated from a nonisolated context
24 |             uiView.addMotionEffect(effect)
25 |         }
   :
68 |
69 | private final class ViewerOffsetMotionEffect: UIMotionEffect {
70 |     weak var hostView: OffsetHostView?
   |              `- note: mutation of this property is only permitted within the actor
71 |
72 |     @available(*, unavailable)
/Users/admin/builder/spi-builder-workspace/Sources/MotionEffects/ViewerOffsetObservation.swift:24:20: warning: call to main actor-isolated instance method 'addMotionEffect' in a synchronous nonisolated context [#ActorIsolatedCall]
 9 |     }
10 |
11 |     func updateUIView(_ uiView: OffsetHostView, context: Context) {
   |          `- note: add '@MainActor' to make instance method 'updateUIView(_:context:)' part of global actor 'MainActor'
12 |         uiView.updateHandler = updateHandler
13 |
   :
22 |             let effect = ViewerOffsetMotionEffect()
23 |             effect.hostView = uiView
24 |             uiView.addMotionEffect(effect)
   |                    `- warning: call to main actor-isolated instance method 'addMotionEffect' in a synchronous nonisolated context [#ActorIsolatedCall]
25 |         }
26 |     }
/Applications/Xcode-27.0.0-Release.Candidate.app/Contents/Developer/Platforms/WatchOS.platform/Developer/SDKs/WatchOS27.0.sdk/System/Library/Frameworks/UIKit.framework/Headers/UIView.h:419:1: note: calls to instance method 'addMotionEffect' from outside of its actor context are implicitly asynchronous
417 |     Animates the transition to the motion effect's values using the present UIView animation
418 |     context. */
419 | - (void)addMotionEffect:(UIMotionEffect *)effect API_AVAILABLE(ios(7.0));
    | `- note: calls to instance method 'addMotionEffect' from outside of its actor context are implicitly asynchronous
420 |
421 | /*! Stops applying `effect` to the receiver. Any affected presentation values will animate to
/Users/admin/builder/spi-builder-workspace/Sources/MotionEffects/ViewerOffsetObservation.swift:37:9: error: 'accessibilityElementsHidden' is unavailable in watchOS
35 |
36 |         isUserInteractionEnabled = false
37 |         accessibilityElementsHidden = true
   |         `- error: 'accessibilityElementsHidden' is unavailable in watchOS
38 |     }
39 |
/Applications/Xcode-27.0.0-Release.Candidate.app/Contents/Developer/Platforms/WatchOS.platform/Developer/SDKs/WatchOS27.0.sdk/System/Library/Frameworks/UIKit.framework/Headers/UIAccessibility.h:160:28: note: 'accessibilityElementsHidden' has been explicitly marked unavailable here
158 |  default == NO
159 |  */
160 | @property (nonatomic) BOOL accessibilityElementsHidden API_AVAILABLE(ios(5.0)) API_UNAVAILABLE(watchos) NS_SWIFT_UI_ACTOR;
    |                            `- note: 'accessibilityElementsHidden' has been explicitly marked unavailable here
161 |
162 | /*
SwiftCompile normal arm64 /Users/admin/builder/spi-builder-workspace/Sources/MotionEffects/ViewerOffsetObservation.swift (in target 'MotionEffects' from project 'MotionEffects')
    cd /Users/admin/builder/spi-builder-workspace/.swiftpm/xcode
    builtin-SwiftPerFileCompile ViewerOffsetObservation.swift
SwiftCompile normal arm64 Compiling\ resource_bundle_accessor.swift /Users/admin/builder/spi-builder-workspace/.derivedData/Build/Intermediates.noindex/MotionEffects.build/Debug-watchos/MotionEffects-t.build/DerivedSources/resource_bundle_accessor.swift (in target 'MotionEffects' from project 'MotionEffects')
SwiftCompile normal arm64 /Users/admin/builder/spi-builder-workspace/.derivedData/Build/Intermediates.noindex/MotionEffects.build/Debug-watchos/MotionEffects-t.build/DerivedSources/resource_bundle_accessor.swift (in target 'MotionEffects' from project 'MotionEffects')
    cd /Users/admin/builder/spi-builder-workspace/.swiftpm/xcode
    builtin-SwiftPerFileCompile resource_bundle_accessor.swift
SwiftCompile normal arm64 Compiling\ OnChangeModifier.swift /Users/admin/builder/spi-builder-workspace/Sources/MotionEffects/OnChangeModifier.swift (in target 'MotionEffects' from project 'MotionEffects')
SwiftCompile normal arm64 /Users/admin/builder/spi-builder-workspace/Sources/MotionEffects/OnChangeModifier.swift (in target 'MotionEffects' from project 'MotionEffects')
    cd /Users/admin/builder/spi-builder-workspace/.swiftpm/xcode
    builtin-SwiftPerFileCompile OnChangeModifier.swift
SwiftCompile normal arm64 Compiling\ MotionOffsetModifier.swift /Users/admin/builder/spi-builder-workspace/Sources/MotionEffects/MotionOffsetModifier.swift (in target 'MotionEffects' from project 'MotionEffects')
SwiftCompile normal arm64 /Users/admin/builder/spi-builder-workspace/Sources/MotionEffects/MotionOffsetModifier.swift (in target 'MotionEffects' from project 'MotionEffects')
    cd /Users/admin/builder/spi-builder-workspace/.swiftpm/xcode
    builtin-SwiftPerFileCompile MotionOffsetModifier.swift
PruneExplicitPrecompiledModules /Users/admin/builder/spi-builder-workspace/.derivedData/Build/Intermediates.noindex/ExplicitPrecompiledModules
PruneExplicitPrecompiledModules /Users/admin/builder/spi-builder-workspace/.derivedData/Build/Intermediates.noindex/SwiftExplicitPrecompiledModules
PruneExplicitPrecompiledModules /Users/admin/builder/spi-builder-workspace/.derivedData/SDKExplicitPrecompiledModules
2026-09-24 03:23:37.541 xcodebuild[623:3874] [MT] IDERunDestination: Supported platforms for the buildables in the current scheme is empty.
** BUILD FAILED **
The following build commands failed:
	SwiftCompile normal arm64_32 (in target 'MotionEffects' from project 'MotionEffects')
	SwiftEmitModule normal arm64_32 Emitting\ module\ for\ MotionEffects (in target 'MotionEffects' from project 'MotionEffects')
	SwiftEmitModule normal arm64 Emitting\ module\ for\ MotionEffects (in target 'MotionEffects' from project 'MotionEffects')
	SwiftCompile normal arm64 (in target 'MotionEffects' from project 'MotionEffects')
	Building workspace MotionEffects with scheme MotionEffects
(5 failures)
Command line invocation:
    /Applications/Xcode-27.0.0-Release.Candidate.app/Contents/Developer/usr/bin/xcodebuild -IDEClonedSourcePackagesDirPathOverride=/Users/admin/builder/spi-builder-workspace/.dependencies -resolvePackageDependencies
Resolve Package Graph
Resolved source packages:
  MotionEffects: /Users/admin/builder/spi-builder-workspace
resolved source packages: MotionEffects
2026-09-24 03:23:44.847 xcodebuild[793:4592] [MT] IDERunDestination: Supported platforms for the buildables in the current scheme is empty.
{
  "dependencies" : [
  ],
  "manifest_display_name" : "MotionEffects",
  "name" : "MotionEffects",
  "path" : "/Users/admin/builder/spi-builder-workspace",
  "platforms" : [
    {
      "name" : "ios",
      "version" : "15.0"
    }
  ],
  "products" : [
    {
      "name" : "MotionEffects",
      "targets" : [
        "MotionEffects"
      ],
      "type" : {
        "library" : [
          "automatic"
        ]
      }
    }
  ],
  "swift_languages_versions" : [
    "6"
  ],
  "targets" : [
    {
      "c99name" : "MotionEffectsTests",
      "module_type" : "SwiftTarget",
      "name" : "MotionEffectsTests",
      "path" : "Tests/MotionEffectsTests",
      "sources" : [
        "RangeProjectionTests.swift"
      ],
      "target_dependencies" : [
        "MotionEffects"
      ],
      "type" : "test"
    },
    {
      "c99name" : "MotionEffects",
      "module_type" : "SwiftTarget",
      "name" : "MotionEffects",
      "path" : "Sources",
      "product_memberships" : [
        "MotionEffects"
      ],
      "resources" : [
        {
          "path" : "/Users/admin/builder/spi-builder-workspace/Sources/Resources/PrivacyInfo.xcprivacy",
          "rule" : {
            "process" : {
            }
          }
        }
      ],
      "sources" : [
        "MotionEffects/MotionOffsetModifier.swift",
        "MotionEffects/OnChangeModifier.swift",
        "MotionEffects/ViewerOffsetModifier.swift",
        "MotionEffects/ViewerOffsetObservation.swift"
      ],
      "type" : "library"
    }
  ],
  "tools_version" : "6.0"
}
{
  "workspace" : {
    "name" : "MotionEffects",
    "schemes" : [
      "MotionEffects"
    ]
  }
}
2026-09-24 03:23:46.168 xcodebuild[801:4661] [MT] IDERunDestination: Supported platforms for the buildables in the current scheme is empty.
Running build ...
env DEVELOPER_DIR=/Applications/Xcode-27.0.0-Release.Candidate.app xcrun xcodebuild -IDEClonedSourcePackagesDirPathOverride=$PWD/.dependencies -skipMacroValidation -skipPackagePluginValidation -derivedDataPath $PWD/.derivedData build -scheme MotionEffects -destination generic/platform=watchOS
Command line invocation:
    /Applications/Xcode-27.0.0-Release.Candidate.app/Contents/Developer/usr/bin/xcodebuild -IDEClonedSourcePackagesDirPathOverride=/Users/admin/builder/spi-builder-workspace/.dependencies -skipMacroValidation -skipPackagePluginValidation -derivedDataPath /Users/admin/builder/spi-builder-workspace/.derivedData build -scheme MotionEffects -destination generic/platform=watchOS
Resolve Package Graph
Resolved source packages:
  MotionEffects: /Users/admin/builder/spi-builder-workspace
ComputePackagePrebuildTargetDependencyGraph
Prepare packages
CreateBuildRequest
SendProjectDescription
CreateBuildOperation
ComputeTargetDependencyGraph
note: Building targets in dependency order
note: Target dependency graph (3 targets)
    Target 'MotionEffects-product' in project 'MotionEffects'
        ➜ Explicit dependency on target 'MotionEffects' in project 'MotionEffects'
        ➜ Explicit dependency on target 'MotionEffects_MotionEffects' in project 'MotionEffects'
    Target 'MotionEffects' in project 'MotionEffects'
        ➜ Explicit dependency on target 'MotionEffects_MotionEffects' in project 'MotionEffects'
    Target 'MotionEffects_MotionEffects' in project 'MotionEffects' (no dependencies)
GatherProvisioningInputs
CreateBuildDescription
ClangStatCache /Applications/Xcode-27.0.0-Release.Candidate.app/Contents/Developer/Toolchains/XcodeDefault.xctoolchain/usr/bin/clang-stat-cache /Applications/Xcode-27.0.0-Release.Candidate.app/Contents/Developer/Platforms/WatchOS.platform/Developer/SDKs/WatchOS27.0.sdk /Users/admin/builder/spi-builder-workspace/.derivedData/SDKStatCaches.noindex/watchos27.0-24R360-e829b21a6f8c9b70876ba0858053c04477534ef55a1706bf4c1112bbb242f0a2.sdkstatcache
    cd /Users/admin/builder/spi-builder-workspace/.swiftpm/xcode
    /Applications/Xcode-27.0.0-Release.Candidate.app/Contents/Developer/Toolchains/XcodeDefault.xctoolchain/usr/bin/clang-stat-cache /Applications/Xcode-27.0.0-Release.Candidate.app/Contents/Developer/Platforms/WatchOS.platform/Developer/SDKs/WatchOS27.0.sdk -o /Users/admin/builder/spi-builder-workspace/.derivedData/SDKStatCaches.noindex/watchos27.0-24R360-e829b21a6f8c9b70876ba0858053c04477534ef55a1706bf4c1112bbb242f0a2.sdkstatcache
SwiftDriver MotionEffects normal arm64 com.apple.xcode.tools.swift.compiler (in target 'MotionEffects' from project 'MotionEffects')
    cd /Users/admin/builder/spi-builder-workspace/.swiftpm/xcode
    builtin-SwiftDriver -- /Applications/Xcode-27.0.0-Release.Candidate.app/Contents/Developer/Toolchains/XcodeDefault.xctoolchain/usr/bin/swiftc -parse-as-library -module-name MotionEffects -Onone @/Users/admin/builder/spi-builder-workspace/.derivedData/Build/Intermediates.noindex/MotionEffects.build/Debug-watchos/MotionEffects-t.build/Objects-normal/arm64/MotionEffects.SwiftFileList -DSWIFT_PACKAGE -DDEBUG -DSWIFT_MODULE_RESOURCE_BUNDLE_AVAILABLE -DXcode -plugin-path /Applications/Xcode-27.0.0-Release.Candidate.app/Contents/Developer/Toolchains/XcodeDefault.xctoolchain/usr/lib/swift/host/plugins/testing -enable-experimental-feature DebugDescriptionMacro -sdk /Applications/Xcode-27.0.0-Release.Candidate.app/Contents/Developer/Platforms/WatchOS.platform/Developer/SDKs/WatchOS27.0.sdk -target arm64-apple-watchos9.0 -g -module-cache-path /Users/admin/builder/spi-builder-workspace/.derivedData/ModuleCache.noindex -Xfrontend -serialize-debugging-options -profile-coverage-mapping -profile-generate -enable-testing -index-store-path /Users/admin/builder/spi-builder-workspace/.derivedData/Index.noindex/DataStore -Xcc -D_LIBCPP_HARDENING_MODE\=_LIBCPP_HARDENING_MODE_DEBUG -swift-version 6 -I /Users/admin/builder/spi-builder-workspace/.derivedData/Build/Products/Debug-watchos -Isystem /Applications/Xcode-27.0.0-Release.Candidate.app/Contents/Developer/Platforms/WatchOS.platform/Developer/usr/lib -F /Users/admin/builder/spi-builder-workspace/.derivedData/Build/Products/Debug-watchos -F /Applications/Xcode-27.0.0-Release.Candidate.app/Contents/Developer/Platforms/WatchOS.platform/Developer/Library/Frameworks -F /Applications/Xcode-27.0.0-Release.Candidate.app/Contents/Developer/Platforms/WatchOS.platform/Developer/SDKs/WatchOS27.0.sdk/Developer/Library/Frameworks -c -j10 -enable-batch-mode -incremental -Xcc -ivfsstatcache -Xcc /Users/admin/builder/spi-builder-workspace/.derivedData/SDKStatCaches.noindex/watchos27.0-24R360-e829b21a6f8c9b70876ba0858053c04477534ef55a1706bf4c1112bbb242f0a2.sdkstatcache -output-file-map /Users/admin/builder/spi-builder-workspace/.derivedData/Build/Intermediates.noindex/MotionEffects.build/Debug-watchos/MotionEffects-t.build/Objects-normal/arm64/MotionEffects-OutputFileMap.json -save-temps -no-color-diagnostics -explicit-module-build -module-cache-path /Users/admin/builder/spi-builder-workspace/.derivedData/Build/Intermediates.noindex/SwiftExplicitPrecompiledModules -clang-scanner-module-cache-path /Users/admin/builder/spi-builder-workspace/.derivedData/ModuleCache.noindex -sdk-module-cache-path /Users/admin/builder/spi-builder-workspace/.derivedData/SDKExplicitPrecompiledModules -emit-dependencies -emit-module -emit-module-path /Users/admin/builder/spi-builder-workspace/.derivedData/Build/Intermediates.noindex/MotionEffects.build/Debug-watchos/MotionEffects-t.build/Objects-normal/arm64/MotionEffects.swiftmodule -serialize-diagnostics -dependency-scan-serialize-diagnostics-path /Users/admin/builder/spi-builder-workspace/.derivedData/Build/Intermediates.noindex/MotionEffects.build/Debug-watchos/MotionEffects-t.build/Objects-normal/arm64/MotionEffects-dependency-scan.dia -validate-clang-modules-once -clang-build-session-file /Users/admin/builder/spi-builder-workspace/.derivedData/ModuleCache.noindex/Session.modulevalidation -Xcc -fmodules-prune-interval\=86400 -Xcc -fmodules-prune-after\=345600 -package-name spi_builder_workspace -emit-const-values -const-gather-protocols-list /Users/admin/builder/spi-builder-workspace/.derivedData/Build/Intermediates.noindex/MotionEffects.build/Debug-watchos/MotionEffects-t.build/Objects-normal/arm64/MotionEffects_const_extract_protocols.json -Xcc -I/Users/admin/builder/spi-builder-workspace/.derivedData/Build/Products/Debug-watchos/include -Xcc -I/Users/admin/builder/spi-builder-workspace/.derivedData/Build/Intermediates.noindex/MotionEffects.build/Debug-watchos/MotionEffects-t.build/DerivedSources-normal/arm64 -Xcc -I/Users/admin/builder/spi-builder-workspace/.derivedData/Build/Intermediates.noindex/MotionEffects.build/Debug-watchos/MotionEffects-t.build/DerivedSources/arm64 -Xcc -I/Users/admin/builder/spi-builder-workspace/.derivedData/Build/Intermediates.noindex/MotionEffects.build/Debug-watchos/MotionEffects-t.build/DerivedSources -Xcc -DSWIFT_PACKAGE -Xcc -DDEBUG\=1 -emit-objc-header -emit-objc-header-path /Users/admin/builder/spi-builder-workspace/.derivedData/Build/Intermediates.noindex/MotionEffects.build/Debug-watchos/MotionEffects-t.build/Objects-normal/arm64/MotionEffects-Swift.h -working-directory /Users/admin/builder/spi-builder-workspace/.swiftpm/xcode -experimental-emit-module-separately -disable-cmo
SwiftDriver MotionEffects normal arm64_32 com.apple.xcode.tools.swift.compiler (in target 'MotionEffects' from project 'MotionEffects')
    cd /Users/admin/builder/spi-builder-workspace/.swiftpm/xcode
    builtin-SwiftDriver -- /Applications/Xcode-27.0.0-Release.Candidate.app/Contents/Developer/Toolchains/XcodeDefault.xctoolchain/usr/bin/swiftc -parse-as-library -module-name MotionEffects -Onone @/Users/admin/builder/spi-builder-workspace/.derivedData/Build/Intermediates.noindex/MotionEffects.build/Debug-watchos/MotionEffects-t.build/Objects-normal/arm64_32/MotionEffects.SwiftFileList -DSWIFT_PACKAGE -DDEBUG -DSWIFT_MODULE_RESOURCE_BUNDLE_AVAILABLE -DXcode -plugin-path /Applications/Xcode-27.0.0-Release.Candidate.app/Contents/Developer/Toolchains/XcodeDefault.xctoolchain/usr/lib/swift/host/plugins/testing -enable-experimental-feature DebugDescriptionMacro -sdk /Applications/Xcode-27.0.0-Release.Candidate.app/Contents/Developer/Platforms/WatchOS.platform/Developer/SDKs/WatchOS27.0.sdk -target arm64_32-apple-watchos9.0 -g -module-cache-path /Users/admin/builder/spi-builder-workspace/.derivedData/ModuleCache.noindex -Xfrontend -serialize-debugging-options -profile-coverage-mapping -profile-generate -enable-testing -index-store-path /Users/admin/builder/spi-builder-workspace/.derivedData/Index.noindex/DataStore -Xcc -D_LIBCPP_HARDENING_MODE\=_LIBCPP_HARDENING_MODE_DEBUG -swift-version 6 -I /Users/admin/builder/spi-builder-workspace/.derivedData/Build/Products/Debug-watchos -Isystem /Applications/Xcode-27.0.0-Release.Candidate.app/Contents/Developer/Platforms/WatchOS.platform/Developer/usr/lib -F /Users/admin/builder/spi-builder-workspace/.derivedData/Build/Products/Debug-watchos -F /Applications/Xcode-27.0.0-Release.Candidate.app/Contents/Developer/Platforms/WatchOS.platform/Developer/Library/Frameworks -F /Applications/Xcode-27.0.0-Release.Candidate.app/Contents/Developer/Platforms/WatchOS.platform/Developer/SDKs/WatchOS27.0.sdk/Developer/Library/Frameworks -c -j10 -enable-batch-mode -incremental -Xcc -ivfsstatcache -Xcc /Users/admin/builder/spi-builder-workspace/.derivedData/SDKStatCaches.noindex/watchos27.0-24R360-e829b21a6f8c9b70876ba0858053c04477534ef55a1706bf4c1112bbb242f0a2.sdkstatcache -output-file-map /Users/admin/builder/spi-builder-workspace/.derivedData/Build/Intermediates.noindex/MotionEffects.build/Debug-watchos/MotionEffects-t.build/Objects-normal/arm64_32/MotionEffects-OutputFileMap.json -save-temps -no-color-diagnostics -explicit-module-build -module-cache-path /Users/admin/builder/spi-builder-workspace/.derivedData/Build/Intermediates.noindex/SwiftExplicitPrecompiledModules -clang-scanner-module-cache-path /Users/admin/builder/spi-builder-workspace/.derivedData/ModuleCache.noindex -sdk-module-cache-path /Users/admin/builder/spi-builder-workspace/.derivedData/SDKExplicitPrecompiledModules -emit-dependencies -emit-module -emit-module-path /Users/admin/builder/spi-builder-workspace/.derivedData/Build/Intermediates.noindex/MotionEffects.build/Debug-watchos/MotionEffects-t.build/Objects-normal/arm64_32/MotionEffects.swiftmodule -serialize-diagnostics -dependency-scan-serialize-diagnostics-path /Users/admin/builder/spi-builder-workspace/.derivedData/Build/Intermediates.noindex/MotionEffects.build/Debug-watchos/MotionEffects-t.build/Objects-normal/arm64_32/MotionEffects-dependency-scan.dia -validate-clang-modules-once -clang-build-session-file /Users/admin/builder/spi-builder-workspace/.derivedData/ModuleCache.noindex/Session.modulevalidation -Xcc -fmodules-prune-interval\=86400 -Xcc -fmodules-prune-after\=345600 -package-name spi_builder_workspace -emit-const-values -const-gather-protocols-list /Users/admin/builder/spi-builder-workspace/.derivedData/Build/Intermediates.noindex/MotionEffects.build/Debug-watchos/MotionEffects-t.build/Objects-normal/arm64_32/MotionEffects_const_extract_protocols.json -Xcc -I/Users/admin/builder/spi-builder-workspace/.derivedData/Build/Products/Debug-watchos/include -Xcc -I/Users/admin/builder/spi-builder-workspace/.derivedData/Build/Intermediates.noindex/MotionEffects.build/Debug-watchos/MotionEffects-t.build/DerivedSources-normal/arm64_32 -Xcc -I/Users/admin/builder/spi-builder-workspace/.derivedData/Build/Intermediates.noindex/MotionEffects.build/Debug-watchos/MotionEffects-t.build/DerivedSources/arm64_32 -Xcc -I/Users/admin/builder/spi-builder-workspace/.derivedData/Build/Intermediates.noindex/MotionEffects.build/Debug-watchos/MotionEffects-t.build/DerivedSources -Xcc -DSWIFT_PACKAGE -Xcc -DDEBUG\=1 -emit-objc-header -emit-objc-header-path /Users/admin/builder/spi-builder-workspace/.derivedData/Build/Intermediates.noindex/MotionEffects.build/Debug-watchos/MotionEffects-t.build/Objects-normal/arm64_32/MotionEffects-Swift.h -working-directory /Users/admin/builder/spi-builder-workspace/.swiftpm/xcode -experimental-emit-module-separately -disable-cmo
SwiftEmitModule normal arm64_32 Emitting\ module\ for\ MotionEffects (in target 'MotionEffects' from project 'MotionEffects')
/Users/admin/builder/spi-builder-workspace/Sources/MotionEffects/ViewerOffsetObservation.swift:7:30: error: cannot find type 'Context' in scope
 5 |     let updateHandler: (_ viewerOffset: UIOffset) -> Void
 6 |
 7 |     func makeUIView(context: Context) -> OffsetHostView {
   |                              `- error: cannot find type 'Context' in scope
 8 |         OffsetHostView()
 9 |     }
/Users/admin/builder/spi-builder-workspace/Sources/MotionEffects/ViewerOffsetObservation.swift:11:58: error: cannot find type 'Context' in scope
 9 |     }
10 |
11 |     func updateUIView(_ uiView: OffsetHostView, context: Context) {
   |                                                          `- error: cannot find type 'Context' in scope
12 |         uiView.updateHandler = updateHandler
13 |
/Users/admin/builder/spi-builder-workspace/Sources/MotionEffects/ViewerOffsetObservation.swift:4:33: error: cannot find type 'UIViewRepresentable' in scope
 2 | private import UIKit
 3 |
 4 | struct ViewerOffsetObservation: UIViewRepresentable {
   |                                 `- error: cannot find type 'UIViewRepresentable' in scope
 5 |     let updateHandler: (_ viewerOffset: UIOffset) -> Void
 6 |
/Users/admin/builder/spi-builder-workspace/Sources/MotionEffects/ViewerOffsetObservation.swift:51:20: error: 'CALayer' is unavailable in watchOS
49 |     // Disable implicit CALayer animations. NSNull stops the action lookup chain.
50 |     override func action(
51 |         for layer: CALayer,
   |                    `- error: 'CALayer' is unavailable in watchOS
52 |         forKey event: String
53 |     ) -> (any CAAction)? {
/Applications/Xcode-27.0.0-Release.Candidate.app/Contents/Developer/Platforms/WatchOS.platform/Developer/SDKs/WatchOS27.0.sdk/System/Library/Frameworks/QuartzCore.framework/Headers/CALayer.h:117:12: note: 'CALayer' has been explicitly marked unavailable here
 115 |
 116 | API_AVAILABLE(macos(10.5), ios(2.0), tvos(9.0)) API_UNAVAILABLE(watchos)
 117 | @interface CALayer : NSObject <NSSecureCoding, CAMediaTiming>
     |            `- note: 'CALayer' has been explicitly marked unavailable here
 118 |
 119 | /** Layer creation and initialization. **/
/Users/admin/builder/spi-builder-workspace/Sources/MotionEffects/ViewerOffsetObservation.swift:53:15: error: 'CAAction' is unavailable in watchOS
51 |         for layer: CALayer,
52 |         forKey event: String
53 |     ) -> (any CAAction)? {
   |               `- error: 'CAAction' is unavailable in watchOS
54 |         NSNull()
55 |     }
/Applications/Xcode-27.0.0-Release.Candidate.app/Contents/Developer/Platforms/WatchOS.platform/Developer/SDKs/WatchOS27.0.sdk/System/Library/Frameworks/QuartzCore.framework/Headers/CALayer.h:945:11: note: 'CAAction' has been explicitly marked unavailable here
 943 |
 944 | API_AVAILABLE(macos(10.5), ios(2.0), tvos(9.0)) API_UNAVAILABLE(watchos)
 945 | @protocol CAAction
     |           `- note: 'CAAction' has been explicitly marked unavailable here
 946 |
 947 | /* Called to trigger the event named 'path' on the receiver. The object
/Users/admin/builder/spi-builder-workspace/Sources/MotionEffects/ViewerOffsetObservation.swift:29:29: error: 'UIView' is unavailable in watchOS
27 | }
28 |
29 | final class OffsetHostView: UIView {
   |                             `- error: 'UIView' is unavailable in watchOS
30 |     var pendingOffset: UIOffset?
31 |     var updateHandler: ((UIOffset) -> Void)?
/Applications/Xcode-27.0.0-Release.Candidate.app/Contents/Developer/Platforms/WatchOS.platform/Developer/SDKs/WatchOS27.0.sdk/System/Library/Frameworks/UIKit.framework/Headers/UIView.h:152:12: note: 'UIView' has been explicitly marked unavailable here
150 |
151 | UIKIT_EXTERN API_AVAILABLE(ios(2.0)) API_UNAVAILABLE(watchos) NS_SWIFT_UI_ACTOR
152 | @interface UIView : UIResponder <NSCoding, UIAppearance, UIAppearanceContainer, UIDynamicItem, UITraitEnvironment, UICoordinateSpace, UIFocusItem, UIFocusItemContainer, CALayerDelegate>
    |            `- note: 'UIView' has been explicitly marked unavailable here
153 |
154 | @property(class, nonatomic, readonly) Class layerClass;                        // default is [CALayer class]. Used when creating the underlying layer for the view.
/Users/admin/builder/spi-builder-workspace/Sources/MotionEffects/ViewerOffsetObservation.swift:69:47: error: 'UIMotionEffect' is unavailable in watchOS
67 | }
68 |
69 | private final class ViewerOffsetMotionEffect: UIMotionEffect {
   |                                               `- error: 'UIMotionEffect' is unavailable in watchOS
70 |     weak var hostView: OffsetHostView?
71 |
/Applications/Xcode-27.0.0-Release.Candidate.app/Contents/Developer/Platforms/WatchOS.platform/Developer/SDKs/WatchOS27.0.sdk/System/Library/Frameworks/UIKit.framework/Headers/UIMotionEffect.h:19:12: note: 'UIMotionEffect' has been explicitly marked unavailable here
17 |
18 | UIKIT_EXTERN API_AVAILABLE(ios(7.0)) API_UNAVAILABLE(watchos) NS_SWIFT_UI_ACTOR
19 | @interface UIMotionEffect : NSObject <NSCopying, NSCoding>
   |            `- note: 'UIMotionEffect' has been explicitly marked unavailable here
20 |
21 | - (instancetype)init NS_DESIGNATED_INITIALIZER;
Failed frontend command:
SwiftCompile normal arm64_32 (in target 'MotionEffects' from project 'MotionEffects')
    cd /Users/admin/builder/spi-builder-workspace/.swiftpm/xcode

/Applications/Xcode-27.0.0-Release.Candidate.app/Contents/Developer/Toolchains/XcodeDefault.xctoolchain/usr/bin/swift-frontend -frontend -emit-module -experimental-skip-non-inlinable-function-bodies-without-types /Users/admin/builder/spi-builder-workspace/.derivedData/Build/Intermediates.noindex/MotionEffects.build/Debug-watchos/MotionEffects-t.build/DerivedSources/resource_bundle_accessor.swift /Users/admin/builder/spi-builder-workspace/Sources/MotionEffects/MotionOffsetModifier.swift /Users/admin/builder/spi-builder-workspace/Sources/MotionEffects/OnChangeModifier.swift /Users/admin/builder/spi-builder-workspace/Sources/MotionEffects/ViewerOffsetModifier.swift /Users/admin/builder/spi-builder-workspace/Sources/MotionEffects/ViewerOffsetObservation.swift -target arm64_32-apple-watchos9.0 -disable-cross-import-overlay-search -load-resolved-plugin /Applications/Xcode-27.0.0-Release.Candidate.app/Contents/Developer/Platforms/WatchOS.platform/Developer/usr/lib/swift/host/plugins/libFoundationMacros.dylib\#/Applications/Xcode-27.0.0-Release.Candidate.app/Contents/Developer/Platforms/WatchOS.platform/Developer/usr/bin/swift-plugin-server\#FoundationMacros -load-resolved-plugin /Applications/Xcode-27.0.0-Release.Candidate.app/Contents/Developer/Platforms/WatchOS.platform/Developer/usr/lib/swift/host/plugins/libObservationMacros.dylib\#/Applications/Xcode-27.0.0-Release.Candidate.app/Contents/Developer/Platforms/WatchOS.platform/Developer/usr/bin/swift-plugin-server\#ObservationMacros -load-resolved-plugin /Applications/Xcode-27.0.0-Release.Candidate.app/Contents/Developer/Platforms/WatchOS.platform/Developer/usr/lib/swift/host/plugins/libPreviewsMacros.dylib\#/Applications/Xcode-27.0.0-Release.Candidate.app/Contents/Developer/Platforms/WatchOS.platform/Developer/usr/bin/swift-plugin-server\#PreviewsMacros -load-resolved-plugin /Applications/Xcode-27.0.0-Release.Candidate.app/Contents/Developer/Platforms/WatchOS.platform/Developer/usr/lib/swift/host/plugins/libSwiftMacros.dylib\#/Applications/Xcode-27.0.0-Release.Candidate.app/Contents/Developer/Platforms/WatchOS.platform/Developer/usr/bin/swift-plugin-server\#SwiftMacros -load-resolved-plugin /Applications/Xcode-27.0.0-Release.Candidate.app/Contents/Developer/Platforms/WatchOS.platform/Developer/usr/lib/swift/host/plugins/libSwiftUIMacros.dylib\#/Applications/Xcode-27.0.0-Release.Candidate.app/Contents/Developer/Platforms/WatchOS.platform/Developer/usr/bin/swift-plugin-server\#SwiftUIMacros -disable-implicit-swift-modules -Xcc -fno-implicit-modules -Xcc -fno-implicit-module-maps -explicit-swift-module-map-file /Users/admin/builder/spi-builder-workspace/.derivedData/Build/Intermediates.noindex/MotionEffects.build/Debug-watchos/MotionEffects-t.build/Objects-normal/arm64_32/MotionEffects-dependencies-2.json -enable-objc-interop -sdk /Applications/Xcode-27.0.0-Release.Candidate.app/Contents/Developer/Platforms/WatchOS.platform/Developer/SDKs/WatchOS27.0.sdk -I /Users/admin/builder/spi-builder-workspace/.derivedData/Build/Products/Debug-watchos -Isystem /Applications/Xcode-27.0.0-Release.Candidate.app/Contents/Developer/Platforms/WatchOS.platform/Developer/usr/lib -F /Users/admin/builder/spi-builder-workspace/.derivedData/Build/Products/Debug-watchos -F /Applications/Xcode-27.0.0-Release.Candidate.app/Contents/Developer/Platforms/WatchOS.platform/Developer/Library/Frameworks -F /Applications/Xcode-27.0.0-Release.Candidate.app/Contents/Developer/Platforms/WatchOS.platform/Developer/SDKs/WatchOS27.0.sdk/Developer/Library/Frameworks -module-cache-path /Users/admin/builder/spi-builder-workspace/.derivedData/Build/Intermediates.noindex/SwiftExplicitPrecompiledModules -no-color-diagnostics -Xcc -fno-color-diagnostics -enable-testing -g -debug-info-format\=dwarf -dwarf-version\=4 -profile-generate -profile-coverage-mapping -swift-version 6 -Onone -D SWIFT_PACKAGE -D DEBUG -D SWIFT_MODULE_RESOURCE_BUNDLE_AVAILABLE -D Xcode -serialize-debugging-options -enable-experimental-feature DebugDescriptionMacro -empty-abi-descriptor -validate-clang-modules-once -clang-build-session-file /Users/admin/builder/spi-builder-workspace/.derivedData/ModuleCache.noindex/Session.modulevalidation -Xcc -working-directory -Xcc /Users/admin/builder/spi-builder-workspace/.swiftpm/xcode -enable-anonymous-context-mangled-names -file-compilation-dir /Users/admin/builder/spi-builder-workspace/.swiftpm/xcode -Xcc -D_LIBCPP_HARDENING_MODE\=_LIBCPP_HARDENING_MODE_DEBUG -Xcc -ivfsstatcache -Xcc /Users/admin/builder/spi-builder-workspace/.derivedData/SDKStatCaches.noindex/watchos27.0-24R360-e829b21a6f8c9b70876ba0858053c04477534ef55a1706bf4c1112bbb242f0a2.sdkstatcache -Xcc -fmodules-prune-interval\=86400 -Xcc -fmodules-prune-after\=345600 -Xcc -I/Users/admin/builder/spi-builder-workspace/.derivedData/Build/Products/Debug-watchos/include -Xcc -I/Users/admin/builder/spi-builder-workspace/.derivedData/Build/Intermediates.noindex/MotionEffects.build/Debug-watchos/MotionEffects-t.build/DerivedSources-normal/arm64_32 -Xcc -I/Users/admin/builder/spi-builder-workspace/.derivedData/Build/Intermediates.noindex/MotionEffects.build/Debug-watchos/MotionEffects-t.build/DerivedSources/arm64_32 -Xcc -I/Users/admin/builder/spi-builder-workspace/.derivedData/Build/Intermediates.noindex/MotionEffects.build/Debug-watchos/MotionEffects-t.build/DerivedSources -Xcc -DSWIFT_PACKAGE -Xcc -DDEBUG\=1 -no-auto-bridging-header-chaining -module-name MotionEffects -package-name spi_builder_workspace -const-gather-protocols-file /Users/admin/builder/spi-builder-workspace/.derivedData/Build/Intermediates.noindex/MotionEffects.build/Debug-watchos/MotionEffects-t.build/Objects-normal/arm64_32/MotionEffects_const_extract_protocols.json -disable-clang-spi -clang-target arm64_32-apple-watchos27.0 -target-sdk-version 27.0 -target-sdk-name watchos27.0 -in-process-plugin-server-path /Applications/Xcode-27.0.0-Release.Candidate.app/Contents/Developer/Toolchains/XcodeDefault.xctoolchain/usr/lib/swift/host/libSwiftInProcPluginServer.dylib -emit-module-doc-path /Users/admin/builder/spi-builder-workspace/.derivedData/Build/Intermediates.noindex/MotionEffects.build/Debug-watchos/MotionEffects-t.build/Objects-normal/arm64_32/MotionEffects.swiftdoc -emit-module-source-info-path /Users/admin/builder/spi-builder-workspace/.derivedData/Build/Intermediates.noindex/MotionEffects.build/Debug-watchos/MotionEffects-t.build/Objects-normal/arm64_32/MotionEffects.swiftsourceinfo -emit-objc-header-path /Users/admin/builder/spi-builder-workspace/.derivedData/Build/Intermediates.noindex/MotionEffects.build/Debug-watchos/MotionEffects-t.build/Objects-normal/arm64_32/MotionEffects-Swift.h -serialize-diagnostics-path /Users/admin/builder/spi-builder-workspace/.derivedData/Build/Intermediates.noindex/MotionEffects.build/Debug-watchos/MotionEffects-t.build/Objects-normal/arm64_32/MotionEffects-primary-emit-module.dia -emit-dependencies-path /Users/admin/builder/spi-builder-workspace/.derivedData/Build/Intermediates.noindex/MotionEffects.build/Debug-watchos/MotionEffects-t.build/Objects-normal/arm64_32/MotionEffects-primary-emit-module.d -parse-as-library -o /Users/admin/builder/spi-builder-workspace/.derivedData/Build/Intermediates.noindex/MotionEffects.build/Debug-watchos/MotionEffects-t.build/Objects-normal/arm64_32/MotionEffects.swiftmodule -emit-abi-descriptor-path /Users/admin/builder/spi-builder-workspace/.derivedData/Build/Intermediates.noindex/MotionEffects.build/Debug-watchos/MotionEffects-t.build/Objects-normal/arm64_32/MotionEffects.abi.json
SwiftCompile normal arm64_32 Compiling\ ViewerOffsetModifier.swift /Users/admin/builder/spi-builder-workspace/Sources/MotionEffects/ViewerOffsetModifier.swift (in target 'MotionEffects' from project 'MotionEffects')
SwiftCompile normal arm64_32 /Users/admin/builder/spi-builder-workspace/Sources/MotionEffects/ViewerOffsetModifier.swift (in target 'MotionEffects' from project 'MotionEffects')
    cd /Users/admin/builder/spi-builder-workspace/.swiftpm/xcode
    builtin-SwiftPerFileCompile ViewerOffsetModifier.swift
SwiftCompile normal arm64_32 Compiling\ OnChangeModifier.swift /Users/admin/builder/spi-builder-workspace/Sources/MotionEffects/OnChangeModifier.swift (in target 'MotionEffects' from project 'MotionEffects')
SwiftCompile normal arm64_32 /Users/admin/builder/spi-builder-workspace/Sources/MotionEffects/OnChangeModifier.swift (in target 'MotionEffects' from project 'MotionEffects')
    cd /Users/admin/builder/spi-builder-workspace/.swiftpm/xcode
    builtin-SwiftPerFileCompile OnChangeModifier.swift
SwiftCompile normal arm64_32 Compiling\ ViewerOffsetObservation.swift /Users/admin/builder/spi-builder-workspace/Sources/MotionEffects/ViewerOffsetObservation.swift (in target 'MotionEffects' from project 'MotionEffects')
/Users/admin/builder/spi-builder-workspace/Sources/MotionEffects/ViewerOffsetObservation.swift:7:30: error: cannot find type 'Context' in scope
 5 |     let updateHandler: (_ viewerOffset: UIOffset) -> Void
 6 |
 7 |     func makeUIView(context: Context) -> OffsetHostView {
   |                              `- error: cannot find type 'Context' in scope
 8 |         OffsetHostView()
 9 |     }
/Users/admin/builder/spi-builder-workspace/Sources/MotionEffects/ViewerOffsetObservation.swift:11:58: error: cannot find type 'Context' in scope
 9 |     }
10 |
11 |     func updateUIView(_ uiView: OffsetHostView, context: Context) {
   |                                                          `- error: cannot find type 'Context' in scope
12 |         uiView.updateHandler = updateHandler
13 |
/Users/admin/builder/spi-builder-workspace/Sources/MotionEffects/ViewerOffsetObservation.swift:4:33: error: cannot find type 'UIViewRepresentable' in scope
 2 | private import UIKit
 3 |
 4 | struct ViewerOffsetObservation: UIViewRepresentable {
   |                                 `- error: cannot find type 'UIViewRepresentable' in scope
 5 |     let updateHandler: (_ viewerOffset: UIOffset) -> Void
 6 |
/Users/admin/builder/spi-builder-workspace/Sources/MotionEffects/ViewerOffsetObservation.swift:51:20: error: 'CALayer' is unavailable in watchOS
49 |     // Disable implicit CALayer animations. NSNull stops the action lookup chain.
50 |     override func action(
51 |         for layer: CALayer,
   |                    `- error: 'CALayer' is unavailable in watchOS
52 |         forKey event: String
53 |     ) -> (any CAAction)? {
/Applications/Xcode-27.0.0-Release.Candidate.app/Contents/Developer/Platforms/WatchOS.platform/Developer/SDKs/WatchOS27.0.sdk/System/Library/Frameworks/QuartzCore.framework/Headers/CALayer.h:117:12: note: 'CALayer' has been explicitly marked unavailable here
 115 |
 116 | API_AVAILABLE(macos(10.5), ios(2.0), tvos(9.0)) API_UNAVAILABLE(watchos)
 117 | @interface CALayer : NSObject <NSSecureCoding, CAMediaTiming>
     |            `- note: 'CALayer' has been explicitly marked unavailable here
 118 |
 119 | /** Layer creation and initialization. **/
/Users/admin/builder/spi-builder-workspace/Sources/MotionEffects/ViewerOffsetObservation.swift:53:15: error: 'CAAction' is unavailable in watchOS
51 |         for layer: CALayer,
52 |         forKey event: String
53 |     ) -> (any CAAction)? {
   |               `- error: 'CAAction' is unavailable in watchOS
54 |         NSNull()
55 |     }
/Applications/Xcode-27.0.0-Release.Candidate.app/Contents/Developer/Platforms/WatchOS.platform/Developer/SDKs/WatchOS27.0.sdk/System/Library/Frameworks/QuartzCore.framework/Headers/CALayer.h:945:11: note: 'CAAction' has been explicitly marked unavailable here
 943 |
 944 | API_AVAILABLE(macos(10.5), ios(2.0), tvos(9.0)) API_UNAVAILABLE(watchos)
 945 | @protocol CAAction
     |           `- note: 'CAAction' has been explicitly marked unavailable here
 946 |
 947 | /* Called to trigger the event named 'path' on the receiver. The object
/Users/admin/builder/spi-builder-workspace/Sources/MotionEffects/ViewerOffsetObservation.swift:29:29: error: 'UIView' is unavailable in watchOS
27 | }
28 |
29 | final class OffsetHostView: UIView {
   |                             `- error: 'UIView' is unavailable in watchOS
30 |     var pendingOffset: UIOffset?
31 |     var updateHandler: ((UIOffset) -> Void)?
/Applications/Xcode-27.0.0-Release.Candidate.app/Contents/Developer/Platforms/WatchOS.platform/Developer/SDKs/WatchOS27.0.sdk/System/Library/Frameworks/UIKit.framework/Headers/UIView.h:152:12: note: 'UIView' has been explicitly marked unavailable here
150 |
151 | UIKIT_EXTERN API_AVAILABLE(ios(2.0)) API_UNAVAILABLE(watchos) NS_SWIFT_UI_ACTOR
152 | @interface UIView : UIResponder <NSCoding, UIAppearance, UIAppearanceContainer, UIDynamicItem, UITraitEnvironment, UICoordinateSpace, UIFocusItem, UIFocusItemContainer, CALayerDelegate>
    |            `- note: 'UIView' has been explicitly marked unavailable here
153 |
154 | @property(class, nonatomic, readonly) Class layerClass;                        // default is [CALayer class]. Used when creating the underlying layer for the view.
/Users/admin/builder/spi-builder-workspace/Sources/MotionEffects/ViewerOffsetObservation.swift:69:47: error: 'UIMotionEffect' is unavailable in watchOS
67 | }
68 |
69 | private final class ViewerOffsetMotionEffect: UIMotionEffect {
   |                                               `- error: 'UIMotionEffect' is unavailable in watchOS
70 |     weak var hostView: OffsetHostView?
71 |
/Applications/Xcode-27.0.0-Release.Candidate.app/Contents/Developer/Platforms/WatchOS.platform/Developer/SDKs/WatchOS27.0.sdk/System/Library/Frameworks/UIKit.framework/Headers/UIMotionEffect.h:19:12: note: 'UIMotionEffect' has been explicitly marked unavailable here
17 |
18 | UIKIT_EXTERN API_AVAILABLE(ios(7.0)) API_UNAVAILABLE(watchos) NS_SWIFT_UI_ACTOR
19 | @interface UIMotionEffect : NSObject <NSCopying, NSCoding>
   |            `- note: 'UIMotionEffect' has been explicitly marked unavailable here
20 |
21 | - (instancetype)init NS_DESIGNATED_INITIALIZER;
/Users/admin/builder/spi-builder-workspace/Sources/MotionEffects/ViewerOffsetObservation.swift:8:9: error: 'init()' is unavailable in watchOS
 6 |
 7 |     func makeUIView(context: Context) -> OffsetHostView {
 8 |         OffsetHostView()
   |         `- error: 'init()' is unavailable in watchOS
 9 |     }
10 |
/Applications/Xcode-27.0.0-Release.Candidate.app/Contents/Developer/Platforms/WatchOS.platform/Developer/SDKs/WatchOS27.0.sdk/System/Library/Frameworks/UIKit.framework/Headers/UIView.h:158:1: note: 'init()' has been explicitly marked unavailable here
156 | - (instancetype)initWithFrame:(CGRect)frame NS_DESIGNATED_INITIALIZER;
157 | - (nullable instancetype)initWithCoder:(NSCoder *)coder NS_DESIGNATED_INITIALIZER;
158 | - (instancetype)init API_AVAILABLE(ios(2.0), tvos(9.0), visionos(1.0)) API_UNAVAILABLE(watchos);
    | `- note: 'init()' has been explicitly marked unavailable here
159 |
160 | @property(nonatomic,getter=isUserInteractionEnabled) BOOL userInteractionEnabled;  // default is YES. if set to NO, user events (touch, keys) are ignored and removed from the event queue.
/Users/admin/builder/spi-builder-workspace/Sources/MotionEffects/ViewerOffsetObservation.swift:8:9: warning: call to main actor-isolated initializer 'init()' in a synchronous nonisolated context [#ActorIsolatedCall]
 5 |     let updateHandler: (_ viewerOffset: UIOffset) -> Void
 6 |
 7 |     func makeUIView(context: Context) -> OffsetHostView {
   |          `- note: add '@MainActor' to make instance method 'makeUIView(context:)' part of global actor 'MainActor'
 8 |         OffsetHostView()
   |         `- warning: call to main actor-isolated initializer 'init()' in a synchronous nonisolated context [#ActorIsolatedCall]
 9 |     }
10 |
/Applications/Xcode-27.0.0-Release.Candidate.app/Contents/Developer/Platforms/WatchOS.platform/Developer/SDKs/WatchOS27.0.sdk/System/Library/Frameworks/UIKit.framework/Headers/UIView.h:158:1: note: calls to initializer 'init()' from outside of its actor context are implicitly asynchronous
156 | - (instancetype)initWithFrame:(CGRect)frame NS_DESIGNATED_INITIALIZER;
157 | - (nullable instancetype)initWithCoder:(NSCoder *)coder NS_DESIGNATED_INITIALIZER;
158 | - (instancetype)init API_AVAILABLE(ios(2.0), tvos(9.0), visionos(1.0)) API_UNAVAILABLE(watchos);
    | `- note: calls to initializer 'init()' from outside of its actor context are implicitly asynchronous
159 |
160 | @property(nonatomic,getter=isUserInteractionEnabled) BOOL userInteractionEnabled;  // default is YES. if set to NO, user events (touch, keys) are ignored and removed from the event queue.
/Users/admin/builder/spi-builder-workspace/Sources/MotionEffects/ViewerOffsetObservation.swift:12:16: warning: main actor-isolated property 'updateHandler' can not be mutated from a nonisolated context
 9 |     }
10 |
11 |     func updateUIView(_ uiView: OffsetHostView, context: Context) {
   |          `- note: add '@MainActor' to make instance method 'updateUIView(_:context:)' part of global actor 'MainActor'
12 |         uiView.updateHandler = updateHandler
   |                `- warning: main actor-isolated property 'updateHandler' can not be mutated from a nonisolated context
13 |
14 |         // Manage the motion effect based on the accessibility setting.
   :
29 | final class OffsetHostView: UIView {
30 |     var pendingOffset: UIOffset?
31 |     var updateHandler: ((UIOffset) -> Void)?
   |         `- note: mutation of this property is only permitted within the actor
32 |
33 |     override init(frame: CGRect) {
/Users/admin/builder/spi-builder-workspace/Sources/MotionEffects/ViewerOffsetObservation.swift:17:36: warning: main actor-isolated property 'motionEffects' can not be referenced from a nonisolated context
 9 |     }
10 |
11 |     func updateUIView(_ uiView: OffsetHostView, context: Context) {
   |          `- note: add '@MainActor' to make instance method 'updateUIView(_:context:)' part of global actor 'MainActor'
12 |         uiView.updateHandler = updateHandler
13 |
   :
15 |         // When reduce motion is enabled, remove the effect and reset the offset.
16 |         if context.environment.accessibilityReduceMotion {
17 |             if let effect = uiView.motionEffects.first {
   |                                    `- warning: main actor-isolated property 'motionEffects' can not be referenced from a nonisolated context
18 |                 uiView.removeMotionEffect(effect)
19 |             }
/Applications/Xcode-27.0.0-Release.Candidate.app/Contents/Developer/Platforms/WatchOS.platform/Developer/SDKs/WatchOS27.0.sdk/System/Library/Frameworks/UIKit.framework/Headers/UIView.h:425:65: note: property declared here
423 | - (void)removeMotionEffect:(UIMotionEffect *)effect API_AVAILABLE(ios(7.0));
424 |
425 | @property (copy, nonatomic) NSArray<__kindof UIMotionEffect *> *motionEffects API_AVAILABLE(ios(7.0));
    |                                                                 `- note: property declared here
426 |
427 | @end
SwiftCompile normal arm64_32 /Users/admin/builder/spi-builder-workspace/Sources/MotionEffects/ViewerOffsetObservation.swift (in target 'MotionEffects' from project 'MotionEffects')
    cd /Users/admin/builder/spi-builder-workspace/.swiftpm/xcode
    builtin-SwiftPerFileCompile ViewerOffsetObservation.swift
/Users/admin/builder/spi-builder-workspace/Sources/MotionEffects/ViewerOffsetObservation.swift:18:24: warning: call to main actor-isolated instance method 'removeMotionEffect' in a synchronous nonisolated context [#ActorIsolatedCall]
 9 |     }
10 |
11 |     func updateUIView(_ uiView: OffsetHostView, context: Context) {
   |          `- note: add '@MainActor' to make instance method 'updateUIView(_:context:)' part of global actor 'MainActor'
12 |         uiView.updateHandler = updateHandler
13 |
   :
16 |         if context.environment.accessibilityReduceMotion {
17 |             if let effect = uiView.motionEffects.first {
18 |                 uiView.removeMotionEffect(effect)
   |                        `- warning: call to main actor-isolated instance method 'removeMotionEffect' in a synchronous nonisolated context [#ActorIsolatedCall]
19 |             }
20 |             updateHandler(.zero)
/Applications/Xcode-27.0.0-Release.Candidate.app/Contents/Developer/Platforms/WatchOS.platform/Developer/SDKs/WatchOS27.0.sdk/System/Library/Frameworks/UIKit.framework/Headers/UIView.h:423:1: note: calls to instance method 'removeMotionEffect' from outside of its actor context are implicitly asynchronous
421 | /*! Stops applying `effect` to the receiver. Any affected presentation values will animate to
422 |     their post-removal values using the present UIView animation context. */
423 | - (void)removeMotionEffect:(UIMotionEffect *)effect API_AVAILABLE(ios(7.0));
    | `- note: calls to instance method 'removeMotionEffect' from outside of its actor context are implicitly asynchronous
424 |
425 | @property (copy, nonatomic) NSArray<__kindof UIMotionEffect *> *motionEffects API_AVAILABLE(ios(7.0));
/Users/admin/builder/spi-builder-workspace/Sources/MotionEffects/ViewerOffsetObservation.swift:21:26: warning: main actor-isolated property 'motionEffects' can not be referenced from a nonisolated context
 9 |     }
10 |
11 |     func updateUIView(_ uiView: OffsetHostView, context: Context) {
   |          `- note: add '@MainActor' to make instance method 'updateUIView(_:context:)' part of global actor 'MainActor'
12 |         uiView.updateHandler = updateHandler
13 |
   :
19 |             }
20 |             updateHandler(.zero)
21 |         } else if uiView.motionEffects.isEmpty {
   |                          `- warning: main actor-isolated property 'motionEffects' can not be referenced from a nonisolated context
22 |             let effect = ViewerOffsetMotionEffect()
23 |             effect.hostView = uiView
/Applications/Xcode-27.0.0-Release.Candidate.app/Contents/Developer/Platforms/WatchOS.platform/Developer/SDKs/WatchOS27.0.sdk/System/Library/Frameworks/UIKit.framework/Headers/UIView.h:425:65: note: property declared here
423 | - (void)removeMotionEffect:(UIMotionEffect *)effect API_AVAILABLE(ios(7.0));
424 |
425 | @property (copy, nonatomic) NSArray<__kindof UIMotionEffect *> *motionEffects API_AVAILABLE(ios(7.0));
    |                                                                 `- note: property declared here
426 |
427 | @end
/Users/admin/builder/spi-builder-workspace/Sources/MotionEffects/ViewerOffsetObservation.swift:22:26: warning: call to main actor-isolated initializer 'init()' in a synchronous nonisolated context [#ActorIsolatedCall]
 9 |     }
10 |
11 |     func updateUIView(_ uiView: OffsetHostView, context: Context) {
   |          `- note: add '@MainActor' to make instance method 'updateUIView(_:context:)' part of global actor 'MainActor'
12 |         uiView.updateHandler = updateHandler
13 |
   :
20 |             updateHandler(.zero)
21 |         } else if uiView.motionEffects.isEmpty {
22 |             let effect = ViewerOffsetMotionEffect()
   |                          `- warning: call to main actor-isolated initializer 'init()' in a synchronous nonisolated context [#ActorIsolatedCall]
23 |             effect.hostView = uiView
24 |             uiView.addMotionEffect(effect)
   :
75 |     }
76 |
77 |     override init() {
   |              |- note: calls to initializer 'init()' from outside of its actor context are implicitly asynchronous
   |              `- note: main actor isolation inferred from inheritance from class 'UIMotionEffect'
78 |         super.init()
79 |     }
/Users/admin/builder/spi-builder-workspace/Sources/MotionEffects/ViewerOffsetObservation.swift:23:20: warning: main actor-isolated property 'hostView' can not be mutated from a nonisolated context
 9 |     }
10 |
11 |     func updateUIView(_ uiView: OffsetHostView, context: Context) {
   |          `- note: add '@MainActor' to make instance method 'updateUIView(_:context:)' part of global actor 'MainActor'
12 |         uiView.updateHandler = updateHandler
13 |
   :
21 |         } else if uiView.motionEffects.isEmpty {
22 |             let effect = ViewerOffsetMotionEffect()
23 |             effect.hostView = uiView
   |                    `- warning: main actor-isolated property 'hostView' can not be mutated from a nonisolated context
24 |             uiView.addMotionEffect(effect)
25 |         }
   :
68 |
69 | private final class ViewerOffsetMotionEffect: UIMotionEffect {
70 |     weak var hostView: OffsetHostView?
   |              `- note: mutation of this property is only permitted within the actor
71 |
72 |     @available(*, unavailable)
/Users/admin/builder/spi-builder-workspace/Sources/MotionEffects/ViewerOffsetObservation.swift:24:20: warning: call to main actor-isolated instance method 'addMotionEffect' in a synchronous nonisolated context [#ActorIsolatedCall]
 9 |     }
10 |
11 |     func updateUIView(_ uiView: OffsetHostView, context: Context) {
   |          `- note: add '@MainActor' to make instance method 'updateUIView(_:context:)' part of global actor 'MainActor'
12 |         uiView.updateHandler = updateHandler
13 |
   :
22 |             let effect = ViewerOffsetMotionEffect()
23 |             effect.hostView = uiView
24 |             uiView.addMotionEffect(effect)
   |                    `- warning: call to main actor-isolated instance method 'addMotionEffect' in a synchronous nonisolated context [#ActorIsolatedCall]
25 |         }
26 |     }
/Applications/Xcode-27.0.0-Release.Candidate.app/Contents/Developer/Platforms/WatchOS.platform/Developer/SDKs/WatchOS27.0.sdk/System/Library/Frameworks/UIKit.framework/Headers/UIView.h:419:1: note: calls to instance method 'addMotionEffect' from outside of its actor context are implicitly asynchronous
417 |     Animates the transition to the motion effect's values using the present UIView animation
418 |     context. */
419 | - (void)addMotionEffect:(UIMotionEffect *)effect API_AVAILABLE(ios(7.0));
    | `- note: calls to instance method 'addMotionEffect' from outside of its actor context are implicitly asynchronous
420 |
421 | /*! Stops applying `effect` to the receiver. Any affected presentation values will animate to
/Users/admin/builder/spi-builder-workspace/Sources/MotionEffects/ViewerOffsetObservation.swift:37:9: error: 'accessibilityElementsHidden' is unavailable in watchOS
35 |
36 |         isUserInteractionEnabled = false
37 |         accessibilityElementsHidden = true
   |         `- error: 'accessibilityElementsHidden' is unavailable in watchOS
38 |     }
39 |
/Applications/Xcode-27.0.0-Release.Candidate.app/Contents/Developer/Platforms/WatchOS.platform/Developer/SDKs/WatchOS27.0.sdk/System/Library/Frameworks/UIKit.framework/Headers/UIAccessibility.h:160:28: note: 'accessibilityElementsHidden' has been explicitly marked unavailable here
158 |  default == NO
159 |  */
160 | @property (nonatomic) BOOL accessibilityElementsHidden API_AVAILABLE(ios(5.0)) API_UNAVAILABLE(watchos) NS_SWIFT_UI_ACTOR;
    |                            `- note: 'accessibilityElementsHidden' has been explicitly marked unavailable here
161 |
162 | /*
SwiftCompile normal arm64_32 Compiling\ MotionOffsetModifier.swift /Users/admin/builder/spi-builder-workspace/Sources/MotionEffects/MotionOffsetModifier.swift (in target 'MotionEffects' from project 'MotionEffects')
SwiftCompile normal arm64_32 /Users/admin/builder/spi-builder-workspace/Sources/MotionEffects/MotionOffsetModifier.swift (in target 'MotionEffects' from project 'MotionEffects')
    cd /Users/admin/builder/spi-builder-workspace/.swiftpm/xcode
    builtin-SwiftPerFileCompile MotionOffsetModifier.swift
SwiftCompile normal arm64_32 Compiling\ resource_bundle_accessor.swift /Users/admin/builder/spi-builder-workspace/.derivedData/Build/Intermediates.noindex/MotionEffects.build/Debug-watchos/MotionEffects-t.build/DerivedSources/resource_bundle_accessor.swift (in target 'MotionEffects' from project 'MotionEffects')
SwiftCompile normal arm64_32 /Users/admin/builder/spi-builder-workspace/.derivedData/Build/Intermediates.noindex/MotionEffects.build/Debug-watchos/MotionEffects-t.build/DerivedSources/resource_bundle_accessor.swift (in target 'MotionEffects' from project 'MotionEffects')
    cd /Users/admin/builder/spi-builder-workspace/.swiftpm/xcode
    builtin-SwiftPerFileCompile resource_bundle_accessor.swift
SwiftCompile normal arm64 Compiling\ MotionOffsetModifier.swift /Users/admin/builder/spi-builder-workspace/Sources/MotionEffects/MotionOffsetModifier.swift (in target 'MotionEffects' from project 'MotionEffects')
SwiftCompile normal arm64 /Users/admin/builder/spi-builder-workspace/Sources/MotionEffects/MotionOffsetModifier.swift (in target 'MotionEffects' from project 'MotionEffects')
    cd /Users/admin/builder/spi-builder-workspace/.swiftpm/xcode
    builtin-SwiftPerFileCompile MotionOffsetModifier.swift
SwiftCompile normal arm64 Compiling\ resource_bundle_accessor.swift /Users/admin/builder/spi-builder-workspace/.derivedData/Build/Intermediates.noindex/MotionEffects.build/Debug-watchos/MotionEffects-t.build/DerivedSources/resource_bundle_accessor.swift (in target 'MotionEffects' from project 'MotionEffects')
SwiftCompile normal arm64 /Users/admin/builder/spi-builder-workspace/.derivedData/Build/Intermediates.noindex/MotionEffects.build/Debug-watchos/MotionEffects-t.build/DerivedSources/resource_bundle_accessor.swift (in target 'MotionEffects' from project 'MotionEffects')
    cd /Users/admin/builder/spi-builder-workspace/.swiftpm/xcode
    builtin-SwiftPerFileCompile resource_bundle_accessor.swift
SwiftEmitModule normal arm64 Emitting\ module\ for\ MotionEffects (in target 'MotionEffects' from project 'MotionEffects')
/Users/admin/builder/spi-builder-workspace/Sources/MotionEffects/ViewerOffsetObservation.swift:7:30: error: cannot find type 'Context' in scope
 5 |     let updateHandler: (_ viewerOffset: UIOffset) -> Void
 6 |
 7 |     func makeUIView(context: Context) -> OffsetHostView {
   |                              `- error: cannot find type 'Context' in scope
 8 |         OffsetHostView()
 9 |     }
/Users/admin/builder/spi-builder-workspace/Sources/MotionEffects/ViewerOffsetObservation.swift:11:58: error: cannot find type 'Context' in scope
 9 |     }
10 |
11 |     func updateUIView(_ uiView: OffsetHostView, context: Context) {
   |                                                          `- error: cannot find type 'Context' in scope
12 |         uiView.updateHandler = updateHandler
13 |
/Users/admin/builder/spi-builder-workspace/Sources/MotionEffects/ViewerOffsetObservation.swift:4:33: error: cannot find type 'UIViewRepresentable' in scope
 2 | private import UIKit
 3 |
 4 | struct ViewerOffsetObservation: UIViewRepresentable {
   |                                 `- error: cannot find type 'UIViewRepresentable' in scope
 5 |     let updateHandler: (_ viewerOffset: UIOffset) -> Void
 6 |
/Users/admin/builder/spi-builder-workspace/Sources/MotionEffects/ViewerOffsetObservation.swift:51:20: error: 'CALayer' is unavailable in watchOS
49 |     // Disable implicit CALayer animations. NSNull stops the action lookup chain.
50 |     override func action(
51 |         for layer: CALayer,
   |                    `- error: 'CALayer' is unavailable in watchOS
52 |         forKey event: String
53 |     ) -> (any CAAction)? {
/Applications/Xcode-27.0.0-Release.Candidate.app/Contents/Developer/Platforms/WatchOS.platform/Developer/SDKs/WatchOS27.0.sdk/System/Library/Frameworks/QuartzCore.framework/Headers/CALayer.h:117:12: note: 'CALayer' has been explicitly marked unavailable here
 115 |
 116 | API_AVAILABLE(macos(10.5), ios(2.0), tvos(9.0)) API_UNAVAILABLE(watchos)
 117 | @interface CALayer : NSObject <NSSecureCoding, CAMediaTiming>
     |            `- note: 'CALayer' has been explicitly marked unavailable here
 118 |
 119 | /** Layer creation and initialization. **/
/Users/admin/builder/spi-builder-workspace/Sources/MotionEffects/ViewerOffsetObservation.swift:53:15: error: 'CAAction' is unavailable in watchOS
51 |         for layer: CALayer,
52 |         forKey event: String
53 |     ) -> (any CAAction)? {
   |               `- error: 'CAAction' is unavailable in watchOS
54 |         NSNull()
55 |     }
/Applications/Xcode-27.0.0-Release.Candidate.app/Contents/Developer/Platforms/WatchOS.platform/Developer/SDKs/WatchOS27.0.sdk/System/Library/Frameworks/QuartzCore.framework/Headers/CALayer.h:945:11: note: 'CAAction' has been explicitly marked unavailable here
 943 |
 944 | API_AVAILABLE(macos(10.5), ios(2.0), tvos(9.0)) API_UNAVAILABLE(watchos)
 945 | @protocol CAAction
     |           `- note: 'CAAction' has been explicitly marked unavailable here
 946 |
 947 | /* Called to trigger the event named 'path' on the receiver. The object
/Users/admin/builder/spi-builder-workspace/Sources/MotionEffects/ViewerOffsetObservation.swift:29:29: error: 'UIView' is unavailable in watchOS
27 | }
28 |
29 | final class OffsetHostView: UIView {
   |                             `- error: 'UIView' is unavailable in watchOS
30 |     var pendingOffset: UIOffset?
31 |     var updateHandler: ((UIOffset) -> Void)?
/Applications/Xcode-27.0.0-Release.Candidate.app/Contents/Developer/Platforms/WatchOS.platform/Developer/SDKs/WatchOS27.0.sdk/System/Library/Frameworks/UIKit.framework/Headers/UIView.h:152:12: note: 'UIView' has been explicitly marked unavailable here
150 |
151 | UIKIT_EXTERN API_AVAILABLE(ios(2.0)) API_UNAVAILABLE(watchos) NS_SWIFT_UI_ACTOR
152 | @interface UIView : UIResponder <NSCoding, UIAppearance, UIAppearanceContainer, UIDynamicItem, UITraitEnvironment, UICoordinateSpace, UIFocusItem, UIFocusItemContainer, CALayerDelegate>
    |            `- note: 'UIView' has been explicitly marked unavailable here
153 |
154 | @property(class, nonatomic, readonly) Class layerClass;                        // default is [CALayer class]. Used when creating the underlying layer for the view.
/Users/admin/builder/spi-builder-workspace/Sources/MotionEffects/ViewerOffsetObservation.swift:69:47: error: 'UIMotionEffect' is unavailable in watchOS
67 | }
68 |
69 | private final class ViewerOffsetMotionEffect: UIMotionEffect {
   |                                               `- error: 'UIMotionEffect' is unavailable in watchOS
70 |     weak var hostView: OffsetHostView?
71 |
/Applications/Xcode-27.0.0-Release.Candidate.app/Contents/Developer/Platforms/WatchOS.platform/Developer/SDKs/WatchOS27.0.sdk/System/Library/Frameworks/UIKit.framework/Headers/UIMotionEffect.h:19:12: note: 'UIMotionEffect' has been explicitly marked unavailable here
17 |
18 | UIKIT_EXTERN API_AVAILABLE(ios(7.0)) API_UNAVAILABLE(watchos) NS_SWIFT_UI_ACTOR
19 | @interface UIMotionEffect : NSObject <NSCopying, NSCoding>
   |            `- note: 'UIMotionEffect' has been explicitly marked unavailable here
20 |
21 | - (instancetype)init NS_DESIGNATED_INITIALIZER;
Failed frontend command:
/Applications/Xcode-27.0.0-Release.Candidate.app/Contents/Developer/Toolchains/XcodeDefault.xctoolchain/usr/bin/swift-frontend -frontend -emit-module -experimental-skip-non-inlinable-function-bodies-without-types /Users/admin/builder/spi-builder-workspace/.derivedData/Build/Intermediates.noindex/MotionEffects.build/Debug-watchos/MotionEffects-t.build/DerivedSources/resource_bundle_accessor.swift /Users/admin/builder/spi-builder-workspace/Sources/MotionEffects/MotionOffsetModifier.swift /Users/admin/builder/spi-builder-workspace/Sources/MotionEffects/OnChangeModifier.swift /Users/admin/builder/spi-builder-workspace/Sources/MotionEffects/ViewerOffsetModifier.swift /Users/admin/builder/spi-builder-workspace/Sources/MotionEffects/ViewerOffsetObservation.swift -target arm64-apple-watchos9.0 -disable-cross-import-overlay-search -load-resolved-plugin /Applications/Xcode-27.0.0-Release.Candidate.app/Contents/Developer/Platforms/WatchOS.platform/Developer/usr/lib/swift/host/plugins/libFoundationMacros.dylib\#/Applications/Xcode-27.0.0-Release.Candidate.app/Contents/Developer/Platforms/WatchOS.platform/Developer/usr/bin/swift-plugin-server\#FoundationMacros -load-resolved-plugin /Applications/Xcode-27.0.0-Release.Candidate.app/Contents/Developer/Platforms/WatchOS.platform/Developer/usr/lib/swift/host/plugins/libObservationMacros.dylib\#/Applications/Xcode-27.0.0-Release.Candidate.app/Contents/Developer/Platforms/WatchOS.platform/Developer/usr/bin/swift-plugin-server\#ObservationMacros -load-resolved-plugin /Applications/Xcode-27.0.0-Release.Candidate.app/Contents/Developer/Platforms/WatchOS.platform/Developer/usr/lib/swift/host/plugins/libPreviewsMacros.dylib\#/Applications/Xcode-27.0.0-Release.Candidate.app/Contents/Developer/Platforms/WatchOS.platform/Developer/usr/bin/swift-plugin-server\#PreviewsMacros -load-resolved-plugin /Applications/Xcode-27.0.0-Release.Candidate.app/Contents/Developer/Platforms/WatchOS.platform/Developer/usr/lib/swift/host/plugins/libSwiftMacros.dylib\#/Applications/Xcode-27.0.0-Release.Candidate.app/Contents/Developer/Platforms/WatchOS.platform/Developer/usr/bin/swift-plugin-server\#SwiftMacros -load-resolved-plugin /Applications/Xcode-27.0.0-Release.Candidate.app/Contents/Developer/Platforms/WatchOS.platform/Developer/usr/lib/swift/host/plugins/libSwiftUIMacros.dylib\#/Applications/Xcode-27.0.0-Release.Candidate.app/Contents/Developer/Platforms/WatchOS.platform/Developer/usr/bin/swift-plugin-server\#SwiftUIMacros -disable-implicit-swift-modules -Xcc -fno-implicit-modules -Xcc -fno-implicit-module-maps -explicit-swift-module-map-file /Users/admin/builder/spi-builder-workspace/.derivedData/Build/Intermediates.noindex/MotionEffects.build/Debug-watchos/MotionEffects-t.build/Objects-normal/arm64/MotionEffects-dependencies-1.json -Xllvm -aarch64-use-tbi -enable-objc-interop -stack-check -sdk /Applications/Xcode-27.0.0-Release.Candidate.app/Contents/Developer/Platforms/WatchOS.platform/Developer/SDKs/WatchOS27.0.sdk -I /Users/admin/builder/spi-builder-workspace/.derivedData/Build/Products/Debug-watchos -Isystem /Applications/Xcode-27.0.0-Release.Candidate.app/Contents/Developer/Platforms/WatchOS.platform/Developer/usr/lib -F /Users/admin/builder/spi-builder-workspace/.derivedData/Build/Products/Debug-watchos -F /Applications/Xcode-27.0.0-Release.Candidate.app/Contents/Developer/Platforms/WatchOS.platform/Developer/Library/Frameworks -F /Applications/Xcode-27.0.0-Release.Candidate.app/Contents/Developer/Platforms/WatchOS.platform/Developer/SDKs/WatchOS27.0.sdk/Developer/Library/Frameworks -module-cache-path /Users/admin/builder/spi-builder-workspace/.derivedData/Build/Intermediates.noindex/SwiftExplicitPrecompiledModules -no-color-diagnostics -Xcc -fno-color-diagnostics -enable-testing -g -debug-info-format\=dwarf -dwarf-version\=4 -profile-generate -profile-coverage-mapping -swift-version 6 -Onone -D SWIFT_PACKAGE -D DEBUG -D SWIFT_MODULE_RESOURCE_BUNDLE_AVAILABLE -D Xcode -serialize-debugging-options -enable-experimental-feature DebugDescriptionMacro -empty-abi-descriptor -validate-clang-modules-once -clang-build-session-file /Users/admin/builder/spi-builder-workspace/.derivedData/ModuleCache.noindex/Session.modulevalidation -Xcc -working-directory -Xcc /Users/admin/builder/spi-builder-workspace/.swiftpm/xcode -enable-anonymous-context-mangled-names -file-compilation-dir /Users/admin/builder/spi-builder-workspace/.swiftpm/xcode -Xcc -D_LIBCPP_HARDENING_MODE\=_LIBCPP_HARDENING_MODE_DEBUG -Xcc -ivfsstatcache -Xcc /Users/admin/builder/spi-builder-workspace/.derivedData/SDKStatCaches.noindex/watchos27.0-24R360-e829b21a6f8c9b70876ba0858053c04477534ef55a1706bf4c1112bbb242f0a2.sdkstatcache -Xcc -fmodules-prune-interval\=86400 -Xcc -fmodules-prune-after\=345600 -Xcc -I/Users/admin/builder/spi-builder-workspace/.derivedData/Build/Products/Debug-watchos/include -Xcc -I/Users/admin/builder/spi-builder-workspace/.derivedData/Build/Intermediates.noindex/MotionEffects.build/Debug-watchos/MotionEffects-t.build/DerivedSources-normal/arm64 -Xcc -I/Users/admin/builder/spi-builder-workspace/.derivedData/Build/Intermediates.noindex/MotionEffects.build/Debug-watchos/MotionEffects-t.build/DerivedSources/arm64 -Xcc -I/Users/admin/builder/spi-builder-workspace/.derivedData/Build/Intermediates.noindex/MotionEffects.build/Debug-watchos/MotionEffects-t.build/DerivedSources -Xcc -DSWIFT_PACKAGE -Xcc -DDEBUG\=1 -no-auto-bridging-header-chaining -module-name MotionEffects -package-name spi_builder_workspace -const-gather-protocols-file /Users/admin/builder/spi-builder-workspace/.derivedData/Build/Intermediates.noindex/MotionEffects.build/Debug-watchos/MotionEffects-t.build/Objects-normal/arm64/MotionEffects_const_extract_protocols.json -disable-clang-spi -clang-target arm64-apple-watchos27.0 -target-sdk-version 27.0 -target-sdk-name watchos27.0 -in-process-plugin-server-path /Applications/Xcode-27.0.0-Release.Candidate.app/Contents/Developer/Toolchains/XcodeDefault.xctoolchain/usr/lib/swift/host/libSwiftInProcPluginServer.dylib -emit-module-doc-path /Users/admin/builder/spi-builder-workspace/.derivedData/Build/Intermediates.noindex/MotionEffects.build/Debug-watchos/MotionEffects-t.build/Objects-normal/arm64/MotionEffects.swiftdoc -emit-module-source-info-path /Users/admin/builder/spi-builder-workspace/.derivedData/Build/Intermediates.noindex/MotionEffects.build/Debug-watchos/MotionEffects-t.build/Objects-normal/arm64/MotionEffects.swiftsourceinfo -emit-objc-header-path /Users/admin/builder/spi-builder-workspace/.derivedData/Build/Intermediates.noindex/MotionEffects.build/Debug-watchos/MotionEffects-t.build/Objects-normal/arm64/MotionEffects-Swift.h -serialize-diagnostics-path /Users/admin/builder/spi-builder-workspace/.derivedData/Build/Intermediates.noindex/MotionEffects.build/Debug-watchos/MotionEffects-t.build/Objects-normal/arm64/MotionEffects-primary-emit-module.dia -emit-dependencies-path /Users/admin/builder/spi-builder-workspace/.derivedData/Build/Intermediates.noindex/MotionEffects.build/Debug-watchos/MotionEffects-t.build/Objects-normal/arm64/MotionEffects-primary-emit-module.d -parse-as-library -o /Users/admin/builder/spi-builder-workspace/.derivedData/Build/Intermediates.noindex/MotionEffects.build/Debug-watchos/MotionEffects-t.build/Objects-normal/arm64/MotionEffects.swiftmodule -emit-abi-descriptor-path /Users/admin/builder/spi-builder-workspace/.derivedData/Build/Intermediates.noindex/MotionEffects.build/Debug-watchos/MotionEffects-t.build/Objects-normal/arm64/MotionEffects.abi.json
SwiftCompile normal arm64 (in target 'MotionEffects' from project 'MotionEffects')
    cd /Users/admin/builder/spi-builder-workspace/.swiftpm/xcode

SwiftCompile normal arm64 Compiling\ OnChangeModifier.swift /Users/admin/builder/spi-builder-workspace/Sources/MotionEffects/OnChangeModifier.swift (in target 'MotionEffects' from project 'MotionEffects')
SwiftCompile normal arm64 /Users/admin/builder/spi-builder-workspace/Sources/MotionEffects/OnChangeModifier.swift (in target 'MotionEffects' from project 'MotionEffects')
    cd /Users/admin/builder/spi-builder-workspace/.swiftpm/xcode
    builtin-SwiftPerFileCompile OnChangeModifier.swift
SwiftCompile normal arm64 Compiling\ ViewerOffsetModifier.swift /Users/admin/builder/spi-builder-workspace/Sources/MotionEffects/ViewerOffsetModifier.swift (in target 'MotionEffects' from project 'MotionEffects')
SwiftCompile normal arm64 /Users/admin/builder/spi-builder-workspace/Sources/MotionEffects/ViewerOffsetModifier.swift (in target 'MotionEffects' from project 'MotionEffects')
    cd /Users/admin/builder/spi-builder-workspace/.swiftpm/xcode
    builtin-SwiftPerFileCompile ViewerOffsetModifier.swift
PruneExplicitPrecompiledModules /Users/admin/builder/spi-builder-workspace/.derivedData/SDKExplicitPrecompiledModules
PruneExplicitPrecompiledModules /Users/admin/builder/spi-builder-workspace/.derivedData/Build/Intermediates.noindex/ExplicitPrecompiledModules
PruneExplicitPrecompiledModules /Users/admin/builder/spi-builder-workspace/.derivedData/Build/Intermediates.noindex/SwiftExplicitPrecompiledModules
2026-09-24 03:23:47.179 xcodebuild[802:4691] [MT] IDERunDestination: Supported platforms for the buildables in the current scheme is empty.
** BUILD FAILED **
The following build commands failed:
	SwiftCompile normal arm64_32 (in target 'MotionEffects' from project 'MotionEffects')
	SwiftEmitModule normal arm64_32 Emitting\ module\ for\ MotionEffects (in target 'MotionEffects' from project 'MotionEffects')
	SwiftEmitModule normal arm64 Emitting\ module\ for\ MotionEffects (in target 'MotionEffects' from project 'MotionEffects')
	SwiftCompile normal arm64 (in target 'MotionEffects' from project 'MotionEffects')
	Building workspace MotionEffects with scheme MotionEffects
(5 failures)
BUILD FAILURE 6.4 watchOS