The Swift Package Index logo.Swift Package Index

Build Information

Failed to build SwiftlyBotKit, reference 0.11.0 (9c2ccd), with Swift 6.2 for Android on 30 Sep 2026 12:20:21 UTC.

Build Command

bash -c docker run --pull=always --rm -v "checkouts-54344844-0":/host -w "$PWD" -e JAVA_HOME="/root/.sdkman/candidates/java/current" -e SPI_BUILD="1" -e SPI_PROCESSING="1" registry.gitlab.com/saguaro1/spi-images:android-6.2-latest swift build --swift-sdk aarch64-unknown-linux-android28 2>&1

Build Log

========================================
RunAll
========================================
Builder version: 5.1.1
Interrupt handler set up.
========================================
Checkout
========================================
Clone URL: https://github.com/Swiftly-Developed/SwiftlyBotKit.git
Reference: 0.11.0
Initialized empty Git repository in /host/spi-builder-workspace/.git/
hint: Using 'master' as the name for the initial branch. This default branch name
hint: is subject to change. To configure the initial branch name to use in all
hint: of your new repositories, which will suppress this warning, call:
hint:
hint: 	git config --global init.defaultBranch <name>
hint:
hint: Names commonly chosen instead of 'master' are 'main', 'trunk' and
hint: 'development'. The just-created branch can be renamed via this command:
hint:
hint: 	git branch -m <name>
From https://github.com/Swiftly-Developed/SwiftlyBotKit
 * tag               0.11.0     -> FETCH_HEAD
HEAD is now at 9c2ccdb feat(botkit): the dashboard's default title is Analytics
Cloned https://github.com/Swiftly-Developed/SwiftlyBotKit.git
Revision (git rev-parse @):
9c2ccdb120b3c015042462f4038738d6274de197
SPI manifest file found: $PWD/.spi.yml
SUCCESS checkout https://github.com/Swiftly-Developed/SwiftlyBotKit.git at 0.11.0
========================================
Build
========================================
Selected platform:         android
Swift version:             6.2
Building package at path:  $PWD
https://github.com/Swiftly-Developed/SwiftlyBotKit.git
Running build ...
bash -c docker run --pull=always --rm -v "checkouts-54344844-0":/host -w "$PWD" -e JAVA_HOME="/root/.sdkman/candidates/java/current" -e SPI_BUILD="1" -e SPI_PROCESSING="1" registry.gitlab.com/saguaro1/spi-images:android-6.2-latest swift build --swift-sdk aarch64-unknown-linux-android28 2>&1
android-6.2-latest: Pulling from saguaro1/spi-images
Digest: sha256:f47b2a33897778fb58ca39c1139e193fa7f391fa362fe0d23c00db9747030994
Status: Image is up to date for registry.gitlab.com/saguaro1/spi-images:android-6.2-latest
Fetching https://github.com/vapor/fluent-postgres-driver.git
Fetching https://github.com/swiftlang/swift-docc-plugin
Fetching https://github.com/vapor/fluent.git
Fetching https://github.com/elementary-swift/elementary.git
Fetching https://github.com/vapor/fluent-kit.git
Fetching https://github.com/vapor/sql-kit.git
[1/13518] Fetching fluent
[1218/16393] Fetching fluent, fluent-postgres-driver
[1661/18738] Fetching fluent, fluent-postgres-driver, swift-docc-plugin
[7694/25096] Fetching fluent, fluent-postgres-driver, swift-docc-plugin, sql-kit
[7960/27317] Fetching fluent, fluent-postgres-driver, swift-docc-plugin, sql-kit, elementary
Fetched https://github.com/vapor/fluent-postgres-driver.git from cache (0.52s)
Fetching https://github.com/vapor/vapor.git
[7784/24442] Fetching fluent, swift-docc-plugin, sql-kit, elementary
[22416/38410] Fetching fluent, swift-docc-plugin, sql-kit, elementary, fluent-kit
Fetched https://github.com/elementary-swift/elementary.git from cache (0.75s)
Fetched https://github.com/vapor/sql-kit.git from cache (0.75s)
Fetched https://github.com/swiftlang/swift-docc-plugin from cache (0.75s)
Fetched https://github.com/vapor/fluent-kit.git from cache (0.75s)
Fetched https://github.com/vapor/fluent.git from cache (0.76s)
[1/82927] Fetching vapor
Fetched https://github.com/vapor/vapor.git from cache (2.18s)
Computing version for https://github.com/vapor/fluent.git
Computed https://github.com/vapor/fluent.git at 4.13.0 (2.86s)
Computing version for https://github.com/vapor/fluent-postgres-driver.git
Computed https://github.com/vapor/fluent-postgres-driver.git at 2.14.0 (0.16s)
Fetching https://github.com/vapor/postgres-nio.git
Fetching https://github.com/swift-server/swift-service-lifecycle.git
Fetching https://github.com/apple/swift-log.git
Fetching https://github.com/vapor/async-kit.git
Fetching https://github.com/vapor/postgres-kit.git
[1/15569] Fetching postgres-nio
[469/18083] Fetching postgres-nio, async-kit
[1167/26248] Fetching postgres-nio, async-kit, swift-log
[7638/31829] Fetching postgres-nio, async-kit, swift-log, postgres-kit
[23682/34678] Fetching postgres-nio, async-kit, swift-log, postgres-kit, swift-service-lifecycle
Fetched https://github.com/swift-server/swift-service-lifecycle.git from cache (0.62s)
Fetched https://github.com/vapor/async-kit.git from cache (0.63s)
Fetched https://github.com/vapor/postgres-kit.git from cache (0.63s)
Fetched https://github.com/apple/swift-log.git from cache (0.63s)
Fetched https://github.com/vapor/postgres-nio.git from cache (0.63s)
Computing version for https://github.com/swift-server/swift-service-lifecycle.git
Computed https://github.com/swift-server/swift-service-lifecycle.git at 2.12.0 (0.80s)
Fetching https://github.com/apple/swift-async-algorithms.git
[1/6792] Fetching swift-async-algorithms
Fetched https://github.com/apple/swift-async-algorithms.git from cache (0.64s)
Computing version for https://github.com/vapor/postgres-nio.git
Computed https://github.com/vapor/postgres-nio.git at 1.33.1 (0.82s)
Fetching https://github.com/apple/swift-metrics.git
Fetching https://github.com/apple/swift-crypto.git
Fetching https://github.com/apple/swift-nio-ssl.git
Fetching https://github.com/apple/swift-collections.git
Fetching https://github.com/apple/swift-atomics.git
Fetching https://github.com/apple/swift-nio.git
[1/3523] Fetching swift-metrics
[1657/5408] Fetching swift-metrics, swift-atomics
[5409/23980] Fetching swift-metrics, swift-atomics, swift-crypto
[5410/52049] Fetching swift-metrics, swift-atomics, swift-crypto, swift-collections
[13162/68912] Fetching swift-metrics, swift-atomics, swift-crypto, swift-collections, swift-nio-ssl
[30385/155120] Fetching swift-metrics, swift-atomics, swift-crypto, swift-collections, swift-nio-ssl, swift-nio
Fetched https://github.com/apple/swift-atomics.git from cache (3.19s)
Fetched https://github.com/apple/swift-metrics.git from cache (3.19s)
Fetching https://github.com/apple/swift-nio-transport-services.git
Fetched https://github.com/apple/swift-nio-ssl.git from cache (3.21s)
Fetched https://github.com/apple/swift-collections.git from cache (3.21s)
Fetched https://github.com/apple/swift-crypto.git from cache (3.21s)
Fetched https://github.com/apple/swift-nio.git from cache (3.24s)
[1/2867] Fetching swift-nio-transport-services
Fetched https://github.com/apple/swift-nio-transport-services.git from cache (0.68s)
Computing version for https://github.com/vapor/async-kit.git
Computed https://github.com/vapor/async-kit.git at 1.22.0 (4.04s)
Fetching https://github.com/apple/swift-algorithms.git
[1/6159] Fetching swift-algorithms
Fetched https://github.com/apple/swift-algorithms.git from cache (0.94s)
Computing version for https://github.com/apple/swift-algorithms.git
Computed https://github.com/apple/swift-algorithms.git at 1.2.1 (1.84s)
Fetching https://github.com/apple/swift-numerics.git
[1/6651] Fetching swift-numerics
Fetched https://github.com/apple/swift-numerics.git from cache (0.74s)
Computing version for https://github.com/apple/swift-log.git
Computed https://github.com/apple/swift-log.git at 1.15.1 (0.91s)
Computing version for https://github.com/apple/swift-atomics.git
Computed https://github.com/apple/swift-atomics.git at 1.3.1 (0.15s)
Computing version for https://github.com/apple/swift-async-algorithms.git
Computed https://github.com/apple/swift-async-algorithms.git at 1.1.6 (0.21s)
Computing version for https://github.com/apple/swift-collections.git
Computed https://github.com/apple/swift-collections.git at 1.7.1 (0.25s)
Computing version for https://github.com/vapor/postgres-kit.git
Computed https://github.com/vapor/postgres-kit.git at 2.17.0 (0.16s)
Computing version for https://github.com/vapor/sql-kit.git
Computed https://github.com/vapor/sql-kit.git at 3.36.0 (0.16s)
Computing version for https://github.com/apple/swift-numerics.git
Computed https://github.com/apple/swift-numerics.git at 1.1.1 (0.15s)
Computing version for https://github.com/swiftlang/swift-docc-plugin
Computed https://github.com/swiftlang/swift-docc-plugin at 1.5.0 (0.19s)
Fetching https://github.com/swiftlang/swift-docc-symbolkit
[1/3832] Fetching swift-docc-symbolkit
Fetched https://github.com/swiftlang/swift-docc-symbolkit from cache (1.16s)
Computing version for https://github.com/swiftlang/swift-docc-symbolkit
Computed https://github.com/swiftlang/swift-docc-symbolkit at 1.0.0 (1.38s)
Computing version for https://github.com/vapor/fluent-kit.git
Computed https://github.com/vapor/fluent-kit.git at 1.57.0 (0.16s)
Fetching https://github.com/apple/swift-distributed-tracing.git
Fetching https://github.com/apple/swift-service-context.git
[1/6426] Fetching swift-distributed-tracing
[2957/7831] Fetching swift-distributed-tracing, swift-service-context
Fetched https://github.com/apple/swift-distributed-tracing.git from cache (0.71s)
Fetched https://github.com/apple/swift-service-context.git from cache (0.71s)
Computing version for https://github.com/apple/swift-distributed-tracing.git
Computed https://github.com/apple/swift-distributed-tracing.git at 1.5.0 (0.88s)
Computing version for https://github.com/apple/swift-service-context.git
Computed https://github.com/apple/swift-service-context.git at 1.3.0 (0.15s)
Computing version for https://github.com/elementary-swift/elementary.git
Computed https://github.com/elementary-swift/elementary.git at 0.8.2 (0.15s)
Computing version for https://github.com/apple/swift-nio.git
Computed https://github.com/apple/swift-nio.git at 2.103.0 (0.36s)
Fetching https://github.com/apple/swift-system.git
[1/6986] Fetching swift-system
Fetched https://github.com/apple/swift-system.git from cache (0.88s)
Computing version for https://github.com/apple/swift-nio-transport-services.git
Computed https://github.com/apple/swift-nio-transport-services.git at 1.28.0 (1.05s)
Computing version for https://github.com/apple/swift-metrics.git
Computed https://github.com/apple/swift-metrics.git at 2.11.0 (0.16s)
Computing version for https://github.com/vapor/vapor.git
Computed https://github.com/vapor/vapor.git at 4.122.2 (0.19s)
Fetching https://github.com/apple/swift-nio-http2.git
Fetching https://github.com/vapor/websocket-kit.git
Fetching https://github.com/swift-server/async-http-client.git
Fetching https://github.com/apple/swift-certificates.git
Fetching https://github.com/vapor/multipart-kit.git
Fetching https://github.com/apple/swift-asn1.git
[1/1986] Fetching swift-asn1
[41/4667] Fetching swift-asn1, websocket-kit
[62/12265] Fetching swift-asn1, websocket-kit, swift-certificates
[344/18543] Fetching swift-asn1, websocket-kit, swift-certificates, multipart-kit
Fetched https://github.com/vapor/websocket-kit.git from cache (0.56s)
[8786/15862] Fetching swift-asn1, swift-certificates, multipart-kit
Fetching https://github.com/vapor/routing-kit.git
[11218/32260] Fetching swift-asn1, swift-certificates, multipart-kit, async-http-client
[12202/44515] Fetching swift-asn1, swift-certificates, multipart-kit, async-http-client, swift-nio-http2
[33131/66070] Fetching swift-asn1, swift-certificates, multipart-kit, async-http-client, swift-nio-http2, routing-kit
Fetched https://github.com/apple/swift-asn1.git from cache (1.10s)
Fetching https://github.com/apple/swift-nio-extras.git
Fetched https://github.com/vapor/multipart-kit.git from cache (1.13s)
Fetching https://github.com/vapor/console-kit.git
[52418/57806] Fetching swift-certificates, async-http-client, swift-nio-http2, routing-kit
Fetched https://github.com/apple/swift-certificates.git from cache (1.25s)
Fetched https://github.com/swift-server/async-http-client.git from cache (1.26s)
Fetched https://github.com/apple/swift-nio-http2.git from cache (1.26s)
Fetched https://github.com/vapor/routing-kit.git from cache (0.77s)
[1/6693] Fetching swift-nio-extras
[68/13536] Fetching swift-nio-extras, console-kit
Fetched https://github.com/vapor/console-kit.git from cache (0.57s)
Fetched https://github.com/apple/swift-nio-extras.git from cache (0.60s)
Computing version for https://github.com/vapor/routing-kit.git
Computed https://github.com/vapor/routing-kit.git at 4.9.3 (1.85s)
Computing version for https://github.com/vapor/websocket-kit.git
Computed https://github.com/vapor/websocket-kit.git at 2.16.2 (0.15s)
Computing version for https://github.com/vapor/console-kit.git
Computed https://github.com/vapor/console-kit.git at 4.16.1 (0.15s)
Computing version for https://github.com/apple/swift-nio-ssl.git
Computed https://github.com/apple/swift-nio-ssl.git at 2.37.5 (0.19s)
Computing version for https://github.com/vapor/multipart-kit.git
Computed https://github.com/vapor/multipart-kit.git at 4.7.1 (0.15s)
Computing version for https://github.com/apple/swift-asn1.git
Computed https://github.com/apple/swift-asn1.git at 1.7.3 (0.90s)
Computing version for https://github.com/apple/swift-certificates.git
Computed https://github.com/apple/swift-certificates.git at 1.21.0 (0.22s)
Computing version for https://github.com/apple/swift-crypto.git
Computed https://github.com/apple/swift-crypto.git at 4.5.2 (0.49s)
Computing version for https://github.com/apple/swift-system.git
Computed https://github.com/apple/swift-system.git at 1.8.1 (0.20s)
Computing version for https://github.com/apple/swift-nio-extras.git
Computed https://github.com/apple/swift-nio-extras.git at 1.35.1 (0.28s)
Fetching https://github.com/apple/swift-http-structured-headers.git
Fetching https://github.com/apple/swift-http-types.git
[1/1253] Fetching swift-http-structured-headers
[14/3192] Fetching swift-http-structured-headers, swift-http-types
Fetched https://github.com/apple/swift-http-structured-headers.git from cache (0.55s)
Fetched https://github.com/apple/swift-http-types.git from cache (0.55s)
Computing version for https://github.com/apple/swift-http-structured-headers.git
Computed https://github.com/apple/swift-http-structured-headers.git at 1.7.0 (0.72s)
Computing version for https://github.com/apple/swift-http-types.git
Computed https://github.com/apple/swift-http-types.git at 1.8.0 (0.18s)
Computing version for https://github.com/apple/swift-nio-http2.git
Computed https://github.com/apple/swift-nio-http2.git at 1.46.0 (0.18s)
Computing version for https://github.com/swift-server/async-http-client.git
Computed https://github.com/swift-server/async-http-client.git at 1.36.2 (0.20s)
Fetching https://github.com/apple/swift-configuration.git
[1/3813] Fetching swift-configuration
Fetched https://github.com/apple/swift-configuration.git from cache (0.62s)
Computing version for https://github.com/apple/swift-configuration.git
Computed https://github.com/apple/swift-configuration.git at 1.2.1 (0.84s)
Creating working copy for https://github.com/apple/swift-http-structured-headers.git
Working copy of https://github.com/apple/swift-http-structured-headers.git resolved at 1.7.0
Creating working copy for https://github.com/apple/swift-async-algorithms.git
Working copy of https://github.com/apple/swift-async-algorithms.git resolved at 1.1.6
Creating working copy for https://github.com/swiftlang/swift-docc-plugin
Working copy of https://github.com/swiftlang/swift-docc-plugin resolved at 1.5.0
Creating working copy for https://github.com/apple/swift-nio-extras.git
Working copy of https://github.com/apple/swift-nio-extras.git resolved at 1.35.1
Creating working copy for https://github.com/vapor/fluent-kit.git
Working copy of https://github.com/vapor/fluent-kit.git resolved at 1.57.0
Creating working copy for https://github.com/vapor/postgres-kit.git
Working copy of https://github.com/vapor/postgres-kit.git resolved at 2.17.0
Creating working copy for https://github.com/vapor/multipart-kit.git
Working copy of https://github.com/vapor/multipart-kit.git resolved at 4.7.1
Creating working copy for https://github.com/apple/swift-algorithms.git
Working copy of https://github.com/apple/swift-algorithms.git resolved at 1.2.1
Creating working copy for https://github.com/vapor/postgres-nio.git
Working copy of https://github.com/vapor/postgres-nio.git resolved at 1.33.1
Creating working copy for https://github.com/vapor/console-kit.git
Working copy of https://github.com/vapor/console-kit.git resolved at 4.16.1
Creating working copy for https://github.com/apple/swift-service-context.git
Working copy of https://github.com/apple/swift-service-context.git resolved at 1.3.0
Creating working copy for https://github.com/swift-server/async-http-client.git
Working copy of https://github.com/swift-server/async-http-client.git resolved at 1.36.2
Creating working copy for https://github.com/vapor/async-kit.git
Working copy of https://github.com/vapor/async-kit.git resolved at 1.22.0
Creating working copy for https://github.com/swift-server/swift-service-lifecycle.git
Working copy of https://github.com/swift-server/swift-service-lifecycle.git resolved at 2.12.0
Creating working copy for https://github.com/apple/swift-atomics.git
Working copy of https://github.com/apple/swift-atomics.git resolved at 1.3.1
Creating working copy for https://github.com/apple/swift-http-types.git
Working copy of https://github.com/apple/swift-http-types.git resolved at 1.8.0
Creating working copy for https://github.com/apple/swift-nio-http2.git
Working copy of https://github.com/apple/swift-nio-http2.git resolved at 1.46.0
Creating working copy for https://github.com/vapor/routing-kit.git
Working copy of https://github.com/vapor/routing-kit.git resolved at 4.9.3
Creating working copy for https://github.com/apple/swift-distributed-tracing.git
Working copy of https://github.com/apple/swift-distributed-tracing.git resolved at 1.5.0
Creating working copy for https://github.com/apple/swift-collections.git
Working copy of https://github.com/apple/swift-collections.git resolved at 1.7.1
Creating working copy for https://github.com/apple/swift-log.git
Working copy of https://github.com/apple/swift-log.git resolved at 1.15.1
Creating working copy for https://github.com/swiftlang/swift-docc-symbolkit
Working copy of https://github.com/swiftlang/swift-docc-symbolkit resolved at 1.0.0
Creating working copy for https://github.com/apple/swift-numerics.git
Working copy of https://github.com/apple/swift-numerics.git resolved at 1.1.1
Creating working copy for https://github.com/apple/swift-asn1.git
Working copy of https://github.com/apple/swift-asn1.git resolved at 1.7.3
Creating working copy for https://github.com/apple/swift-nio-ssl.git
Working copy of https://github.com/apple/swift-nio-ssl.git resolved at 2.37.5
Creating working copy for https://github.com/apple/swift-metrics.git
Working copy of https://github.com/apple/swift-metrics.git resolved at 2.11.0
Creating working copy for https://github.com/apple/swift-system.git
Working copy of https://github.com/apple/swift-system.git resolved at 1.8.1
Creating working copy for https://github.com/vapor/websocket-kit.git
Working copy of https://github.com/vapor/websocket-kit.git resolved at 2.16.2
Creating working copy for https://github.com/vapor/fluent.git
Working copy of https://github.com/vapor/fluent.git resolved at 4.13.0
Creating working copy for https://github.com/vapor/fluent-postgres-driver.git
Working copy of https://github.com/vapor/fluent-postgres-driver.git resolved at 2.14.0
Creating working copy for https://github.com/apple/swift-nio.git
Working copy of https://github.com/apple/swift-nio.git resolved at 2.103.0
Creating working copy for https://github.com/apple/swift-crypto.git
Working copy of https://github.com/apple/swift-crypto.git resolved at 4.5.2
Creating working copy for https://github.com/apple/swift-certificates.git
Working copy of https://github.com/apple/swift-certificates.git resolved at 1.21.0
Creating working copy for https://github.com/elementary-swift/elementary.git
Working copy of https://github.com/elementary-swift/elementary.git resolved at 0.8.2
Creating working copy for https://github.com/apple/swift-configuration.git
Working copy of https://github.com/apple/swift-configuration.git resolved at 1.2.1
Creating working copy for https://github.com/apple/swift-nio-transport-services.git
Working copy of https://github.com/apple/swift-nio-transport-services.git resolved at 1.28.0
Creating working copy for https://github.com/vapor/sql-kit.git
Working copy of https://github.com/vapor/sql-kit.git resolved at 3.36.0
Creating working copy for https://github.com/vapor/vapor.git
Working copy of https://github.com/vapor/vapor.git resolved at 4.122.2
[1/1] Compiling plugin Swift-DocC Preview
[2/2] Compiling plugin Swift-DocC
Building for debugging...
[2/872] Write sources
[64/872] Compiling _NumericsShims _NumericsShims.c
[65/872] Compiling _AtomicsShims.c
[66/872] Compiling CXKCPShims shims.c
[67/872] Compiling SimpleFIPS202.c
[68/872] Compiling KeccakSponge.c
[68/872] Compiling KeccakHash.c
[70/872] Compiling CNIOWindows shim.c
[71/872] Compiling CVaporBcrypt bcrypt.c
[72/872] Compiling CVaporBcrypt blf.c
[73/872] Compiling CSystem shims.c
[74/872] Compiling CNIOPosix event_loop_id.c
[75/872] Compiling CNIOWindows WSAStartup.c
[75/872] Compiling CNIOWASI CNIOWASI.c
[77/872] Compiling CNIOOpenBSD shim.c
[78/872] Compiling CNIOLinux liburing_shims.c
[79/872] Compiling CNIOSHA1 c_nio_sha1.c
[80/872] Compiling CNIOFreeBSD shim.c
[80/872] Compiling CNIOLLHTTP c_nio_http.c
[82/872] Compiling CNIOLinux shim.c
[83/872] Compiling CNIOExtrasZlib zutil.c
[84/872] Compiling CNIOLLHTTP c_nio_api.c
[85/872] Compiling CNIOExtrasZlib inftrees.c
[86/872] Compiling CNIOExtrasZlib inffast.c
[87/872] Compiling CNIOExtrasZlib trees.c
[88/872] Compiling CNIODarwin shim.c
[89/872] Compiling CNIOExtrasZlib crc32.c
[90/872] Compiling CNIOExtrasZlib adler32.c
[90/872] Compiling CNIOExtrasZlib inflate.c
[92/872] Compiling CNIOLLHTTP c_nio_llhttp.c
[93/872] Compiling fiat_p256_adx_sqr.S
[94/872] Compiling CNIOExtrasZlib deflate.c
[95/872] Compiling fiat_p256_adx_mul.S
[96/872] Compiling fiat_curve25519_adx_square.S
[97/872] Compiling fiat_curve25519_adx_mul.S
[98/872] Write swift-version--11D90AFD9DD3AB2.txt
[99/872] Compiling KeccakP-1600-opt64.c
[100/876] Compiling CNIOBoringSSLShims shims.c
[102/878] Emitting module _NIOBase64
[102/878] Compiling tls_method.cc
[103/878] Compiling tls13_server.cc
[103/878] Compiling tls13_client.cc
[105/879] Compiling tls_record.cc
[106/937] Compiling tls13_both.cc
[108/937] Emitting module _CertificateInternals
[108/948] Compiling tls13_enc.cc
[110/959] Emitting module SystemPackage
[111/964] Emitting module Logging
[112/965] Compiling SwiftASN1 ArraySliceBigint.swift
[113/965] Compiling SwiftASN1 GeneralizedTime.swift
[114/967] Compiling Logging Locks.swift
[115/967] Compiling Logging MultiplexLogHandler.swift
[116/967] Compiling Logging StreamLogHandler.swift
[117/967] Compiling Logging LogEvent.swift
[118/967] Compiling Logging LogHandler.swift
[119/967] Compiling Logging SwiftLogNoOpLogHandler.swift
[120/967] Compiling _NIOBase64 Base64.swift
[121/968] Compiling SwiftASN1 ASN1OctetString.swift
[122/968] Compiling SwiftASN1 ASN1Strings.swift
[123/968] Compiling SwiftASN1 ASN1Integer.swift
[124/968] Compiling SwiftASN1 ASN1Null.swift
[125/968] Compiling ServiceContextModule ServiceContextKey.swift
[127/968] Compiling ServiceContextModule ServiceContext.swift
[128/968] Emitting module ServiceContextModule
[129/968] Compiling RealModule RealFunctions.swift
[130/968] Compiling Logging Logger.swift
[131/970] Compiling SwiftASN1 TimeUtilities.swift
[132/970] Compiling SwiftASN1 UTCTime.swift
[136/970] Compiling SystemPackage SystemString.swift
[137/970] Compiling SystemPackage Util+StringArray.swift
[138/970] Compiling SystemPackage Util.swift
[139/970] Compiling SystemPackage UtilConsumers.swift
[140/970] Compiling SystemPackage WinSDK+Overlay.swift
[141/978] Compiling Logging Logger+With.swift
[142/978] Compiling Logging Logger+Attributes.swift
[143/984] Compiling Logging LoggingSystem.swift
[144/986] Compiling RealModule RelaxedArithmetic.swift
[145/991] Compiling InternalCollectionsUtilities BorrowingIteratorProtocol+Equality.swift
[146/991] Compiling InternalCollectionsUtilities BorrowingIteratorProtocol+Extras.swift
[147/991] Emitting module RealModule
[148/991] Compiling RealModule Float16+Real.swift
[149/994] Compiling InternalCollectionsUtilities UInt+first and last set bit.swift
[150/994] Compiling InternalCollectionsUtilities UInt+reversed.swift
[151/998] Compiling RealModule Real.swift
[152/998] Compiling RealModule Float80+Real.swift
[153/999] Compiling _CertificateInternals _TinyArray.swift
[155/1000] Compiling _NIODataStructures PriorityQueue.swift
[156/1000] Compiling _NIODataStructures _TinyArray.swift
[158/1047] Compiling _NIODataStructures Heap.swift
[159/1047] Emitting module _NIODataStructures
[160/1048] Compiling Elementary HTMLRaw.swift
[161/1048] Compiling Elementary HTMLTags.swift
[162/1048] Compiling Elementary HTMLVoidElement.swift
[164/1056] Compiling Instrumentation NoOpInstrument.swift
[165/1056] Emitting module Instrumentation
[166/1056] Emitting module SwiftASN1
[167/1056] Compiling Instrumentation MultiplexInstrument.swift
[168/1056] Compiling InternalCollectionsUtilities UnsafeRawBufferPointer+Extras.swift
[169/1056] Compiling InternalCollectionsUtilities _SortedCollection.swift
[170/1056] Compiling InternalCollectionsUtilities _UniqueCollection.swift
[171/1059] Compiling CoreMetrics WithMetricsFactory.swift
[172/1059] Compiling ConcurrencyHelpers LockedValueBox.swift
[173/1059] Compiling Elementary HTMLElement.swift
[174/1059] Compiling Elementary HTMLElements.swift
[175/1059] Compiling Elementary Markup+Renderable.swift
[176/1059] Compiling Elementary MarkupAttribute.swift
[177/1059] Compiling Instrumentation Instrument.swift
[180/1059] Compiling Elementary AsyncContent.swift
[181/1059] Compiling Elementary AsyncForEach.swift
[182/1059] Compiling Elementary Content+Renderable.swift
[183/1059] Compiling Elementary ContentBuilder+Tuples.swift
[184/1059] Compiling Elementary ContentBuilder.swift
[185/1059] Compiling Elementary ForEach.swift
[186/1059] Compiling Elementary Group.swift
[187/1059] Compiling Elementary HTML+Environment.swift
[188/1059] Compiling Elementary HTMLAttributes+Event.swift
[189/1059] Compiling Elementary HTMLAttributes+Global.swift
[190/1059] Compiling Elementary HTMLComment.swift
[191/1059] Compiling Elementary HTMLDocument.swift
[192/1059] Compiling Elementary HTML+Renderable.swift
[193/1059] Compiling Elementary HTML+StructuralContent.swift
[194/1059] Compiling Elementary HTML.swift
[195/1059] Compiling Elementary HTMLAttributes+Common.swift
[196/1059] Compiling Elementary RenderingUtils.swift
[197/1059] Compiling Elementary SVG+Renderable.swift
[198/1059] Compiling Elementary SVG.swift
[199/1059] Compiling Elementary SVGAttributes.swift
[200/1059] Compiling Elementary SVGContent+Structural.swift
[201/1064] Emitting module ConcurrencyHelpers
[202/1064] Emitting module InternalCollectionsUtilities
[221/1064] Compiling Elementary StoredAttribute.swift
[222/1064] Compiling Elementary AsyncHTMLRenderer.swift
[223/1064] Compiling Elementary HtmlTextRenderer.swift
[224/1064] Compiling Elementary MarkupContent+Render.swift
[225/1064] Compiling Elementary Renderable.swift
[226/1064] Emitting module Elementary
[227/1064] Compiling Elementary MarkupContent+Structural.swift
[228/1064] Compiling Elementary MarkupContent.swift
[229/1064] Compiling Elementary MarkupTagDefinition.swift
[230/1064] Compiling Elementary StoredAttribute+StyleKeyValuePairs.swift
[232/1065] Compiling CoreMetrics MappingMetricsFactory.swift
[233/1065] Compiling CoreMetrics Metrics.swift
[250/1065] Emitting module CoreMetrics
[251/1065] Compiling CoreMetrics Locks.swift
[252/1066] Compiling Logging MetadataProvider.swift
[268/1067] Compiling Instrumentation InstrumentationSystem.swift
[269/1067] Compiling Instrumentation Locks.swift
[270/1067] Compiling ConcurrencyHelpers Lock.swift
[279/1105] Compiling _RopeModule BigString+Chunk+Character.swift
[280/1105] Compiling _RopeModule BigString+Chunk+Counts.swift
[281/1105] Compiling _RopeModule BigString+Chunk+Description.swift
[282/1105] Compiling _RopeModule BigString+Chunk+Index.swift
[283/1105] Compiling _RopeModule BigString+Chunk+RopeElement.swift
[284/1108] Compiling _RopeModule BigString+ExpressibleByStringLiteral.swift
[285/1108] Compiling _RopeModule BigString+Hashing.swift
[286/1108] Compiling _RopeModule BigString+LosslessStringConvertible.swift
[287/1108] Compiling _RopeModule BigString+RangeReplaceableCollection.swift
[288/1108] Compiling _RopeModule BigString+Chunk+Breaks.swift
[289/1108] Compiling _RopeModule BigString+BidirectionalCollection.swift
[290/1108] Compiling _RopeModule BigString+Comparable.swift
[291/1108] Compiling _RopeModule BigString+CustomDebugStringConvertible.swift
[292/1108] Compiling _RopeModule BigString+CustomStringConvertible.swift
[293/1108] Compiling _RopeModule BigString+Equatable.swift
[294/1108] Compiling _RopeModule BigString+Chunk+Splitting.swift
[295/1108] Compiling _RopeModule BigString+Chunk+UTF16.swift
[296/1108] Compiling _RopeModule BigString+Chunk+UTF8.swift
[297/1108] Compiling _RopeModule BigString+Chunk+UnicodeScalar.swift
[298/1108] Compiling _RopeModule BigString+Sequence.swift
[301/1123] Compiling SpanPreview MutableSpan+InputSpanHelpers.swift
[302/1128] Compiling SpanPreview InputSpan.swift
[303/1129] Compiling SpanPreview OutputSpan+InputSpanHelpers.swift
[304/1140] Emitting module SpanPreview
[307/1222] Emitting module Metrics
[308/1222] Compiling Metrics Metrics.swift
[309/1223] Compiling Tracing TracingTime.swift
[310/1223] Compiling Tracing TracerProtocol.swift
[312/1224] Compiling Tracing TracerProtocol+Legacy.swift
[313/1224] Compiling Tracing Tracer.swift
[314/1224] Emitting module Tracing
[315/1224] Compiling Tracing WithTracer.swift
[315/1224] Compiling t1_enc.cc
[317/1232] Compiling OrderedCollections OrderedSet+Partial SetAlgebra isSuperset.swift
[318/1232] Compiling OrderedCollections OrderedSet+Partial SetAlgebra subtract.swift
[319/1232] Compiling OrderedCollections OrderedSet+Partial SetAlgebra subtracting.swift
[320/1232] Compiling OrderedCollections OrderedSet+Partial SetAlgebra symmetricDifference.swift
[321/1232] Compiling OrderedCollections OrderedSet+Partial SetAlgebra union.swift
[322/1232] Compiling OrderedCollections OrderedSet+Partial SetAlgebra+Basics.swift
[323/1232] Compiling OrderedCollections OrderedSet+RandomAccessCollection.swift
[324/1232] Compiling OrderedCollections OrderedSet+ReserveCapacity.swift
[325/1256] Compiling HeapModule Heap+Testing.swift
[326/1256] Compiling UnixSignals UnixSignal.swift
[327/1256] Compiling UnixSignals UnixSignalsSequence.swift
[328/1256] Emitting module UnixSignals
[329/1268] Compiling HeapModule Heap+Invariants.swift
[330/1268] Compiling HeapModule Heap+ExpressibleByArrayLiteral.swift
[332/1316] Compiling HashTreeCollections TreeDictionary+Collection.swift
[333/1316] Compiling HashTreeCollections TreeDictionary+CustomReflectable.swift
[334/1316] Compiling HashTreeCollections TreeDictionary+Debugging.swift
[335/1316] Compiling HashTreeCollections TreeDictionary+Descriptions.swift
[336/1316] Compiling HashTreeCollections TreeDictionary+Equatable.swift
[337/1316] Compiling HashTreeCollections TreeDictionary+ExpressibleByDictionaryLiteral.swift
[338/1316] Compiling HashTreeCollections TreeDictionary+Filter.swift
[339/1316] Compiling HashTreeCollections TreeDictionary+Hashable.swift
[340/1316] Compiling HeapModule Heap+Descriptions.swift
[341/1358] Compiling HeapModule _HeapNode.swift
[342/1358] Compiling HeapModule Heap.swift
[343/1358] Compiling DequeModule RigidDeque+Descriptions.swift
[344/1358] Compiling DequeModule RigidDeque+Equatable.swift
[345/1358] Compiling DequeModule RigidDeque+Hashable.swift
[346/1358] Compiling DequeModule RigidDeque+Initializers.swift
[347/1358] Compiling DequeModule RigidDeque+Insertions.swift
[348/1358] Compiling DequeModule RigidDeque+Iterable.swift
[349/1358] Compiling DequeModule UniqueDeque+Consumption.swift
[350/1358] Compiling DequeModule UniqueDeque+ContainerOperations.swift
[351/1358] Compiling DequeModule Deque+Codable.swift
[352/1358] Compiling DequeModule Deque+Collection.swift
[353/1358] Compiling DequeModule Deque+CustomReflectable.swift
[354/1358] Compiling DequeModule Deque+Descriptions.swift
[355/1358] Compiling DequeModule Deque+Equatable.swift
[356/1358] Compiling DequeModule Deque+ExpressibleByArrayLiteral.swift
[357/1358] Compiling DequeModule _DequeBuffer.swift
[358/1358] Compiling DequeModule _DequeBufferHeader.swift
[359/1358] Compiling DequeModule Deque._UnsafeHandle.swift
[360/1358] Compiling DequeModule Deque.swift
[361/1358] Compiling DequeModule RigidDeque+Prepend.swift
[362/1358] Compiling DequeModule RigidDeque+Removals.swift
[363/1358] Compiling DequeModule RigidDeque+Replacements.swift
[364/1358] Compiling DequeModule RigidDeque+Testing.swift
[365/1358] Compiling DequeModule RigidDeque.swift
[366/1358] Compiling DequeModule UniqueDeque+Append.swift
[367/1358] Compiling HeapModule Heap+UnsafeHandle.swift
[368/1358] Emitting module HeapModule
[370/1359] Compiling Tracing SpanProtocol.swift
[371/1359] Compiling Tracing NoOpTracer.swift
[372/1359] Compiling Tracing InstrumentationSystem+Tracing.swift
[373/1359] Compiling HashTreeCollections TreeSet+Hashable.swift
[374/1359] Compiling HashTreeCollections TreeSet+Sendable.swift
[375/1359] Compiling HashTreeCollections TreeSet+Sequence.swift
[376/1359] Compiling HashTreeCollections TreeSet+SetAlgebra Initializers.swift
[377/1359] Compiling HashTreeCollections TreeSet+SetAlgebra basics.swift
[378/1359] Compiling HashTreeCollections TreeSet+SetAlgebra formIntersection.swift
[379/1359] Compiling HashTreeCollections TreeSet+SetAlgebra formSymmetricDifference.swift
[380/1359] Compiling HashTreeCollections TreeSet+SetAlgebra formUnion.swift
[381/1359] Compiling HashTreeCollections TreeSet+SetAlgebra intersection.swift
[382/1359] Compiling HashTreeCollections TreeSet+SetAlgebra isDisjoint.swift
[383/1370] Compiling DequeModule RigidDeque+ContainerOperations.swift
[384/1370] Compiling DequeModule RigidDeque+Deprecations.swift
[385/1370] Compiling DequeModule Deque+Extras.swift
[386/1370] Compiling DequeModule Deque+Hashable.swift
[387/1370] Compiling DequeModule Deque+Testing.swift
[388/1370] Compiling DequeModule Deque._Storage.swift
[396/1379] Compiling DequeModule UniqueDeque+Deprecations.swift
[397/1379] Compiling DequeModule UniqueDeque+Descriptions.swift
[398/1379] Compiling DequeModule UniqueDeque+Equatable.swift
[399/1379] Compiling DequeModule UniqueDeque+Hashable.swift
[400/1379] Compiling DequeModule UniqueDeque+Initializers.swift
[401/1379] Compiling DequeModule UniqueDeque+Insertions.swift
[402/1379] Compiling DequeModule UniqueDeque+Iterable.swift
[403/1379] Compiling DequeModule UniqueDeque+Prepend.swift
[404/1379] Compiling DequeModule UniqueDeque+Removals.swift
[405/1384] Compiling _RopeModule String Utilities.swift
[406/1384] Compiling _RopeModule String.Index+ABI.swift
[407/1384] Compiling _RopeModule _CharacterRecognizer.swift
[408/1384] Compiling HashTreeCollections TreeSet+SetAlgebra isSubset.swift
[409/1384] Compiling HashTreeCollections TreeSet+SetAlgebra isSuperset.swift
[410/1384] Compiling HashTreeCollections TreeSet+SetAlgebra subtract.swift
[411/1384] Compiling HashTreeCollections TreeSet+SetAlgebra subtracting.swift
[412/1384] Compiling HashTreeCollections TreeSet+SetAlgebra symmetricDifference.swift
[413/1384] Compiling HashTreeCollections TreeSet+SetAlgebra union.swift
[414/1384] Compiling HashTreeCollections TreeSet.swift
[417/1384] Compiling DequeModule RigidDeque+Append.swift
[418/1384] Compiling DequeModule RigidDeque+Consumption.swift
[433/1384] Compiling HashTreeCollections TreeDictionary.swift
[434/1384] Compiling HashTreeCollections TreeSet+Codable.swift
[435/1384] Compiling HashTreeCollections TreeSet+Collection.swift
[436/1384] Compiling HashTreeCollections TreeSet+CustomReflectable.swift
[437/1384] Compiling HashTreeCollections TreeSet+Debugging.swift
[438/1384] Compiling HashTreeCollections TreeSet+Descriptions.swift
[439/1384] Compiling HashTreeCollections TreeSet+Equatable.swift
[440/1384] Compiling HashTreeCollections TreeSet+ExpressibleByArrayLiteral.swift
[441/1384] Compiling HashTreeCollections TreeSet+Extras.swift
[442/1384] Compiling HashTreeCollections TreeSet+Filter.swift
[443/1384] Compiling DequeModule _UnsafeDequeHandle.swift
[444/1384] Compiling DequeModule _UnsafeDequeSegments.swift
[447/1384] Compiling HashTreeCollections TreeDictionary+Initializers.swift
[448/1384] Compiling HashTreeCollections TreeDictionary+Keys.swift
[449/1384] Compiling HashTreeCollections TreeDictionary+MapValues.swift
[450/1384] Compiling HashTreeCollections TreeDictionary+Merge.swift
[451/1384] Compiling HashTreeCollections TreeDictionary+Sendable.swift
[452/1384] Compiling HashTreeCollections TreeDictionary+Sequence.swift
[453/1384] Compiling HashTreeCollections TreeDictionary+Values.swift
[509/1384] Compiling DequeModule UniqueDeque+Replacements.swift
[510/1384] Compiling DequeModule UniqueDeque.swift
[511/1384] Compiling DequeModule _DequeSlot.swift
[534/1385] Compiling _RopeModule Rope+Join.swift
[535/1385] Compiling _RopeModule Rope+MutatingForEach.swift
[536/1385] Compiling _RopeModule Rope+Remove.swift
[537/1385] Compiling _RopeModule Rope+RemoveSubrange.swift
[538/1385] Compiling _RopeModule Rope+Split.swift
[539/1385] Compiling _RopeModule Optional Utilities.swift
[554/1385] Emitting module _RopeModule
[554/1385] Compiling ssl_x509.cc
[555/1385] Compiling ssl_versions.cc
[557/1385] Emitting module OrderedCollections
[558/1386] Compiling ssl_transcript.cc
[571/1386] Compiling RoutingKit AnyRouter.swift
[572/1386] Emitting module RoutingKit
[594/1387] Compiling RoutingKit PathComponent.swift
[595/1387] Compiling RoutingKit TrieRouter.swift
[596/1387] Compiling RoutingKit Router.swift
[618/1387] Compiling ssl_stat.cc
[619/1387] Compiling ssl_session.cc
[621/1387] Compiling RoutingKit Parameters.swift
[623/1388] Emitting module HashTreeCollections
[629/1389] Compiling ssl_privkey.cc
[631/1389] Emitting module DequeModule
[632/1390] Compiling ssl_file.cc
[633/1390] Compiling ssl_key_share.cc
[634/1396] Compiling ssl_lib.cc
[635/1433] Compiling ssl_credential.cc
[636/1433] Compiling ssl_cipher.cc
[638/1433] Compiling Configuration JSONSnapshot.swift
[639/1433] Compiling Configuration PropertyListSnapshot.swift
[640/1433] Compiling Configuration ReloadingFileProvider.swift
[641/1433] Compiling Configuration ReloadingFileProviderMetrics.swift
[642/1433] Compiling Configuration YAMLSnapshot.swift
[643/1433] Compiling Configuration InMemoryProvider.swift
[644/1438] Emitting module Configuration
[644/1438] Compiling ssl_cert.cc
[646/1438] Compiling Configuration Deprecations.swift
[647/1438] Compiling Configuration ExpressibleByConfigInt.swift
[648/1438] Compiling Configuration ExpressibleByConfigString.swift
[649/1438] Compiling Configuration CLIKeyEncoder.swift
[650/1438] Compiling Configuration ConfigKeyEncoder.swift
[651/1438] Compiling Configuration DotSeparatorKeyDecoder.swift
[651/1438] Compiling ssl_buffer.cc
[652/1438] Compiling ssl_asn1.cc
[653/1438] Compiling s3_lib.cc
[654/1438] Compiling ssl_aead_ctx.cc
[656/1438] Compiling Configuration CombineLatestManyStorage.swift
[657/1438] Compiling Configuration AsyncSequences.swift
[658/1438] Compiling Configuration FoundationExtensions.swift
[659/1438] Compiling Configuration Span.swift
[660/1438] Compiling Configuration ConfigBytesFromStringDecoder.swift
[661/1438] Compiling Configuration MutableInMemoryProvider.swift
[662/1438] Compiling Configuration ConfigProvider+Operators.swift
[663/1438] Compiling Configuration KeyMappingProvider.swift
[664/1438] Compiling Configuration SecretsSpecifier.swift
[665/1438] Compiling Configuration AsyncCombineLatestManySequence.swift
[666/1438] Compiling Configuration CombineLatestManyStateMachine.swift
[667/1438] Compiling Configuration SeparatorKeyEncoder.swift
[668/1438] Compiling Configuration MultiProvider.swift
[669/1438] Compiling Configuration CLIArgumentParser.swift
[670/1438] Compiling Configuration CLISnapshot.swift
[671/1438] Compiling Configuration CommandLineArgumentsProvider.swift
[672/1438] Compiling Configuration EnvironmentFileParser.swift
[673/1438] Compiling Configuration EnvironmentKeyEncoder.swift
[674/1438] Compiling Configuration EnvironmentVariablesProvider.swift
[675/1438] Compiling Configuration CommonProviderFileSystem.swift
[676/1438] Compiling Configuration DirectoryFilesProvider.swift
[677/1438] Compiling Configuration FileProvider.swift
[678/1438] Compiling Configuration FileProviderSnapshot.swift
[678/1438] Compiling s3_pkt.cc
[679/1438] Compiling s3_both.cc
[680/1438] Compiling handshake_client.cc
[681/1438] Compiling handshake_server.cc
[682/1438] Compiling handshake.cc
[683/1438] Compiling dtls_record.cc
[684/1438] Compiling encrypted_client_hello.cc
[685/1438] Compiling handoff.cc
[686/1438] Compiling extensions.cc
[687/1438] Compiling md5-x86_64-linux.S
[688/1438] Compiling md5-x86_64-apple.S
[689/1438] Compiling md5-586-linux.S
[690/1438] Compiling md5-586-apple.S
[691/1438] Compiling dtls_method.cc
[692/1438] Compiling chacha20_poly1305_x86_64-linux.S
[693/1438] Compiling chacha20_poly1305_x86_64-apple.S
[694/1438] Compiling d1_pkt.cc
[694/1438] Compiling chacha20_poly1305_armv8-win.S
[696/1438] Compiling d1_srtp.cc
[697/1438] Compiling chacha-x86_64-linux.S
[698/1438] Compiling chacha20_poly1305_armv8-apple.S
[699/1438] Compiling chacha20_poly1305_armv8-linux.S
[700/1438] Compiling chacha-x86_64-apple.S
[701/1438] Compiling chacha-x86-linux.S
[702/1438] Compiling chacha-x86-apple.S
[703/1438] Compiling chacha-armv8-win.S
[704/1438] Compiling chacha-armv4-linux.S
[705/1438] Compiling chacha-armv8-linux.S
[706/1438] Compiling chacha-armv8-apple.S
[707/1438] Compiling aes128gcmsiv-x86_64-linux.S
[708/1438] Compiling x86_64-mont5-linux.S
[709/1438] Compiling aes128gcmsiv-x86_64-apple.S
[710/1438] Compiling x86_64-mont5-apple.S
[711/1438] Compiling bio_ssl.cc
[712/1438] Compiling x86-mont-linux.S
[713/1438] Compiling x86_64-mont-linux.S
[714/1438] Compiling x86_64-mont-apple.S
[715/1438] Compiling x86-mont-apple.S
[716/1438] Compiling vpaes-x86_64-linux.S
[717/1438] Compiling vpaes-x86-linux.S
[718/1438] Compiling vpaes-x86_64-apple.S
[719/1438] Compiling vpaes-x86-apple.S
[720/1438] Compiling vpaes-armv8-apple.S
[721/1438] Compiling vpaes-armv8-linux.S
[722/1438] Compiling vpaes-armv8-win.S
[723/1438] Compiling vpaes-armv7-linux.S
[724/1438] Compiling sha512-x86_64-apple.S
[725/1438] Compiling sha512-armv8-win.S
[726/1438] Compiling sha512-x86_64-linux.S
[727/1438] Compiling err_data.cc
[728/1438] Compiling sha512-armv8-linux.S
[729/1438] Compiling sha512-armv8-apple.S
[730/1438] Compiling sha512-586-apple.S
[731/1438] Compiling sha512-586-linux.S
[732/1438] Compiling sha512-armv4-linux.S
[733/1438] Compiling sha256-x86_64-apple.S
[734/1438] Compiling sha256-x86_64-linux.S
[735/1438] Compiling sha256-armv8-win.S
[736/1438] Compiling sha256-armv8-linux.S
[737/1438] Compiling sha256-armv8-apple.S
[738/1438] Compiling sha256-armv4-linux.S
[739/1438] Compiling sha256-586-linux.S
[740/1438] Compiling sha256-586-apple.S
[741/1438] Compiling sha1-x86_64-linux.S
[742/1438] Compiling sha1-x86_64-apple.S
[743/1438] Compiling sha1-armv8-win.S
[744/1438] Compiling sha1-armv8-apple.S
[745/1438] Compiling sha1-armv8-linux.S
[746/1438] Compiling sha1-586-linux.S
[747/1438] Compiling sha1-armv4-large-linux.S
[748/1438] Compiling rsaz-avx2-apple.S
[749/1438] Compiling sha1-586-apple.S
[750/1438] Compiling rdrand-x86_64-linux.S
[751/1438] Compiling rsaz-avx2-linux.S
[752/1438] Compiling rdrand-x86_64-apple.S
[753/1438] Compiling p256_beeu-armv8-asm-apple.S
[754/1438] Compiling p256_beeu-armv8-asm-linux.S
[755/1438] Compiling p256_beeu-x86_64-asm-apple.S
[756/1438] Compiling p256_beeu-x86_64-asm-linux.S
[757/1438] Compiling p256_beeu-armv8-asm-win.S
[758/1438] Compiling p256-x86_64-asm-linux.S
[759/1438] Compiling p256-x86_64-asm-apple.S
[760/1438] Compiling ghashv8-armv8-win.S
[761/1438] Compiling p256-armv8-asm-win.S
[762/1438] Compiling p256-armv8-asm-apple.S
[763/1438] Compiling p256-armv8-asm-linux.S
[764/1438] Compiling ghashv8-armv7-linux.S
[765/1438] Compiling ghashv8-armv8-linux.S
[766/1438] Compiling ghash-x86_64-linux.S
[767/1438] Compiling ghashv8-armv8-apple.S
[768/1438] Compiling ghash-x86_64-apple.S
[769/1438] Compiling ghash-x86-apple.S
[770/1438] Compiling ghash-x86-linux.S
[771/1438] Compiling ghash-ssse3-x86_64-apple.S
[772/1438] Compiling ghash-ssse3-x86_64-linux.S
[773/1438] Compiling ghash-neon-armv8-linux.S
[774/1438] Compiling ghash-ssse3-x86-linux.S
[774/1438] Compiling ghash-neon-armv8-win.S
[776/1438] Compiling ghash-neon-armv8-apple.S
[777/1438] Compiling ghash-ssse3-x86-apple.S
[778/1438] Compiling d1_lib.cc
[779/1438] Compiling ghash-armv4-linux.S
[780/1438] Compiling co-586-linux.S
[781/1438] Compiling co-586-apple.S
[782/1438] Compiling bsaes-armv7-linux.S
[783/1438] Compiling bn-armv8-linux.S
[784/1438] Compiling bn-armv8-win.S
[785/1438] Compiling bn-armv8-apple.S
[786/1438] Compiling armv8-mont-win.S
[787/1438] Compiling bn-586-apple.S
[788/1438] Compiling bn-586-linux.S
[790/1438] Compiling Configuration AccessReporter.swift
[791/1438] Compiling Configuration AccessLogger.swift
[792/1438] Compiling Configuration FileAccessLogger.swift
[793/1438] Compiling Configuration ConfigContext.swift
[794/1438] Compiling Configuration ConfigKey.swift
[795/1438] Compiling Configuration ConfigProvider.swift
[796/1438] Compiling Configuration ConfigProviderHelpers.swift
[797/1438] Compiling Configuration ConfigReader+internalHelpers.swift
[798/1438] Compiling Configuration ConfigReader+methods.swift
[799/1438] Compiling Configuration ConfigReader.swift
[800/1438] Compiling Configuration ConfigSnapshotReader+methods.swift
[801/1438] Compiling Configuration ConfigSnapshotReader.swift
[801/1438] Compiling aesv8-gcm-armv8-win.S
[802/1438] Compiling armv4-mont-linux.S
[803/1439] Compiling aesv8-gcm-armv8-apple.S
[804/1439] Compiling armv8-mont-linux.S
[805/1439] Compiling armv8-mont-apple.S
[806/1439] Compiling aesv8-armv8-win.S
[807/1439] Compiling aesv8-gcm-armv8-linux.S
[808/1439] Compiling aesv8-armv8-linux.S
[809/1439] Compiling aesv8-armv7-linux.S
[811/1439] Compiling aesni-x86_64-linux.S
[812/1439] Compiling aesv8-armv8-apple.S
[813/1439] Compiling aesni-x86_64-apple.S
[814/1439] Compiling aesni-gcm-x86_64-linux.S
[815/1439] Compiling aesni-gcm-x86_64-apple.S
[816/1439] Compiling aesni-x86-linux.S
[817/1439] Compiling aesni-x86-apple.S
[818/1439] Compiling aes-gcm-avx2-x86_64-apple.S
[819/1439] Compiling aes-gcm-avx2-x86_64-linux.S
[820/1439] Compiling aes-gcm-avx10-x86_64-linux.S
[821/1439] Compiling aes-gcm-avx10-x86_64-apple.S
[822/1439] Compiling d1_both.cc
[823/1439] Compiling x_spki.cc
[824/1439] Compiling x_val.cc
[825/1439] Compiling x_pubkey.cc
[826/1439] Compiling x_name.cc
[827/1439] Compiling x_x509a.cc
[828/1439] Compiling x_x509.cc
[829/1439] Compiling x_sig.cc
[830/1439] Compiling x_req.cc
[831/1439] Compiling x_all.cc
[832/1439] Compiling x509name.cc
[833/1439] Compiling x509spki.cc
[834/1439] Compiling x_crl.cc
[835/1439] Compiling x_attrib.cc
[836/1439] Compiling x_exten.cc
[837/1439] Compiling x_algor.cc
[838/1439] Compiling x509rset.cc
[839/1439] Compiling x509_txt.cc
[840/1439] Compiling x509cset.cc
[841/1439] Compiling x509_v3.cc
[842/1439] Compiling x509_vfy.cc
[843/1439] Compiling x509_vpm.cc
[844/1439] Compiling x509_set.cc
[845/1439] Compiling x509_trs.cc
[846/1439] Compiling x509_req.cc
[847/1439] Compiling x509_obj.cc
[848/1439] Compiling x509_lu.cc
[849/1439] Compiling x509_def.cc
[850/1439] Compiling x509_ext.cc
[851/1439] Compiling x509_cmp.cc
[852/1439] Compiling x509_d2.cc
[853/1439] Compiling x509.cc
[854/1439] Compiling x509_att.cc
[855/1439] Compiling v3_skey.cc
[856/1439] Compiling v3_ocsp.cc
[857/1439] Compiling v3_purp.cc
[858/1439] Compiling v3_utl.cc
[859/1439] Compiling v3_int.cc
[860/1439] Compiling v3_prn.cc
[861/1439] Compiling v3_pmaps.cc
[862/1439] Compiling v3_pcons.cc
[863/1439] Compiling v3_lib.cc
[864/1439] Compiling v3_info.cc
[865/1439] Compiling v3_ncons.cc
[866/1439] Compiling v3_genn.cc
[867/1439] Compiling v3_ia5.cc
[868/1439] Compiling v3_conf.cc
[869/1439] Compiling v3_enum.cc
[870/1439] Compiling v3_extku.cc
[871/1439] Compiling v3_bitst.cc
[872/1439] Compiling v3_cpols.cc
[873/1439] Compiling v3_crld.cc
[874/1439] Compiling v3_bcons.cc
[875/1439] Compiling v3_alt.cc
[876/1439] Compiling t_x509.cc
[877/1439] Compiling v3_akeya.cc
[878/1439] Compiling t_x509a.cc
[879/1439] Compiling v3_akey.cc
[880/1439] Compiling t_crl.cc
[881/1439] Compiling rsa_pss.cc
[882/1439] Compiling t_req.cc
[883/1439] Compiling policy.cc
[884/1439] Compiling i2d_pr.cc
[885/1439] Compiling by_file.cc
[886/1439] Compiling name_print.cc
[887/1439] Compiling a_sign.cc
[888/1439] Compiling by_dir.cc
[889/1439] Compiling asn1_gen.cc
[890/1439] Compiling voprf.cc
[891/1439] Compiling algorithm.cc
[892/1439] Compiling thread.cc
[893/1439] Compiling a_verify.cc
[894/1439] Compiling thread_win.cc
[895/1439] Compiling pmbtoken.cc
[896/1439] Compiling thread_pthread.cc
[897/1439] Compiling thread_none.cc
[898/1439] Compiling trust_token.cc
[899/1439] Compiling a_digest.cc
[900/1439] Compiling sha256.cc
[901/1439] Compiling stack.cc
[902/1439] Compiling sha512.cc
[903/1439] Compiling siphash.cc
[904/1439] Compiling slhdsa.cc
[905/1439] Compiling spake2plus.cc
[906/1439] Compiling rsa_print.cc
[907/1439] Compiling sha1.cc
[908/1439] Compiling rsa_extra.cc
[909/1439] Compiling refcount.cc
[910/1439] Compiling rsa_crypt.cc
[911/1439] Compiling trusty.cc
[912/1439] Compiling urandom.cc
[913/1439] Compiling rsa_asn1.cc
[914/1439] Compiling rc4.cc
[915/1439] Compiling windows.cc
[916/1439] Compiling ios.cc
[917/1439] Compiling rand.cc
[918/1439] Compiling passive.cc
[919/1439] Compiling poly1305_arm_asm.S
[920/1439] Compiling getentropy.cc
[921/1439] Compiling forkunsafe.cc
[922/1439] Compiling deterministic.cc
[923/1439] Compiling fork_detect.cc
[924/1439] Compiling poly1305_arm.cc
[925/1439] Compiling poly1305_vec.cc
[926/1439] Compiling poly1305.cc
[927/1439] Compiling pool.cc
[928/1439] Compiling pkcs7.cc
[929/1439] Compiling pkcs7_x509.cc
[930/1439] Compiling pkcs8.cc
[931/1439] Compiling pkcs8_x509.cc
[932/1439] Compiling p5_pbev2.cc
[933/1439] Compiling pem_pk8.cc
[934/1439] Compiling pem_pkey.cc
[935/1439] Compiling pem_xaux.cc
[936/1439] Compiling mlkem.cc
[937/1439] Compiling pem_x509.cc
[938/1439] Compiling pem_oth.cc
[939/1439] Compiling pem_info.cc
[940/1439] Compiling pem_lib.cc
[941/1439] Compiling mldsa.cc
[942/1439] Compiling obj.cc
[943/1439] Compiling mem.cc
[944/1439] Compiling poly_rq_mul.S
[945/1439] Compiling md4.cc
[946/1439] Compiling fips_shared_support.cc
[947/1439] Compiling obj_xref.cc
[948/1439] Compiling lhash.cc
[949/1439] Compiling md5.cc
[950/1439] Compiling pem_all.cc
[951/1439] Compiling ex_data.cc
[952/1439] Compiling kyber.cc
[953/1439] Compiling scrypt.cc
[954/1439] Compiling sign.cc
[955/1439] Compiling hrss.cc
[956/1439] Compiling print.cc
[957/1439] Compiling hpke.cc
[958/1439] Compiling pbkdf.cc
[959/1439] Compiling p_x25519.cc
[960/1439] Compiling p_ed25519_asn1.cc
[961/1439] Compiling p_ed25519.cc
[962/1439] Compiling p_rsa_asn1.cc
[963/1439] Compiling p_rsa.cc
[964/1439] Compiling p_hkdf.cc
[965/1439] Compiling p_x25519_asn1.cc
[966/1439] Compiling p_ec.cc
[967/1439] Compiling p_dh_asn1.cc
[968/1439] Compiling evp_ctx.cc
[969/1439] Compiling p_ec_asn1.cc
[970/1439] Compiling p_dsa_asn1.cc
[971/1439] Compiling p_dh.cc
[972/1439] Compiling evp.cc
[973/1439] Compiling err.cc
[974/1439] Compiling engine.cc
[975/1439] Compiling ec_derive.cc
[976/1439] Compiling evp_asn1.cc
[977/1439] Compiling ecdh.cc
[978/1439] Compiling hash_to_curve.cc
[979/1439] Compiling dsa.cc
[980/1439] Compiling ecdsa_asn1.cc
[981/1439] Compiling dsa_asn1.cc
[982/1439] Compiling ec_asn1.cc
[983/1439] Compiling params.cc
[984/1439] Compiling x25519-asm-arm.S
[985/1439] Compiling digest_extra.cc
[986/1439] Compiling des.cc
[987/1439] Compiling curve25519_64_adx.cc
[988/1439] Compiling bcm.cc
[989/1439] Compiling dh_asn1.cc
[990/1439] Compiling spake25519.cc
[991/1439] Compiling crypto.cc
[992/1439] Compiling curve25519.cc
[993/1439] Compiling cpu_intel.cc
[994/1439] Compiling cpu_arm_freebsd.cc
[995/1439] Compiling cpu_arm_linux.cc
[996/1439] Compiling cpu_aarch64_win.cc
[997/1439] Compiling cpu_aarch64_sysreg.cc
[998/1439] Compiling cpu_aarch64_fuchsia.cc
[999/1439] Compiling cpu_aarch64_linux.cc
[1000/1439] Compiling cpu_aarch64_openbsd.cc
[1001/1439] Compiling conf.cc
[1002/1439] Compiling cpu_aarch64_apple.cc
[1003/1439] Compiling e_tls.cc
[1004/1439] Compiling get_cipher.cc
[1005/1439] Compiling tls_cbc.cc
[1006/1439] Compiling e_rc4.cc
[1007/1439] Compiling e_rc2.cc
[1008/1439] Compiling e_aesgcmsiv.cc
[1009/1439] Compiling e_null.cc
[1010/1439] Compiling e_aesctrhmac.cc
[1011/1439] Compiling e_des.cc
[1012/1439] Compiling e_chacha20poly1305.cc
[1013/1439] Compiling derive_key.cc
[1014/1439] Compiling chacha.cc
[1015/1439] Compiling unicode.cc
[1016/1439] Compiling convert.cc
[1017/1439] Compiling cbb.cc
[1018/1439] Compiling ber.cc
[1019/1439] Compiling buf.cc
[1020/1439] Compiling asn1_compat.cc
[1021/1439] Compiling cbs.cc
[1022/1439] Compiling blake2.cc
[1023/1439] Compiling bn_asn1.cc
[1024/1439] Compiling socket_helper.cc
[1025/1439] Compiling socket.cc
[1026/1439] Compiling printf.cc
[1027/1439] Compiling pair.cc
[1028/1439] Compiling hexdump.cc
[1029/1439] Compiling file.cc
[1030/1439] Compiling connect.cc
[1031/1439] Compiling bio.cc
[1032/1439] Compiling fd.cc
[1033/1439] Compiling errno.cc
[1034/1439] Compiling bio_mem.cc
[1035/1439] Compiling base64.cc
[1036/1439] Compiling tasn_utl.cc
[1037/1439] Compiling tasn_typ.cc
[1038/1439] Compiling posix_time.cc
[1039/1439] Compiling tasn_enc.cc
[1040/1439] Compiling tasn_new.cc
[1041/1439] Compiling tasn_fre.cc
[1042/1439] Compiling f_string.cc
[1043/1439] Compiling asn_pack.cc
[1044/1439] Compiling f_int.cc
[1045/1439] Compiling asn1_par.cc
[1046/1439] Compiling tasn_dec.cc
[1047/1439] Compiling a_utctm.cc
[1048/1439] Compiling a_type.cc
[1049/1439] Compiling asn1_lib.cc
[1050/1439] Compiling a_time.cc
[1051/1439] Compiling a_octet.cc
[1052/1439] Compiling a_strex.cc
[1053/1439] Compiling a_strnid.cc
[1054/1439] Compiling a_object.cc
[1055/1439] Compiling a_i2d_fp.cc
[1056/1439] Compiling a_mbstr.cc
[1057/1439] Compiling a_dup.cc
[1058/1439] Compiling a_int.cc
[1059/1439] Compiling a_d2i_fp.cc
[1060/1439] Compiling fiat_p256_adx_sqr.S
[1061/1439] Compiling a_gentm.cc
[1062/1439] Compiling fiat_curve25519_adx_mul.S
[1063/1439] Compiling fiat_curve25519_adx_square.S
[1063/1439] Compiling fiat_p256_adx_mul.S
[1065/1439] Compiling md5-x86_64-linux.S
[1066/1439] Compiling md5-x86_64-apple.S
[1066/1439] Compiling md5-586-linux.S
[1068/1439] Compiling a_bitstr.cc
[1069/1439] Compiling chacha20_poly1305_x86_64-linux.S
[1070/1439] Compiling chacha20_poly1305_x86_64-apple.S
[1071/1439] Compiling md5-586-apple.S
[1072/1439] Compiling chacha20_poly1305_armv8-win.S
[1073/1439] Compiling chacha20_poly1305_armv8-apple.S
[1074/1439] Compiling chacha-x86_64-linux.S
[1075/1439] Compiling chacha20_poly1305_armv8-linux.S
[1076/1439] Compiling chacha-x86_64-apple.S
[1076/1439] Compiling chacha-x86-linux.S
[1078/1439] Compiling chacha-x86-apple.S
[1079/1439] Compiling chacha-armv8-win.S
[1080/1439] Compiling chacha-armv8-linux.S
[1081/1439] Compiling chacha-armv4-linux.S
[1082/1439] Compiling chacha-armv8-apple.S
[1083/1439] Compiling aes128gcmsiv-x86_64-linux.S
[1084/1439] Compiling aes128gcmsiv-x86_64-apple.S
[1084/1439] Compiling x86_64-mont5-linux.S
[1086/1439] Compiling CCryptoBoringSSLShims shims.c
[1087/1439] Compiling x86_64-mont5-apple.S
[1088/1439] Compiling a_bool.cc
[1089/1439] Compiling x86_64-mont-linux.S
[1089/1439] Compiling x86_64-mont-apple.S
[1091/1439] Compiling x86-mont-apple.S
[1092/1439] Compiling vpaes-x86_64-linux.S
[1093/1439] Compiling x86-mont-linux.S
[1094/1439] Compiling vpaes-x86_64-apple.S
[1095/1439] Compiling vpaes-x86-linux.S
[1095/1439] Compiling vpaes-armv8-win.S
[1097/1439] Compiling vpaes-x86-apple.S
[1098/1439] Compiling vpaes-armv8-linux.S
[1099/1439] Compiling vpaes-armv7-linux.S
[1100/1439] Compiling sha512-x86_64-linux.S
[1100/1439] Compiling sha512-x86_64-apple.S
[1102/1439] Compiling vpaes-armv8-apple.S
[1103/1439] Compiling sha512-armv8-win.S
[1104/1439] Compiling sha512-armv4-linux.S
[1105/1439] Compiling sha512-armv8-apple.S
[1106/1439] Compiling sha512-armv8-linux.S
[1107/1439] Compiling sha512-586-linux.S
[1108/1439] Compiling sha256-x86_64-linux.S
[1109/1439] Compiling sha512-586-apple.S
[1110/1439] Compiling sha256-x86_64-apple.S
[1111/1439] Compiling sha256-armv8-win.S
[1112/1439] Compiling err_data.cc
[1113/1439] Compiling sha256-armv4-linux.S
[1114/1439] Compiling sha256-armv8-apple.S
[1115/1439] Compiling sha256-586-linux.S
[1116/1439] Compiling sha256-armv8-linux.S
[1116/1439] Compiling sha1-x86_64-linux.S
[1118/1439] Compiling sha1-x86_64-apple.S
[1119/1439] Compiling sha1-armv8-apple.S
[1120/1439] Compiling sha1-armv8-win.S
[1121/1439] Compiling sha256-586-apple.S
[1122/1439] Compiling sha1-armv4-large-linux.S
[1123/1439] Compiling sha1-armv8-linux.S
[1124/1439] Compiling sha1-586-linux.S
[1125/1439] Compiling rsaz-avx2-apple.S
[1126/1439] Compiling rdrand-x86_64-linux.S
[1127/1439] Compiling sha1-586-apple.S
[1128/1439] Compiling rsaz-avx2-linux.S
[1129/1439] Compiling rdrand-x86_64-apple.S
[1130/1439] Compiling p256_beeu-x86_64-asm-linux.S
[1131/1439] Compiling p256_beeu-armv8-asm-apple.S
[1132/1439] Compiling p256_beeu-x86_64-asm-apple.S
[1133/1439] Compiling p256-x86_64-asm-linux.S
[1134/1439] Compiling p256_beeu-armv8-asm-linux.S
[1135/1439] Compiling p256_beeu-armv8-asm-win.S
[1136/1439] Compiling p256-armv8-asm-win.S
[1137/1439] Compiling p256-x86_64-asm-apple.S
[1138/1439] Compiling p256-armv8-asm-linux.S
[1138/1439] Compiling p256-armv8-asm-apple.S
[1139/1439] Compiling ghashv8-armv8-win.S
[1141/1439] Compiling ghashv8-armv8-linux.S
[1142/1439] Compiling ghashv8-armv8-apple.S
[1143/1439] Compiling ghash-x86_64-apple.S
[1144/1439] Compiling ghash-x86-linux.S
[1145/1439] Compiling ghashv8-armv7-linux.S
[1146/1439] Compiling ghash-x86_64-linux.S
[1147/1439] Compiling ghash-x86-apple.S
[1148/1439] Compiling ghash-ssse3-x86_64-linux.S
[1149/1439] Compiling ghash-ssse3-x86_64-apple.S
[1150/1439] Compiling ghash-ssse3-x86-linux.S
[1151/1439] Compiling ghash-neon-armv8-win.S
[1152/1439] Compiling ghash-ssse3-x86-apple.S
[1153/1439] Compiling ghash-neon-armv8-linux.S
[1154/1439] Compiling ghash-neon-armv8-apple.S
[1155/1439] Compiling ghash-armv4-linux.S
[1156/1439] Compiling co-586-apple.S
[1157/1439] Compiling co-586-linux.S
[1158/1439] Compiling bn-armv8-win.S
[1159/1439] Compiling bsaes-armv7-linux.S
[1160/1439] Compiling bn-armv8-linux.S
[1161/1439] Compiling bn-586-apple.S
[1162/1439] Compiling bn-586-linux.S
[1163/1439] Compiling armv8-mont-win.S
[1164/1439] Compiling bn-armv8-apple.S
[1165/1439] Compiling armv8-mont-apple.S
[1166/1439] Compiling armv8-mont-linux.S
[1167/1439] Compiling armv4-mont-linux.S
[1168/1439] Compiling aesv8-gcm-armv8-win.S
[1169/1439] Compiling aesv8-gcm-armv8-apple.S
[1170/1439] Compiling aesv8-gcm-armv8-linux.S
[1171/1439] Compiling aesv8-armv8-win.S
[1172/1439] Compiling aesv8-armv8-linux.S
[1173/1439] Compiling aesni-x86_64-linux.S
[1174/1439] Compiling aesv8-armv8-apple.S
[1175/1439] Compiling aesv8-armv7-linux.S
[1176/1439] Compiling aesni-x86_64-apple.S
[1177/1439] Compiling aesni-x86-linux.S
[1178/1439] Compiling aesni-x86-apple.S
[1179/1439] Compiling aesni-gcm-x86_64-apple.S
[1180/1439] Compiling aesni-gcm-x86_64-linux.S
[1181/1439] Compiling aes-gcm-avx512-x86_64-apple.S
[1182/1439] Compiling aes-gcm-avx512-x86_64-linux.S
[1183/1439] Compiling aes-gcm-avx2-x86_64-linux.S
[1184/1439] Compiling aes-gcm-avx2-x86_64-apple.S
[1185/1439] Compiling x_spki.cc
[1186/1439] Compiling xwing.cc
[1187/1439] Compiling x_x509.cc
[1188/1439] Compiling x_sig.cc
[1189/1439] Compiling x_x509a.cc
[1190/1439] Compiling x_req.cc
[1191/1439] Compiling x_name.cc
[1192/1439] Compiling c-nioatomics.c
[1193/1439] Compiling x_pubkey.cc
[1194/1439] Compiling c-atomics.c
[1195/1439] Compiling x_exten.cc
[1196/1439] Compiling x_crl.cc
[1198/1446] Compiling NIOConcurrencyHelpers NIOThreadPoolWorkAvailable.swift
[1199/1446] Compiling NIOConcurrencyHelpers NIOLockedValueBox.swift
[1199/1446] Compiling x_attrib.cc
[1200/1446] Compiling x_all.cc
[1201/1446] Compiling x509spki.cc
[1203/1446] Compiling NIOConcurrencyHelpers NIOAtomic.swift
[1204/1446] Emitting module NIOConcurrencyHelpers
[1204/1446] Compiling x509rset.cc
[1206/1446] Compiling NIOConcurrencyHelpers atomics.swift
[1207/1446] Compiling NIOConcurrencyHelpers lock.swift
[1208/1446] Compiling NIOConcurrencyHelpers NIOLock.swift
[1209/1447] Compiling x509name.cc
[1210/1447] Compiling x_algor.cc
[1211/1447] Compiling x509cset.cc
[1212/1473] Compiling x509_txt.cc
[1214/1473] Compiling ConsoleKitTerminal Console+Confirm.swift
[1215/1473] Compiling ConsoleKitTerminal Console+Input.swift
[1216/1473] Compiling ConsoleKitTerminal Console+Center.swift
[1217/1473] Compiling ConsoleKitTerminal Console+Output.swift
[1218/1476] Emitting module ConsoleKitTerminal
[1218/1476] Compiling x509_vfy.cc
[1219/1476] Compiling x509_vpm.cc
[1221/1476] Compiling ConsoleKitTerminal Console+Ephemeral.swift
[1222/1476] Compiling ConsoleKitTerminal ConsoleClear.swift
[1223/1476] Compiling ConsoleKitTerminal Console+Ask.swift
[1224/1476] Compiling ConsoleKitTerminal Console+Choose.swift
[1225/1476] Compiling ConsoleKitTerminal CustomActivity.swift
[1226/1476] Compiling ConsoleKitTerminal LoadingBar.swift
[1227/1476] Compiling ConsoleKitTerminal ProgressBar.swift
[1228/1476] Compiling ConsoleKitTerminal Console+Clear.swift
[1229/1476] Compiling ConsoleKitTerminal ActivityBar.swift
[1230/1476] Compiling ConsoleKitTerminal ActivityIndicator.swift
[1231/1476] Compiling ConsoleKitTerminal ActivityIndicatorRenderer.swift
[1232/1476] Compiling ConsoleKitTerminal ActivityIndicatorState.swift
[1232/1476] Compiling x509_v3.cc
[1234/1476] Compiling ConsoleKitTerminal ConsoleText.swift
[1235/1476] Compiling ConsoleKitTerminal ConsoleTextFragment.swift
[1236/1476] Compiling ConsoleKitTerminal ANSI.swift
[1237/1476] Compiling ConsoleKitTerminal Console+Wait.swift
[1238/1476] Compiling ConsoleKitTerminal ConsoleColor.swift
[1239/1476] Compiling ConsoleKitTerminal ConsoleStyle.swift
[1239/1476] Compiling x509_req.cc
[1240/1476] Compiling x509_trs.cc
[1241/1476] Compiling x509_set.cc
[1242/1476] Compiling x509_obj.cc
[1244/1476] Compiling ConsoleKitTerminal Console.swift
[1245/1476] Compiling ConsoleKitTerminal Terminal.swift
[1246/1476] Compiling ConsoleKitTerminal readpassphrase_linux.swift
[1247/1476] Compiling ConsoleKitTerminal AnySendableHashable.swift
[1248/1476] Compiling ConsoleKitTerminal ConsoleLogger.swift
[1249/1476] Compiling ConsoleKitTerminal LoggerFragment.swift
[1250/1499] Compiling x509_lu.cc
[1251/1499] Compiling x509_d2.cc
[1252/1499] Compiling x509_def.cc
[1254/1499] Compiling ConsoleKitCommands CommandSignature.swift
[1255/1499] Compiling ConsoleKitCommands Flag.swift
[1256/1499] Compiling ConsoleKitCommands Option.swift
[1256/1501] Compiling x509_ext.cc
[1258/1501] Compiling ConsoleKitCommands Command.swift
[1259/1501] Compiling ConsoleKitCommands CommandContext.swift
[1260/1501] Compiling ConsoleKitCommands CommandError.swift
[1260/1501] Compiling x509_att.cc
[1262/1501] Compiling ConsoleKitCommands GenerateAutocompleteCommand.swift
[1263/1501] Compiling ConsoleKitCommands MergedAsyncCommandGroup.swift
[1264/1501] Compiling ConsoleKitCommands Argument.swift
[1265/1501] Compiling ConsoleKitCommands AsyncCommands.swift
[1266/1501] Compiling ConsoleKitCommands GenerateAsyncAutocompleteCommand.swift
[1267/1501] Compiling ConsoleKitCommands AnyCommand.swift
[1268/1501] Emitting module ConsoleKitCommands
[1269/1501] Compiling ConsoleKitCommands AnyAsyncCommand.swift
[1270/1501] Compiling ConsoleKitCommands AsyncCommand.swift
[1271/1501] Compiling ConsoleKitCommands AsyncCommandGroup.swift
[1272/1501] Compiling ConsoleKitCommands String+LevenshteinDistance.swift
[1273/1501] Compiling ConsoleKitCommands Utilities.swift
[1273/1501] Compiling x509_cmp.cc
[1274/1501] Compiling x509.cc
[1275/1501] Compiling v3_skey.cc
[1276/1501] Compiling v3_utl.cc
[1277/1501] Compiling v3_pmaps.cc
[1278/1501] Compiling v3_purp.cc
[1279/1501] Compiling v3_ocsp.cc
[1280/1501] Compiling v3_prn.cc
[1281/1501] Compiling v3_pcons.cc
[1283/1501] Compiling ConsoleKitCommands CommandGroup.swift
[1284/1501] Compiling ConsoleKitCommands CommandInput.swift
[1285/1501] Compiling ConsoleKitCommands Commands.swift
[1286/1501] Compiling ConsoleKitCommands Console+Run.swift
[1287/1501] Compiling ConsoleKitCommands ConsoleError.swift
[1288/1501] Compiling ConsoleKitCommands Completion.swift
[1289/1502] Compiling v3_lib.cc
[1291/1504] Compiling ConsoleKit Exports.swift
[1291/1504] Compiling v3_ncons.cc
[1293/1504] Emitting module ConsoleKit
[1294/1505] Compiling v3_ia5.cc
[1295/1505] Compiling v3_extku.cc
[1296/1505] Compiling v3_info.cc
[1297/1505] Compiling v3_genn.cc
[1298/1505] Compiling v3_int.cc
[1299/1505] Compiling v3_enum.cc
[1300/1505] Compiling v3_akeya.cc
[1301/1505] Compiling v3_crld.cc
[1302/1505] Compiling v3_akey.cc
[1303/1505] Compiling v3_alt.cc
[1304/1505] Compiling v3_bcons.cc
[1305/1505] Compiling v3_cpols.cc
[1305/1505] Compiling v3_bitst.cc
[1307/1505] Compiling v3_conf.cc
[1308/1505] Compiling t_x509a.cc
[1309/1505] Compiling t_req.cc
[1310/1505] Compiling t_x509.cc
[1311/1505] Compiling name_print.cc
[1312/1505] Compiling i2d_pr.cc
[1313/1505] Compiling t_crl.cc
[1314/1505] Compiling rsa_pss.cc
[1315/1505] Compiling policy.cc
[1316/1505] Compiling by_file.cc
[1317/1505] Compiling algorithm.cc
[1318/1505] Compiling a_verify.cc
[1319/1505] Compiling asn1_gen.cc
[1320/1505] Compiling by_dir.cc
[1321/1505] Compiling a_digest.cc
[1322/1505] Compiling a_sign.cc
[1323/1505] Compiling trust_token.cc
[1324/1505] Compiling voprf.cc
[1325/1505] Compiling thread_none.cc
[1326/1505] Compiling thread_win.cc
[1327/1505] Compiling thread.cc
[1328/1505] Compiling thread_pthread.cc
[1329/1505] Compiling stack.cc
[1330/1505] Compiling pmbtoken.cc
[1331/1505] Compiling sha256.cc
[1332/1505] Compiling slhdsa.cc
[1333/1505] Compiling siphash.cc
[1334/1505] Compiling spake2plus.cc
[1335/1505] Compiling sha512.cc
[1336/1505] Compiling sha1.cc
[1337/1505] Compiling rsa_extra.cc
[1338/1505] Compiling rsa_print.cc
[1339/1505] Compiling trusty.cc
[1340/1505] Compiling refcount.cc
[1341/1505] Compiling rc4.cc
[1342/1505] Compiling rsa_crypt.cc
[1343/1505] Compiling urandom.cc
[1344/1505] Compiling windows.cc
[1345/1505] Compiling passive.cc
[1346/1505] Compiling getentropy.cc
[1347/1505] Compiling rand.cc
[1348/1505] Compiling poly1305_arm_asm.S
[1349/1505] Compiling ios.cc
[1350/1505] Compiling fork_detect.cc
[1351/1505] Compiling deterministic.cc
[1352/1505] Compiling poly1305_arm.cc
[1353/1505] Compiling rsa_asn1.cc
[1354/1505] Compiling forkunsafe.cc
[1355/1505] Compiling poly1305_vec.cc
[1356/1505] Compiling poly1305.cc
[1357/1505] Compiling pool.cc
[1358/1505] Compiling pkcs8.cc
[1359/1505] Compiling p5_pbev2.cc
[1360/1505] Compiling pkcs7.cc
[1361/1505] Compiling pkcs8_x509.cc
[1362/1505] Compiling pem_xaux.cc
[1363/1505] Compiling pkcs7_x509.cc
[1364/1505] Compiling pem_x509.cc
[1365/1505] Compiling pem_pkey.cc
[1366/1505] Compiling pem_oth.cc
[1367/1505] Compiling pem_pk8.cc
[1368/1505] Compiling pem_info.cc
[1369/1505] Compiling pem_lib.cc
[1370/1505] Compiling obj_xref.cc
[1371/1505] Compiling pem_all.cc
[1372/1505] Compiling obj.cc
[1373/1505] Compiling mlkem.cc
[1374/1505] Compiling poly_rq_mul.S
[1375/1505] Compiling mldsa.cc
[1376/1505] Compiling mem.cc
[1377/1505] Compiling fips_shared_support.cc
[1378/1505] Compiling lhash.cc
[1379/1505] Compiling md5.cc
[1380/1505] Compiling md4.cc
[1381/1505] Compiling fuzzer_mode.cc
[1382/1505] Compiling hpke.cc
[1383/1505] Compiling kyber.cc
[1384/1505] Compiling hrss.cc
[1385/1505] Compiling ex_data.cc
[1386/1505] Compiling scrypt.cc
[1387/1505] Compiling print.cc
[1388/1505] Compiling pbkdf.cc
[1389/1505] Compiling sign.cc
[1390/1505] Compiling p_x25519_asn1.cc
[1391/1505] Compiling p_x25519.cc
[1392/1505] Compiling p_rsa_asn1.cc
[1393/1505] Compiling p_hkdf.cc
[1394/1505] Compiling p_ed25519_asn1.cc
[1395/1505] Compiling p_rsa.cc
[1396/1505] Compiling p_ed25519.cc
[1397/1505] Compiling p_ec_asn1.cc
[1398/1505] Compiling p_ec.cc
[1399/1505] Compiling p_dsa_asn1.cc
[1400/1505] Compiling p_dh_asn1.cc
[1401/1505] Compiling p_dh.cc
[1402/1505] Compiling evp_ctx.cc
[1403/1505] Compiling err.cc
[1404/1505] Compiling engine.cc
[1405/1505] Compiling evp.cc
[1406/1505] Compiling evp_asn1.cc
[1407/1505] Compiling ecdsa_p1363.cc
[1408/1505] Compiling ecdh.cc
[1409/1505] Compiling ecdsa_asn1.cc
[1410/1505] Compiling ec_derive.cc
[1411/1505] Compiling hash_to_curve.cc
[1412/1505] Compiling dsa_asn1.cc
[1413/1505] Compiling dsa.cc
[1414/1505] Compiling ec_asn1.cc
[1415/1505] Compiling digest_extra.cc
[1416/1505] Compiling x25519-asm-arm.S
[1417/1505] Compiling params.cc
[1418/1505] Compiling des.cc
[1419/1505] Compiling dh_asn1.cc
[1420/1505] Compiling curve25519_64_adx.cc
[1421/1505] Compiling spake25519.cc
[1422/1505] Compiling crypto.cc
[1423/1505] Compiling cpu_intel.cc
[1424/1505] Compiling cpu_arm_linux.cc
[1425/1505] Compiling curve25519.cc
[1426/1505] Compiling cpu_arm_freebsd.cc
[1427/1505] Compiling cpu_aarch64_win.cc
[1428/1505] Compiling cpu_aarch64_sysreg.cc
[1429/1505] Compiling cpu_aarch64_openbsd.cc
[1430/1505] Compiling cpu_aarch64_linux.cc
[1431/1505] Compiling cpu_aarch64_fuchsia.cc
[1432/1505] Compiling cpu_aarch64_apple.cc
[1433/1505] Compiling conf.cc
[1434/1505] Compiling tls_cbc.cc
[1435/1505] Compiling get_cipher.cc
[1436/1505] Compiling e_tls.cc
[1437/1505] Compiling e_rc4.cc
[1438/1505] Compiling e_rc2.cc
[1439/1505] Compiling e_null.cc
[1440/1505] Compiling e_des.cc
[1441/1505] Compiling cms.cc
[1442/1505] Compiling e_chacha20poly1305.cc
[1443/1505] Compiling e_aesgcmsiv.cc
[1444/1505] Compiling e_aeseax.cc
[1445/1505] Compiling e_aesctrhmac.cc
[1446/1505] Compiling derive_key.cc
[1447/1505] Compiling chacha.cc
[1448/1505] Compiling unicode.cc
[1449/1505] Compiling cbs.cc
[1450/1505] Compiling cbb.cc
[1451/1505] Compiling buf.cc
[1452/1505] Compiling sqrt.cc
[1453/1505] Compiling ber.cc
[1454/1505] Compiling asn1_compat.cc
[1455/1505] Compiling div.cc
[1456/1505] Compiling exponentiation.cc
[1457/1505] Compiling printf.cc
[1458/1505] Compiling blake2.cc
[1459/1505] Compiling bn_asn1.cc
[1460/1505] Compiling convert.cc
[1461/1505] Compiling pair.cc
[1462/1505] Compiling hexdump.cc
[1463/1505] Compiling file.cc
[1464/1505] Compiling fd.cc
[1465/1505] Compiling errno.cc
[1466/1505] Compiling bio_mem.cc
[1467/1505] Compiling base64.cc
[1468/1505] Compiling bio.cc
[1469/1505] Compiling tasn_typ.cc
[1470/1505] Compiling bcm.cc
[1471/1505] Compiling tasn_utl.cc
[1472/1505] Compiling tasn_fre.cc
[1473/1505] Compiling tasn_new.cc
[1474/1505] Compiling tasn_enc.cc
[1475/1505] Compiling posix_time.cc
[1476/1505] Compiling asn1_par.cc
[1477/1505] Compiling f_string.cc
[1478/1505] Compiling f_int.cc
[1479/1505] Compiling tasn_dec.cc
[1480/1505] Compiling asn_pack.cc
[1481/1505] Compiling asn1_lib.cc
[1482/1505] Compiling a_utctm.cc
[1483/1505] Compiling a_octet.cc
[1484/1505] Compiling a_time.cc
[1485/1505] Compiling a_type.cc
[1486/1505] Compiling a_strex.cc
[1487/1505] Compiling a_strnid.cc
[1488/1505] Compiling a_object.cc
[1489/1505] Compiling a_i2d_fp.cc
[1490/1505] Compiling a_dup.cc
[1491/1505] Compiling CAsyncHTTPClient CAsyncHTTPClient.c
[1491/1505] Write sources
[1498/1505] Compiling a_mbstr.cc
[1499/1577] Compiling a_d2i_fp.cc
[1500/1577] Compiling a_gentm.cc
[1502/1577] Compiling BitCollections BitArray+Invariants.swift
[1503/1577] Compiling BitCollections BitSet+Initializers.swift
[1504/1579] Compiling BitCollections BitArray+Hashable.swift
[1505/1579] Compiling BitCollections BitArray+Initializers.swift
[1505/1605] Compiling a_int.cc
[1507/1633] Compiling AsyncAlgorithms AsyncExclusiveReductionsSequence.swift
[1508/1633] Compiling AsyncAlgorithms AsyncInclusiveReductionsSequence.swift
[1509/1633] Compiling AsyncAlgorithms AsyncJoinedBySeparatorSequence.swift
[1510/1633] Compiling AsyncAlgorithms AsyncJoinedSequence.swift
[1511/1657] Compiling AsyncAlgorithms AsyncAdjacentPairsSequence.swift
[1512/1657] Compiling AsyncAlgorithms AsyncBufferedByteIterator.swift
[1513/1657] Compiling AsyncAlgorithms AsyncChain2Sequence.swift
[1513/1657] Compiling a_bool.cc
[1514/1657] Compiling aes.cc
[1516/1657] Compiling AsyncAlgorithms AsyncThrottleSequence.swift
[1517/1657] Compiling AsyncAlgorithms AsyncThrowingExclusiveReductionsSequence.swift
[1518/1657] Compiling AsyncAlgorithms AsyncChunksOfCountOrSignalSequence.swift
[1519/1657] Compiling AsyncAlgorithms AsyncChunksOfCountSequence.swift
[1520/1657] Compiling AsyncAlgorithms AsyncCompactedSequence.swift
[1521/1657] Compiling AsyncAlgorithms AsyncSyncSequence.swift
[1524/1657] Compiling AsyncAlgorithms AsyncThrowingInclusiveReductionsSequence.swift
[1525/1657] Compiling AsyncAlgorithms AsyncTimerSequence.swift
[1526/1657] Compiling AsyncAlgorithms AsyncBufferSequence.swift
[1527/1657] Compiling AsyncAlgorithms BoundedBufferStateMachine.swift
[1527/1664] Compiling a_bitstr.cc
[1529/1672] Compiling AsyncAlgorithms AsyncFlatMapLatestSequence.swift
[1530/1672] Compiling AsyncAlgorithms FlatMapLatestStateMachine.swift
[1531/1672] Compiling AsyncAlgorithms FlatMapLatestStorage.swift
[1532/1672] Compiling AsyncAlgorithms Disconnected.swift
[1533/1672] Compiling AsyncAlgorithms _TinyArray.swift
[1534/1672] Compiling AsyncAlgorithms AsyncInterspersedSequence.swift
[1535/1672] Compiling AsyncAlgorithms Locking.swift
[1536/1672] Compiling BitCollections BitSet+Hashable.swift
[1537/1672] Compiling AsyncAlgorithms AsyncCombineLatest3Sequence.swift
[1538/1672] Compiling AsyncAlgorithms CombineLatestStateMachine.swift
[1539/1672] Compiling AsyncAlgorithms CombineLatestStorage.swift
[1540/1672] Compiling AsyncAlgorithms AsyncDebounceSequence.swift
[1541/1672] Compiling AsyncAlgorithms DebounceStateMachine.swift
[1542/1672] Compiling AsyncAlgorithms DebounceStorage.swift
[1543/1672] Compiling AsyncAlgorithms Dictionary.swift
[1544/1672] Compiling AsyncAlgorithms AsyncMerge2Sequence.swift
[1545/1672] Compiling AsyncAlgorithms AsyncMerge3Sequence.swift
[1546/1672] Compiling AsyncAlgorithms MergeStateMachine.swift
[1547/1672] Compiling AsyncAlgorithms MergeStorage.swift
[1548/1672] Compiling AsyncAlgorithms MultiProducerSingleConsumerAsyncChannel+Internal.swift
[1549/1672] Compiling AsyncAlgorithms MultiProducerSingleConsumerAsyncChannel.swift
[1550/1672] Compiling AsyncAlgorithms RangeReplaceableCollection.swift
[1554/1672] Compiling AsyncAlgorithms AsyncChain3Sequence.swift
[1555/1672] Compiling AsyncAlgorithms AsyncChunkedByGroupSequence.swift
[1556/1672] Compiling AsyncAlgorithms AsyncChunkedOnProjectionSequence.swift
[1561/1672] Compiling AsyncAlgorithms BoundedBufferStorage.swift
[1565/1675] Compiling CryptoBoringWrapper RandomBytes.swift
[1567/1675] Compiling AsyncAlgorithms AsyncMapErrorSequence.swift
[1568/1675] Compiling AsyncAlgorithms AsyncRemoveDuplicatesSequence.swift
[1569/1675] Compiling AsyncAlgorithms AsyncShareSequence.swift
[1572/1675] Emitting module BitCollections
[1574/1675] Compiling Algorithms Trim.swift
[1575/1675] Compiling Algorithms Unique.swift
[1576/1675] Compiling Algorithms Windows.swift
[1577/1675] Compiling AsyncAlgorithms AsyncThrowingChannel.swift
[1578/1675] Compiling AsyncAlgorithms ChannelStateMachine.swift
[1579/1675] Compiling AsyncAlgorithms ChannelStorage.swift
[1580/1675] Compiling AsyncAlgorithms AsyncCombineLatest2Sequence.swift
[1589/1675] Compiling BitCollections BitSet.Index.swift
[1590/1675] Compiling BitCollections BitSet._UnsafeHandle.swift
[1591/1675] Compiling BitCollections BitSet.swift
[1592/1675] Compiling BitCollections Range+Utilities.swift
[1593/1675] Compiling BitCollections Slice+Utilities.swift
[1594/1675] Compiling BitCollections UInt+Tricks.swift
[1595/1675] Compiling BitCollections _Word.swift
[1605/1685] Emitting module Collections
[1606/1685] Compiling Collections Collections.swift
[1607/1685] Compiling CryptoBoringWrapper FiniteFieldArithmeticContext.swift
[1616/1685] Compiling CryptoBoringWrapper CryptoKitErrors_boring.swift
[1617/1685] Compiling CryptoBoringWrapper EllipticCurve.swift
[1619/1686] Compiling CryptoBoringWrapper BoringSSLAEAD.swift
[1620/1686] Compiling CryptoBoringWrapper EllipticCurvePoint.swift
[1621/1686] Emitting module CryptoBoringWrapper
[1625/1686] Emitting module AsyncAlgorithms
[1626/1686] Compiling CryptoBoringWrapper ArbitraryPrecisionInteger.swift
[1635/1687] Emitting module Atomics
[1653/1836] Compiling NIOCore NIOAny.swift
[1654/1836] Compiling NIOCore NIOCloseOnErrorHandler.swift
[1655/1836] Compiling NIOCore NIOCoreSendableMetatype.swift
[1656/1836] Compiling NIOCore NIODecodedAsyncSequence.swift
[1657/1836] Compiling NIOCore NIOLoopBound.swift
[1658/1836] Compiling NIOCore NIOPooledRecvBufferAllocator.swift
[1659/1836] Compiling NIOCore NIOScheduledCallback.swift
[1660/1836] Emitting module Algorithms
[1662/1837] Compiling NIOCore EventLoopFuture.swift
[1663/1837] Compiling NIOCore FileDescriptor.swift
[1664/1837] Compiling NIOCore FileHandle.swift
[1665/1837] Compiling NIOCore FileRegion.swift
[1666/1837] Compiling NIOCore GlobalSingletons.swift
[1667/1837] Compiling NIOCore IO.swift
[1668/1837] Compiling NIOCore IOData.swift
[1669/1837] Compiling NIOCore IPProtocol.swift
[1670/1837] Compiling NIOCore IntegerBitPacking.swift
[1671/1837] Compiling NIOCore IntegerTypes.swift
[1672/1837] Compiling NIOCore Interfaces.swift
[1673/1837] Compiling NIOCore Linux.swift
[1674/1837] Compiling NIOCore MarkedCircularBuffer.swift
[1675/1837] Compiling NIOCore MulticastChannel.swift
[1676/1837] Compiling NIOCore ByteBuffer-conversions.swift
[1677/1837] Compiling NIOCore ByteBuffer-core.swift
[1678/1837] Compiling NIOCore ByteBuffer-hex.swift
[1679/1837] Compiling NIOCore ByteBuffer-int.swift
[1680/1837] Compiling NIOCore ByteBuffer-lengthPrefix.swift
[1681/1837] Compiling NIOCore EventLoopFuture+Deprecated.swift
[1682/1837] Compiling NIOCore EventLoopFuture+WithEventLoop.swift
[1683/1837] Compiling NIOCore ChannelInvoker.swift
[1684/1837] Compiling NIOCore ChannelOption.swift
[1685/1837] Compiling NIOCore ChannelPipeline.swift
[1686/1837] Compiling NIOCore NIOThrowingAsyncSequenceProducer.swift
[1687/1837] Compiling NIOCore BSDSocketAPI.swift
[1688/1837] Compiling NIOCore ByteBuffer-aux.swift
[1689/1837] Compiling NIOCore ByteBuffer-binaryEncodedLengthPrefix.swift
[1696/1847] Compiling NIOCore NIOSendable.swift
[1697/1847] Compiling NIOCore NIOSplitLinesMessageDecoder.swift
[1698/1847] Compiling NIOCore NIOTransportAccessibleChannelCore.swift
[1699/1847] Compiling NIOCore RecvByteBufferAllocator.swift
[1700/1855] Emitting module ServiceLifecycle
[1701/1856] Compiling ServiceLifecycle AsyncCancelOnGracefulShutdownSequence.swift
[1702/1856] Compiling ServiceLifecycle AsyncGracefulShutdownSequence.swift
[1703/1856] Compiling ServiceLifecycle ServiceGroupConfiguration.swift
[1704/1856] Compiling ServiceLifecycle ClosureService.swift
[1705/1856] Compiling ServiceLifecycle GracefulShutdown.swift
[1706/1856] Compiling ServiceLifecycle CancellationWaiter.swift
[1707/1856] Compiling ServiceLifecycle ServiceRunnerError.swift
[1708/1856] Emitting module Crypto
[1709/1856] Compiling NIOCore DeadChannel.swift
[1710/1856] Compiling NIOCore DispatchQueue+WithFuture.swift
[1711/1856] Compiling NIOCore EventLoop+Deprecated.swift
[1712/1856] Compiling NIOCore EventLoop+SerialExecutor.swift
[1713/1856] Compiling NIOCore EventLoop.swift
[1714/1856] Compiling NIOCore EventLoopFuture+AssumeIsolated.swift
[1715/1856] Compiling NIOCore ByteBuffer-multi-int.swift
[1716/1856] Compiling NIOCore ByteBuffer-quicBinaryEncodingStrategy.swift
[1717/1856] Compiling NIOCore ByteBuffer-views.swift
[1718/1856] Compiling NIOCore Channel.swift
[1719/1856] Compiling NIOCore ChannelHandler.swift
[1720/1856] Compiling NIOCore ChannelHandlers.swift
[1732/1867] Compiling NIOCore AsyncChannel.swift
[1733/1867] Compiling NIOCore AsyncChannelHandler.swift
[1734/1867] Compiling NIOCore AsyncChannelInboundStream.swift
[1735/1867] Compiling NIOCore AsyncChannelOutboundWriter.swift
[1736/1867] Compiling NIOCore NIOAsyncSequenceProducer.swift
[1737/1867] Compiling NIOCore NIOAsyncSequenceProducerStrategies.swift
[1738/1867] Compiling NIOCore NIOAsyncWriter.swift
[1739/1867] Compiling NIOCore CircularBuffer.swift
[1740/1867] Compiling NIOCore Codec.swift
[1741/1867] Compiling NIOCore ConvenienceOptionSupport.swift
[1751/1867] Compiling ServiceLifecycle Service.swift
[1752/1867] Compiling ServiceLifecycle ServiceGroup.swift
[1757/1868] Compiling NIOCore SingleStepByteToMessageDecoder.swift
[1758/1868] Compiling NIOCore SocketAddresses.swift
[1759/1868] Compiling NIOCore SocketOptionProvider.swift
[1760/1868] Compiling NIOCore SystemCallHelpers.swift
[1761/1868] Compiling NIOCore TimeAmount+Duration.swift
[1762/1868] Compiling NIOCore TypeAssistedChannelHandler.swift
[1763/1868] Compiling NIOCore UniversalBootstrapSupport.swift
[1764/1868] Compiling NIOCore Utilities.swift
[1765/1868] Compiling Crypto HKDF.swift
[1766/1868] Compiling Crypto AESWrap.swift
[1767/1868] Compiling Crypto AESWrap_boring.swift
[1768/1868] Compiling Crypto Ed25519_boring.swift
[1769/1868] Compiling Crypto NISTCurvesKeys_boring.swift
[1770/1868] Compiling Crypto X25519Keys_boring.swift
[1771/1868] Compiling Crypto Curve25519.swift
[1772/1868] Compiling Crypto Ed25519Keys.swift
[1773/1868] Compiling Crypto NISTCurvesKeys.swift
[1774/1868] Compiling Crypto X25519Keys.swift
[1775/1868] Compiling Crypto SymmetricKeys.swift
[1776/1868] Compiling Crypto HMAC.swift
[1822/1868] Compiling Crypto Signature.swift
[1823/1868] Compiling Crypto CryptoKitErrors_boring.swift
[1824/1868] Compiling Crypto Optional+withUnsafeBytes_boring.swift
[1825/1868] Compiling Crypto RNG_boring.swift
[1826/1868] Compiling Crypto SafeCompare_boring.swift
[1827/1868] Compiling Crypto Zeroization_boring.swift
[1828/1868] Compiling Crypto _CryptoModuleAnchor.swift
[1829/1868] Compiling Crypto PrettyBytes.swift
[1830/1868] Compiling Crypto SafeCompare.swift
[1831/1868] Compiling Crypto SecureBytes.swift
[1832/1868] Compiling Crypto Zeroization.swift
[1842/1931] Compiling CryptoExtras CMAC.swift
[1843/1931] Compiling CryptoExtras ARC+API.swift
[1844/1931] Compiling CryptoExtras ARC.swift
[1845/1931] Compiling CryptoExtras ARCCredential.swift
[1846/1931] Compiling CryptoExtras ARCEncoding.swift
[1847/1931] Compiling CryptoExtras ARCPrecredential.swift
[1848/1931] Compiling CryptoExtras ARCPresentation.swift
[1849/1931] Compiling CryptoExtras ARCRequest.swift
[1850/1931] Compiling CryptoExtras ARCResponse.swift
[1851/1931] Emitting module CryptoExtras
[1852/1939] Compiling CryptoExtras Data+Extensions.swift
[1853/1939] Compiling CryptoExtras DigestType.swift
[1854/1939] Compiling CryptoExtras Error.swift
[1855/1939] Compiling CryptoExtras I2OSP.swift
[1856/1939] Compiling CryptoExtras IntegerEncoding.swift
[1857/1939] Compiling CryptoExtras PEMDocument.swift
[1858/1939] Compiling CryptoExtras PrettyBytes.swift
[1859/1939] Compiling CryptoExtras SubjectPublicKeyInfo.swift
[1860/1939] Compiling CryptoExtras PBKDF2.swift
[1861/1939] Compiling CryptoExtras Scrypt_boring.swift
[1862/1939] Compiling CryptoExtras Scrypt.swift
[1863/1939] Compiling CryptoExtras OPRF.swift
[1864/1939] Compiling CryptoExtras OPRFClient.swift
[1865/1939] Compiling CryptoExtras OPRFServer.swift
[1866/1939] Compiling CryptoExtras VOPRF+API.swift
[1867/1939] Compiling CryptoExtras VOPRFClient.swift
[1868/1939] Compiling CryptoExtras VOPRFServer.swift
[1869/1939] Compiling CryptoExtras ThreadOps.swift
[1870/1939] Compiling CryptoExtras ThreadPosix.swift
[1871/1939] Compiling CryptoExtras ThreadSpecific.swift
[1872/1939] Compiling CryptoExtras ThreadWindows.swift
[1873/1939] Compiling CryptoExtras DLEQ.swift
[1874/1939] Compiling CryptoExtras Prover.swift
[1875/1939] Compiling CryptoExtras Verifier.swift
[1876/1939] Compiling CryptoExtras ZKPToolbox.swift
[1877/1939] Compiling CryptoExtras PKCS8DERRepresentation.swift
[1878/1939] Compiling CryptoExtras PKCS8PrivateKey.swift
[1879/1939] Compiling CryptoExtras RFC8410AlgorithmIdentifier.swift
[1880/1939] Compiling CryptoExtras ECToolbox_boring.swift
[1881/1939] Compiling CryptoExtras ECToolbox.swift
[1882/1939] Compiling CryptoExtras HashToField.swift
[1883/1939] Compiling CryptoExtras KDF.swift
[1884/1939] Compiling CryptoExtras PBKDF2_boring.swift
[1885/1939] Compiling CryptoExtras PBKDF2_commoncrypto.swift
[1886/1939] Compiling CryptoExtras ARCServer.swift
[1887/1939] Compiling CryptoExtras ChaCha20CTR_boring.swift
[1888/1939] Compiling CryptoExtras ChaCha20CTR.swift
[1889/1939] Compiling CryptoExtras BoringSSLSHA512256Context.swift
[1890/1939] Compiling CryptoExtras BoringSSLSHA512256HashFunction.swift
[1891/1939] Compiling CryptoExtras SHA512256.swift
[1892/1939] Compiling CryptoExtras SHA512256Digest.swift
[1893/1939] Compiling CryptoExtras Curve25519+PEM.swift
[1894/1939] Compiling CryptoExtras ObjectIdentifier.swift
[1895/1939] Compiling CryptoExtras AES_CBC.swift
[1896/1939] Compiling CryptoExtras AES_CFB.swift
[1897/1939] Compiling CryptoExtras AES_CTR.swift
[1898/1939] Compiling CryptoExtras AES_GCM_SIV.swift
[1899/1939] Compiling CryptoExtras Block Function.swift
[1900/1939] Compiling CryptoExtras AES_CBC_boring.swift
[1901/1939] Compiling CryptoExtras AES_CFB_boring.swift
[1902/1939] Compiling CryptoExtras AES_CTR_boring.swift
[1903/1939] Compiling CryptoExtras AES_GCM_SIV_boring.swift
[1904/1939] Compiling CryptoExtras BoringSSLPassphraseCallbackManager.swift
[1905/1939] Compiling CryptoExtras RSA+BlindSigning.swift
[1906/1939] Compiling CryptoExtras RSA.swift
[1907/1939] Compiling CryptoExtras RSA_boring.swift
[1908/1939] Compiling CryptoExtras Reexport.swift
[1909/1939] Compiling CryptoExtras Zeroization_boring.swift
[1910/1939] Compiling CryptoExtras BoringSSLHelpers.swift
[1911/1939] Compiling CryptoExtras CryptoKitErrors_boring.swift
[1922/1942] Compiling _CryptoExtras Exports.swift
[1923/1942] Emitting module _CryptoExtras
[1925/2038] Compiling X509 OrganizationalUnitName.swift
[1926/2038] Compiling X509 StateOrProvinceName.swift
[1927/2038] Compiling X509 StreetAddress.swift
[1928/2038] Compiling X509 Error.swift
[1929/2038] Compiling X509 AuthorityInformationAccess.swift
[1930/2038] Compiling X509 AuthorityKeyIdentifier.swift
[1931/2038] Compiling X509 BasicConstraints.swift
[1932/2038] Compiling X509 ExtendedKeyUsage.swift
[1933/2038] Compiling X509 ExtensionIdentifiers.swift
[1934/2038] Compiling X509 KeyUsage.swift
[1935/2038] Compiling X509 NameConstraints.swift
[1936/2038] Compiling X509 SubjectAlternativeName.swift
[1937/2038] Compiling X509 SubjectKeyIdentifier.swift
[1938/2038] Compiling X509 Extension.swift
[1939/2038] Compiling X509 Extensions.swift
[1940/2038] Compiling X509 ExtensionsBuilder.swift
[1941/2038] Compiling X509 GeneralName.swift
[1942/2038] Compiling X509 Lock.swift
[1943/2038] Emitting module NIOCore
[1945/2188] Compiling NIOFoundationEssentialsCompat Codable+ByteBuffer.swift
[1946/2188] Emitting module NIOEmbedded
[1947/2188] Compiling NIOEmbedded AsyncTestingEventLoop.swift
[1948/2188] Compiling NIOEmbedded AsyncTestingChannel.swift
[1949/2188] Compiling NIOFoundationEssentialsCompat ByteBuffer-foundation.swift
[1950/2188] Emitting module NIOFoundationEssentialsCompat
[1952/2189] Compiling SQLKit SQLPredicateGroupBuilder.swift
[1953/2189] Compiling SQLKit SQLRawBuilder.swift
[1954/2189] Compiling SQLKit SQLSecondaryPredicateGroupBuilder.swift
[1955/2189] Compiling SQLKit SQLSelectBuilder.swift
[1956/2189] Compiling SQLKit SQLSubqueryBuilder.swift
[1957/2189] Compiling SQLKit SQLUnionBuilder.swift
[1958/2189] Compiling SQLKit SQLUpdateBuilder.swift
[1959/2189] Compiling SQLKit SQLAliasedColumnListBuilder.swift
[1960/2189] Compiling SQLKit SQLColumnUpdateBuilder.swift
[1961/2189] Compiling SQLKit SQLCommonTableExpressionBuilder.swift
[1962/2189] Compiling SQLKit SQLCommonUnionBuilder.swift
[1963/2189] Compiling SQLKit SQLJoinBuilder.swift
[1964/2189] Compiling SQLKit SQLPartialResultBuilder.swift
[1965/2201] Compiling SQLKit SQLDropIndex.swift
[1966/2201] Compiling SQLKit SQLDropTable.swift
[1967/2201] Compiling SQLKit SQLDropTrigger.swift
[1968/2201] Compiling SQLKit SQLInsert.swift
[1969/2201] Compiling SQLKit SQLSelect.swift
[1970/2201] Compiling SQLKit SQLUnion.swift
[1971/2201] Compiling SQLKit SQLUpdate.swift
[1972/2201] Compiling SQLKit SQLExpression.swift
[1973/2201] Compiling SQLKit SQLSerializer.swift
[1974/2201] Compiling SQLKit SQLStatement.swift
[1975/2201] Compiling SQLKit SQLBinaryExpression.swift
[1976/2201] Compiling SQLKit SQLBinaryOperator.swift
[1977/2201] Compiling SQLKit SQLBind.swift
[1978/2201] Compiling SQLKit SQLLockingClause.swift
[1979/2201] Compiling SQLKit SQLOrderBy.swift
[1980/2201] Compiling SQLKit SQLReturning.swift
[1981/2201] Compiling SQLKit SQLSubquery.swift
[1982/2201] Compiling SQLKit SQLTableConstraintAlgorithm.swift
[1983/2201] Compiling SQLKit SQLAlterEnum.swift
[1984/2201] Compiling SQLKit SQLAlterTable.swift
[1985/2201] Compiling SQLKit SQLCreateEnum.swift
[1986/2201] Compiling SQLKit SQLCreateIndex.swift
[1987/2201] Compiling SQLKit SQLCreateTable.swift
[1988/2201] Compiling SQLKit SQLCreateTrigger.swift
[1989/2201] Compiling SQLKit SQLDelete.swift
[1990/2201] Compiling SQLKit SQLDropEnum.swift
[1991/2201] Compiling SQLKit SQLQueryBuilders+Deprecated.swift
[1992/2201] Compiling SQLKit Exports.swift
[1993/2201] Compiling SQLKit SQLAlias.swift
[1994/2201] Compiling SQLKit SQLBetween.swift
[1995/2201] Compiling SQLKit SQLColumn.swift
[1996/2201] Compiling SQLKit SQLConstraint.swift
[1997/2201] Compiling SQLKit SQLDataType.swift
[1998/2201] Compiling SQLKit SQLDirection.swift
[1999/2201] Compiling SQLKit SQLDistinct.swift
[2000/2201] Compiling SQLKit SQLForeignKeyAction.swift
[2001/2201] Compiling SQLKit SQLNestedSubpathExpression.swift
[2002/2201] Compiling SQLKit SQLQualifiedTable.swift
[2003/2201] Compiling SQLKit SQLQueryString.swift
[2004/2201] Compiling SQLKit SQLAlterColumnDefinitionType.swift
[2005/2201] Compiling SQLKit SQLColumnAssignment.swift
[2006/2201] Compiling SQLKit SQLColumnConstraintAlgorithm.swift
[2007/2201] Compiling SQLKit SQLColumnDefinition.swift
[2008/2201] Compiling SQLKit SQLCommonTableExpression.swift
[2009/2201] Compiling SQLKit SQLConflictAction.swift
[2010/2201] Compiling SQLKit SQLConflictResolutionStrategy.swift
[2011/2201] Compiling SQLKit SQLDropBehaviour.swift
[2012/2201] Compiling SQLKit SQLEnumDataType.swift
[2013/2201] Compiling SQLKit SQLExcludedColumn.swift
[2014/2201] Compiling SQLKit SQLForeignKey.swift
[2015/2201] Compiling SQLKit SQLJoin.swift
[2016/2201] Compiling SQLKit SQLJoinMethod.swift
[2017/2201] Compiling NIOEmbedded Embedded.swift
[2029/2202] Compiling SQLKit SQLFunction.swift
[2030/2202] Compiling SQLKit SQLGroupExpression.swift
[2031/2202] Compiling SQLKit SQLIdentifier.swift
[2032/2215] Compiling SQLKit SQLConflictUpdateBuilder.swift
[2033/2215] Compiling SQLKit SQLCreateEnumBuilder.swift
[2034/2215] Compiling SQLKit SQLCreateIndexBuilder.swift
[2035/2215] Compiling SQLKit SQLCreateTableBuilder.swift
[2036/2215] Compiling SQLKit SQLCreateTriggerBuilder.swift
[2037/2215] Compiling SQLKit SQLDeleteBuilder.swift
[2038/2215] Compiling SQLKit SQLDropEnumBuilder.swift
[2039/2222] Compiling SQLKit SQLAlterEnumBuilder.swift
[2040/2222] Compiling SQLKit SQLAlterTableBuilder.swift
[2048/2222] Compiling SQLKit SQLDropIndexBuilder.swift
[2049/2222] Compiling SQLKit SQLDropTableBuilder.swift
[2050/2222] Compiling SQLKit SQLDropTriggerBuilder.swift
[2051/2222] Compiling SQLKit SQLInsertBuilder.swift
[2052/2222] Compiling SQLKit SQLPredicateBuilder.swift
[2053/2222] Compiling SQLKit SQLQueryBuilder.swift
[2054/2222] Compiling SQLKit SQLQueryFetcher.swift
[2055/2222] Compiling SQLKit SQLReturningBuilder.swift
[2056/2222] Compiling SQLKit SQLSecondaryPredicateBuilder.swift
[2057/2222] Compiling SQLKit SQLSubqueryClauseBuilder.swift
[2058/2222] Compiling SQLKit SQLUnqualifiedColumnListBuilder.swift
[2059/2222] Compiling SQLKit SQLDatabase.swift
[2060/2222] Compiling SQLKit SQLDatabaseReportedVersion.swift
[2061/2222] Compiling SQLKit SQLDialect.swift
[2062/2222] Compiling SQLKit SQLDatabase+Deprecated.swift
[2063/2222] Compiling SQLKit SQLError.swift
[2064/2222] Compiling SQLKit SQLExpressions+Deprecated.swift
[2073/2222] Compiling NIOPosix Thread.swift
[2074/2222] Compiling NIOPosix ThreadPosix.swift
[2075/2222] Compiling NIOPosix ThreadWindows.swift
[2076/2222] Compiling NIOPosix Utilities.swift
[2077/2222] Compiling NIOPosix VsockAddress.swift
[2105/2222] Emitting module SQLKit
[2106/2222] Compiling NIOPosix VsockChannelEvents.swift
[2107/2222] Compiling NIOPosix Windows.swift
[2164/2222] Compiling X509 ValidatedCertificateChain.swift
[2165/2222] Compiling X509 VerificationDiagnostic.swift
[2166/2222] Compiling X509 Verifier.swift
[2167/2222] Compiling X509 VerifierPolicy.swift
[2168/2222] Compiling X509 AlgorithmIdentifier.swift
[2169/2222] Compiling X509 ECDSASignature.swift
[2170/2222] Compiling X509 RSAPKCS1PublicKey.swift
[2171/2222] Compiling X509 SubjectPublicKeyInfo.swift
[2172/2222] Compiling X509 TBSCertificate.swift
[2188/2223] Emitting module NIOPosix
[2189/2223] Emitting module X509
[2212/2284] Compiling NIO Exports.swift
[2213/2284] Emitting module NIO
[2215/2410] Compiling NIOFoundationCompat Exports.swift
[2216/2410] Compiling NIOTLS TLSEvents.swift
[2217/2410] Compiling FluentKit Parent+Concurrency.swift
[2218/2410] Compiling FluentKit QueryBuilder+Concurrency.swift
[2219/2410] Compiling FluentKit Relation+Concurrency.swift
[2220/2410] Compiling FluentKit SchemaBuilder+Concurrency.swift
[2221/2410] Compiling FluentKit Siblings+Concurrency.swift
[2222/2410] Compiling FluentKit Database+Logging.swift
[2223/2412] Emitting module NIOFoundationCompat
[2224/2412] Compiling NIOFoundationCompat JSONSerialization+ByteBuffer.swift
[2225/2412] Compiling NIOFoundationCompat WaitSpinningRunLoop.swift
[2226/2413] Emitting module NIOTLS
[2228/2413] Compiling NIOSOCKS SOCKSResponse.swift
[2229/2414] Compiling NIOSOCKS SelectedAuthenticationMethod.swift
[2230/2414] Compiling NIOSOCKS ClientStateMachine.swift
[2231/2414] Compiling FluentKit AsyncMigration.swift
[2232/2414] Compiling FluentKit AsyncModelMiddleware.swift
[2233/2414] Emitting module NIOSOCKS
[2243/2414] Compiling X509 Time.swift
[2244/2414] Compiling X509 TimeCalculations.swift
[2245/2414] Compiling X509 Validity.swift
[2246/2414] Compiling X509 X509SendableMetatype.swift
[2247/2414] Compiling FluentKit ModelResponder+Concurrency.swift
[2248/2414] Compiling FluentKit OptionalChild+Concurrency.swift
[2249/2414] Compiling FluentKit Children+Concurrency.swift
[2250/2414] Compiling FluentKit Database+Concurrency.swift
[2251/2414] Compiling FluentKit EnumBuilder+Concurrency.swift
[2252/2414] Compiling FluentKit Model+Concurrency.swift
[2253/2415] Emitting module _NIOFileSystem
[2255/2420] Compiling NIOSOCKS ServerStateMachine.swift
[2257/2421] Compiling FluentKit KeyPrefixingStrategy.swift
[2258/2421] Compiling AsyncKit Optional+StrictMap.swift
[2259/2421] Compiling AsyncKit Exports.swift
[2260/2421] Compiling FluentKit EnumBuilder.swift
[2261/2421] Compiling FluentKit EnumMetadata.swift
[2267/2421] Compiling NIOTLS ApplicationProtocolNegotiationHandler.swift
[2268/2421] Compiling NIOTLS ProtocolNegotiationHandlerStateMachine.swift
[2269/2421] Compiling NIOTLS SNIHandler.swift
[2270/2421] Compiling NIOTLS NIOTypedApplicationProtocolNegotiationHandler.swift
[2272/2474] Emitting module NIOHTTP1
[2273/2476] Compiling NIOTransportServices NIOTSEventLoop.swift
[2274/2476] Compiling NIOTransportServices NIOTSNetworkEvents.swift
[2275/2476] Compiling NIOTransportServices NIOTSBootstraps.swift
[2276/2476] Compiling NIOSSL IdentityVerification.swift
[2277/2476] Compiling NIOTransportServices NIOTSConnectionBootstrap.swift
[2278/2476] Compiling NIOTransportServices AcceptHandler.swift
[2279/2476] Compiling NIOTransportServices NIOTSDatagramConnectionBootstrap.swift
[2280/2476] Compiling NIOTransportServices StateManagedChannel.swift
[2281/2476] Compiling NIOTransportServices StateManagedListenerChannel.swift
[2282/2476] Compiling NIOTransportServices StateManagedNWConnectionChannel.swift
[2284/2476] Compiling NIOHTTP1 NIOTypedHTTPServerUpgradeHandler.swift
[2285/2476] Compiling NIOHTTP1 NIOTypedHTTPServerUpgraderStateMachine.swift
[2286/2478] Compiling NIOTransportServices NIOTSEventLoopGroup.swift
[2287/2478] Compiling NIOTransportServices NIOTSListenerBootstrap.swift
[2288/2478] Compiling NIOTransportServices NIOTSListenerChannel.swift
[2289/2478] Compiling NIOTransportServices NIOTSConnectionChannel.swift
[2290/2478] Compiling NIOTransportServices NIOTSErrors.swift
[2295/2478] Compiling NIOTransportServices TCPOptions+SocketChannelOption.swift
[2296/2478] Compiling NIOTransportServices UDPOptions+SocketChannelOption.swift
[2301/2478] Compiling NIOTransportServices NIOTSDatagramListenerBootstrap.swift
[2302/2478] Compiling NIOTransportServices NIOTSDatagramListenerChannel.swift
[2303/2478] Compiling NIOTransportServices NIOFilterEmptyWritesHandler.swift
[2306/2478] Compiling NIOTransportServices NIOTSDatagramConnectionChannel.swift
[2307/2478] Emitting module NIOTransportServices
[2314/2479] Compiling _NIOFileSystem Utilities.swift
[2315/2479] Compiling _NIOFileSystem NIOFilePath.swift
[2316/2479] Compiling _NIOFileSystem NIOFileSystemSendableMetatype.swift
[2317/2479] Compiling _NIOFileSystem OpenOptions.swift
[2318/2479] Compiling _NIOFileSystem String+FileSystem.swift
[2319/2479] Compiling NIOSSL SubjectAlternativeName.swift
[2320/2479] Compiling NIOSSL NIOSSLSecureBytes.swift
[2321/2479] Compiling NIOSSL RNG.swift
[2322/2479] Compiling NIOSSL SafeCompare.swift
[2323/2479] Compiling FluentKit ModelMiddleware.swift
[2338/2479] Emitting module AsyncKit
[2343/2525] Compiling NIOExtras PCAPRingBuffer.swift
[2344/2525] Compiling NIOExtras QuiescingHelper.swift
[2345/2525] Compiling NIOExtras RequestResponseHandler.swift
[2346/2525] Compiling NIOExtras RequestResponseHandlers+State.swift
[2353/2525] Compiling NIOSSL SecurityFrameworkCertificateVerification.swift
[2354/2525] Compiling NIOSSL String+unsafeUninitializedCapacity.swift
[2355/2537] Compiling FluentKit QueryBuilder+Filter.swift
[2356/2537] Compiling FluentKit QueryBuilder+Group.swift
[2357/2537] Compiling FluentKit QueryBuilder+Join+DirectRelations.swift
[2358/2537] Compiling FluentKit QueryBuilder+Join.swift
[2359/2537] Compiling FluentKit QueryBuilder+Paginate.swift
[2360/2537] Compiling FluentKit QueryBuilder+Range.swift
[2361/2537] Compiling FluentKit QueryBuilder+Set.swift
[2362/2537] Compiling FluentKit QueryBuilder+Sort.swift
[2363/2537] Compiling FluentKit QueryBuilder.swift
[2364/2537] Compiling FluentKit DatabaseQuery+Action.swift
[2365/2537] Compiling FluentKit DatabaseQuery+Aggregate.swift
[2366/2537] Compiling FluentKit DatabaseQuery+Field.swift
[2367/2537] Compiling NIOExtras MarkedCircularBuffer+PopFirstCheckMarked.swift
[2368/2537] Compiling NIOExtras NIOExtrasError.swift
[2369/2539] Emitting module NIOHTTPCompression
[2370/2539] Compiling NIOWebSocket WebSocketOpcode.swift
[2371/2539] Compiling FluentKit ModelResponder.swift
[2372/2539] Compiling FluentKit Migration.swift
[2373/2539] Compiling FluentKit MigrationLog.swift
[2374/2539] Compiling FluentKit Migrations.swift
[2375/2539] Compiling FluentKit Migrator.swift
[2376/2540] Emitting module FluentKit
[2377/2540] Compiling NIOExtras DebugInboundEventsHandler.swift
[2378/2540] Compiling NIOExtras DebugOutboundEventsHandler.swift
[2379/2540] Compiling NIOExtras FixedLengthFrameDecoder.swift
[2380/2540] Compiling NIOExtras HTTP1ProxyConnectHandler.swift
[2381/2540] Compiling NIOExtras JSONRPCFraming+ContentLengthHeader.swift
[2382/2540] Compiling NIOExtras JSONRPCFraming.swift
[2385/2540] Compiling NIOExtras LengthFieldBasedFrameDecoder.swift
[2386/2540] Compiling NIOExtras LengthFieldPrepender.swift
[2387/2540] Compiling NIOExtras LineBasedFrameDecoder.swift
[2388/2540] Compiling NIOExtras NIOLengthFieldBitLength.swift
[2389/2540] Compiling NIOExtras NIORequestIdentifiable.swift
[2390/2540] Compiling NIOHPACK IntegerCoding.swift
[2391/2540] Compiling NIOHPACK IndexedHeaderTable.swift
[2392/2541] Compiling NIOHTTPCompression HTTPDecompressor.swift
[2395/2541] Compiling NIOWebSocket WebSocketProtocolErrorHandler.swift
[2396/2541] Compiling NIOWebSocket WebSocketFrameEncoder.swift
[2397/2541] Compiling NIOWebSocket WebSocketFrameDecoder.swift
[2398/2541] Compiling NIOHTTPCompression HTTPCompression.swift
[2399/2541] Compiling NIOHTTPCompression HTTPDecompression.swift
[2404/2541] Emitting module NIOWebSocket
[2405/2541] Compiling NIOHPACK HuffmanTables.swift
[2410/2541] Compiling NIOHPACK HuffmanCoding.swift
[2411/2541] Compiling NIOHTTPCompression HTTPRequestCompressor.swift
[2412/2541] Compiling NIOHTTPCompression HTTPResponseCompressor.swift
[2414/2542] Compiling NIOHPACK StaticHeaderTable.swift
[2415/2542] Compiling NIOWebSocket WebSocketErrorCodes.swift
[2416/2542] Compiling NIOWebSocket WebSocketFrame.swift
[2417/2550] Compiling MultipartKit FormDataDecoder.Decoder.swift
[2418/2550] Compiling MultipartKit FormDataDecoder.KeyedContainer.swift
[2419/2550] Compiling MultipartKit FormDataDecoder.SingleValueContainer.swift
[2420/2554] Emitting module NIOExtras
[2422/2562] Emitting module NIOSSL
[2431/2566] Emitting module NIOHPACK
[2432/2566] Compiling MultipartKit MultipartError.swift
[2433/2566] Compiling MultipartKit Exports.swift
[2435/2566] Compiling MultipartKit BasicCodingKey.swift
[2441/2567] Compiling MultipartKit FormDataEncoder.Encoder.swift
[2442/2567] Compiling MultipartKit FormDataEncoder.KeyedContainer.swift
[2443/2567] Compiling MultipartKit FormDataEncoder.SingleValueContainer.swift
[2445/2602] Compiling NIOHTTP2 MaySendFrames.swift
[2446/2602] Compiling NIOHTTP2 SendingDataState.swift
[2447/2602] Compiling NIOHTTP2 SendingGoawayState.swift
[2448/2632] Compiling NIOHTTP2 ConnectionStateMachine.swift
[2449/2632] Compiling NIOHTTP2 ConnectionStreamsState.swift
[2450/2632] Compiling NIOHTTP2 MayReceiveFrames.swift
[2451/2632] Compiling NIOHTTP2 ReceivingDataState.swift
[2452/2632] Compiling NIOHTTP2 ReceivingGoAwayState.swift
[2456/2632] Compiling NIOHTTP2 SendingHeadersState.swift
[2457/2632] Compiling NIOHTTP2 SendingPushPromiseState.swift
[2458/2632] Compiling NIOHTTP2 SendingRstStreamState.swift
[2459/2632] Compiling NIOHTTP2 SendingWindowUpdateState.swift
[2460/2632] Compiling NIOHTTP2 HTTP2SettingsState.swift
[2461/2632] Compiling NIOHTTP2 ReceivingHeadersState.swift
[2462/2632] Compiling NIOHTTP2 ReceivingPushPromiseState.swift
[2463/2632] Compiling NIOHTTP2 ReceivingRstStreamState.swift
[2464/2632] Compiling NIOHTTP2 ReceivingWindowUpdateState.swift
[2466/2632] Compiling NIOHTTP2 HasExtendedConnectSettings.swift
[2470/2632] Emitting module MultipartKit
[2478/2632] Compiling MultipartKit MultipartSerializer.swift
[2479/2632] Compiling MultipartKit Utilities.swift
[2480/2632] Compiling NIOHTTP2 ConcurrentStreamBuffer.swift
[2486/2633] Compiling NIOHTTP2 HPACKHeaders+Validation.swift
[2487/2633] Compiling NIOHTTP2 HTTP2ChannelHandler+InboundStreamMultiplexer.swift
[2488/2633] Compiling NIOHTTP2 HasFlowControlWindows.swift
[2489/2633] Compiling NIOHTTP2 HasLocalSettings.swift
[2490/2633] Compiling NIOHTTP2 HasRemoteSettings.swift
[2491/2633] Compiling NIOHTTP2 LocallyQuiescingState.swift
[2492/2633] Compiling NIOHTTP2 QuiescingState.swift
[2493/2633] Compiling NIOHTTP2 RemotelyQuiescingState.swift
[2494/2633] Compiling NIOHTTP2 SendAndReceiveGoawayState.swift
[2495/2633] Compiling NIOHTTP2 StateMachineResult.swift
[2496/2633] Compiling NIOHTTP2 ContentLengthVerifier.swift
[2497/2633] Compiling NIOHTTP2 HTTP2ChannelHandler+InlineStreamMultiplexer.swift
[2506/2634] Compiling NIOHTTP2 HTTP2Stream.swift
[2507/2634] Compiling NIOHTTP2 HTTP2StreamChannel+OutboundStreamMultiplexer.swift
[2508/2634] Compiling NIOHTTP2 HTTP2StreamChannel.swift
[2509/2634] Compiling NIOHTTP2 HTTP2StreamDelegate.swift
[2510/2634] Compiling NIOHTTP2 HTTP2StreamID.swift
[2511/2634] Compiling NIOHTTP2 HTTP2StreamMultiplexer.swift
[2512/2634] Compiling NIOHTTP2 HTTP2ToHTTP1Codec.swift
[2513/2634] Compiling NIOHTTP2 HTTP2UserEvents.swift
[2514/2634] Compiling NIOHTTP2 InboundEventBuffer.swift
[2515/2634] Compiling NIOHTTP2 InboundWindowManager.swift
[2516/2634] Compiling NIOHTTP2 MultiplexerAbstractChannel.swift
[2517/2634] Compiling NIOHTTP2 NIOHTTP2FrameDelegate.swift
[2518/2634] Compiling NIOHTTP2 HTTP2ChannelHandler.swift
[2519/2634] Compiling NIOHTTP2 HTTP2CommonInboundStreamMultiplexer.swift
[2520/2634] Compiling NIOHTTP2 HTTP2ConnectionStateChange.swift
[2521/2634] Compiling NIOHTTP2 HTTP2Error.swift
[2522/2634] Compiling NIOHTTP2 HTTP2ErrorCode.swift
[2523/2634] Compiling NIOHTTP2 HTTP2FlowControlWindow.swift
[2524/2634] Compiling NIOHTTP2 HTTP2Frame.swift
[2525/2634] Compiling NIOHTTP2 HTTP2FrameEncoder.swift
[2526/2634] Compiling NIOHTTP2 HTTP2FrameParser.swift
[2527/2634] Compiling NIOHTTP2 HTTP2PingData.swift
[2528/2634] Compiling NIOHTTP2 HTTP2PipelineHelpers.swift
[2529/2634] Compiling NIOHTTP2 HTTP2Settings.swift
[2530/2634] Compiling NIOHTTP2 NIOHTTP2ServerConnectionManagementHandler+StateMachine.swift
[2531/2634] Compiling FluentKit Fields.swift
[2532/2634] Compiling FluentKit MirrorBypass.swift
[2533/2634] Compiling FluentKit Model+CRUD.swift
[2534/2634] Compiling FluentKit Model.swift
[2535/2634] Compiling FluentKit ModelAlias.swift
[2536/2634] Compiling FluentKit Schema.swift
[2537/2634] Compiling FluentKit FieldOperators.swift
[2538/2634] Compiling FluentKit Operators.swift
[2539/2634] Compiling FluentKit ValueOperators+Array.swift
[2540/2634] Compiling FluentKit ValueOperators+String.swift
[2541/2634] Compiling FluentKit ValueOperators.swift
[2542/2639] Compiling FluentKit DatabaseQuery+Filter.swift
[2543/2639] Compiling FluentKit DatabaseQuery+Join.swift
[2544/2639] Compiling FluentKit DatabaseQuery+Range.swift
[2545/2639] Compiling FluentKit DatabaseQuery+Sort.swift
[2546/2639] Compiling FluentKit DatabaseQuery+Value.swift
[2547/2639] Compiling FluentKit DatabaseQuery.swift
[2548/2639] Compiling FluentKit QueryHistory.swift
[2549/2639] Compiling FluentKit DatabaseSchema.swift
[2550/2639] Compiling FluentKit SchemaBuilder.swift
[2551/2639] Compiling FluentKit OptionalType.swift
[2552/2639] Compiling FluentKit RandomGeneratable.swift
[2553/2639] Compiling FluentKit SomeCodingKey.swift
[2554/2640] Emitting module NIOFileSystem
[2555/2640] Compiling NIOFileSystem Exports.swift
[2557/2640] Compiling _NIOFileSystemFoundationCompat Date+FileInfo.swift
[2558/2641] Compiling _NIOFileSystemFoundationCompat Data+FileSystem.swift
[2559/2641] Emitting module _NIOFileSystemFoundationCompat
[2565/2654] Compiling FluentSQL SQLList+Deprecated.swift
[2566/2655] Compiling FluentSQL SQLJSONColumnPath+Deprecated.swift
[2567/2655] Emitting module FluentSQL
[2568/2655] Compiling FluentSQL DatabaseSchema+SQL.swift
[2569/2655] Compiling FluentSQL Exports.swift
[2570/2655] Compiling FluentSQL ConverterUtilities.swift
[2571/2655] Compiling FluentSQL DatabaseQuery+SQL.swift
[2572/2655] Compiling FluentSQL SQLDatabase+Model+Concurrency.swift
[2573/2655] Compiling FluentSQL SQLDatabase+Model.swift
[2579/2656] Compiling FluentSQL SQLSchemaConverter.swift
[2580/2656] Compiling FluentSQL SQLQualifiedTable+Deprecated.swift
[2581/2656] Compiling FluentSQL SQLQueryConverter.swift
[2583/2665] Compiling WebSocketKit WebSocketHandler.swift
[2584/2665] Compiling WebSocketKit WebSocket+Connect.swift
[2585/2665] Compiling WebSocketKit Exports.swift
[2586/2665] Compiling WebSocketKit WebSocket+Concurrency.swift
[2587/2665] Emitting module WebSocketKit
[2596/2673] Compiling WebSocketKit HTTPUpgradeRequestHandler.swift
[2597/2673] Compiling WebSocketKit WebSocket.swift
[2598/2673] Compiling WebSocketKit WebSocketClient.swift
[2609/2674] Emitting module NIOHTTP2
[2619/2674] Compiling NIOHTTP2 NIOHTTP2ServerConnectionManagementHandler.swift
[2620/2674] Compiling NIOHTTP2 StreamChannelFlowController.swift
[2621/2674] Compiling NIOHTTP2 StreamChannelList.swift
[2622/2674] Compiling NIOHTTP2 StreamMap.swift
[2623/2674] Compiling NIOHTTP2 StreamStateMachine.swift
[2624/2674] Compiling NIOHTTP2 Timer.swift
[2625/2674] Compiling NIOHTTP2 UnsafeTransfer.swift
[2626/2674] Compiling NIOHTTP2 WatermarkedFlowController.swift
[2670/2675] Compiling NIOHTTP2 ControlFrameBuffer.swift
[2671/2675] Compiling NIOHTTP2 OutboundFlowControlBuffer.swift
[2672/2675] Compiling NIOHTTP2 OutboundFrameBuffer.swift
[2673/2675] Compiling NIOHTTP2 GlitchesMonitor.swift
[2677/2740] Emitting module AsyncHTTPClient
[2678/2748] Compiling AsyncHTTPClient RequestValidation.swift
[2679/2748] Compiling AsyncHTTPClient SSLContextCache.swift
[2680/2748] Compiling AsyncHTTPClient Scheme.swift
[2681/2748] Compiling AsyncHTTPClient Singleton.swift
[2682/2748] Compiling AsyncHTTPClient StringConvertibleInstances.swift
[2683/2748] Compiling AsyncHTTPClient StructuredConcurrencyHelpers.swift
[2684/2748] Compiling AsyncHTTPClient TracingSupport.swift
[2685/2748] Compiling AsyncHTTPClient Utils.swift
[2686/2748] Compiling AsyncHTTPClient HTTP1ProxyConnectHandler.swift
[2687/2748] Compiling AsyncHTTPClient SOCKSEventsHandler.swift
[2688/2748] Compiling AsyncHTTPClient TLSEventsHandler.swift
[2689/2748] Compiling AsyncHTTPClient HTTP1ClientChannelHandler.swift
[2690/2748] Compiling AsyncHTTPClient HTTP1Connection.swift
[2691/2748] Compiling AsyncHTTPClient HTTP1ConnectionStateMachine.swift
[2692/2748] Compiling AsyncHTTPClient HTTP2ClientRequestHandler.swift
[2693/2748] Compiling AsyncHTTPClient HTTP2Connection.swift
[2694/2748] Compiling AsyncHTTPClient HTTP2IdleHandler.swift
[2695/2748] Compiling AsyncHTTPClient AnyAsyncSequence.swift
[2696/2748] Compiling AsyncHTTPClient AnyAsyncSequenceProucerDelete.swift
[2697/2748] Compiling AsyncHTTPClient AsyncLazySequence.swift
[2698/2748] Compiling AsyncHTTPClient HTTPClient+execute.swift
[2699/2748] Compiling AsyncHTTPClient HTTPClient+shutdown.swift
[2700/2748] Compiling AsyncHTTPClient HTTPClient+tracing.swift
[2701/2748] Compiling AsyncHTTPClient HTTPClientRequest+Prepared.swift
[2702/2748] Compiling AsyncHTTPClient HTTPClientRequest+auth.swift
[2703/2748] Compiling AsyncHTTPClient HTTPClientRequest.swift
[2704/2748] Compiling AsyncHTTPClient LRUCache.swift
[2705/2748] Compiling AsyncHTTPClient NIOLoopBound+Execute.swift
[2706/2748] Compiling AsyncHTTPClient NWErrorHandler.swift
[2707/2748] Compiling AsyncHTTPClient NWWaitingHandler.swift
[2708/2748] Compiling AsyncHTTPClient TLSConfiguration.swift
[2709/2748] Compiling AsyncHTTPClient RedirectState.swift
[2710/2748] Compiling AsyncHTTPClient RequestBag+StateMachine.swift
[2711/2748] Compiling AsyncHTTPClient RequestBag+Tracing.swift
[2712/2748] Compiling AsyncHTTPClient RequestBag.swift
[2713/2748] Compiling AsyncHTTPClient HTTPConnectionEvent.swift
[2714/2748] Compiling AsyncHTTPClient HTTPConnectionPool+Factory.swift
[2715/2748] Compiling AsyncHTTPClient HTTPConnectionPool+Manager.swift
[2716/2748] Compiling AsyncHTTPClient HTTPConnectionPool.swift
[2717/2748] Compiling AsyncHTTPClient HTTPExecutableRequest.swift
[2718/2748] Compiling AsyncHTTPClient HTTPRequestStateMachine+Demand.swift
[2719/2748] Compiling AsyncHTTPClient HTTPRequestStateMachine.swift
[2720/2748] Compiling AsyncHTTPClient RequestBodyLength.swift
[2721/2748] Compiling AsyncHTTPClient RequestFramingMetadata.swift
[2722/2748] Compiling AsyncHTTPClient HTTPClientResponse.swift
[2723/2748] Compiling AsyncHTTPClient SingleIteratorPrecondition.swift
[2724/2748] Compiling AsyncHTTPClient Transaction+StateMachine.swift
[2725/2748] Compiling AsyncHTTPClient Transaction.swift
[2726/2748] Compiling AsyncHTTPClient Base64.swift
[2727/2748] Compiling AsyncHTTPClient BasicAuth.swift
[2728/2748] Compiling AsyncHTTPClient BestEffortHashableTLSConfiguration.swift
[2729/2748] Compiling AsyncHTTPClient Configuration+BrowserLike.swift
[2730/2748] Compiling AsyncHTTPClient ConnectionPool.swift
[2731/2748] Compiling AsyncHTTPClient DeconstructedURL.swift
[2732/2748] Compiling AsyncHTTPClient FileDownloadDelegate.swift
[2733/2748] Compiling AsyncHTTPClient FoundationExtensions.swift
[2734/2748] Compiling AsyncHTTPClient HTTPClient+HTTPCookie.swift
[2735/2748] Compiling AsyncHTTPClient HTTPClient+Proxy.swift
[2736/2748] Compiling AsyncHTTPClient HTTPClient+StructuredConcurrency.swift
[2737/2748] Compiling AsyncHTTPClient HTTPClient.swift
[2738/2748] Compiling AsyncHTTPClient HTTPClientConfiguration+SwiftConfiguration.swift
[2739/2748] Compiling AsyncHTTPClient HTTPHandler.swift
[2740/2748] Compiling AsyncHTTPClient RequestOptions.swift
[2741/2748] Compiling AsyncHTTPClient HTTPConnectionPool+Backoff.swift
[2742/2748] Compiling AsyncHTTPClient HTTPConnectionPool+HTTP1Connections.swift
[2743/2748] Compiling AsyncHTTPClient HTTPConnectionPool+HTTP1StateMachine.swift
[2744/2748] Compiling AsyncHTTPClient HTTPConnectionPool+HTTP2Connections.swift
[2745/2748] Compiling AsyncHTTPClient HTTPConnectionPool+HTTP2StateMachine.swift
[2746/2748] Compiling AsyncHTTPClient HTTPConnectionPool+RequestQueue.swift
[2747/2748] Compiling AsyncHTTPClient HTTPConnectionPool+StateMachine.swift
[2748/2748] Compiling AsyncHTTPClient ConnectionTarget.swift
[2750/2921] Compiling Vapor CORSMiddleware+AllowOriginSetting.swift
[2751/2921] Compiling Vapor CORSMiddleware+Configuration+exposedHeaders.swift
[2752/2921] Compiling Vapor DotEnvFile+load.swift
[2753/2921] Compiling Vapor Routes+caseInsenstive.swift
[2754/2921] Compiling Vapor Validatable+validate.swift
[2755/2921] Compiling Vapor Environment+Process.swift
[2756/2921] Compiling Vapor Environment+Secret.swift
[2757/2921] Compiling Vapor Environment.swift
[2758/2921] Compiling Vapor Abort.swift
[2759/2921] Compiling Vapor AbortError.swift
[2760/2921] Compiling Vapor DebuggableError.swift
[2761/2921] Compiling Vapor Demangler.swift
[2762/2921] Compiling Vapor ErrorSource.swift
[2763/2921] Compiling Vapor StackTrace.swift
[2764/2921] Compiling Vapor Exports.swift
[2765/2921] Compiling Vapor Application+HTTP.swift
[2766/2921] Compiling Vapor BasicResponder.swift
[2767/2921] Compiling Vapor BodyStream.swift
[2768/2921] Compiling Vapor Application+HTTP+Client.swift
[2769/2921] Compiling Vapor EventLoopHTTPClient.swift
[2770/2921] Compiling Vapor EndpointCache.swift
[2771/2921] Compiling Vapor HTTPMethod+String.swift
[2772/2921] Compiling Vapor HTTPStatus.swift
[2773/2921] Compiling Vapor HTTPCookies.swift
[2774/2921] Compiling Vapor HTTPHeaderCacheControl.swift
[2775/2945] Compiling Vapor Logger+Report.swift
[2776/2945] Compiling Vapor LoggingSystem+Environment.swift
[2777/2945] Compiling Vapor Application+Middleware.swift
[2778/2945] Compiling Vapor CORSMiddleware.swift
[2779/2945] Compiling Vapor ErrorMiddleware.swift
[2780/2945] Compiling Vapor FileMiddleware.swift
[2781/2945] Compiling Vapor Middleware.swift
[2782/2945] Compiling Vapor MiddlewareConfiguration.swift
[2783/2945] Compiling Vapor ResponseCompressionMiddleware.swift
[2784/2945] Compiling Vapor RouteLoggingMiddleware.swift
[2785/2945] Compiling Vapor TracingMiddleware.swift
[2786/2945] Compiling Vapor File+Multipart.swift
[2787/2945] Compiling Vapor FormDataDecoder+Content.swift
[2788/2945] Compiling Vapor FormDataEncoder+Content.swift
[2789/2945] Compiling Vapor Application+Password.swift
[2790/2945] Compiling Vapor Application+Passwords.swift
[2791/2945] Compiling Vapor AsyncPasswordHasher.swift
[2792/2945] Compiling Vapor BcryptHasher.swift
[2793/2945] Compiling Vapor PasswordHasher.swift
[2794/2945] Compiling Vapor PlaintextHasher.swift
[2795/2945] Compiling Vapor Request+Password.swift
[2796/2945] Compiling Vapor Redirect.swift
[2797/2945] Compiling Vapor Request+Body.swift
[2798/2945] Compiling Vapor Request+BodyStream.swift
[2799/2969] Compiling Vapor AsyncMiddleware.swift
[2800/2969] Compiling Vapor AsyncPasswordHasher+Concurrency.swift
[2801/2969] Compiling Vapor AsyncSessionDriver.swift
[2802/2969] Compiling Vapor Authentication+Concurrency.swift
[2803/2969] Compiling Vapor Cache+Concurrency.swift
[2804/2969] Compiling Vapor Client+Concurrency.swift
[2805/2969] Compiling Vapor RequestBody+Concurrency.swift
[2806/2969] Compiling Vapor Responder+Concurrency.swift
[2807/2969] Compiling Vapor ResponseCodable+Concurrency.swift
[2808/2969] Compiling Vapor RoutesBuilder+Concurrency.swift
[2809/2969] Compiling Vapor ViewRenderer+Concurrency.swift
[2810/2969] Compiling Vapor WebSocket+Concurrency.swift
[2811/2969] Compiling Vapor ContainerGetPathExecutor.swift
[2812/2969] Compiling Vapor Content.swift
[2813/2969] Compiling Vapor ContentCoders.swift
[2814/2969] Compiling Vapor ContentConfiguration.swift
[2815/2969] Compiling Vapor ContentContainer.swift
[2816/2969] Compiling Vapor JSONCoder+Custom.swift
[2817/2969] Compiling Vapor JSONCoders+Content.swift
[2818/2969] Compiling Vapor PlaintextDecoder.swift
[2819/2969] Compiling Vapor PlaintextEncoder.swift
[2820/2969] Compiling Vapor URLQueryCoders.swift
[2821/2969] Compiling Vapor URLQueryContainer.swift
[2822/2969] Compiling Vapor Core.swift
[2823/2969] Compiling Vapor Running.swift
[2824/2969] Compiling Vapor Request.swift
[2825/2969] Compiling Vapor Application+Responder.swift
[2826/2969] Compiling Vapor DefaultResponder.swift
[2827/2969] Compiling Vapor Response+Body.swift
[2828/2969] Compiling Vapor Response.swift
[2829/2969] Compiling Vapor ResponseCodable.swift
[2830/2969] Compiling Vapor Application+Routes.swift
[2831/2969] Compiling Vapor Parameters+Require.swift
[2832/2969] Compiling Vapor Request+WebSocket.swift
[2833/2969] Compiling Vapor Route.swift
[2834/2969] Compiling Vapor RouteCollection.swift
[2835/2969] Compiling Vapor Routes.swift
[2836/2969] Compiling Vapor RoutesBuilder+Group.swift
[2837/2969] Compiling Vapor RoutesBuilder+Method.swift
[2838/2969] Compiling Vapor RoutesBuilder+Middleware.swift
[2839/2969] Compiling Vapor RoutesBuilder+WebSocket.swift
[2840/2969] Compiling Vapor RoutesBuilder.swift
[2841/2969] Compiling Vapor OTP.swift
[2842/2969] Compiling Vapor ValidatedCertificateChain.swift
[2843/2969] Compiling Vapor Application+Servers.swift
[2844/2969] Compiling Vapor Server.swift
[2845/2969] Compiling Vapor App+Service.swift
[2846/2969] Compiling Vapor Req+Service.swift
[2847/2969] Compiling Vapor Service.swift
[2848/2969] Emitting module Vapor
[2849/2969] Compiling Vapor Validator.swift
[2850/2969] Compiling Vapor ValidatorResult.swift
[2851/2969] Compiling Vapor And.swift
[2852/2969] Compiling Vapor Case.swift
[2853/2969] Compiling Vapor CharacterSet.swift
[2854/2969] Compiling Vapor Count.swift
[2855/2969] Compiling Vapor Custom.swift
[2856/2969] Compiling Vapor Email.swift
[2857/2969] Compiling Vapor Empty.swift
[2858/2969] Compiling Vapor In.swift
[2859/2969] Compiling Vapor Nil.swift
[2860/2969] Compiling Vapor NilIgnoring.swift
[2861/2969] Compiling Vapor Not.swift
[2862/2969] Compiling Vapor Or.swift
[2863/2969] Compiling Vapor Pattern.swift
[2864/2969] Compiling Vapor Range.swift
[2865/2969] Compiling Vapor URL.swift
[2866/2969] Compiling Vapor Valid.swift
[2867/2969] Compiling Vapor Application+Views.swift
[2868/2969] Compiling Vapor PlaintextRenderer.swift
[2869/2969] Compiling Vapor Request+View.swift
[2870/2969] Compiling Vapor View.swift
[2871/2969] Compiling Vapor ViewRenderer.swift
[2872/2969] Compiling Vapor _Deprecations.swift
[2873/2969] Compiling Vapor Bytes+SecureCompare.swift
[2874/2969] Compiling Vapor Collection+Safe.swift
[2875/2969] Compiling Vapor DataProtocol+Copy.swift
[2876/2969] Compiling Vapor DecoderUnwrapper.swift
[2877/2969] Compiling Vapor DirectoryConfiguration.swift
[2878/2969] Compiling Vapor DotEnv.swift
[2879/2969] Compiling Vapor Extendable.swift
[2880/2969] Compiling Vapor File.swift
[2881/2969] Compiling Vapor FileIO.swift
[2882/2969] Compiling Vapor LifecycleHandler.swift
[2883/2969] Compiling Vapor OptionalType.swift
[2884/2969] Compiling Vapor RFC1123.swift
[2885/2969] Compiling Vapor SocketAddress+Hostname.swift
[2886/2969] Compiling Vapor Storage.swift
[2887/2969] Compiling Vapor String+IsIPAddress.swift
[2888/2969] Compiling Vapor Thread.swift
[2889/2969] Compiling Vapor URI.swift
[2890/2969] Compiling Vapor VaporSendableMetadataType.swift
[2891/2969] Compiling Vapor RangeResult.swift
[2892/2969] Compiling Vapor Validatable.swift
[2893/2969] Compiling Vapor Validation.swift
[2894/2969] Compiling Vapor ValidationKey.swift
[2895/2969] Compiling Vapor Validations.swift
[2896/2969] Compiling Vapor ValidationsError.swift
[2897/2969] Compiling Vapor Application+Sessions.swift
[2898/2969] Compiling Vapor MemorySessions.swift
[2899/2969] Compiling Vapor Request+Session.swift
[2900/2969] Compiling Vapor Session.swift
[2901/2969] Compiling Vapor SessionCache.swift
[2902/2969] Compiling Vapor SessionData.swift
[2903/2969] Compiling Vapor SessionDriver.swift
[2904/2969] Compiling Vapor SessionsConfiguration.swift
[2905/2969] Compiling Vapor SessionsMiddleware.swift
[2906/2969] Compiling Vapor URLEncodedFormData.swift
[2907/2969] Compiling Vapor URLEncodedFormDecoder.swift
[2908/2969] Compiling Vapor URLEncodedFormEncoder.swift
[2909/2969] Compiling Vapor URLEncodedFormError.swift
[2910/2969] Compiling Vapor URLEncodedFormParser.swift
[2911/2969] Compiling Vapor URLEncodedFormSerializer.swift
[2912/2969] Compiling Vapor URLQueryFragmentConvertible.swift
[2913/2969] Compiling Vapor AnyResponse.swift
[2914/2969] Compiling Vapor Array+Random.swift
[2915/2969] Compiling Vapor Base32.swift
[2916/2969] Compiling Vapor Base64.swift
[2917/2969] Compiling Vapor BaseN.swift
[2918/2969] Compiling Vapor BasicCodingKey.swift
[2919/2969] Compiling Vapor ByteCount.swift
[2920/2969] Compiling Vapor Bytes+Hex.swift
[2921/2969] Compiling Vapor Application.swift
[2922/2969] Compiling Vapor AuthenticationCache.swift
[2923/2969] Compiling Vapor Authenticator.swift
[2924/2969] Compiling Vapor BasicAuthorization.swift
[2925/2969] Compiling Vapor BearerAuthorization.swift
[2926/2969] Compiling Vapor GuardMiddleware.swift
[2927/2969] Compiling Vapor RedirectMiddleware.swift
[2928/2969] Compiling Vapor SessionAuthenticatable.swift
[2929/2969] Compiling Vapor Bcrypt.swift
[2930/2969] Compiling Vapor Application+Cache.swift
[2931/2969] Compiling Vapor Cache.swift
[2932/2969] Compiling Vapor CacheExpirationTime.swift
[2933/2969] Compiling Vapor MemoryCache.swift
[2934/2969] Compiling Vapor Request+Cache.swift
[2935/2969] Compiling Vapor Application+Clients.swift
[2936/2969] Compiling Vapor Client.swift
[2937/2969] Compiling Vapor ClientRequest.swift
[2938/2969] Compiling Vapor ClientResponse.swift
[2939/2969] Compiling Vapor Request+Client.swift
[2940/2969] Compiling Vapor BootCommand.swift
[2941/2969] Compiling Vapor CommandContext+Application.swift
[2942/2969] Compiling Vapor RoutesCommand.swift
[2943/2969] Compiling Vapor ServeCommand.swift
[2944/2969] Compiling Vapor AnyResponse+Concurrency.swift
[2945/2969] Compiling Vapor AsyncBasicResponder.swift
[2946/2969] Compiling Vapor HTTPHeaderExpires.swift
[2947/2969] Compiling Vapor HTTPHeaderLastModified.swift
[2948/2969] Compiling Vapor HTTPHeaders+Cache.swift
[2949/2969] Compiling Vapor HTTPHeaders+Connection.swift
[2950/2969] Compiling Vapor HTTPHeaders+ContentDisposition.swift
[2951/2969] Compiling Vapor HTTPHeaders+ContentRange.swift
[2952/2969] Compiling Vapor HTTPHeaders+Directive.swift
[2953/2969] Compiling Vapor HTTPHeaders+Forwarded.swift
[2954/2969] Compiling Vapor HTTPHeaders+Link.swift
[2955/2969] Compiling Vapor HTTPHeaders+Name.swift
[2956/2969] Compiling Vapor HTTPHeaders+ResponseCompression.swift
[2957/2969] Compiling Vapor HTTPHeaders.swift
[2958/2969] Compiling Vapor HTTPMediaType.swift
[2959/2969] Compiling Vapor HTTPMediaTypePreference.swift
[2960/2969] Compiling Vapor Responder.swift
[2961/2969] Compiling Vapor Application+HTTP+Server.swift
[2962/2969] Compiling Vapor CloseOnIdleHandler.swift
[2963/2969] Compiling Vapor HTTPServer.swift
[2964/2969] Compiling Vapor HTTPServerConfiguration+RequestDecompressionConfiguration.swift
[2965/2969] Compiling Vapor HTTPServerConfiguration+ResponseCompressionConfiguration.swift
[2966/2969] Compiling Vapor HTTPServerHandler.swift
[2967/2969] Compiling Vapor HTTPServerRequestDecoder.swift
[2968/2969] Compiling Vapor HTTPServerResponseEncoder.swift
[2969/2969] Compiling Vapor HTTPServerUpgradeHandler.swift
[2971/2985] Compiling Fluent Fluent+History.swift
[2972/2985] Compiling Fluent Fluent+Paginate.swift
[2973/2987] Compiling Fluent ModelTokenAuthenticatable.swift
[2974/2987] Compiling Fluent PageLimit.swift
[2975/2987] Emitting module Fluent
[2976/2987] Compiling Fluent ModelAuthenticatable.swift
[2977/2987] Compiling Fluent ModelCredentialsAuthenticatable.swift
[2978/2987] Compiling Fluent FluentProvider.swift
[2979/2987] Compiling Fluent MigrateCommand.swift
[2980/2987] Compiling Fluent Exports.swift
[2981/2987] Compiling Fluent Fluent+Cache.swift
[2982/2987] Compiling Fluent Pagination+Concurrency.swift
[2983/2987] Compiling Fluent Sessions+Concurrency.swift
[2984/2987] Compiling Fluent Fluent+Pagination.swift
[2985/2987] Compiling Fluent Fluent+Sessions.swift
[2986/2987] Compiling Fluent FluentProvider+Concurrency.swift
[2987/2987] Compiling Fluent ModelCredentialsAuthenticatable+Concurrency.swift
[2989/3030] Compiling SwiftlyBotKit ViewerTimeZone.swift
/host/spi-builder-workspace/Sources/SwiftlyBotKit/Services/IPRange.swift:7:8: error: no such module 'Darwin'
  5 | import Musl
  6 | #else
  7 | import Darwin
    |        `- error: no such module 'Darwin'
  8 | #endif
  9 |
[2990/3030] Compiling SwiftlyBotKit BotDashboardQueries.swift
/host/spi-builder-workspace/Sources/SwiftlyBotKit/Services/IPRange.swift:7:8: error: no such module 'Darwin'
  5 | import Musl
  6 | #else
  7 | import Darwin
    |        `- error: no such module 'Darwin'
  8 | #endif
  9 |
[2991/3030] Compiling SwiftlyBotKit BotExportCSV.swift
/host/spi-builder-workspace/Sources/SwiftlyBotKit/Services/IPRange.swift:7:8: error: no such module 'Darwin'
  5 | import Musl
  6 | #else
  7 | import Darwin
    |        `- error: no such module 'Darwin'
  8 | #endif
  9 |
[2992/3030] Compiling SwiftlyBotKit BotExportQueries.swift
/host/spi-builder-workspace/Sources/SwiftlyBotKit/Services/IPRange.swift:7:8: error: no such module 'Darwin'
  5 | import Musl
  6 | #else
  7 | import Darwin
    |        `- error: no such module 'Darwin'
  8 | #endif
  9 |
[2993/3030] Compiling SwiftlyBotKit BotSigner.swift
/host/spi-builder-workspace/Sources/SwiftlyBotKit/Services/IPRange.swift:7:8: error: no such module 'Darwin'
  5 | import Musl
  6 | #else
  7 | import Darwin
    |        `- error: no such module 'Darwin'
  8 | #endif
  9 |
[2994/3030] Compiling SwiftlyBotKit BotTrafficRecorder.swift
/host/spi-builder-workspace/Sources/SwiftlyBotKit/Services/IPRange.swift:7:8: error: no such module 'Darwin'
  5 | import Musl
  6 | #else
  7 | import Darwin
    |        `- error: no such module 'Darwin'
  8 | #endif
  9 |
[2995/3030] Compiling SwiftlyBotKit CountryLookup.swift
/host/spi-builder-workspace/Sources/SwiftlyBotKit/Services/IPRange.swift:7:8: error: no such module 'Darwin'
  5 | import Musl
  6 | #else
  7 | import Darwin
    |        `- error: no such module 'Darwin'
  8 | #endif
  9 |
[2996/3030] Compiling SwiftlyBotKit CrawlerIPDirectory.swift
/host/spi-builder-workspace/Sources/SwiftlyBotKit/Services/IPRange.swift:7:8: error: no such module 'Darwin'
  5 | import Musl
  6 | #else
  7 | import Darwin
    |        `- error: no such module 'Darwin'
  8 | #endif
  9 |
[2997/3030] Compiling SwiftlyBotKit IPRange.swift
/host/spi-builder-workspace/Sources/SwiftlyBotKit/Services/IPRange.swift:7:8: error: no such module 'Darwin'
  5 | import Musl
  6 | #else
  7 | import Darwin
    |        `- error: no such module 'Darwin'
  8 | #endif
  9 |
[2998/3030] Compiling SwiftlyBotKit LLMReferrer.swift
/host/spi-builder-workspace/Sources/SwiftlyBotKit/Services/IPRange.swift:7:8: error: no such module 'Darwin'
  5 | import Musl
  6 | #else
  7 | import Darwin
    |        `- error: no such module 'Darwin'
  8 | #endif
  9 |
[2999/3030] Compiling SwiftlyBotKit PageViewCounter.swift
/host/spi-builder-workspace/Sources/SwiftlyBotKit/Services/IPRange.swift:7:8: error: no such module 'Darwin'
  5 | import Musl
  6 | #else
  7 | import Darwin
    |        `- error: no such module 'Darwin'
  8 | #endif
  9 |
[3000/3035] Compiling SwiftlyBotKit PageViewFacts.swift
/host/spi-builder-workspace/Sources/SwiftlyBotKit/Services/IPRange.swift:7:8: error: no such module 'Darwin'
  5 | import Musl
  6 | #else
  7 | import Darwin
    |        `- error: no such module 'Darwin'
  8 | #endif
  9 |
[3001/3035] Compiling SwiftlyBotKit PageViewInsights.swift
/host/spi-builder-workspace/Sources/SwiftlyBotKit/Services/IPRange.swift:7:8: error: no such module 'Darwin'
  5 | import Musl
  6 | #else
  7 | import Darwin
    |        `- error: no such module 'Darwin'
  8 | #endif
  9 |
[3002/3035] Compiling SwiftlyBotKit PageViewQueries.swift
/host/spi-builder-workspace/Sources/SwiftlyBotKit/Services/IPRange.swift:7:8: error: no such module 'Darwin'
  5 | import Musl
  6 | #else
  7 | import Darwin
    |        `- error: no such module 'Darwin'
  8 | #endif
  9 |
[3003/3035] Compiling SwiftlyBotKit TimeOnPage.swift
/host/spi-builder-workspace/Sources/SwiftlyBotKit/Services/IPRange.swift:7:8: error: no such module 'Darwin'
  5 | import Musl
  6 | #else
  7 | import Darwin
    |        `- error: no such module 'Darwin'
  8 | #endif
  9 |
[3004/3035] Compiling SwiftlyBotKit UserAgentSummary.swift
/host/spi-builder-workspace/Sources/SwiftlyBotKit/Services/IPRange.swift:7:8: error: no such module 'Darwin'
  5 | import Musl
  6 | #else
  7 | import Darwin
    |        `- error: no such module 'Darwin'
  8 | #endif
  9 |
error: emit-module command failed with exit code 1 (use -v to see invocation)
[3005/3035] Emitting module SwiftlyBotKit
/host/spi-builder-workspace/Sources/SwiftlyBotKit/Services/IPRange.swift:7:8: error: no such module 'Darwin'
  5 | import Musl
  6 | #else
  7 | import Darwin
    |        `- error: no such module 'Darwin'
  8 | #endif
  9 |
[3006/3035] Compiling SwiftlyBotKit BotDateRange.swift
/host/spi-builder-workspace/Sources/SwiftlyBotKit/Services/IPRange.swift:7:8: error: no such module 'Darwin'
  5 | import Musl
  6 | #else
  7 | import Darwin
    |        `- error: no such module 'Darwin'
  8 | #endif
  9 |
[3007/3035] Compiling SwiftlyBotKit BotExport.swift
/host/spi-builder-workspace/Sources/SwiftlyBotKit/Services/IPRange.swift:7:8: error: no such module 'Darwin'
  5 | import Musl
  6 | #else
  7 | import Darwin
    |        `- error: no such module 'Darwin'
  8 | #endif
  9 |
[3008/3035] Compiling SwiftlyBotKit BotVerification.swift
/host/spi-builder-workspace/Sources/SwiftlyBotKit/Services/IPRange.swift:7:8: error: no such module 'Darwin'
  5 | import Musl
  6 | #else
  7 | import Darwin
    |        `- error: no such module 'Darwin'
  8 | #endif
  9 |
[3009/3035] Compiling SwiftlyBotKit PageViewColorBy.swift
/host/spi-builder-workspace/Sources/SwiftlyBotKit/Services/IPRange.swift:7:8: error: no such module 'Darwin'
  5 | import Musl
  6 | #else
  7 | import Darwin
    |        `- error: no such module 'Darwin'
  8 | #endif
  9 |
[3010/3035] Compiling SwiftlyBotKit PageViewDimension.swift
/host/spi-builder-workspace/Sources/SwiftlyBotKit/Services/IPRange.swift:7:8: error: no such module 'Darwin'
  5 | import Musl
  6 | #else
  7 | import Darwin
    |        `- error: no such module 'Darwin'
  8 | #endif
  9 |
[3011/3035] Compiling SwiftlyBotKit BotCharts.swift
/host/spi-builder-workspace/Sources/SwiftlyBotKit/Services/IPRange.swift:7:8: error: no such module 'Darwin'
  5 | import Musl
  6 | #else
  7 | import Darwin
    |        `- error: no such module 'Darwin'
  8 | #endif
  9 |
[3012/3035] Compiling SwiftlyBotKit BotKitLogo.swift
/host/spi-builder-workspace/Sources/SwiftlyBotKit/Services/IPRange.swift:7:8: error: no such module 'Darwin'
  5 | import Musl
  6 | #else
  7 | import Darwin
    |        `- error: no such module 'Darwin'
  8 | #endif
  9 |
[3013/3035] Compiling SwiftlyBotKit DashboardPage.swift
/host/spi-builder-workspace/Sources/SwiftlyBotKit/Services/IPRange.swift:7:8: error: no such module 'Darwin'
  5 | import Musl
  6 | #else
  7 | import Darwin
    |        `- error: no such module 'Darwin'
  8 | #endif
  9 |
[3014/3035] Compiling SwiftlyBotKit DashboardTheme.swift
/host/spi-builder-workspace/Sources/SwiftlyBotKit/Services/IPRange.swift:7:8: error: no such module 'Darwin'
  5 | import Musl
  6 | #else
  7 | import Darwin
    |        `- error: no such module 'Darwin'
  8 | #endif
  9 |
[3015/3035] Compiling SwiftlyBotKit ExportPage.swift
/host/spi-builder-workspace/Sources/SwiftlyBotKit/Services/IPRange.swift:7:8: error: no such module 'Darwin'
  5 | import Musl
  6 | #else
  7 | import Darwin
    |        `- error: no such module 'Darwin'
  8 | #endif
  9 |
[3016/3035] Compiling SwiftlyBotKit LoginPage.swift
/host/spi-builder-workspace/Sources/SwiftlyBotKit/Services/IPRange.swift:7:8: error: no such module 'Darwin'
  5 | import Musl
  6 | #else
  7 | import Darwin
    |        `- error: no such module 'Darwin'
  8 | #endif
  9 |
[3017/3035] Compiling SwiftlyBotKit PageViewsPage.swift
/host/spi-builder-workspace/Sources/SwiftlyBotKit/Services/IPRange.swift:7:8: error: no such module 'Darwin'
  5 | import Musl
  6 | #else
  7 | import Darwin
    |        `- error: no such module 'Darwin'
  8 | #endif
  9 |
[3018/3035] Compiling SwiftlyBotKit BotKitTimeZone+Foundation.swift
/host/spi-builder-workspace/Sources/SwiftlyBotKit/Services/IPRange.swift:7:8: error: no such module 'Darwin'
  5 | import Musl
  6 | #else
  7 | import Darwin
    |        `- error: no such module 'Darwin'
  8 | #endif
  9 |
[3019/3035] Compiling SwiftlyBotKit BotKitTimeZone.swift
/host/spi-builder-workspace/Sources/SwiftlyBotKit/Services/IPRange.swift:7:8: error: no such module 'Darwin'
  5 | import Musl
  6 | #else
  7 | import Darwin
    |        `- error: no such module 'Darwin'
  8 | #endif
  9 |
[3020/3035] Compiling SwiftlyBotKit SignInPage.swift
/host/spi-builder-workspace/Sources/SwiftlyBotKit/Services/IPRange.swift:7:8: error: no such module 'Darwin'
  5 | import Musl
  6 | #else
  7 | import Darwin
    |        `- error: no such module 'Darwin'
  8 | #endif
  9 |
[3021/3035] Compiling SwiftlyBotKit BotDashboardController.swift
/host/spi-builder-workspace/Sources/SwiftlyBotKit/Services/IPRange.swift:7:8: error: no such module 'Darwin'
  5 | import Musl
  6 | #else
  7 | import Darwin
    |        `- error: no such module 'Darwin'
  8 | #endif
  9 |
[3022/3035] Compiling SwiftlyBotKit AIBotTrackingMiddleware.swift
/host/spi-builder-workspace/Sources/SwiftlyBotKit/Services/IPRange.swift:7:8: error: no such module 'Darwin'
  5 | import Musl
  6 | #else
  7 | import Darwin
    |        `- error: no such module 'Darwin'
  8 | #endif
  9 |
[3023/3035] Compiling SwiftlyBotKit PageViewCountingMiddleware.swift
/host/spi-builder-workspace/Sources/SwiftlyBotKit/Services/IPRange.swift:7:8: error: no such module 'Darwin'
  5 | import Musl
  6 | #else
  7 | import Darwin
    |        `- error: no such module 'Darwin'
  8 | #endif
  9 |
[3024/3035] Compiling SwiftlyBotKit LoginAttemptLimiter.swift
/host/spi-builder-workspace/Sources/SwiftlyBotKit/Services/IPRange.swift:7:8: error: no such module 'Darwin'
  5 | import Musl
  6 | #else
  7 | import Darwin
    |        `- error: no such module 'Darwin'
  8 | #endif
  9 |
[3025/3035] Compiling SwiftlyBotKit BotKit.swift
/host/spi-builder-workspace/Sources/SwiftlyBotKit/Services/IPRange.swift:7:8: error: no such module 'Darwin'
  5 | import Musl
  6 | #else
  7 | import Darwin
    |        `- error: no such module 'Darwin'
  8 | #endif
  9 |
[3026/3035] Compiling SwiftlyBotKit AIAgentCatalog.swift
/host/spi-builder-workspace/Sources/SwiftlyBotKit/Services/IPRange.swift:7:8: error: no such module 'Darwin'
  5 | import Musl
  6 | #else
  7 | import Darwin
    |        `- error: no such module 'Darwin'
  8 | #endif
  9 |
[3027/3035] Compiling SwiftlyBotKit AIAgentCatalogData.swift
/host/spi-builder-workspace/Sources/SwiftlyBotKit/Services/IPRange.swift:7:8: error: no such module 'Darwin'
  5 | import Musl
  6 | #else
  7 | import Darwin
    |        `- error: no such module 'Darwin'
  8 | #endif
  9 |
[3028/3035] Compiling SwiftlyBotKit BotKitConfiguration.swift
/host/spi-builder-workspace/Sources/SwiftlyBotKit/Services/IPRange.swift:7:8: error: no such module 'Darwin'
  5 | import Musl
  6 | #else
  7 | import Darwin
    |        `- error: no such module 'Darwin'
  8 | #endif
  9 |
[3029/3035] Compiling SwiftlyBotKit BotKitConfigurationError.swift
/host/spi-builder-workspace/Sources/SwiftlyBotKit/Services/IPRange.swift:7:8: error: no such module 'Darwin'
  5 | import Musl
  6 | #else
  7 | import Darwin
    |        `- error: no such module 'Darwin'
  8 | #endif
  9 |
[3030/3035] Compiling SwiftlyBotKit CreateAIBotVisit.swift
/host/spi-builder-workspace/Sources/SwiftlyBotKit/Services/IPRange.swift:7:8: error: no such module 'Darwin'
  5 | import Musl
  6 | #else
  7 | import Darwin
    |        `- error: no such module 'Darwin'
  8 | #endif
  9 |
[3031/3035] Compiling SwiftlyBotKit CreatePageViewCounts.swift
/host/spi-builder-workspace/Sources/SwiftlyBotKit/Services/IPRange.swift:7:8: error: no such module 'Darwin'
  5 | import Musl
  6 | #else
  7 | import Darwin
    |        `- error: no such module 'Darwin'
  8 | #endif
  9 |
[3032/3035] Compiling SwiftlyBotKit CreatePageViewDimensionCounts.swift
/host/spi-builder-workspace/Sources/SwiftlyBotKit/Services/IPRange.swift:7:8: error: no such module 'Darwin'
  5 | import Musl
  6 | #else
  7 | import Darwin
    |        `- error: no such module 'Darwin'
  8 | #endif
  9 |
[3033/3035] Compiling SwiftlyBotKit CreatePageViewDurations.swift
/host/spi-builder-workspace/Sources/SwiftlyBotKit/Services/IPRange.swift:7:8: error: no such module 'Darwin'
  5 | import Musl
  6 | #else
  7 | import Darwin
    |        `- error: no such module 'Darwin'
  8 | #endif
  9 |
[3034/3035] Compiling SwiftlyBotKit AIAgentPurpose.swift
/host/spi-builder-workspace/Sources/SwiftlyBotKit/Services/IPRange.swift:7:8: error: no such module 'Darwin'
  5 | import Musl
  6 | #else
  7 | import Darwin
    |        `- error: no such module 'Darwin'
  8 | #endif
  9 |
[3035/3035] Compiling SwiftlyBotKit AIBotVisit.swift
/host/spi-builder-workspace/Sources/SwiftlyBotKit/Services/IPRange.swift:7:8: error: no such module 'Darwin'
  5 | import Musl
  6 | #else
  7 | import Darwin
    |        `- error: no such module 'Darwin'
  8 | #endif
  9 |
BUILD FAILURE 6.2 android