Build Information
Failed to build cluster-event-sourcing, reference 0.2.0 (8aa779), with Swift 6.3 for Android on 1 Sep 2026 13:38:20 UTC.
Build Command
bash -c docker run --pull=always --rm -v "checkouts-53886770-0":/host -w "$PWD" -e JAVA_HOME="/root/.sdkman/candidates/java/current" -e SPI_BUILD="1" -e SPI_PROCESSING="1" registry.gitlab.com/saguaro1/spi-images:android-6.3-latest swift build --swift-sdk aarch64-unknown-linux-android28 2>&1Build Log
========================================
RunAll
========================================
Builder version: 5.0.2
Interrupt handler set up.
========================================
Checkout
========================================
Clone URL: https://github.com/akbashev/cluster-event-sourcing.git
Reference: 0.2.0
Initialized empty Git repository in /host/spi-builder-workspace/.git/
hint: Using 'master' as the name for the initial branch. This default branch name
hint: is subject to change. To configure the initial branch name to use in all
hint: of your new repositories, which will suppress this warning, call:
hint:
hint: git config --global init.defaultBranch <name>
hint:
hint: Names commonly chosen instead of 'master' are 'main', 'trunk' and
hint: 'development'. The just-created branch can be renamed via this command:
hint:
hint: git branch -m <name>
From https://github.com/akbashev/cluster-event-sourcing
* tag 0.2.0 -> FETCH_HEAD
HEAD is now at 8aa779a Add streaming replay and snapshot retention
Cloned https://github.com/akbashev/cluster-event-sourcing.git
Revision (git rev-parse @):
8aa779a2003c27be2d5f74c9b96d72e4a427cedf
SUCCESS checkout https://github.com/akbashev/cluster-event-sourcing.git at 0.2.0
========================================
Build
========================================
Selected platform: android
Swift version: 6.3
Building package at path: $PWD
https://github.com/akbashev/cluster-event-sourcing.git
Running build ...
bash -c docker run --pull=always --rm -v "checkouts-53886770-0":/host -w "$PWD" -e JAVA_HOME="/root/.sdkman/candidates/java/current" -e SPI_BUILD="1" -e SPI_PROCESSING="1" registry.gitlab.com/saguaro1/spi-images:android-6.3-latest swift build --swift-sdk aarch64-unknown-linux-android28 2>&1
android-6.3-latest: Pulling from saguaro1/spi-images
Digest: sha256:2b782c87e0bdf114eb0da12f6379a346f06569d6991407581da7dc03d1813adf
Status: Image is up to date for registry.gitlab.com/saguaro1/spi-images:android-6.3-latest
Fetching https://github.com/apple/swift-distributed-actors.git
[1/55443] Fetching swift-distributed-actors
Fetched https://github.com/apple/swift-distributed-actors.git from cache (2.04s)
Fetching https://github.com/apple/swift-service-discovery
Fetching https://github.com/apple/swift-async-algorithms
Fetching https://github.com/apple/swift-log
Fetching https://github.com/swift-server/swift-backtrace
Fetching https://github.com/apple/swift-metrics
[1/3494] Fetching swift-metrics
[2/4758] Fetching swift-metrics, swift-service-discovery
Fetching https://github.com/apple/swift-collections
Fetched https://github.com/apple/swift-service-discovery from cache (0.53s)
Fetching https://github.com/apple/swift-protobuf
[1/6704] Fetching swift-async-algorithms
[2/7335] Fetching swift-async-algorithms, swift-backtrace
[101/15305] Fetching swift-async-algorithms, swift-backtrace, swift-log
Fetched https://github.com/apple/swift-async-algorithms from cache (0.65s)
Fetching https://github.com/apple/swift-nio-extras
[58/8601] Fetching swift-backtrace, swift-log
Fetched https://github.com/swift-server/swift-backtrace from cache (0.78s)
Fetching https://github.com/apple/swift-nio-ssl
[319/7970] Fetching swift-log
Fetched https://github.com/apple/swift-metrics from cache (1.12s)
Fetched https://github.com/apple/swift-log from cache (1.12s)
Fetching https://github.com/apple/swift-nio
Fetching https://github.com/apple/swift-atomics
[1/6661] Fetching swift-nio-extras
[668/33697] Fetching swift-nio-extras, swift-collections
Fetched https://github.com/apple/swift-nio-extras from cache (0.58s)
Fetching https://github.com/swiftlang/swift-syntax.git
[5678/27036] Fetching swift-collections
[27037/43048] Fetching swift-collections, swift-nio-ssl
[28817/44923] Fetching swift-collections, swift-nio-ssl, swift-atomics
[31955/98920] Fetching swift-collections, swift-nio-ssl, swift-atomics, swift-protobuf
Fetched https://github.com/apple/swift-collections from cache (1.18s)
[5458/71884] Fetching swift-nio-ssl, swift-atomics, swift-protobuf
Fetching https://github.com/apple/swift-cluster-membership
[20105/157566] Fetching swift-nio-ssl, swift-atomics, swift-protobuf, swift-nio
[39417/160865] Fetching swift-nio-ssl, swift-atomics, swift-protobuf, swift-nio, swift-cluster-membership
Fetched https://github.com/apple/swift-cluster-membership from cache (0.65s)
[59252/157566] Fetching swift-nio-ssl, swift-atomics, swift-protobuf, swift-nio
[71917/236954] Fetching swift-nio-ssl, swift-atomics, swift-protobuf, swift-nio, swift-syntax
Fetched https://github.com/apple/swift-nio-ssl from cache (1.85s)
[73558/220942] Fetching swift-atomics, swift-protobuf, swift-nio, swift-syntax
Fetched https://github.com/apple/swift-atomics from cache (4.86s)
Fetched https://github.com/swiftlang/swift-syntax.git from cache (4.80s)
Fetched https://github.com/apple/swift-nio from cache (4.92s)
Fetched https://github.com/apple/swift-protobuf from cache (5.77s)
Computing version for https://github.com/apple/swift-cluster-membership
Computed https://github.com/apple/swift-cluster-membership at 0.4.0 (6.50s)
Fetching https://github.com/swift-server/swift-service-lifecycle.git
[1/2822] Fetching swift-service-lifecycle
Fetched https://github.com/swift-server/swift-service-lifecycle.git from cache (0.50s)
Computing version for https://github.com/apple/swift-metrics
Computed https://github.com/apple/swift-metrics at 2.11.0 (0.67s)
Computing version for https://github.com/apple/swift-service-discovery
Computed https://github.com/apple/swift-service-discovery at 1.5.0 (0.15s)
Computing version for https://github.com/apple/swift-atomics
Computed https://github.com/apple/swift-atomics at 1.3.1 (0.15s)
Computing version for https://github.com/apple/swift-log
Computed https://github.com/apple/swift-log at 1.15.0 (0.15s)
Computing version for https://github.com/apple/swift-nio
Computed https://github.com/apple/swift-nio at 2.102.0 (0.26s)
Fetching https://github.com/apple/swift-system.git
[1/6854] Fetching swift-system
Fetched https://github.com/apple/swift-system.git from cache (0.65s)
Computing version for https://github.com/swift-server/swift-service-lifecycle.git
Computed https://github.com/swift-server/swift-service-lifecycle.git at 2.12.0 (0.80s)
Computing version for https://github.com/apple/swift-async-algorithms
Computed https://github.com/apple/swift-async-algorithms at 1.1.5 (0.18s)
Computing version for https://github.com/apple/swift-collections
Computed https://github.com/apple/swift-collections at 1.6.0 (0.22s)
Computing version for https://github.com/swift-server/swift-backtrace
Computed https://github.com/swift-server/swift-backtrace at 1.3.5 (0.85s)
Computing version for https://github.com/swiftlang/swift-syntax.git
Computed https://github.com/swiftlang/swift-syntax.git at 603.0.2 (0.25s)
Computing version for https://github.com/apple/swift-system.git
Computed https://github.com/apple/swift-system.git at 1.8.1 (0.17s)
Computing version for https://github.com/apple/swift-nio-ssl
Computed https://github.com/apple/swift-nio-ssl at 2.37.3 (0.18s)
Computing version for https://github.com/apple/swift-nio-extras
Computed https://github.com/apple/swift-nio-extras at 1.35.0 (0.25s)
Fetching https://github.com/apple/swift-http-structured-headers.git
Fetching https://github.com/apple/swift-nio-http2.git
Fetching https://github.com/apple/swift-http-types.git
Fetching https://github.com/apple/swift-algorithms.git
Fetching https://github.com/apple/swift-asn1.git
Fetching https://github.com/apple/swift-certificates.git
[1/1865] Fetching swift-http-types
[449/3118] Fetching swift-http-types, swift-http-structured-headers
[1750/5057] Fetching swift-http-types, swift-http-structured-headers, swift-asn1
[3953/11191] Fetching swift-http-types, swift-http-structured-headers, swift-asn1, swift-algorithms
Fetched https://github.com/apple/swift-asn1.git from cache (0.50s)
[5081/9252] Fetching swift-http-types, swift-http-structured-headers, swift-algorithms
[9192/16756] Fetching swift-http-types, swift-http-structured-headers, swift-algorithms, swift-certificates
Fetched https://github.com/apple/swift-http-structured-headers.git from cache (0.55s)
[9425/15503] Fetching swift-http-types, swift-algorithms, swift-certificates
Fetched https://github.com/apple/swift-algorithms.git from cache (0.55s)
[3366/9369] Fetching swift-http-types, swift-certificates
[7269/21618] Fetching swift-http-types, swift-certificates, swift-nio-http2
Fetched https://github.com/apple/swift-certificates.git from cache (0.64s)
[4560/14114] Fetching swift-http-types, swift-nio-http2
Fetched https://github.com/apple/swift-http-types.git from cache (1.00s)
Fetched https://github.com/apple/swift-nio-http2.git from cache (1.00s)
Computing version for https://github.com/apple/swift-algorithms.git
Computed https://github.com/apple/swift-algorithms.git at 1.2.1 (1.16s)
Fetching https://github.com/apple/swift-numerics.git
[1/6553] Fetching swift-numerics
Fetched https://github.com/apple/swift-numerics.git from cache (0.70s)
Computing version for https://github.com/apple/swift-http-types.git
Computed https://github.com/apple/swift-http-types.git at 1.6.0 (0.91s)
Computing version for https://github.com/apple/swift-numerics.git
Computed https://github.com/apple/swift-numerics.git at 1.1.1 (0.50s)
Computing version for https://github.com/apple/swift-http-structured-headers.git
Computed https://github.com/apple/swift-http-structured-headers.git at 1.7.0 (0.49s)
Computing version for https://github.com/apple/swift-asn1.git
Computed https://github.com/apple/swift-asn1.git at 1.7.2 (0.25s)
Computing version for https://github.com/apple/swift-certificates.git
Computed https://github.com/apple/swift-certificates.git at 1.20.0 (0.37s)
Fetching https://github.com/apple/swift-crypto.git
[1/18434] Fetching swift-crypto
Fetched https://github.com/apple/swift-crypto.git from cache (1.52s)
Computing version for https://github.com/apple/swift-crypto.git
Computed https://github.com/apple/swift-crypto.git at 4.5.1 (1.93s)
Computing version for https://github.com/apple/swift-nio-http2.git
Computed https://github.com/apple/swift-nio-http2.git at 1.46.0 (0.22s)
Computing version for https://github.com/apple/swift-protobuf
Computed https://github.com/apple/swift-protobuf at 1.38.1 (0.28s)
Creating working copy for https://github.com/apple/swift-distributed-actors.git
Working copy of https://github.com/apple/swift-distributed-actors.git resolved at main (50e789f)
Creating working copy for https://github.com/apple/swift-cluster-membership
Working copy of https://github.com/apple/swift-cluster-membership resolved at 0.4.0
Creating working copy for https://github.com/apple/swift-system.git
Working copy of https://github.com/apple/swift-system.git resolved at 1.8.1
Creating working copy for https://github.com/apple/swift-crypto.git
Working copy of https://github.com/apple/swift-crypto.git resolved at 4.5.1
Creating working copy for https://github.com/apple/swift-asn1.git
Working copy of https://github.com/apple/swift-asn1.git resolved at 1.7.2
Creating working copy for https://github.com/apple/swift-log
Working copy of https://github.com/apple/swift-log resolved at 1.15.0
Creating working copy for https://github.com/apple/swift-nio-ssl
Working copy of https://github.com/apple/swift-nio-ssl resolved at 2.37.3
Creating working copy for https://github.com/apple/swift-nio-extras
Working copy of https://github.com/apple/swift-nio-extras resolved at 1.35.0
Creating working copy for https://github.com/swift-server/swift-service-lifecycle.git
Working copy of https://github.com/swift-server/swift-service-lifecycle.git resolved at 2.12.0
Creating working copy for https://github.com/swift-server/swift-backtrace
Working copy of https://github.com/swift-server/swift-backtrace resolved at 1.3.5
Creating working copy for https://github.com/apple/swift-atomics
Working copy of https://github.com/apple/swift-atomics resolved at 1.3.1
Creating working copy for https://github.com/apple/swift-protobuf
Working copy of https://github.com/apple/swift-protobuf resolved at 1.38.1
Creating working copy for https://github.com/apple/swift-algorithms.git
Working copy of https://github.com/apple/swift-algorithms.git resolved at 1.2.1
Creating working copy for https://github.com/apple/swift-certificates.git
Working copy of https://github.com/apple/swift-certificates.git resolved at 1.20.0
Creating working copy for https://github.com/apple/swift-http-structured-headers.git
Working copy of https://github.com/apple/swift-http-structured-headers.git resolved at 1.7.0
Creating working copy for https://github.com/apple/swift-nio-http2.git
Working copy of https://github.com/apple/swift-nio-http2.git resolved at 1.46.0
Creating working copy for https://github.com/apple/swift-collections
Working copy of https://github.com/apple/swift-collections resolved at 1.6.0
Creating working copy for https://github.com/apple/swift-nio
Working copy of https://github.com/apple/swift-nio resolved at 2.102.0
Creating working copy for https://github.com/apple/swift-async-algorithms
Working copy of https://github.com/apple/swift-async-algorithms resolved at 1.1.5
Creating working copy for https://github.com/apple/swift-http-types.git
Working copy of https://github.com/apple/swift-http-types.git resolved at 1.6.0
Creating working copy for https://github.com/apple/swift-numerics.git
Working copy of https://github.com/apple/swift-numerics.git resolved at 1.1.1
Creating working copy for https://github.com/apple/swift-service-discovery
Working copy of https://github.com/apple/swift-service-discovery resolved at 1.5.0
Creating working copy for https://github.com/apple/swift-metrics
Working copy of https://github.com/apple/swift-metrics resolved at 2.11.0
Creating working copy for https://github.com/swiftlang/swift-syntax.git
Working copy of https://github.com/swiftlang/swift-syntax.git resolved at 603.0.2
Downloading package prebuilt https://download.swift.org/prebuilts/swift-syntax/603.0.2/swift-6.3.2-RELEASE-ubuntu_jammy_x86_64-MacroSupport.tar.gz
Downloaded https://download.swift.org/prebuilts/swift-syntax/603.0.2/swift-6.3.2-RELEASE-ubuntu_jammy_x86_64-MacroSupport.tar.gz (0.25s)
[1/1] Compiling plugin SwiftProtobufPlugin
Building for debugging...
[1/924] Write sources
[30/924] Compiling CNIOWindows shim.c
[31/924] Compiling CNIOWindows WSAStartup.c
[32/924] Compiling CNIOWASI CNIOWASI.c
[33/924] Compiling CNIOLinux liburing_shims.c
[34/924] Compiling CNIOOpenBSD shim.c
[35/924] Compiling CNIOPosix event_loop_id.c
[36/924] Compiling CNIODarwin shim.c
[37/924] Compiling CNIOFreeBSD shim.c
[38/924] Compiling CNIOLLHTTP c_nio_http.c
[39/924] Compiling _AtomicsShims.c
[40/924] Compiling fiat_p256_adx_sqr.S
[41/924] Write swift-version-272D24FF697CF451.txt
[42/924] Compiling fiat_p256_adx_mul.S
[43/924] Compiling CNIOLLHTTP c_nio_api.c
[44/924] Compiling CNIOLinux shim.c
[45/924] Compiling fiat_curve25519_adx_mul.S
[46/924] Compiling fiat_curve25519_adx_square.S
[47/1025] Compiling CNIOLLHTTP c_nio_llhttp.c
[48/1045] Compiling CNIOBoringSSLShims shims.c
[50/1047] Emitting module _NIODataStructures
[51/1047] Emitting module InternalCollectionsUtilities
[51/1049] Compiling tls_record.cc
[53/1054] Compiling CoreMetrics WithMetricsFactory.swift
[54/1054] Compiling SwiftProtobuf BytecodeInterpreter.swift
[55/1054] Compiling SwiftProtobuf BytecodeReader.swift
[56/1054] Compiling SwiftProtobuf CustomJSONCodable.swift
[57/1054] Compiling SwiftProtobuf Decoder.swift
[58/1054] Compiling SwiftProtobuf DoubleParser.swift
[59/1054] Compiling SwiftProtobuf BinaryDecodingError.swift
[60/1054] Compiling SwiftProtobuf BinaryDecodingOptions.swift
[61/1054] Emitting module EventSourcingMacros
/host/spi-builder-workspace/Sources/EventSourcingMacros/EventSourcingMacros.swift:6:15: warning: deprecated default implementation is used to satisfy static method 'expansion(of:providingMembersOf:conformingTo:in:)' required by protocol 'MemberMacro': `MemberMacro` conformance should implement the `expansion` function that takes a `conformingTo` parameter [#DeprecatedDeclaration]
4 | import SwiftSyntaxMacros
5 |
6 | public struct EventSourcedMacro: MemberMacro, ExtensionMacro {
| `- warning: deprecated default implementation is used to satisfy static method 'expansion(of:providingMembersOf:conformingTo:in:)' required by protocol 'MemberMacro': `MemberMacro` conformance should implement the `expansion` function that takes a `conformingTo` parameter [#DeprecatedDeclaration]
7 | public static func expansion(
8 | of node: AttributeSyntax,
SwiftSyntaxMacros.MemberMacro.expansion:3:22: note: 'expansion(of:providingMembersOf:conformingTo:in:)' declared here
1 | protocol MemberMacro {
2 | @available(*, deprecated, message: "`MemberMacro` conformance should implement the `expansion` function that takes a `conformingTo` parameter")
3 | public static func expansion(of node: SwiftSyntax.AttributeSyntax, providingMembersOf declaration: some SwiftSyntax.DeclGroupSyntax, conformingTo protocols: [SwiftSyntax.TypeSyntax], in context: some SwiftSyntaxMacros.MacroExpansionContext) throws -> [SwiftSyntax.DeclSyntax]}
| `- note: 'expansion(of:providingMembersOf:conformingTo:in:)' declared here
4 |
SwiftSyntaxMacros.MemberMacro.expansion:2:13: note: requirement 'expansion(of:providingMembersOf:conformingTo:in:)' declared here
1 | protocol MemberMacro {
2 | static func expansion(of node: SwiftSyntax.AttributeSyntax, providingMembersOf declaration: some SwiftSyntax.DeclGroupSyntax, conformingTo protocols: [SwiftSyntax.TypeSyntax], in context: some SwiftSyntaxMacros.MacroExpansionContext) throws -> [SwiftSyntax.DeclSyntax]}
| `- note: requirement 'expansion(of:providingMembersOf:conformingTo:in:)' declared here
3 |
[#DeprecatedDeclaration]: <https://docs.swift.org/compiler/documentation/diagnostics/deprecated-declaration>
[62/1054] Compiling InternalCollectionsUtilities _SortedCollection.swift
[63/1054] Compiling InternalCollectionsUtilities _UniqueCollection.swift
[64/1054] Compiling EventSourcingMacros EventSourcingMacros.swift
/host/spi-builder-workspace/Sources/EventSourcingMacros/EventSourcingMacros.swift:6:15: warning: deprecated default implementation is used to satisfy static method 'expansion(of:providingMembersOf:conformingTo:in:)' required by protocol 'MemberMacro': `MemberMacro` conformance should implement the `expansion` function that takes a `conformingTo` parameter [#DeprecatedDeclaration]
4 | import SwiftSyntaxMacros
5 |
6 | public struct EventSourcedMacro: MemberMacro, ExtensionMacro {
| `- warning: deprecated default implementation is used to satisfy static method 'expansion(of:providingMembersOf:conformingTo:in:)' required by protocol 'MemberMacro': `MemberMacro` conformance should implement the `expansion` function that takes a `conformingTo` parameter [#DeprecatedDeclaration]
7 | public static func expansion(
8 | of node: AttributeSyntax,
SwiftSyntaxMacros.MemberMacro.expansion:3:22: note: 'expansion(of:providingMembersOf:conformingTo:in:)' declared here
1 | protocol MemberMacro {
2 | @available(*, deprecated, message: "`MemberMacro` conformance should implement the `expansion` function that takes a `conformingTo` parameter")
3 | public static func expansion(of node: SwiftSyntax.AttributeSyntax, providingMembersOf declaration: some SwiftSyntax.DeclGroupSyntax, conformingTo protocols: [SwiftSyntax.TypeSyntax], in context: some SwiftSyntaxMacros.MacroExpansionContext) throws -> [SwiftSyntax.DeclSyntax]}
| `- note: 'expansion(of:providingMembersOf:conformingTo:in:)' declared here
4 |
SwiftSyntaxMacros.MemberMacro.expansion:2:13: note: requirement 'expansion(of:providingMembersOf:conformingTo:in:)' declared here
1 | protocol MemberMacro {
2 | static func expansion(of node: SwiftSyntax.AttributeSyntax, providingMembersOf declaration: some SwiftSyntax.DeclGroupSyntax, conformingTo protocols: [SwiftSyntax.TypeSyntax], in context: some SwiftSyntaxMacros.MacroExpansionContext) throws -> [SwiftSyntax.DeclSyntax]}
| `- note: requirement 'expansion(of:providingMembersOf:conformingTo:in:)' declared here
3 |
[#DeprecatedDeclaration]: <https://docs.swift.org/compiler/documentation/diagnostics/deprecated-declaration>
[65/1056] Compiling SwiftProtobuf AnyMessageStorage.swift
[66/1056] Compiling SwiftProtobuf AnyUnpackError.swift
[67/1056] Compiling SwiftProtobuf AsyncMessageSequence.swift
[68/1056] Compiling SwiftProtobuf BinaryEncodingSizeVisitor.swift
[69/1056] Compiling SwiftProtobuf BinaryEncodingVisitor.swift
[70/1056] Compiling SwiftProtobuf BinaryDecoder.swift
[72/1056] Compiling SwiftProtobuf BinaryEncoder.swift
[73/1056] Compiling SwiftProtobuf BinaryEncodingError.swift
[74/1056] Compiling SwiftProtobuf BinaryEncodingOptions.swift
[76/1056] Compiling SwiftProtobuf BinaryDelimited.swift
[77/1056] Compiling Logging Logger+With.swift
[79/1057] Compiling _NIOBase64 Base64.swift
[80/1057] Compiling Logging LoggingSystem.swift
[81/1057] Emitting module _NIOBase64
[83/1060] Wrapping AST for EventSourcingMacros for debugging
[85/1060] Compiling _NIODataStructures _TinyArray.swift
[86/1060] Compiling _NIODataStructures PriorityQueue.swift
[87/1060] Compiling Logging Logger+Attributes.swift
[88/1060] Compiling Logging Logger.swift
[89/1075] Compiling CoreMetrics MappingMetricsFactory.swift
[90/1075] Compiling CoreMetrics Metrics.swift
[91/1153] Compiling ContainersPreview PermutableContainer.swift
[92/1153] Compiling ContainersPreview RandomAccessContainer.swift
[93/1153] Compiling ContainersPreview RangeExpression2.swift
[94/1153] Compiling ContainersPreview RangeReplaceableContainer.swift
[95/1153] Compiling ContainersPreview Strideable+Limits.swift
[96/1157] Compiling ContainersPreview Container+SpanwiseZip.swift
[97/1157] Compiling ContainersPreview Container.swift
[98/1157] Compiling ContainersPreview ContainerIterator.swift
[99/1157] Compiling ContainersPreview DynamicContainer.swift
[100/1157] Compiling ContainersPreview MutableContainer.swift
[101/1157] Compiling ContainersPreview Drain+Map.swift
[102/1157] Compiling ContainersPreview Drain+Reduce.swift
[103/1157] Compiling ContainersPreview Drain.swift
[104/1157] Compiling ContainersPreview Producer+Collect.swift
[105/1157] Compiling ContainersPreview Producer+Filter.swift
[106/1157] Compiling ContainersPreview Producer+Map.swift
[107/1157] Compiling ContainersPreview Producer+Reduce.swift
[108/1157] Compiling ContainersPreview Producer.swift
[109/1157] Compiling ContainersPreview InputSpan.swift
[110/1157] Compiling ContainersPreview MutableRef.swift
[111/1157] Emitting module ClusterMembership
[112/1157] Compiling ClusterMembership Node.swift
[114/1158] Compiling ContainersPreview Ref.swift
[115/1158] Compiling ContainersPreview Shared.swift
[116/1158] Compiling ContainersPreview SpanIterator.swift
[117/1158] Compiling ContainersPreview UniqueBox.swift
[117/1158] Write Objects.LinkFileList
[119/1158] Emitting module ContainersPreview
[120/1158] Compiling ContainersPreview OutputSpan+Extras.swift
[121/1158] Compiling ContainersPreview TemporaryAllocation.swift
[122/1158] Compiling ContainersPreview BorrowingIteratorProtocol+Copy.swift
[123/1158] Compiling ContainersPreview BorrowingIteratorProtocol+ElementsEqual.swift
[124/1158] Compiling ContainersPreview BorrowingIteratorProtocol+Filter.swift
[125/1158] Compiling ContainersPreview BorrowingSequence+Standard Conformances.swift
[126/1158] Compiling ContainersPreview BorrowingSequence+Utilities.swift
[127/1158] Compiling ContainersPreview BorrowingSequence.swift
[128/1158] Compiling ContainersPreview BidirectionalContainer.swift
[129/1158] Compiling ContainersPreview Container+Filter.swift
[130/1158] Compiling ContainersPreview BorrowingIteratorProtocol+Map.swift
[131/1158] Compiling ContainersPreview BorrowingIteratorProtocol+Reduce.swift
[132/1158] Compiling ContainersPreview BorrowingIteratorProtocol+SpanwiseZip.swift
[133/1158] Compiling ContainersPreview BorrowingIteratorProtocol.swift
[134/1158] Compiling ContainersPreview BorrowingSequence+Algorithms.swift
[136/1159] Compiling OrderedCollections OrderedSet+Partial SetAlgebra isSuperset.swift
[137/1159] Compiling OrderedCollections OrderedSet+Partial SetAlgebra subtract.swift
[138/1159] Compiling OrderedCollections OrderedSet+Partial SetAlgebra subtracting.swift
[139/1159] Compiling OrderedCollections OrderedSet+Partial SetAlgebra symmetricDifference.swift
[140/1159] Compiling OrderedCollections OrderedSet+Partial SetAlgebra union.swift
[141/1159] Compiling OrderedCollections OrderedSet+Partial SetAlgebra+Basics.swift
[142/1159] Compiling OrderedCollections OrderedSet+RandomAccessCollection.swift
[143/1159] Compiling OrderedCollections OrderedSet+ReserveCapacity.swift
[144/1166] Compiling Logging MetadataProvider.swift
[145/1166] Emitting module CoreMetrics
[146/1166] Compiling CoreMetrics Locks.swift
[149/1167] Emitting module Logging
[152/1167] Compiling DistributedActorsConcurrencyHelpers lock.swift
[153/1168] Emitting module DistributedActorsConcurrencyHelpers
[157/1169] Compiling _NIODataStructures Heap.swift
[158/1213] Linking EventSourcingMacros-tool
[160/1213] Compiling DequeModule _DequeBufferHeader.swift
[161/1213] Compiling DequeModule RigidDeque+Append.swift
[162/1213] Compiling DequeModule RigidDeque+Consumption.swift
[163/1213] Compiling DequeModule RigidDeque+Container.swift
[164/1213] Compiling DequeModule RigidDeque+Descriptions.swift
[165/1213] Compiling DequeModule UniqueDeque+Container.swift
[166/1213] Compiling DequeModule UniqueDeque+Deprecated.swift
[167/1213] Compiling DequeModule UniqueDeque+Descriptions.swift
[168/1213] Compiling DequeModule UniqueDeque+Equatable.swift
[169/1213] Compiling DequeModule UniqueDeque+Experimental.swift
[170/1213] Compiling DequeModule RigidDeque+Equatable.swift
[171/1213] Compiling DequeModule RigidDeque+Experimental.swift
[172/1213] Compiling DequeModule RigidDeque+Removals.swift
[173/1213] Compiling DequeModule RigidDeque+Replacements.swift
[174/1213] Compiling DequeModule RigidDeque+Testing.swift
[175/1213] Compiling DequeModule RigidDeque.swift
[176/1213] Compiling DequeModule UniqueDeque+Append.swift
[177/1213] Compiling DequeModule UniqueDeque+Consumption.swift
[178/1213] Compiling DequeModule UniqueDeque+Hashable.swift
[179/1213] Compiling DequeModule UniqueDeque+Initializers.swift
[180/1213] Compiling DequeModule UniqueDeque+Insertions.swift
[181/1213] Compiling DequeModule UniqueDeque+Prepend.swift
[182/1213] Compiling DequeModule UniqueDeque+Removals.swift
[183/1213] Compiling DequeModule _DequeBuffer.swift
[184/1217] Compiling DequeModule Deque+Codable.swift
[185/1217] Compiling DequeModule Deque+Collection.swift
[186/1217] Compiling DequeModule Deque+CustomReflectable.swift
[187/1217] Compiling DequeModule Deque+Descriptions.swift
[188/1217] Compiling DequeModule Deque+Equatable.swift
[189/1217] Compiling DequeModule Deque+ExpressibleByArrayLiteral.swift
[190/1217] Compiling DequeModule Deque+Extras.swift
[191/1217] Compiling DequeModule Deque+Hashable.swift
[192/1217] Compiling DequeModule Deque+Testing.swift
[193/1217] Compiling DequeModule Deque._Storage.swift
[194/1217] Compiling DequeModule Deque._UnsafeHandle.swift
[195/1217] Compiling DequeModule Deque.swift
[200/1224] Emitting module Metrics
[201/1224] Compiling Metrics Metrics.swift
[234/1230] Compiling DequeModule RigidDeque+Hashable.swift
[235/1230] Compiling DequeModule RigidDeque+Initializers.swift
[236/1230] Compiling DequeModule RigidDeque+Insertions.swift
[237/1230] Compiling DequeModule RigidDeque+Prepend.swift
[249/1230] Compiling OrderedCollections OrderedSet+Hashable.swift
[250/1230] Compiling OrderedCollections OrderedSet+Initializers.swift
[251/1230] Compiling OrderedCollections OrderedSet+Insertions.swift
[252/1230] Compiling OrderedCollections OrderedSet+Invariants.swift
[253/1230] Compiling OrderedCollections OrderedSet+Move.swift
[254/1230] Compiling OrderedCollections OrderedSet+Partial MutableCollection.swift
[255/1230] Compiling OrderedCollections OrderedSet+Partial RangeReplaceableCollection.swift
[256/1230] Compiling OrderedCollections OrderedSet+Partial SetAlgebra formIntersection.swift
[271/1230] Compiling OrderedCollections OrderedSet+Sendable.swift
[272/1230] Compiling OrderedCollections OrderedSet+SubSequence.swift
[273/1230] Compiling OrderedCollections OrderedSet+Testing.swift
[274/1230] Compiling OrderedCollections OrderedSet+UnorderedView.swift
[279/1230] Compiling DequeModule UniqueDeque+Replacements.swift
[280/1230] Compiling DequeModule UniqueDeque.swift
[281/1230] Compiling DequeModule _DequeSlot.swift
[282/1230] Compiling DequeModule _UnsafeDequeHandle.swift
[283/1230] Compiling DequeModule _UnsafeDequeSegments.swift
[287/1230] Compiling SwiftProtobuf TextFormatEncodingOptions.swift
[288/1230] Compiling SwiftProtobuf TextFormatEncodingVisitor.swift
[289/1230] Compiling SwiftProtobuf TextFormatScanner.swift
[290/1230] Compiling SwiftProtobuf TimeUtils.swift
[291/1230] Compiling SwiftProtobuf UnknownStorage.swift
[292/1230] Compiling SwiftProtobuf UnsafeRawPointer+Shims.swift
[293/1230] Compiling SwiftProtobuf Varint.swift
[294/1230] Compiling SwiftProtobuf Version.swift
[295/1230] Compiling SwiftProtobuf Visitor.swift
[296/1230] Compiling SwiftProtobuf WireFormat.swift
[297/1230] Compiling SwiftProtobuf ZigZag.swift
[298/1230] Compiling OrderedCollections OrderedSet+UnstableInternals.swift
[299/1230] Compiling OrderedCollections OrderedSet.swift
[300/1230] Compiling OrderedCollections _UnsafeBitset.swift
[301/1230] Compiling SwiftProtobuf SelectiveVisitor.swift
[302/1230] Compiling SwiftProtobuf SimpleExtensionMap.swift
[303/1230] Compiling SwiftProtobuf StringUtils.swift
[304/1230] Compiling SwiftProtobuf SwiftProtobufContiguousBytes.swift
[305/1230] Compiling SwiftProtobuf SwiftProtobufError.swift
[306/1230] Compiling SwiftProtobuf TextFormatDecoder.swift
[307/1230] Compiling SwiftProtobuf TextFormatDecodingError.swift
[308/1230] Compiling SwiftProtobuf TextFormatDecodingOptions.swift
[309/1230] Compiling SwiftProtobuf TextFormatEncoder.swift
[316/1230] Compiling tls_method.cc
[318/1241] Compiling SWIM Events.swift
[319/1241] Compiling SWIM Member.swift
[320/1241] Compiling SWIM SWIMInstance.swift
[321/1241] Compiling SWIM Settings.swift
[322/1241] Compiling SWIM Metrics.swift
[323/1241] Compiling SWIM SWIM.swift
[330/1241] Emitting module SWIM
[331/1242] Compiling SWIM _PrettyLog.swift
[332/1242] Compiling SWIM String+Extensions.swift
[333/1242] Compiling SWIM Status.swift
[334/1242] Compiling SWIM Heap.swift
[334/1242] Compiling tls13_server.cc
[335/1242] Compiling tls13_client.cc
[336/1242] Compiling tls13_enc.cc
[338/1242] Emitting module OrderedCollections
[338/1243] Compiling tls13_both.cc
[341/1243] Compiling SWIM time.swift
[342/1243] Emitting module SwiftProtobuf
[354/1243] Compiling t1_enc.cc
[362/1244] Compiling ssl_versions.cc
[363/1244] Compiling ssl_stat.cc
[364/1244] Compiling ssl_x509.cc
[365/1244] Compiling ssl_transcript.cc
[367/1244] Emitting module DequeModule
[373/1245] Compiling ssl_privkey.cc
[374/1245] Compiling ssl_file.cc
[375/1245] Compiling ssl_session.cc
[376/1245] Compiling ssl_credential.cc
[377/1245] Compiling ssl_key_share.cc
[378/1245] Compiling ssl_cipher.cc
[379/1245] Compiling ssl_lib.cc
[380/1245] Compiling ssl_buffer.cc
[381/1245] Compiling ssl_cert.cc
[382/1245] Compiling ssl_asn1.cc
[383/1245] Compiling s3_pkt.cc
[384/1245] Compiling ssl_aead_ctx.cc
[385/1245] Compiling s3_lib.cc
[386/1245] Compiling s3_both.cc
[387/1245] Compiling handshake_server.cc
[388/1245] Compiling handshake_client.cc
[389/1245] Compiling handshake.cc
[390/1245] Compiling handoff.cc
[391/1245] Compiling extensions.cc
[392/1245] Compiling encrypted_client_hello.cc
[393/1245] Compiling dtls_record.cc
[394/1245] Compiling md5-x86_64-linux.S
[395/1245] Compiling md5-x86_64-apple.S
[396/1245] Compiling md5-586-linux.S
[397/1245] Compiling md5-586-apple.S
[398/1245] Compiling err_data.cc
[399/1245] Compiling chacha20_poly1305_x86_64-linux.S
[400/1245] Compiling chacha20_poly1305_x86_64-apple.S
[401/1245] Compiling bio_ssl.cc
[402/1245] Compiling d1_srtp.cc
[403/1245] Compiling dtls_method.cc
[404/1245] Compiling chacha20_poly1305_armv8-win.S
[404/1245] Compiling d1_pkt.cc
[406/1245] Compiling chacha20_poly1305_armv8-apple.S
[407/1245] Compiling chacha20_poly1305_armv8-linux.S
[408/1245] Compiling chacha-x86_64-linux.S
[409/1245] Compiling chacha-x86-linux.S
[409/1245] Compiling chacha-x86_64-apple.S
[411/1245] Compiling chacha-x86-apple.S
[412/1245] Compiling chacha-armv8-win.S
[413/1245] Compiling chacha-armv8-linux.S
[414/1245] Compiling chacha-armv4-linux.S
[414/1245] Compiling chacha-armv8-apple.S
[416/1245] Compiling aes128gcmsiv-x86_64-apple.S
[416/1245] Compiling aes128gcmsiv-x86_64-linux.S
[418/1245] Compiling x86_64-mont5-apple.S
[419/1245] Compiling x86-mont-linux.S
[419/1245] Compiling x86_64-mont5-linux.S
[421/1245] Compiling x86_64-mont-apple.S
[422/1245] Compiling x86_64-mont-linux.S
[423/1245] Compiling d1_lib.cc
[424/1245] Compiling vpaes-x86-linux.S
[424/1245] Compiling vpaes-x86_64-apple.S
[426/1245] Compiling x86-mont-apple.S
[427/1245] Compiling vpaes-x86_64-linux.S
[428/1245] Compiling vpaes-x86-apple.S
[429/1245] Compiling vpaes-armv8-win.S
[430/1245] Compiling vpaes-armv7-linux.S
[431/1245] Compiling vpaes-armv8-linux.S
[432/1245] Compiling vpaes-armv8-apple.S
[433/1245] Compiling sha512-x86_64-apple.S
[433/1245] Compiling sha512-x86_64-linux.S
[435/1245] Compiling sha512-armv8-win.S
[436/1245] Compiling sha512-armv8-apple.S
[437/1245] Compiling sha512-armv8-linux.S
[438/1245] Compiling sha512-armv4-linux.S
[438/1245] Compiling sha512-586-linux.S
[440/1245] Compiling sha512-586-apple.S
[441/1245] Compiling sha256-x86_64-linux.S
[442/1245] Compiling sha256-x86_64-apple.S
[443/1245] Compiling sha256-armv8-linux.S
[444/1245] Compiling sha256-armv8-win.S
[445/1245] Compiling sha256-armv8-apple.S
[446/1245] Compiling sha256-armv4-linux.S
[447/1245] Compiling sha256-586-apple.S
[448/1245] Compiling sha256-586-linux.S
[449/1245] Compiling sha1-x86_64-apple.S
[450/1245] Compiling sha1-armv8-win.S
[451/1245] Compiling sha1-armv8-linux.S
[452/1245] Compiling sha1-x86_64-linux.S
[453/1245] Compiling sha1-armv8-apple.S
[454/1245] Compiling sha1-armv4-large-linux.S
[455/1245] Compiling sha1-586-linux.S
[456/1245] Compiling sha1-586-apple.S
[457/1245] Compiling rsaz-avx2-apple.S
[458/1245] Compiling rsaz-avx2-linux.S
[459/1245] Compiling rdrand-x86_64-linux.S
[460/1245] Compiling rdrand-x86_64-apple.S
[461/1245] Compiling p256_beeu-x86_64-asm-linux.S
[462/1245] Compiling p256_beeu-x86_64-asm-apple.S
[463/1245] Compiling p256_beeu-armv8-asm-win.S
[464/1245] Compiling p256_beeu-armv8-asm-linux.S
[465/1245] Compiling d1_both.cc
[466/1245] Compiling p256_beeu-armv8-asm-apple.S
[467/1245] Compiling p256-x86_64-asm-apple.S
[468/1245] Compiling p256-armv8-asm-win.S
[468/1245] Compiling p256-armv8-asm-linux.S
[470/1245] Compiling p256-x86_64-asm-linux.S
[471/1245] Compiling ghashv8-armv8-linux.S
[472/1245] Compiling p256-armv8-asm-apple.S
[473/1245] Compiling ghashv8-armv8-win.S
[474/1245] Compiling ghashv8-armv8-apple.S
[475/1245] Compiling ghashv8-armv7-linux.S
[476/1245] Compiling ghash-x86_64-linux.S
[477/1245] Compiling ghash-x86_64-apple.S
[478/1245] Compiling ghash-x86-apple.S
[479/1245] Compiling ghash-x86-linux.S
[480/1245] Compiling ghash-ssse3-x86_64-linux.S
[481/1245] Compiling ghash-ssse3-x86_64-apple.S
[482/1245] Compiling ghash-ssse3-x86-apple.S
[483/1245] Compiling ghash-ssse3-x86-linux.S
[484/1245] Compiling ghash-neon-armv8-win.S
[485/1245] Compiling ghash-neon-armv8-linux.S
[486/1245] Compiling ghash-neon-armv8-apple.S
[487/1245] Compiling ghash-armv4-linux.S
[488/1245] Compiling co-586-linux.S
[489/1245] Compiling co-586-apple.S
[490/1245] Compiling bsaes-armv7-linux.S
[491/1245] Compiling bn-armv8-win.S
[492/1245] Compiling bn-armv8-linux.S
[493/1245] Compiling bn-armv8-apple.S
[494/1245] Compiling bn-586-linux.S
[495/1245] Compiling bn-586-apple.S
[496/1245] Compiling armv8-mont-win.S
[497/1245] Compiling armv8-mont-apple.S
[498/1245] Compiling armv8-mont-linux.S
[499/1245] Compiling armv4-mont-linux.S
[499/1245] Compiling aesv8-gcm-armv8-win.S
[501/1245] Compiling aesv8-gcm-armv8-linux.S
[502/1245] Compiling aesv8-gcm-armv8-apple.S
[503/1245] Compiling aesv8-armv8-win.S
[504/1245] Compiling aesv8-armv8-linux.S
[505/1245] Compiling aesv8-armv8-apple.S
[506/1245] Compiling aesv8-armv7-linux.S
[507/1245] Compiling aesni-x86_64-apple.S
[508/1245] Compiling aesni-x86_64-linux.S
[509/1245] Compiling aesni-x86-linux.S
[510/1245] Compiling aesni-x86-apple.S
[511/1245] Compiling aesni-gcm-x86_64-linux.S
[512/1245] Compiling aesni-gcm-x86_64-apple.S
[513/1245] Compiling aes-gcm-avx2-x86_64-linux.S
[514/1245] Compiling aes-gcm-avx2-x86_64-apple.S
[515/1245] Compiling aes-gcm-avx10-x86_64-apple.S
[516/1245] Compiling aes-gcm-avx10-x86_64-linux.S
[517/1245] Compiling x_sig.cc
[518/1245] Compiling x_x509a.cc
[519/1245] Compiling x_val.cc
[520/1245] Compiling x_spki.cc
[521/1245] Compiling x_req.cc
[522/1245] Compiling x_x509.cc
[523/1245] Compiling x_pubkey.cc
[525/1245] Compiling SwiftProtobuf any.pb.swift
[526/1245] Compiling SwiftProtobuf api.pb.swift
[527/1245] Compiling SwiftProtobuf descriptor.pb.swift
[528/1245] Compiling SwiftProtobuf duration.pb.swift
[529/1245] Compiling SwiftProtobuf empty.pb.swift
[530/1245] Compiling SwiftProtobuf field_mask.pb.swift
[531/1245] Compiling SwiftProtobuf source_context.pb.swift
[532/1245] Compiling SwiftProtobuf struct.pb.swift
[533/1245] Compiling SwiftProtobuf timestamp.pb.swift
[534/1245] Compiling SwiftProtobuf type.pb.swift
[535/1245] Compiling SwiftProtobuf wrappers.pb.swift
[536/1246] Compiling x_name.cc
[537/1246] Compiling x_algor.cc
[538/1246] Compiling x_exten.cc
[539/1246] Compiling x509spki.cc
[540/1246] Compiling x_crl.cc
[541/1246] Compiling x_attrib.cc
[542/1246] Compiling x_all.cc
[543/1246] Compiling x509rset.cc
[544/1246] Compiling x509name.cc
[545/1246] Compiling x509_txt.cc
[546/1246] Compiling x509cset.cc
[547/1246] Compiling x509_vpm.cc
[548/1246] Compiling x509_v3.cc
[549/1246] Compiling x509_vfy.cc
[550/1246] Compiling x509_trs.cc
[551/1246] Compiling x509_set.cc
[552/1246] Compiling x509_def.cc
[553/1246] Compiling x509_req.cc
[554/1246] Compiling x509_obj.cc
[555/1246] Compiling x509_d2.cc
[556/1246] Compiling x509_ext.cc
[557/1246] Compiling x509_lu.cc
[558/1246] Compiling x509_cmp.cc
[559/1246] Compiling x509_att.cc
[560/1246] Compiling x509.cc
[561/1246] Compiling v3_prn.cc
[562/1246] Compiling v3_skey.cc
[563/1246] Compiling v3_pmaps.cc
[564/1246] Compiling v3_purp.cc
[565/1246] Compiling v3_utl.cc
[566/1246] Compiling v3_pcons.cc
[567/1246] Compiling v3_ocsp.cc
[568/1246] Compiling v3_int.cc
[569/1246] Compiling v3_ncons.cc
[570/1246] Compiling v3_lib.cc
[571/1246] Compiling v3_ia5.cc
[572/1246] Compiling v3_info.cc
[573/1246] Compiling v3_genn.cc
[574/1246] Compiling v3_extku.cc
[575/1246] Compiling v3_enum.cc
[576/1246] Compiling v3_cpols.cc
[577/1246] Compiling v3_crld.cc
[578/1246] Compiling v3_conf.cc
[579/1246] Compiling v3_bitst.cc
[580/1246] Compiling v3_bcons.cc
[581/1246] Compiling v3_alt.cc
[582/1246] Compiling v3_akeya.cc
[583/1246] Compiling v3_akey.cc
[584/1246] Compiling t_crl.cc
[585/1246] Compiling t_x509a.cc
[586/1246] Compiling t_x509.cc
[587/1246] Compiling t_req.cc
[588/1246] Compiling rsa_pss.cc
[589/1246] Compiling name_print.cc
[590/1246] Compiling policy.cc
[591/1246] Compiling i2d_pr.cc
[592/1246] Compiling by_file.cc
[593/1246] Compiling by_dir.cc
[594/1246] Compiling algorithm.cc
[595/1246] Compiling asn1_gen.cc
[596/1246] Compiling a_digest.cc
[597/1246] Compiling a_verify.cc
[598/1246] Compiling a_sign.cc
[599/1246] Compiling voprf.cc
[600/1246] Compiling thread.cc
[600/1246] Compiling thread_win.cc
[602/1246] Compiling thread_pthread.cc
[603/1246] Compiling thread_none.cc
[604/1246] Compiling stack.cc
[605/1246] Compiling trust_token.cc
[606/1246] Compiling sha512.cc
[607/1246] Compiling sha256.cc
[608/1246] Compiling siphash.cc
[609/1246] Compiling pmbtoken.cc
[610/1246] Compiling sha1.cc
[611/1246] Compiling spake2plus.cc
[612/1246] Compiling slhdsa.cc
[613/1246] Compiling rsa_extra.cc
[614/1246] Compiling rsa_print.cc
[615/1246] Compiling rc4.cc
[616/1246] Compiling refcount.cc
[617/1246] Compiling windows.cc
[618/1246] Compiling rsa_crypt.cc
[619/1246] Compiling urandom.cc
[620/1246] Compiling trusty.cc
[621/1246] Compiling rand.cc
[622/1246] Compiling rsa_asn1.cc
[623/1246] Compiling ios.cc
[624/1246] Compiling passive.cc
[625/1246] Compiling getentropy.cc
[626/1246] Compiling poly1305_arm_asm.S
[627/1246] Compiling forkunsafe.cc
[628/1246] Compiling deterministic.cc
[629/1246] Compiling fork_detect.cc
[630/1246] Compiling poly1305_arm.cc
[631/1246] Compiling poly1305.cc
[632/1246] Compiling poly1305_vec.cc
[633/1246] Compiling pool.cc
[634/1246] Compiling pkcs7.cc
[635/1246] Compiling pkcs8.cc
[636/1246] Compiling pkcs8_x509.cc
[637/1246] Compiling p5_pbev2.cc
[638/1246] Compiling pkcs7_x509.cc
[639/1246] Compiling pem_xaux.cc
[640/1246] Compiling pem_x509.cc
[641/1246] Compiling pem_pkey.cc
[642/1246] Compiling mlkem.cc
[643/1246] Compiling obj_xref.cc
[644/1246] Compiling pem_pk8.cc
[645/1246] Compiling pem_oth.cc
[646/1246] Compiling pem_info.cc
[647/1246] Compiling pem_lib.cc
[648/1246] Compiling mldsa.cc
[648/1246] Compiling pem_all.cc
[650/1246] Compiling obj.cc
[651/1246] Compiling poly_rq_mul.S
[652/1246] Compiling fips_shared_support.cc
[653/1246] Compiling md5.cc
[654/1246] Compiling md4.cc
[655/1246] Compiling mem.cc
[656/1246] Compiling lhash.cc
[657/1246] Compiling ex_data.cc
[658/1246] Compiling sign.cc
[659/1246] Compiling hrss.cc
[660/1246] Compiling scrypt.cc
[661/1246] Compiling kyber.cc
[662/1246] Compiling print.cc
[663/1246] Compiling hpke.cc
[664/1246] Compiling p_x25519.cc
[665/1246] Compiling pbkdf.cc
[666/1246] Compiling p_x25519_asn1.cc
[667/1246] Compiling p_rsa_asn1.cc
[668/1246] Compiling p_rsa.cc
[669/1246] Compiling p_ed25519.cc
[670/1246] Compiling p_hkdf.cc
[671/1246] Compiling p_ed25519_asn1.cc
[672/1246] Compiling p_ec_asn1.cc
[673/1246] Compiling p_ec.cc
[674/1246] Compiling p_dh.cc
[675/1246] Compiling p_dh_asn1.cc
[676/1246] Compiling evp_ctx.cc
[677/1246] Compiling p_dsa_asn1.cc
[678/1246] Compiling evp.cc
[679/1246] Compiling engine.cc
[680/1246] Compiling err.cc
[681/1246] Compiling evp_asn1.cc
[682/1246] Compiling ecdh.cc
[683/1246] Compiling ecdsa_asn1.cc
[684/1246] Compiling hash_to_curve.cc
[685/1246] Compiling ec_derive.cc
[686/1246] Compiling dsa.cc
[687/1246] Compiling dsa_asn1.cc
[688/1246] Compiling ec_asn1.cc
[689/1246] Compiling params.cc
[690/1246] Compiling x25519-asm-arm.S
[691/1246] Compiling des.cc
[692/1246] Compiling digest_extra.cc
[693/1246] Compiling dh_asn1.cc
[694/1246] Compiling crypto.cc
[695/1246] Compiling cpu_intel.cc
[696/1246] Compiling spake25519.cc
[697/1246] Compiling cpu_arm_linux.cc
[698/1246] Compiling curve25519.cc
[699/1246] Compiling cpu_arm_freebsd.cc
[700/1246] Compiling bcm.cc
[701/1246] Compiling cpu_aarch64_win.cc
[702/1246] Compiling cpu_aarch64_openbsd.cc
[703/1246] Compiling cpu_aarch64_sysreg.cc
[704/1246] Compiling cpu_aarch64_linux.cc
[705/1246] Compiling cpu_aarch64_fuchsia.cc
[706/1246] Compiling cpu_aarch64_apple.cc
[707/1246] Compiling curve25519_64_adx.cc
[708/1246] Compiling conf.cc
[709/1246] Compiling tls_cbc.cc
[710/1246] Compiling get_cipher.cc
[711/1246] Compiling e_rc4.cc
[712/1246] Compiling e_tls.cc
[713/1246] Compiling e_rc2.cc
[714/1246] Compiling e_null.cc
[715/1246] Compiling e_des.cc
[716/1246] Compiling derive_key.cc
[717/1246] Compiling e_chacha20poly1305.cc
[718/1246] Compiling e_aesctrhmac.cc
[719/1246] Compiling e_aesgcmsiv.cc
[720/1246] Compiling chacha.cc
[721/1246] Compiling unicode.cc
[722/1246] Compiling buf.cc
[723/1246] Compiling cbs.cc
[724/1246] Compiling ber.cc
[725/1246] Compiling asn1_compat.cc
[726/1246] Compiling cbb.cc
[727/1246] Compiling bn_asn1.cc
[728/1246] Compiling blake2.cc
[729/1246] Compiling convert.cc
[730/1246] Compiling socket_helper.cc
[731/1246] Compiling socket.cc
[732/1246] Compiling printf.cc
[733/1246] Compiling pair.cc
[734/1246] Compiling hexdump.cc
[735/1246] Compiling file.cc
[736/1246] Compiling errno.cc
[737/1246] Compiling fd.cc
[738/1246] Compiling connect.cc
[739/1246] Compiling bio_mem.cc
[740/1246] Compiling base64.cc
[741/1246] Compiling bio.cc
[742/1246] Compiling tasn_typ.cc
[743/1246] Compiling tasn_fre.cc
[744/1246] Compiling tasn_enc.cc
[745/1246] Compiling tasn_utl.cc
[746/1246] Compiling tasn_new.cc
[747/1246] Compiling posix_time.cc
[748/1246] Compiling f_string.cc
[749/1246] Compiling f_int.cc
[750/1246] Compiling asn_pack.cc
[751/1246] Compiling tasn_dec.cc
[752/1246] Compiling asn1_par.cc
[753/1246] Compiling a_utctm.cc
[754/1246] Compiling asn1_lib.cc
[755/1246] Compiling a_type.cc
[756/1246] Compiling a_octet.cc
[757/1246] Compiling a_time.cc
[758/1246] Compiling a_strnid.cc
[759/1246] Compiling a_strex.cc
[760/1246] Compiling a_object.cc
[761/1246] Compiling a_i2d_fp.cc
[762/1246] Compiling a_dup.cc
[763/1246] Compiling a_d2i_fp.cc
[764/1246] Compiling CDistributedActorsMailbox c_mpsc_linked_queue.c
[765/1246] Compiling CDistributedActorsMailbox backtrace_support.c
[766/1246] Compiling CBacktrace state.c
[767/1246] Compiling a_mbstr.cc
[768/1246] Compiling a_gentm.cc
[769/1246] Compiling CBacktrace simple.c
[770/1246] Compiling CBacktrace sort.c
[771/1246] Compiling a_int.cc
[772/1246] Compiling CBacktrace print.c
[773/1246] Compiling CBacktrace posix.c
[774/1246] Compiling CBacktrace mmapio.c
[775/1246] Compiling a_bool.cc
[776/1246] Compiling CBacktrace mmap.c
[776/1246] Compiling CBacktrace fileline.c
[778/1246] Write sources
[781/1246] Compiling CBacktrace backtrace.c
[782/1246] Compiling CBacktrace atomic.c
[783/1246] Write sources
[784/1246] Compiling a_bitstr.cc
[785/1246] Write sources
[786/1246] Compiling _AtomicsShims.c
[787/1251] Compiling CBacktrace dwarf.c
[788/1254] Write sources
[790/1268] Compiling CBacktrace elf.c
[791/1277] Write sources
[793/1392] Compiling SwiftProtobuf Decoder.swift
[794/1392] Compiling SwiftProtobuf DoubleParser.swift
[795/1412] Compiling Backtrace Demangle.swift
[796/1412] Emitting module Backtrace
[797/1412] Compiling Backtrace Backtrace.swift
[798/1413] Write sources
[813/1413] Compiling SwiftProtobuf BinaryEncodingSizeVisitor.swift
[814/1413] Compiling SwiftProtobuf BinaryEncodingVisitor.swift
[815/1413] Compiling SwiftProtobuf BinaryDecoder.swift
[816/1413] Compiling SwiftProtobuf BinaryDecodingError.swift
[817/1413] Compiling SwiftProtobuf BinaryDecodingOptions.swift
[818/1413] Compiling SwiftProtobuf BinaryDelimited.swift
[819/1424] Compiling Atomics IntegerOperations.swift
[820/1424] Compiling Atomics Unmanaged extensions.swift
[821/1424] Compiling Logging MultiplexLogHandler.swift
[822/1424] Compiling Logging StreamLogHandler.swift
[823/1424] Compiling Logging SwiftLogNoOpLogHandler.swift
[824/1424] Compiling SwiftProtobuf BytecodeInterpreter.swift
[825/1424] Compiling SwiftProtobuf BytecodeReader.swift
[826/1424] Compiling SwiftProtobuf CustomJSONCodable.swift
[830/1424] Compiling Logging Locks.swift
[831/1424] Compiling Logging LogEvent.swift
[832/1424] Compiling Logging LogHandler.swift
[834/1424] Compiling SwiftProtobuf BinaryEncoder.swift
[835/1431] Emitting module AsyncAlgorithms
[836/1431] Compiling SwiftProtobuf FieldTypes.swift
[837/1431] Compiling SwiftProtobuf Google_Protobuf_Any+Extensions.swift
[838/1431] Compiling SwiftProtobuf Google_Protobuf_Any+Registry.swift
[839/1431] Compiling SwiftProtobuf Google_Protobuf_Duration+Extensions.swift
[840/1431] Compiling SwiftProtobuf Google_Protobuf_FieldMask+Extensions.swift
[841/1431] Compiling SwiftProtobuf Google_Protobuf_ListValue+Extensions.swift
[842/1431] Compiling SwiftProtobuf Google_Protobuf_NullValue+Extensions.swift
[843/1431] Compiling SwiftProtobuf Google_Protobuf_Struct+Extensions.swift
[844/1431] Compiling SwiftProtobuf Google_Protobuf_Timestamp+Extensions.swift
[845/1431] Compiling SwiftProtobuf Google_Protobuf_Value+Extensions.swift
[846/1431] Compiling SwiftProtobuf Google_Protobuf_Wrappers+Extensions.swift
[847/1431] Compiling SwiftProtobuf HashVisitor.swift
[848/1431] Compiling SwiftProtobuf Internal.swift
[849/1431] Compiling SwiftProtobuf JSONDecoder.swift
[850/1431] Compiling SwiftProtobuf JSONDecodingError.swift
[851/1431] Emitting module Atomics
[851/1431] Compiling c-nioatomics.c
[852/1431] Write sources
[855/1449] Compiling SwiftProtobuf JSONDecodingOptions.swift
[856/1449] Compiling SwiftProtobuf JSONEncoder.swift
[857/1449] Compiling SwiftProtobuf JSONEncodingError.swift
[858/1449] Compiling SwiftProtobuf JSONEncodingOptions.swift
[859/1449] Compiling SwiftProtobuf JSONEncodingVisitor.swift
[860/1449] Compiling SwiftProtobuf JSONMapEncodingVisitor.swift
[861/1449] Compiling SwiftProtobuf JSONScanner.swift
[861/1449] Compiling c-atomics.c
[862/1449] Write sources
[864/1456] Emitting module InternalCollectionsUtilities
[865/1458] Compiling AsyncAlgorithms Rethrow.swift
[866/1458] Compiling AsyncAlgorithms SetAlgebra.swift
[867/1458] Compiling AsyncAlgorithms UnsafeTransfer.swift
[868/1458] Compiling AsyncAlgorithms AsyncZip2Sequence.swift
[869/1458] Compiling AsyncAlgorithms AsyncZip3Sequence.swift
[870/1458] Compiling AsyncAlgorithms ZipStateMachine.swift
[871/1458] Emitting module Logging
[872/1458] Compiling AsyncAlgorithms ZipStorage.swift
[873/1459] Compiling InternalCollectionsUtilities _UnsafeBitSet.swift
[874/1459] Compiling InternalCollectionsUtilities LifetimeOverride.swift
[875/1459] Compiling InternalCollectionsUtilities RandomAccessCollection+Offsets.swift
[877/1460] Compiling NIOConcurrencyHelpers NIOLock.swift
[878/1461] Emitting module NIOConcurrencyHelpers
[879/1462] Compiling NIOConcurrencyHelpers lock.swift
[880/1462] Compiling NIOConcurrencyHelpers NIOThreadPoolWorkAvailable.swift
[881/1462] Compiling NIOConcurrencyHelpers NIOLockedValueBox.swift
[882/1462] Compiling NIOConcurrencyHelpers atomics.swift
[883/1462] Compiling InternalCollectionsUtilities UnsafeRawBufferPointer+Extras.swift
[884/1462] Compiling InternalCollectionsUtilities _SortedCollection.swift
[885/1462] Compiling InternalCollectionsUtilities _UniqueCollection.swift
[886/1462] Compiling SwiftProtobuf ExtensionFieldValueSet.swift
[887/1462] Compiling SwiftProtobuf ExtensionFields.swift
[888/1462] Compiling SwiftProtobuf ExtensionMap.swift
[889/1462] Compiling SwiftProtobuf FieldTag.swift
[890/1462] Compiling NIOConcurrencyHelpers NIOAtomic.swift
error: emit-module command failed with exit code 1 (use -v to see invocation)
[892/1472] Emitting module DistributedActorsConcurrencyHelpers
/host/spi-builder-workspace/.build/checkouts/swift-distributed-actors/Sources/DistributedActorsConcurrencyHelpers/lock.swift:42:49: error: cannot find type 'pthread_mutex_t' in scope
40 | @available(*, noasync, message: "Locks are bad in async code; If you truly must, use DispatchSemaphore")
41 | public final class Lock {
42 | fileprivate let mutex: UnsafeMutablePointer<pthread_mutex_t> = UnsafeMutablePointer.allocate(capacity: 1)
| `- error: cannot find type 'pthread_mutex_t' in scope
43 |
44 | /// Create a new lock.
/host/spi-builder-workspace/.build/checkouts/swift-distributed-actors/Sources/DistributedActorsConcurrencyHelpers/lock.swift:113:44: error: cannot find type 'pthread_cond_t' in scope
111 | private var _value: T
112 | private let mutex: Lock
113 | private let cond: UnsafeMutablePointer<pthread_cond_t> = UnsafeMutablePointer.allocate(capacity: 1)
| `- error: cannot find type 'pthread_cond_t' in scope
114 |
115 | /// Create the lock, and initialize the state variable to `value`.
[893/1472] Compiling DistributedActorsConcurrencyHelpers lock.swift
/host/spi-builder-workspace/.build/checkouts/swift-distributed-actors/Sources/DistributedActorsConcurrencyHelpers/lock.swift:42:49: error: cannot find type 'pthread_mutex_t' in scope
40 | @available(*, noasync, message: "Locks are bad in async code; If you truly must, use DispatchSemaphore")
41 | public final class Lock {
42 | fileprivate let mutex: UnsafeMutablePointer<pthread_mutex_t> = UnsafeMutablePointer.allocate(capacity: 1)
| `- error: cannot find type 'pthread_mutex_t' in scope
43 |
44 | /// Create a new lock.
/host/spi-builder-workspace/.build/checkouts/swift-distributed-actors/Sources/DistributedActorsConcurrencyHelpers/lock.swift:113:44: error: cannot find type 'pthread_cond_t' in scope
111 | private var _value: T
112 | private let mutex: Lock
113 | private let cond: UnsafeMutablePointer<pthread_cond_t> = UnsafeMutablePointer.allocate(capacity: 1)
| `- error: cannot find type 'pthread_cond_t' in scope
114 |
115 | /// Create the lock, and initialize the state variable to `value`.
/host/spi-builder-workspace/.build/checkouts/swift-distributed-actors/Sources/DistributedActorsConcurrencyHelpers/lock.swift:46:20: error: cannot find 'pthread_mutexattr_t' in scope
44 | /// Create a new lock.
45 | public init() {
46 | var attr = pthread_mutexattr_t()
| `- error: cannot find 'pthread_mutexattr_t' in scope
47 | pthread_mutexattr_init(&attr)
48 | pthread_mutexattr_settype(&attr, .init(PTHREAD_MUTEX_ERRORCHECK))
/host/spi-builder-workspace/.build/checkouts/swift-distributed-actors/Sources/DistributedActorsConcurrencyHelpers/lock.swift:47:9: error: cannot find 'pthread_mutexattr_init' in scope
45 | public init() {
46 | var attr = pthread_mutexattr_t()
47 | pthread_mutexattr_init(&attr)
| `- error: cannot find 'pthread_mutexattr_init' in scope
48 | pthread_mutexattr_settype(&attr, .init(PTHREAD_MUTEX_ERRORCHECK))
49 |
/host/spi-builder-workspace/.build/checkouts/swift-distributed-actors/Sources/DistributedActorsConcurrencyHelpers/lock.swift:48:9: error: cannot find 'pthread_mutexattr_settype' in scope
46 | var attr = pthread_mutexattr_t()
47 | pthread_mutexattr_init(&attr)
48 | pthread_mutexattr_settype(&attr, .init(PTHREAD_MUTEX_ERRORCHECK))
| `- error: cannot find 'pthread_mutexattr_settype' in scope
49 |
50 | let err = pthread_mutex_init(self.mutex, &attr)
/host/spi-builder-workspace/.build/checkouts/swift-distributed-actors/Sources/DistributedActorsConcurrencyHelpers/lock.swift:48:48: error: cannot find 'PTHREAD_MUTEX_ERRORCHECK' in scope
46 | var attr = pthread_mutexattr_t()
47 | pthread_mutexattr_init(&attr)
48 | pthread_mutexattr_settype(&attr, .init(PTHREAD_MUTEX_ERRORCHECK))
| `- error: cannot find 'PTHREAD_MUTEX_ERRORCHECK' in scope
49 |
50 | let err = pthread_mutex_init(self.mutex, &attr)
/host/spi-builder-workspace/.build/checkouts/swift-distributed-actors/Sources/DistributedActorsConcurrencyHelpers/lock.swift:48:43: error: cannot infer contextual base in reference to member 'init'
46 | var attr = pthread_mutexattr_t()
47 | pthread_mutexattr_init(&attr)
48 | pthread_mutexattr_settype(&attr, .init(PTHREAD_MUTEX_ERRORCHECK))
| `- error: cannot infer contextual base in reference to member 'init'
49 |
50 | let err = pthread_mutex_init(self.mutex, &attr)
/host/spi-builder-workspace/.build/checkouts/swift-distributed-actors/Sources/DistributedActorsConcurrencyHelpers/lock.swift:50:19: error: cannot find 'pthread_mutex_init' in scope
48 | pthread_mutexattr_settype(&attr, .init(PTHREAD_MUTEX_ERRORCHECK))
49 |
50 | let err = pthread_mutex_init(self.mutex, &attr)
| `- error: cannot find 'pthread_mutex_init' in scope
51 | precondition(err == 0, "\(#function) failed in pthread_mutex with error \(err)")
52 | }
/host/spi-builder-workspace/.build/checkouts/swift-distributed-actors/Sources/DistributedActorsConcurrencyHelpers/lock.swift:55:19: error: cannot find 'pthread_mutex_destroy' in scope
53 |
54 | deinit {
55 | let err = pthread_mutex_destroy(self.mutex)
| `- error: cannot find 'pthread_mutex_destroy' in scope
56 | precondition(err == 0, "\(#function) failed in pthread_mutex with error \(err)")
57 | mutex.deallocate()
/host/spi-builder-workspace/.build/checkouts/swift-distributed-actors/Sources/DistributedActorsConcurrencyHelpers/lock.swift:65:19: error: cannot find 'pthread_mutex_lock' in scope
63 | /// `unlock`, to simplify lock handling.
64 | public func lock() {
65 | let err = pthread_mutex_lock(self.mutex)
| `- error: cannot find 'pthread_mutex_lock' in scope
66 | if err != 0 {
67 | fatalError("\(#function) failed in pthread_mutex with error \(err)")
/host/spi-builder-workspace/.build/checkouts/swift-distributed-actors/Sources/DistributedActorsConcurrencyHelpers/lock.swift:76:19: error: cannot find 'pthread_mutex_unlock' in scope
74 | /// `lock`, to simplify lock handling.
75 | public func unlock() {
76 | let err = pthread_mutex_unlock(self.mutex)
| `- error: cannot find 'pthread_mutex_unlock' in scope
77 | precondition(err == 0, "\(#function) failed in pthread_mutex with error \(err)")
78 | }
/host/spi-builder-workspace/.build/checkouts/swift-distributed-actors/Sources/DistributedActorsConcurrencyHelpers/lock.swift:121:19: error: cannot find 'pthread_cond_init' in scope
119 | self._value = value
120 | self.mutex = Lock()
121 | let err = pthread_cond_init(self.cond, nil)
| `- error: cannot find 'pthread_cond_init' in scope
122 | precondition(err == 0, "\(#function) failed in pthread_mutex with error \(err)")
123 | }
/host/spi-builder-workspace/.build/checkouts/swift-distributed-actors/Sources/DistributedActorsConcurrencyHelpers/lock.swift:121:48: error: 'nil' requires a contextual type
119 | self._value = value
120 | self.mutex = Lock()
121 | let err = pthread_cond_init(self.cond, nil)
| `- error: 'nil' requires a contextual type
122 | precondition(err == 0, "\(#function) failed in pthread_mutex with error \(err)")
123 | }
/host/spi-builder-workspace/.build/checkouts/swift-distributed-actors/Sources/DistributedActorsConcurrencyHelpers/lock.swift:126:19: error: cannot find 'pthread_cond_destroy' in scope
124 |
125 | deinit {
126 | let err = pthread_cond_destroy(self.cond)
| `- error: cannot find 'pthread_cond_destroy' in scope
127 | precondition(err == 0, "\(#function) failed in pthread_mutex with error \(err)")
128 | self.cond.deallocate()
/host/spi-builder-workspace/.build/checkouts/swift-distributed-actors/Sources/DistributedActorsConcurrencyHelpers/lock.swift:164:23: error: cannot find 'pthread_cond_wait' in scope
162 | break
163 | }
164 | let err = pthread_cond_wait(self.cond, self.mutex.mutex)
| `- error: cannot find 'pthread_cond_wait' in scope
165 | precondition(err == 0, "\(#function) failed in pthread_cond with error \(err)")
166 | }
/host/spi-builder-workspace/.build/checkouts/swift-distributed-actors/Sources/DistributedActorsConcurrencyHelpers/lock.swift:185:23: error: cannot find 'timeval' in scope
183 | let timeoutNS = Int64(timeoutSeconds * Double(nsecPerSec))
184 |
185 | var curTime = timeval()
| `- error: cannot find 'timeval' in scope
186 | gettimeofday(&curTime, nil)
187 |
/host/spi-builder-workspace/.build/checkouts/swift-distributed-actors/Sources/DistributedActorsConcurrencyHelpers/lock.swift:186:9: error: cannot find 'gettimeofday' in scope
184 |
185 | var curTime = timeval()
186 | gettimeofday(&curTime, nil)
| `- error: cannot find 'gettimeofday' in scope
187 |
188 | let allNSecs: Int64 = timeoutNS + Int64(curTime.tv_usec) * 1000
/host/spi-builder-workspace/.build/checkouts/swift-distributed-actors/Sources/DistributedActorsConcurrencyHelpers/lock.swift:186:32: error: 'nil' requires a contextual type
184 |
185 | var curTime = timeval()
186 | gettimeofday(&curTime, nil)
| `- error: 'nil' requires a contextual type
187 |
188 | let allNSecs: Int64 = timeoutNS + Int64(curTime.tv_usec) * 1000
/host/spi-builder-workspace/.build/checkouts/swift-distributed-actors/Sources/DistributedActorsConcurrencyHelpers/lock.swift:189:26: error: cannot find 'timespec' in scope
187 |
188 | let allNSecs: Int64 = timeoutNS + Int64(curTime.tv_usec) * 1000
189 | var timeoutAbs = timespec(
| `- error: cannot find 'timespec' in scope
190 | tv_sec: curTime.tv_sec + Int(allNSecs / nsecPerSec),
191 | tv_nsec: Int(allNSecs % nsecPerSec)
/host/spi-builder-workspace/.build/checkouts/swift-distributed-actors/Sources/DistributedActorsConcurrencyHelpers/lock.swift:199:20: error: cannot find 'pthread_cond_timedwait' in scope
197 | return true
198 | }
199 | switch pthread_cond_timedwait(self.cond, self.mutex.mutex, &timeoutAbs) {
| `- error: cannot find 'pthread_cond_timedwait' in scope
200 | case 0:
201 | continue
/host/spi-builder-workspace/.build/checkouts/swift-distributed-actors/Sources/DistributedActorsConcurrencyHelpers/lock.swift:202:18: error: cannot find 'ETIMEDOUT' in scope
200 | case 0:
201 | continue
202 | case ETIMEDOUT:
| `- error: cannot find 'ETIMEDOUT' in scope
203 | self.unlock()
204 | return false
/host/spi-builder-workspace/.build/checkouts/swift-distributed-actors/Sources/DistributedActorsConcurrencyHelpers/lock.swift:218:19: error: cannot find 'pthread_cond_broadcast' in scope
216 | self._value = newValue
217 | self.unlock()
218 | let err = pthread_cond_broadcast(self.cond)
| `- error: cannot find 'pthread_cond_broadcast' in scope
219 | precondition(err == 0, "\(#function) failed in pthread_cond with error \(err)")
220 | }
[894/1472] Compiling ServiceDiscovery FilterInstanceServiceDiscovery.swift
[895/1472] Compiling ServiceDiscovery HostPort.swift
[896/1472] Compiling InternalCollectionsUtilities FixedWidthInteger+roundUpToPowerOfTwo.swift
[897/1472] Emitting module _NIOBase64
BUILD FAILURE 6.3 android