Build Information
Failed to build AgentKitten, reference main (422dfa), with Swift 6.4 for watchOS using Xcode 27.0 on 25 Sep 2026 13:02:29 UTC.
Build Command
env DEVELOPER_DIR=/Applications/Xcode-27.0.0-Release.Candidate.app xcrun xcodebuild -IDEClonedSourcePackagesDirPathOverride=$PWD/.dependencies -skipMacroValidation -skipPackagePluginValidation -derivedDataPath $PWD/.derivedData build -scheme AgentKitten-Package -destination generic/platform=watchOSBuild Log
/Users/admin/builder/spi-builder-workspace/Sources/AgentKittenAppleInference/AppleInferenceSession+Compaction.swift:118:16: error: 'SystemLanguageModel' is unavailable in watchOS
116 | static func contextUsage(
117 | for entries: [FoundationModels.Transcript.Entry],
118 | model: SystemLanguageModel,
| `- error: 'SystemLanguageModel' is unavailable in watchOS
119 | ) async throws -> ContextUsage {
120 | guard #available(macOS 26.4, iOS 26.4, visionOS 26.4, macCatalyst 26.4, *) else {
FoundationModels.SystemLanguageModel:4:20: note: 'SystemLanguageModel' has been explicitly marked unavailable here
2 | @available(tvOS, unavailable)
3 | @available(watchOS, unavailable)
4 | final public class SystemLanguageModel : Sendable {
| `- note: 'SystemLanguageModel' has been explicitly marked unavailable here
5 | @objc deinit
6 | }
/Users/admin/builder/spi-builder-workspace/Sources/AgentKittenAppleInference/AppleInferenceSession.swift:36:26: error: 'LanguageModelSession' is only available in watchOS 27.0 or newer
33 | /// rather than after the full turn completes.
34 | @available(macOS 26, iOS 26, visionOS 26, macCatalyst 26, *)
35 | public actor AppleInferenceSession: InferenceSession {
| `- note: add '@available' attribute to enclosing actor
36 | var languageSession: LanguageModelSession
| `- error: 'LanguageModelSession' is only available in watchOS 27.0 or newer
37 | let model: SystemLanguageModel
38 | let eventRelay: ToolEventRelay
/Users/admin/builder/spi-builder-workspace/Sources/AgentKittenAppleInference/AppleInferenceSession.swift:37:16: error: 'SystemLanguageModel' is unavailable in watchOS
35 | public actor AppleInferenceSession: InferenceSession {
36 | var languageSession: LanguageModelSession
37 | let model: SystemLanguageModel
| `- error: 'SystemLanguageModel' is unavailable in watchOS
38 | let eventRelay: ToolEventRelay
39 | let toolRuntime: ToolRuntime
FoundationModels.SystemLanguageModel:4:20: note: 'SystemLanguageModel' has been explicitly marked unavailable here
2 | @available(tvOS, unavailable)
3 | @available(watchOS, unavailable)
4 | final public class SystemLanguageModel : Sendable {
| `- note: 'SystemLanguageModel' has been explicitly marked unavailable here
5 | @objc deinit
6 | }
/Users/admin/builder/spi-builder-workspace/Sources/AgentKittenAppleInference/AppleInferenceSession.swift:41:28: error: 'Tool' is only available in watchOS 27.0 or newer
33 | /// rather than after the full turn completes.
34 | @available(macOS 26, iOS 26, visionOS 26, macCatalyst 26, *)
35 | public actor AppleInferenceSession: InferenceSession {
| `- note: add '@available' attribute to enclosing actor
36 | var languageSession: LanguageModelSession
37 | let model: SystemLanguageModel
:
39 | let toolRuntime: ToolRuntime
40 | let toolBridgeRuntime: AppleToolBridgeRuntime
41 | let bridgedTools: [any Tool]
| `- error: 'Tool' is only available in watchOS 27.0 or newer
42 | let historyRenderingConfiguration: HistoryRenderingConfiguration
43 | let operationGate = SingleFlightOperationGate<InferenceSessionOperationKind> {
/Users/admin/builder/spi-builder-workspace/Sources/AgentKittenAppleInference/AppleInferenceSession.swift:56:16: error: 'SystemLanguageModel' is unavailable in watchOS
54 | init(
55 | systemPrompt: String?,
56 | model: SystemLanguageModel,
| `- error: 'SystemLanguageModel' is unavailable in watchOS
57 | toolRuntime: ToolRuntime,
58 | toolSelection: ToolSelection,
FoundationModels.SystemLanguageModel:4:20: note: 'SystemLanguageModel' has been explicitly marked unavailable here
2 | @available(tvOS, unavailable)
3 | @available(watchOS, unavailable)
4 | final public class SystemLanguageModel : Sendable {
| `- note: 'SystemLanguageModel' has been explicitly marked unavailable here
5 | @objc deinit
6 | }
/Users/admin/builder/spi-builder-workspace/Sources/AgentKittenAppleInference/AppleInferenceSession.swift:89:38: error: 'Transcript' is only available in watchOS 27.0 or newer
33 | /// rather than after the full turn completes.
34 | @available(macOS 26, iOS 26, visionOS 26, macCatalyst 26, *)
35 | public actor AppleInferenceSession: InferenceSession {
| `- note: add '@available' attribute to enclosing actor
36 | var languageSession: LanguageModelSession
37 | let model: SystemLanguageModel
:
86 | /// prompt is carried forward within the transcript by Foundation Models; no separate
87 | /// `instructions:` parameter is accepted by this `LanguageModelSession` initializer.
88 | init(
| `- note: add '@available' attribute to enclosing initializer
89 | transcript: FoundationModels.Transcript,
| `- error: 'Transcript' is only available in watchOS 27.0 or newer
90 | model: SystemLanguageModel,
91 | toolRuntime: ToolRuntime,
/Users/admin/builder/spi-builder-workspace/Sources/AgentKittenAppleInference/AppleInferenceSession.swift:90:16: error: 'SystemLanguageModel' is unavailable in watchOS
88 | init(
89 | transcript: FoundationModels.Transcript,
90 | model: SystemLanguageModel,
| `- error: 'SystemLanguageModel' is unavailable in watchOS
91 | toolRuntime: ToolRuntime,
92 | toolSelection: ToolSelection,
FoundationModels.SystemLanguageModel:4:20: note: 'SystemLanguageModel' has been explicitly marked unavailable here
2 | @available(tvOS, unavailable)
3 | @available(watchOS, unavailable)
4 | final public class SystemLanguageModel : Sendable {
| `- note: 'SystemLanguageModel' has been explicitly marked unavailable here
5 | @objc deinit
6 | }
/Users/admin/builder/spi-builder-workspace/Sources/AgentKittenAppleInference/AppleInferenceSession.swift:113:50: error: 'Transcript' is only available in watchOS 27.0 or newer
33 | /// rather than after the full turn completes.
34 | @available(macOS 26, iOS 26, visionOS 26, macCatalyst 26, *)
35 | public actor AppleInferenceSession: InferenceSession {
| `- note: add '@available' attribute to enclosing actor
36 | var languageSession: LanguageModelSession
37 | let model: SystemLanguageModel
:
111 |
112 | /// Returns the current turn transcript, captured under actor isolation.
113 | func captureTranscript() -> FoundationModels.Transcript {
| | `- error: 'Transcript' is only available in watchOS 27.0 or newer
| `- note: add '@available' attribute to enclosing instance method
114 | languageSession.transcript
115 | }
/Users/admin/builder/spi-builder-workspace/Sources/AgentKittenAppleInference/AppleInferenceSession.swift:117:59: error: 'Transcript' is only available in watchOS 27.0 or newer
33 | /// rather than after the full turn completes.
34 | @available(macOS 26, iOS 26, visionOS 26, macCatalyst 26, *)
35 | public actor AppleInferenceSession: InferenceSession {
| `- note: add '@available' attribute to enclosing actor
36 | var languageSession: LanguageModelSession
37 | let model: SystemLanguageModel
:
115 | }
116 |
117 | func replaceTranscript(_ transcript: FoundationModels.Transcript) {
| | `- error: 'Transcript' is only available in watchOS 27.0 or newer
| `- note: add '@available' attribute to enclosing instance method
118 | languageSession = LanguageModelSession(
119 | model: model,
/Users/admin/builder/spi-builder-workspace/Sources/AgentKittenAppleInference/AppleInferenceSession.swift:130:15: error: 'Tool' is only available in watchOS 27.0 or newer
33 | /// rather than after the full turn completes.
34 | @available(macOS 26, iOS 26, visionOS 26, macCatalyst 26, *)
35 | public actor AppleInferenceSession: InferenceSession {
| `- note: add '@available' attribute to enclosing actor
36 | var languageSession: LanguageModelSession
37 | let model: SystemLanguageModel
:
123 | }
124 |
125 | private static func bridgeTools(
| `- note: add '@available' attribute to enclosing static method
126 | toolRuntime: ToolRuntime,
127 | toolSelection: ToolSelection,
128 | toolBridgeRuntime: AppleToolBridgeRuntime,
129 | eventRelay: ToolEventRelay,
130 | ) -> [any Tool] {
| `- error: 'Tool' is only available in watchOS 27.0 or newer
131 | let selectedTools = toolRuntime.tools(matching: toolSelection)
132 | let bridged: [any Tool] = selectedTools
/Users/admin/builder/spi-builder-workspace/Sources/AgentKittenAppleInference/AppleInferenceSession.swift:162:16: error: 'SystemLanguageModel' is unavailable in watchOS
160 | private static func makeLanguageSession(
161 | systemPrompt: String?,
162 | model: SystemLanguageModel,
| `- error: 'SystemLanguageModel' is unavailable in watchOS
163 | bridgedTools: [any Tool],
164 | ) -> LanguageModelSession {
FoundationModels.SystemLanguageModel:4:20: note: 'SystemLanguageModel' has been explicitly marked unavailable here
2 | @available(tvOS, unavailable)
3 | @available(watchOS, unavailable)
4 | final public class SystemLanguageModel : Sendable {
| `- note: 'SystemLanguageModel' has been explicitly marked unavailable here
5 | @objc deinit
6 | }
/Users/admin/builder/spi-builder-workspace/Sources/AgentKittenAppleInference/AppleInferenceSession.swift:163:28: error: 'Tool' is only available in watchOS 27.0 or newer
33 | /// rather than after the full turn completes.
34 | @available(macOS 26, iOS 26, visionOS 26, macCatalyst 26, *)
35 | public actor AppleInferenceSession: InferenceSession {
| `- note: add '@available' attribute to enclosing actor
36 | var languageSession: LanguageModelSession
37 | let model: SystemLanguageModel
:
158 | }
159 |
160 | private static func makeLanguageSession(
| `- note: add '@available' attribute to enclosing static method
161 | systemPrompt: String?,
162 | model: SystemLanguageModel,
163 | bridgedTools: [any Tool],
| `- error: 'Tool' is only available in watchOS 27.0 or newer
164 | ) -> LanguageModelSession {
165 | if bridgedTools.isEmpty {
/Users/admin/builder/spi-builder-workspace/Sources/AgentKittenAppleInference/AppleInferenceSession.swift:164:10: error: 'LanguageModelSession' is only available in watchOS 27.0 or newer
33 | /// rather than after the full turn completes.
34 | @available(macOS 26, iOS 26, visionOS 26, macCatalyst 26, *)
35 | public actor AppleInferenceSession: InferenceSession {
| `- note: add '@available' attribute to enclosing actor
36 | var languageSession: LanguageModelSession
37 | let model: SystemLanguageModel
:
158 | }
159 |
160 | private static func makeLanguageSession(
| `- note: add '@available' attribute to enclosing static method
161 | systemPrompt: String?,
162 | model: SystemLanguageModel,
163 | bridgedTools: [any Tool],
164 | ) -> LanguageModelSession {
| `- error: 'LanguageModelSession' is only available in watchOS 27.0 or newer
165 | if bridgedTools.isEmpty {
166 | if let prompt = systemPrompt {
/Users/admin/builder/spi-builder-workspace/Sources/AgentKittenAppleInference/AppleInferenceSession.swift:230:18: error: 'GenerationOptions' is only available in watchOS 27.0 or newer
33 | /// rather than after the full turn completes.
34 | @available(macOS 26, iOS 26, visionOS 26, macCatalyst 26, *)
35 | public actor AppleInferenceSession: InferenceSession {
| `- note: add '@available' attribute to enclosing actor
36 | var languageSession: LanguageModelSession
37 | let model: SystemLanguageModel
:
226 | }
227 |
228 | private func runGeneration(
| `- note: add '@available' attribute to enclosing instance method
229 | prompt: String,
230 | options: GenerationOptions,
| `- error: 'GenerationOptions' is only available in watchOS 27.0 or newer
231 | continuation: InferenceStream.Continuation,
232 | ) async {
/Users/admin/builder/spi-builder-workspace/Sources/AgentKittenAppleInference/AppleInferenceSession.swift:109:27: error: 'LanguageModelSession' is only available in watchOS 27.0 or newer
33 | /// rather than after the full turn completes.
34 | @available(macOS 26, iOS 26, visionOS 26, macCatalyst 26, *)
35 | public actor AppleInferenceSession: InferenceSession {
| `- note: add '@available' attribute to enclosing actor
36 | var languageSession: LanguageModelSession
37 | let model: SystemLanguageModel
:
86 | /// prompt is carried forward within the transcript by Foundation Models; no separate
87 | /// `instructions:` parameter is accepted by this `LanguageModelSession` initializer.
88 | init(
| `- note: add '@available' attribute to enclosing initializer
89 | transcript: FoundationModels.Transcript,
90 | model: SystemLanguageModel,
:
107 | bridgedTools = bridged
108 | self.model = model
109 | languageSession = LanguageModelSession(model: model, tools: bridged, transcript: transcript)
| |- error: 'LanguageModelSession' is only available in watchOS 27.0 or newer
| `- note: add 'if #available' version check
110 | }
111 |
/Users/admin/builder/spi-builder-workspace/Sources/AgentKittenAppleInference/AppleInferenceSession.swift:109:27: error: 'init(model:tools:transcript:)' is unavailable in watchOS
107 | bridgedTools = bridged
108 | self.model = model
109 | languageSession = LanguageModelSession(model: model, tools: bridged, transcript: transcript)
| `- error: 'init(model:tools:transcript:)' is unavailable in watchOS
110 | }
111 |
FoundationModels.LanguageModelSession.init:2:20: note: 'init(model:tools:transcript:)' has been explicitly marked unavailable here
1 | class LanguageModelSession {
2 | public convenience init(model: SystemLanguageModel = .default, tools: [any Tool] = [], transcript: Transcript)}
| `- note: 'init(model:tools:transcript:)' has been explicitly marked unavailable here
3 |
/Users/admin/builder/spi-builder-workspace/Sources/AgentKittenAppleInference/AppleStructuredInferenceSession.swift:57:17: error: 'GenerationSchema' is only available in watchOS 27.0 or newer
8 |
9 | @available(macOS 26, iOS 26, visionOS 26, macCatalyst 26, *)
10 | extension AppleInferenceSession: StructuredInferenceSession {
| `- note: add '@available' attribute to enclosing extension
11 | public func generateStream<T: Codable & Sendable & JSONSchemaProviding>(
12 | prompt: String,
:
53 | }
54 |
55 | private func makeStructuredSchema<T: JSONSchemaProviding>(
| `- note: add '@available' attribute to enclosing instance method
56 | _ type: T.Type,
57 | ) throws -> GenerationSchema {
| `- error: 'GenerationSchema' is only available in watchOS 27.0 or newer
58 | if let error = Self.availabilityError() {
59 | throw error
/Users/admin/builder/spi-builder-workspace/Sources/AgentKittenAppleInference/AppleStructuredInferenceSession.swift:71:17: error: 'GenerationSchema' is only available in watchOS 27.0 or newer
8 |
9 | @available(macOS 26, iOS 26, visionOS 26, macCatalyst 26, *)
10 | extension AppleInferenceSession: StructuredInferenceSession {
| `- note: add '@available' attribute to enclosing extension
11 | public func generateStream<T: Codable & Sendable & JSONSchemaProviding>(
12 | prompt: String,
:
67 | }
68 |
69 | private func respondStructured(
| `- note: add '@available' attribute to enclosing instance method
70 | prompt: String,
71 | schema: GenerationSchema,
| `- error: 'GenerationSchema' is only available in watchOS 27.0 or newer
72 | ) async throws -> String {
73 | let response = try await languageSession.respond(
/Users/admin/builder/spi-builder-workspace/Sources/AgentKittenAppleInference/JSONSchemaBridge.swift:27:87: error: 'GenerationSchema' is only available in watchOS 27.0 or newer
18 | /// has no native enum case.
19 | @available(macOS 26, iOS 26, visionOS 26, macCatalyst 26, *)
20 | extension ToolSchema {
| `- note: add '@available' attribute to enclosing extension
21 | /// Converts this tool schema to a ``GenerationSchema`` for use as `Tool.parameters`.
22 | ///
:
25 | /// - Throws: `GenerationSchema.SchemaError` if the schema graph is invalid
26 | /// (e.g. duplicate property names).
27 | func toGenerationSchema(toolName: String, rationaleDescription: String) throws -> GenerationSchema {
| | `- error: 'GenerationSchema' is only available in watchOS 27.0 or newer
| `- note: add '@available' attribute to enclosing instance method
28 | let root = parameters.injectingRationale(description: rationaleDescription)
29 | .toDynamicSchema(name: toolName + "Arguments")
SwiftCompile normal arm64_32 (in target 'AgentKittenAppleInference' from project 'AgentKitten')
cd /Users/admin/builder/spi-builder-workspace/.swiftpm/xcode
SwiftDriverJobDiscovery normal arm64 Emitting module for AgentKittenAnthropicInference (in target 'AgentKittenAnthropicInference' from project 'AgentKitten')
SwiftDriver\ Compilation\ Requirements AgentKittenAnthropicInference normal arm64 com.apple.xcode.tools.swift.compiler (in target 'AgentKittenAnthropicInference' from project 'AgentKitten')
cd /Users/admin/builder/spi-builder-workspace/.swiftpm/xcode
builtin-Swift-Compilation-Requirements -- /Applications/Xcode-27.0.0-Release.Candidate.app/Contents/Developer/Toolchains/XcodeDefault.xctoolchain/usr/bin/swiftc -parse-as-library -module-name AgentKittenAnthropicInference -Onone @/Users/admin/builder/spi-builder-workspace/.derivedData/Build/Intermediates.noindex/AgentKitten.build/Debug-watchos/AgentKittenAnthropicInference-t.build/Objects-normal/arm64/AgentKittenAnthropicInference.SwiftFileList -DSWIFT_PACKAGE -DDEBUG -DSWIFT_MODULE_RESOURCE_BUNDLE_UNAVAILABLE -DXcode -plugin-path /Applications/Xcode-27.0.0-Release.Candidate.app/Contents/Developer/Toolchains/XcodeDefault.xctoolchain/usr/lib/swift/host/plugins/testing -enable-experimental-feature DebugDescriptionMacro -sdk /Applications/Xcode-27.0.0-Release.Candidate.app/Contents/Developer/Platforms/WatchOS.platform/Developer/SDKs/WatchOS27.0.sdk -target arm64-apple-watchos11.0 -g -module-cache-path /Users/admin/builder/spi-builder-workspace/.derivedData/ModuleCache.noindex -Xfrontend -serialize-debugging-options -profile-coverage-mapping -profile-generate -enable-testing -index-store-path /Users/admin/builder/spi-builder-workspace/.derivedData/Index.noindex/DataStore -Xcc -D_LIBCPP_HARDENING_MODE\=_LIBCPP_HARDENING_MODE_DEBUG -swift-version 6 -I /Users/admin/builder/spi-builder-workspace/.derivedData/Build/Products/Debug-watchos -Isystem /Applications/Xcode-27.0.0-Release.Candidate.app/Contents/Developer/Platforms/WatchOS.platform/Developer/usr/lib -F /Users/admin/builder/spi-builder-workspace/.derivedData/Build/Products/Debug-watchos/PackageFrameworks -F /Users/admin/builder/spi-builder-workspace/.derivedData/Build/Products/Debug-watchos -F /Applications/Xcode-27.0.0-Release.Candidate.app/Contents/Developer/Platforms/WatchOS.platform/Developer/Library/Frameworks -F /Applications/Xcode-27.0.0-Release.Candidate.app/Contents/Developer/Platforms/WatchOS.platform/Developer/SDKs/WatchOS27.0.sdk/Developer/Library/Frameworks -Xfrontend -load-plugin-executable -Xfrontend /Users/admin/builder/spi-builder-workspace/.derivedData/Build/Products/Debug/AgentKittenMacros\#AgentKittenMacros -emit-localized-strings -emit-localized-strings-path /Users/admin/builder/spi-builder-workspace/.derivedData/Build/Intermediates.noindex/AgentKitten.build/Debug-watchos/AgentKittenAnthropicInference-t.build/Objects-normal/arm64 -c -j10 -enable-batch-mode -incremental -Xcc -ivfsstatcache -Xcc /Users/admin/builder/spi-builder-workspace/.derivedData/SDKStatCaches.noindex/watchos27.0-24R360-e829b21a6f8c9b70876ba0858053c04477534ef55a1706bf4c1112bbb242f0a2.sdkstatcache -output-file-map /Users/admin/builder/spi-builder-workspace/.derivedData/Build/Intermediates.noindex/AgentKitten.build/Debug-watchos/AgentKittenAnthropicInference-t.build/Objects-normal/arm64/AgentKittenAnthropicInference-OutputFileMap.json -save-temps -no-color-diagnostics -explicit-module-build -module-cache-path /Users/admin/builder/spi-builder-workspace/.derivedData/Build/Intermediates.noindex/SwiftExplicitPrecompiledModules -clang-scanner-module-cache-path /Users/admin/builder/spi-builder-workspace/.derivedData/ModuleCache.noindex -sdk-module-cache-path /Users/admin/builder/spi-builder-workspace/.derivedData/SDKExplicitPrecompiledModules -emit-dependencies -emit-module -emit-module-path /Users/admin/builder/spi-builder-workspace/.derivedData/Build/Intermediates.noindex/AgentKitten.build/Debug-watchos/AgentKittenAnthropicInference-t.build/Objects-normal/arm64/AgentKittenAnthropicInference.swiftmodule -serialize-diagnostics -dependency-scan-serialize-diagnostics-path /Users/admin/builder/spi-builder-workspace/.derivedData/Build/Intermediates.noindex/AgentKitten.build/Debug-watchos/AgentKittenAnthropicInference-t.build/Objects-normal/arm64/AgentKittenAnthropicInference-dependency-scan.dia -validate-clang-modules-once -clang-build-session-file /Users/admin/builder/spi-builder-workspace/.derivedData/ModuleCache.noindex/Session.modulevalidation -Xcc -fmodules-prune-interval\=86400 -Xcc -fmodules-prune-after\=345600 -package-name spi_builder_workspace -emit-const-values -const-gather-protocols-list /Users/admin/builder/spi-builder-workspace/.derivedData/Build/Intermediates.noindex/AgentKitten.build/Debug-watchos/AgentKittenAnthropicInference-t.build/Objects-normal/arm64/AgentKittenAnthropicInference_const_extract_protocols.json -Xcc -I/Users/admin/builder/spi-builder-workspace/.derivedData/Build/Products/Debug-watchos/include -Xcc -I/Users/admin/builder/spi-builder-workspace/.derivedData/Build/Intermediates.noindex/AgentKitten.build/Debug-watchos/AgentKittenAnthropicInference-t.build/DerivedSources-normal/arm64 -Xcc -I/Users/admin/builder/spi-builder-workspace/.derivedData/Build/Intermediates.noindex/AgentKitten.build/Debug-watchos/AgentKittenAnthropicInference-t.build/DerivedSources/arm64 -Xcc -I/Users/admin/builder/spi-builder-workspace/.derivedData/Build/Intermediates.noindex/AgentKitten.build/Debug-watchos/AgentKittenAnthropicInference-t.build/DerivedSources -Xcc -DSWIFT_PACKAGE -Xcc -DDEBUG\=1 -emit-objc-header -emit-objc-header-path /Users/admin/builder/spi-builder-workspace/.derivedData/Build/Intermediates.noindex/AgentKitten.build/Debug-watchos/AgentKittenAnthropicInference-t.build/Objects-normal/arm64/AgentKittenAnthropicInference-Swift.h -working-directory /Users/admin/builder/spi-builder-workspace/.swiftpm/xcode -experimental-emit-module-separately -disable-cmo
SwiftDriverJobDiscovery normal arm64 Compiling InferenceProvider+OpenAI.swift, OpenAIContextWindowKey.swift (in target 'AgentKittenOpenAIInference' from project 'AgentKitten')
SwiftCompile normal arm64_32 Compiling\ OpenAIInferenceSession+Context.swift,\ OpenAIInferenceSession+Tools.swift /Users/admin/builder/spi-builder-workspace/Sources/AgentKittenOpenAIInference/OpenAIInferenceSession+Context.swift /Users/admin/builder/spi-builder-workspace/Sources/AgentKittenOpenAIInference/OpenAIInferenceSession+Tools.swift (in target 'AgentKittenOpenAIInference' from project 'AgentKitten')
SwiftCompile normal arm64_32 /Users/admin/builder/spi-builder-workspace/Sources/AgentKittenOpenAIInference/OpenAIInferenceSession+Context.swift (in target 'AgentKittenOpenAIInference' from project 'AgentKitten')
cd /Users/admin/builder/spi-builder-workspace/.swiftpm/xcode
builtin-SwiftPerFileCompile OpenAIInferenceSession+Context.swift
SwiftCompile normal arm64_32 /Users/admin/builder/spi-builder-workspace/Sources/AgentKittenOpenAIInference/OpenAIInferenceSession+Tools.swift (in target 'AgentKittenOpenAIInference' from project 'AgentKitten')
cd /Users/admin/builder/spi-builder-workspace/.swiftpm/xcode
builtin-SwiftPerFileCompile OpenAIInferenceSession+Tools.swift
Copy /Users/admin/builder/spi-builder-workspace/.derivedData/Build/Products/Debug-watchos/AgentKittenAnthropicInference.swiftmodule/arm64-apple-watchos.swiftmodule /Users/admin/builder/spi-builder-workspace/.derivedData/Build/Intermediates.noindex/AgentKitten.build/Debug-watchos/AgentKittenAnthropicInference-t.build/Objects-normal/arm64/AgentKittenAnthropicInference.swiftmodule (in target 'AgentKittenAnthropicInference' from project 'AgentKitten')
cd /Users/admin/builder/spi-builder-workspace
builtin-copy -exclude .DS_Store -exclude CVS -exclude .svn -exclude .git -exclude .hg -resolve-src-symlinks -rename /Users/admin/builder/spi-builder-workspace/.derivedData/Build/Intermediates.noindex/AgentKitten.build/Debug-watchos/AgentKittenAnthropicInference-t.build/Objects-normal/arm64/AgentKittenAnthropicInference.swiftmodule /Users/admin/builder/spi-builder-workspace/.derivedData/Build/Products/Debug-watchos/AgentKittenAnthropicInference.swiftmodule/arm64-apple-watchos.swiftmodule
SwiftDriverJobDiscovery normal arm64_32 Compiling OpenAISSEParser.swift (in target 'AgentKittenOpenAIInference' from project 'AgentKitten')
Copy /Users/admin/builder/spi-builder-workspace/.derivedData/Build/Products/Debug-watchos/AgentKittenAnthropicInference.swiftmodule/arm64-apple-watchos.swiftdoc /Users/admin/builder/spi-builder-workspace/.derivedData/Build/Intermediates.noindex/AgentKitten.build/Debug-watchos/AgentKittenAnthropicInference-t.build/Objects-normal/arm64/AgentKittenAnthropicInference.swiftdoc (in target 'AgentKittenAnthropicInference' from project 'AgentKitten')
cd /Users/admin/builder/spi-builder-workspace
builtin-copy -exclude .DS_Store -exclude CVS -exclude .svn -exclude .git -exclude .hg -resolve-src-symlinks -rename /Users/admin/builder/spi-builder-workspace/.derivedData/Build/Intermediates.noindex/AgentKitten.build/Debug-watchos/AgentKittenAnthropicInference-t.build/Objects-normal/arm64/AgentKittenAnthropicInference.swiftdoc /Users/admin/builder/spi-builder-workspace/.derivedData/Build/Products/Debug-watchos/AgentKittenAnthropicInference.swiftmodule/arm64-apple-watchos.swiftdoc
Copy /Users/admin/builder/spi-builder-workspace/.derivedData/Build/Products/Debug-watchos/AgentKittenAnthropicInference.swiftmodule/arm64-apple-watchos.abi.json /Users/admin/builder/spi-builder-workspace/.derivedData/Build/Intermediates.noindex/AgentKitten.build/Debug-watchos/AgentKittenAnthropicInference-t.build/Objects-normal/arm64/AgentKittenAnthropicInference.abi.json (in target 'AgentKittenAnthropicInference' from project 'AgentKitten')
cd /Users/admin/builder/spi-builder-workspace
builtin-copy -exclude .DS_Store -exclude CVS -exclude .svn -exclude .git -exclude .hg -resolve-src-symlinks -rename /Users/admin/builder/spi-builder-workspace/.derivedData/Build/Intermediates.noindex/AgentKitten.build/Debug-watchos/AgentKittenAnthropicInference-t.build/Objects-normal/arm64/AgentKittenAnthropicInference.abi.json /Users/admin/builder/spi-builder-workspace/.derivedData/Build/Products/Debug-watchos/AgentKittenAnthropicInference.swiftmodule/arm64-apple-watchos.abi.json
Copy /Users/admin/builder/spi-builder-workspace/.derivedData/Build/Products/Debug-watchos/AgentKittenAnthropicInference.swiftmodule/Project/arm64-apple-watchos.swiftsourceinfo /Users/admin/builder/spi-builder-workspace/.derivedData/Build/Intermediates.noindex/AgentKitten.build/Debug-watchos/AgentKittenAnthropicInference-t.build/Objects-normal/arm64/AgentKittenAnthropicInference.swiftsourceinfo (in target 'AgentKittenAnthropicInference' from project 'AgentKitten')
cd /Users/admin/builder/spi-builder-workspace
builtin-copy -exclude .DS_Store -exclude CVS -exclude .svn -exclude .git -exclude .hg -resolve-src-symlinks -rename /Users/admin/builder/spi-builder-workspace/.derivedData/Build/Intermediates.noindex/AgentKitten.build/Debug-watchos/AgentKittenAnthropicInference-t.build/Objects-normal/arm64/AgentKittenAnthropicInference.swiftsourceinfo /Users/admin/builder/spi-builder-workspace/.derivedData/Build/Products/Debug-watchos/AgentKittenAnthropicInference.swiftmodule/Project/arm64-apple-watchos.swiftsourceinfo
SwiftCompile normal arm64 Compiling\ OpenAISSEParser.swift /Users/admin/builder/spi-builder-workspace/Sources/AgentKittenOpenAIInference/OpenAISSEParser.swift (in target 'AgentKittenOpenAIInference' from project 'AgentKitten')
SwiftCompile normal arm64 /Users/admin/builder/spi-builder-workspace/Sources/AgentKittenOpenAIInference/OpenAISSEParser.swift (in target 'AgentKittenOpenAIInference' from project 'AgentKitten')
cd /Users/admin/builder/spi-builder-workspace/.swiftpm/xcode
builtin-SwiftPerFileCompile OpenAISSEParser.swift
SwiftCompile normal arm64 Compiling\ OpenAIInferenceSession.swift /Users/admin/builder/spi-builder-workspace/Sources/AgentKittenOpenAIInference/OpenAIInferenceSession.swift (in target 'AgentKittenOpenAIInference' from project 'AgentKitten')
SwiftCompile normal arm64 /Users/admin/builder/spi-builder-workspace/Sources/AgentKittenOpenAIInference/OpenAIInferenceSession.swift (in target 'AgentKittenOpenAIInference' from project 'AgentKitten')
cd /Users/admin/builder/spi-builder-workspace/.swiftpm/xcode
builtin-SwiftPerFileCompile OpenAIInferenceSession.swift
PruneExplicitPrecompiledModules /Users/admin/builder/spi-builder-workspace/.derivedData/Build/Intermediates.noindex/ExplicitPrecompiledModules
PruneExplicitPrecompiledModules /Users/admin/builder/spi-builder-workspace/.derivedData/SDKExplicitPrecompiledModules
PruneExplicitPrecompiledModules /Users/admin/builder/spi-builder-workspace/.derivedData/Build/Intermediates.noindex/SwiftExplicitPrecompiledModules
2026-09-25 09:01:20.403 xcodebuild[1071:6446] [MT] IDERunDestination: Supported platforms for the buildables in the current scheme is empty.
** BUILD FAILED **
The following build commands failed:
SwiftEmitModule normal arm64 Emitting\ module\ for\ AgentKittenAppleInference (in target 'AgentKittenAppleInference' from project 'AgentKitten')
SwiftCompile normal arm64 (in target 'AgentKittenAppleInference' from project 'AgentKitten')
Building workspace AgentKitten with scheme AgentKitten-Package
(3 failures)
Command line invocation:
/Applications/Xcode-27.0.0-Release.Candidate.app/Contents/Developer/usr/bin/xcodebuild -IDEClonedSourcePackagesDirPathOverride=/Users/admin/builder/spi-builder-workspace/.dependencies -resolvePackageDependencies
Resolve Package Graph
Resolved source packages:
SymbolKit: https://github.com/swiftlang/swift-docc-symbolkit @ 1.0.0
AgentKitten: /Users/admin/builder/spi-builder-workspace
swift-argument-parser: https://github.com/apple/swift-argument-parser @ 1.8.2
swift-syntax: https://github.com/swiftlang/swift-syntax @ 600.0.1
swift-log: https://github.com/apple/swift-log @ 1.15.1
SwiftDocCPlugin: https://github.com/apple/swift-docc-plugin @ 1.5.0
resolved source packages: SymbolKit, AgentKitten, swift-argument-parser, swift-syntax, swift-log, SwiftDocCPlugin
2026-09-25 09:02:09.610 xcodebuild[1890:11545] [MT] IDERunDestination: Supported platforms for the buildables in the current scheme is empty.
{
"default_localization" : "en",
"dependencies" : [
{
"identity" : "swift-argument-parser",
"requirement" : {
"range" : [
{
"lower_bound" : "1.3.0",
"upper_bound" : "2.0.0"
}
]
},
"type" : "sourceControl",
"url" : "https://github.com/apple/swift-argument-parser"
},
{
"identity" : "swift-log",
"requirement" : {
"range" : [
{
"lower_bound" : "1.6.0",
"upper_bound" : "2.0.0"
}
]
},
"type" : "sourceControl",
"url" : "https://github.com/apple/swift-log"
},
{
"identity" : "swift-syntax",
"requirement" : {
"range" : [
{
"lower_bound" : "600.0.0",
"upper_bound" : "601.0.0"
}
]
},
"type" : "sourceControl",
"url" : "https://github.com/swiftlang/swift-syntax"
},
{
"identity" : "swift-docc-plugin",
"requirement" : {
"range" : [
{
"lower_bound" : "1.5.0",
"upper_bound" : "2.0.0"
}
]
},
"type" : "sourceControl",
"url" : "https://github.com/apple/swift-docc-plugin"
}
],
"manifest_display_name" : "AgentKitten",
"name" : "AgentKitten",
"path" : "/Users/admin/builder/spi-builder-workspace",
"platforms" : [
{
"name" : "macos",
"version" : "15.0"
},
{
"name" : "ios",
"version" : "18.0"
},
{
"name" : "tvos",
"version" : "18.0"
},
{
"name" : "watchos",
"version" : "11.0"
},
{
"name" : "visionos",
"version" : "2.0"
},
{
"name" : "maccatalyst",
"version" : "18.0"
}
],
"products" : [
{
"name" : "AgentKitten",
"targets" : [
"AgentKitten"
],
"type" : {
"library" : [
"automatic"
]
}
},
{
"name" : "AgentKittenCore",
"targets" : [
"AgentKittenCore"
],
"type" : {
"library" : [
"automatic"
]
}
},
{
"name" : "AgentKittenInferenceSupport",
"targets" : [
"AgentKittenInferenceSupport"
],
"type" : {
"library" : [
"automatic"
]
}
},
{
"name" : "AgentKittenAnthropicInference",
"targets" : [
"AgentKittenAnthropicInference"
],
"type" : {
"library" : [
"automatic"
]
}
},
{
"name" : "AgentKittenAppleInference",
"targets" : [
"AgentKittenAppleInference"
],
"type" : {
"library" : [
"automatic"
]
}
},
{
"name" : "AgentKittenOpenAIInference",
"targets" : [
"AgentKittenOpenAIInference"
],
"type" : {
"library" : [
"automatic"
]
}
},
{
"name" : "AgentKittenInferenceTestSupport",
"targets" : [
"AgentKittenInferenceTestSupport"
],
"type" : {
"library" : [
"automatic"
]
}
},
{
"name" : "Playground",
"targets" : [
"Playground"
],
"type" : {
"executable" : null
}
},
{
"name" : "AgentKittenMacros",
"targets" : [
"AgentKittenMacros"
],
"type" : {
"macro" : null
}
}
],
"swift_languages_versions" : [
"6"
],
"targets" : [
{
"c99name" : "PlaygroundTests",
"module_type" : "SwiftTarget",
"name" : "PlaygroundTests",
"path" : "Tests/PlaygroundTests",
"sources" : [
"ChickenWizardTests.swift",
"PlaygroundChatOutputFormatterTests.swift"
],
"target_dependencies" : [
"Playground"
],
"type" : "test"
},
{
"c99name" : "Playground",
"module_type" : "SwiftTarget",
"name" : "Playground",
"path" : "Sources/Playground",
"product_dependencies" : [
"ArgumentParser"
],
"product_memberships" : [
"Playground"
],
"resources" : [
{
"path" : "/Users/admin/builder/spi-builder-workspace/Sources/Playground/Fixtures/rich-tool-demo.png",
"rule" : {
"process" : {
}
}
}
],
"sources" : [
"Commands/Chat/Chat+ContextWindow.swift",
"Commands/Chat/Chat.swift",
"Commands/Chat/MinimumResponseLengthValidator.swift",
"Commands/Chicken/Chicken.swift",
"Commands/Chicken/ChickenWizardGame.swift",
"Commands/Chicken/ChickenWizardOutput.swift",
"Commands/Classify/Classify.swift",
"Commands/Generate/Generate.swift",
"Commands/PII/PII.swift",
"Commands/PlanMode/PlanMode.swift",
"Commands/PlanMode/PlanModeExecutionPolicy.swift",
"Commands/PlanMode/PlanModeState.swift",
"Commands/PlanMode/ProposePlanTool.swift",
"Commands/PlanMode/ReadScratchpadTool.swift",
"Commands/PlanMode/ScratchpadStore.swift",
"Commands/PlanMode/WriteScratchpadTool.swift",
"Commands/Tools/FixtureImageTool.swift",
"Commands/Tools/Tools.swift",
"PlaygroundCommand.swift",
"Shared/ConvertTemperatureTool.swift",
"Shared/CurrentTimeTool.swift",
"Shared/PlatformIO.swift",
"Shared/PlaygroundChatOutputFormatter.swift",
"Shared/PlaygroundError.swift",
"Shared/PlaygroundProviderConfiguration.swift",
"Shared/PlaygroundSessionFactory.swift",
"Shared/PlaygroundToolApprovalSupport.swift",
"Shared/PlaygroundToolEventFormatter.swift",
"Shared/PlaygroundTracePrinter.swift",
"Shared/ProviderOption.swift"
],
"target_dependencies" : [
"AgentKitten",
"AgentKittenAnthropicInference",
"AgentKittenAppleInference",
"AgentKittenOpenAIInference",
"AgentKittenInferenceTestSupport"
],
"type" : "executable"
},
{
"c99name" : "AgentKittenTests",
"module_type" : "SwiftTarget",
"name" : "AgentKittenTests",
"path" : "Tests/AgentKittenTests",
"sources" : [
"AgentKittenTests.swift"
],
"target_dependencies" : [
"AgentKitten",
"AgentKittenInferenceTestSupport"
],
"type" : "test"
},
{
"c99name" : "AgentKittenOpenAIInferenceTests",
"module_type" : "SwiftTarget",
"name" : "AgentKittenOpenAIInferenceTests",
"path" : "Tests/AgentKittenOpenAIInferenceTests",
"sources" : [
"OpenAIContextCompactionTests.swift",
"OpenAIContextUsageTests.swift",
"OpenAIContextWindowTests.swift",
"OpenAIHTTPClientTests.swift",
"OpenAISSEParserTests.swift",
"OpenAISessionTestFixtures.swift",
"OpenAISessionTests.swift",
"OpenAIStreamConformanceTests.swift",
"OpenAIStructuredSessionTests.swift",
"OpenAIToolResultEncodingTests.swift",
"OpenAIToolUseTests.swift"
],
"target_dependencies" : [
"AgentKittenOpenAIInference",
"AgentKittenInferenceSupport",
"AgentKittenInferenceTestSupport"
],
"type" : "test"
},
{
"c99name" : "AgentKittenOpenAIInference",
"module_type" : "SwiftTarget",
"name" : "AgentKittenOpenAIInference",
"path" : "Sources/AgentKittenOpenAIInference",
"product_memberships" : [
"AgentKittenOpenAIInference",
"Playground"
],
"sources" : [
"InferenceProvider+OpenAI.swift",
"OpenAIContextWindowKey.swift",
"OpenAICredentials.swift",
"OpenAIHTTPClient.swift",
"OpenAIInferenceProvider.swift",
"OpenAIInferenceSession+Compaction.swift",
"OpenAIInferenceSession+Context.swift",
"OpenAIInferenceSession+Tools.swift",
"OpenAIInferenceSession.swift",
"OpenAIModelKey.swift",
"OpenAIModels.swift",
"OpenAISSEParser.swift",
"OpenAIStructuredInferenceSession.swift",
"OpenAIToolBridge.swift"
],
"target_dependencies" : [
"AgentKittenCore",
"AgentKittenInferenceSupport"
],
"type" : "library"
},
{
"c99name" : "AgentKittenMacros",
"module_type" : "SwiftTarget",
"name" : "AgentKittenMacros",
"path" : "Sources/AgentKittenMacros",
"product_dependencies" : [
"SwiftSyntaxMacros",
"SwiftCompilerPlugin"
],
"product_memberships" : [
"AgentKitten",
"AgentKittenCore",
"AgentKittenInferenceSupport",
"AgentKittenAnthropicInference",
"AgentKittenAppleInference",
"AgentKittenOpenAIInference",
"AgentKittenInferenceTestSupport",
"Playground",
"AgentKittenMacros"
],
"sources" : [
"Macros.swift",
"ParameterDescriptionMacro.swift",
"Plugin.swift",
"ToolMacro.swift"
],
"type" : "macro"
},
{
"c99name" : "AgentKittenInferenceTestSupportTests",
"module_type" : "SwiftTarget",
"name" : "AgentKittenInferenceTestSupportTests",
"path" : "Tests/AgentKittenInferenceTestSupportTests",
"sources" : [
"InferenceStreamValidatorTests.swift",
"MockProviderConformanceTests.swift"
],
"target_dependencies" : [
"AgentKittenInferenceTestSupport",
"AgentKittenCore"
],
"type" : "test"
},
{
"c99name" : "AgentKittenInferenceTestSupport",
"module_type" : "SwiftTarget",
"name" : "AgentKittenInferenceTestSupport",
"path" : "Sources/AgentKittenInferenceTestSupport",
"product_dependencies" : [
"Logging"
],
"product_memberships" : [
"AgentKittenInferenceTestSupport",
"Playground"
],
"sources" : [
"InferenceStreamContractViolation.swift",
"InferenceStreamValidator.swift",
"Mock/InferenceProvider+Mock.swift",
"Mock/MockInferenceProvider.swift",
"Mock/MockInferenceSession.swift",
"Mock/MockResponse.swift"
],
"target_dependencies" : [
"AgentKittenCore"
],
"type" : "library"
},
{
"c99name" : "AgentKittenInferenceSupportTests",
"module_type" : "SwiftTarget",
"name" : "AgentKittenInferenceSupportTests",
"path" : "Tests/AgentKittenInferenceSupportTests",
"sources" : [
"CredentialProviderTests.swift"
],
"target_dependencies" : [
"AgentKittenInferenceSupport"
],
"type" : "test"
},
{
"c99name" : "AgentKittenInferenceSupport",
"module_type" : "SwiftTarget",
"name" : "AgentKittenInferenceSupport",
"path" : "Sources/AgentKittenInferenceSupport",
"product_memberships" : [
"AgentKittenInferenceSupport",
"AgentKittenAnthropicInference",
"AgentKittenAppleInference",
"AgentKittenOpenAIInference",
"Playground"
],
"sources" : [
"Credentials/APIKeyProviding.swift",
"Credentials/EnvironmentAPIKeyProvider.swift",
"Credentials/KeychainAPIKeyProvider.swift",
"Credentials/MockAPIKeyProvider.swift",
"HistoryRenderingConfiguration.swift",
"InferenceProviderJSONValue+JSONSchema.swift",
"InferenceProviderJSONValue.swift",
"LMStudioModelMetadata.swift",
"SSEStreamDriver.swift",
"StructuredInferenceHelpers.swift"
],
"target_dependencies" : [
"AgentKittenCore"
],
"type" : "library"
},
{
"c99name" : "AgentKittenCoreTests",
"module_type" : "SwiftTarget",
"name" : "AgentKittenCoreTests",
"path" : "Tests/AgentKittenCoreTests",
"sources" : [
"AgentKittenCoreTests.swift",
"AgentMessageTests.swift",
"AgentQueuedSessionTests.swift",
"AgentSessionClearContextTests.swift",
"AgentSessionConcurrencyTests.swift",
"AgentSessionContextCompactionTests.swift",
"AgentSessionContextConcurrencyTests.swift",
"AgentSessionStructuredTests.swift",
"AgentSessionTestDoubles.swift",
"AgentSessionTests.swift",
"CompactionInferenceConfigurationTestDoubles.swift",
"CompactionInferenceConfigurationTests.swift",
"CompactionInferenceConfigurationTraceSupport.swift",
"CompactionSummaryTrimmingTests.swift",
"ContextCompactionFallbackTests.swift",
"ContextCompactionRebuildSupport.swift",
"ContextCompactorTests.swift",
"ContextUsageTests.swift",
"ContextWindowExceededTests.swift",
"ConvenienceInitTests.swift",
"ConversationConcurrencyTests.swift",
"ConversationProviderTests.swift",
"ConversationStructuredTests.swift",
"ConversationTests.swift",
"EventMetadataTests.swift",
"IdentityTests.swift",
"InferenceContextTests.swift",
"JudgeValidatorSystemPromptTests.swift",
"JudgeValidatorTests.swift",
"MockInferenceProviderTests.swift",
"MockInferenceSessionConcurrencyTests.swift",
"MockStructuredSessionTests.swift",
"MockToolSelectionTests.swift",
"ProviderRegistryTests.swift",
"ScriptedInferenceSupport.swift",
"SessionStateTests.swift",
"SessionStateTurnAttributionTests.swift",
"SingleFlightOperationGateTests.swift",
"StringFormatPlaceholderTests.swift",
"StructuredInferenceSessionTests.swift",
"SystemNoteTests.swift",
"TestSupport.swift",
"TokenCountTests.swift",
"ToolApprovalEventTests.swift",
"ToolApprovalRuntimeTests.swift",
"ToolExecutionPolicyTests.swift",
"ToolRationaleTests.swift",
"ToolSelectionTests.swift",
"ToolTests.swift",
"TraceCodableTests.swift",
"TraceQueueTests.swift",
"TraceRetentionPolicyTests.swift",
"TraceTestSupport.swift",
"TraceTests.swift",
"TraceToolMessageTests.swift",
"ValidationBehaviorTests.swift",
"ValidationErrorHandlingTests.swift",
"ValidationPolicyTests.swift",
"ValidationTestSupport.swift"
],
"target_dependencies" : [
"AgentKittenCore",
"AgentKittenInferenceTestSupport"
],
"type" : "test"
},
{
"c99name" : "AgentKittenCore",
"module_type" : "SwiftTarget",
"name" : "AgentKittenCore",
"path" : "Sources/AgentKittenCore",
"product_dependencies" : [
"Logging"
],
"product_memberships" : [
"AgentKitten",
"AgentKittenCore",
"AgentKittenInferenceSupport",
"AgentKittenAnthropicInference",
"AgentKittenAppleInference",
"AgentKittenOpenAIInference",
"AgentKittenInferenceTestSupport",
"Playground"
],
"sources" : [
"Agent/Agent+ConvenienceInits.swift",
"Agent/Agent.swift",
"Agent/Behavior/AgentBehavior+ConvenienceInits.swift",
"Agent/Behavior/AgentBehavior.swift",
"Agent/Behavior/AgentPhase.swift",
"Agent/Behavior/PhaseBehavior.swift",
"Agent/Behavior/PhaseBehaviorSet.swift",
"Agent/Compaction/AutomaticCompaction.swift",
"Agent/Compaction/AutomaticCompactionOperation.swift",
"Agent/Compaction/CompactionRequest.swift",
"Agent/Compaction/ContextCompactableSession.swift",
"Agent/Compaction/ContextCompacting.swift",
"Agent/Compaction/ContextCompactionOptions.swift",
"Agent/Compaction/ContextCompactionResult.swift",
"Agent/Compaction/ContextCompactor.swift",
"Agent/Compaction/RenderedSessionEntry.swift",
"Agent/Compaction/TurnPreservationPlan.swift",
"Agent/Conversation/ConversationAssembler.swift",
"Agent/Conversation/ConversationEventConsumer.swift",
"Agent/Conversation/ConversationEventMapper.swift",
"Agent/Conversation/ConversationProvider.swift",
"Agent/Event/AgentEvent+Kind.swift",
"Agent/Event/AgentEvent+Metadata.swift",
"Agent/Event/AgentEvent.swift",
"Agent/Session/AgentSession+ClearContext.swift",
"Agent/Session/AgentSession+ContextCompaction.swift",
"Agent/Session/AgentSession+ContextUsage.swift",
"Agent/Session/AgentSession+ConversationPreparation.swift",
"Agent/Session/AgentSession+Record.swift",
"Agent/Session/AgentSession.swift",
"Agent/Session/AgentSessionError.swift",
"Agent/Session/AgentSessionRuntime.swift",
"Agent/Session/QueuedSession/AgentQueuedSession.swift",
"Agent/Session/QueuedSession/AnyQueuedTurn.swift",
"Agent/SessionState/SessionState.swift",
"Agent/SessionState/SessionStateBuiltins.swift",
"Agent/SessionState/SessionStateConfiguration.swift",
"Agent/Trace/AgentTrace.swift",
"Agent/Trace/AgentTraceEntry+ErrorInfo.swift",
"Agent/Trace/AgentTraceEntry+ExecutionPreparation.swift",
"Agent/Trace/AgentTraceEntry+Kind.swift",
"Agent/Trace/AgentTraceEntry+StateMutation.swift",
"Agent/Trace/AgentTraceEntry+ToolHookInvocation.swift",
"Agent/Trace/AgentTraceEntry+TurnOutcome.swift",
"Agent/Trace/AgentTraceEntry+Validation.swift",
"Agent/Trace/AgentTraceEntry.swift",
"Agent/Trace/TraceRetentionPolicy.swift",
"Agent/Turn/Turn.swift",
"Agent/Turn/TurnEventSink.swift",
"Agent/Turn/TurnEventStream.swift",
"Agent/Turn/TurnOverrides.swift",
"Agent/Turn/TurnQueue.swift",
"Agent/Turn/TurnRuntime.swift",
"Agent/Turn/TurnTraceSink.swift",
"Agent/Turn/TurnValidator.swift",
"AgentKittenCore.swift",
"Conversation/AnyConversation.swift",
"Conversation/Conversation.swift",
"Conversation/Event/ConversationEvent+Kind.swift",
"Conversation/Event/ConversationEvent+Metadata.swift",
"Conversation/Event/ConversationEvent.swift",
"Conversation/InferenceDigester.swift",
"Inference/AnyInferenceProvider.swift",
"Inference/ContextUsage.swift",
"Inference/InferenceConfiguration.swift",
"Inference/InferenceContext.swift",
"Inference/InferenceError.swift",
"Inference/InferenceEvent.swift",
"Inference/InferenceProvider.swift",
"Inference/InferenceRequestParameters.swift",
"Inference/InferenceSession.swift",
"Inference/JSONSchemaProviding.swift",
"Inference/ProviderReference.swift",
"Inference/ProviderRegistry.swift",
"Inference/StructuredInferenceSession.swift",
"Inference/TokenCount.swift",
"Inference/ToolSelection.swift",
"Macros/Macros.swift",
"Shared/AgentMessage.swift",
"Shared/CustomContext.swift",
"Shared/EffectiveExecutionConfiguration.swift",
"Shared/ExecutionEnvironment.swift",
"Shared/Identity.swift",
"Shared/JSONSchema.swift",
"Shared/SingleFlightOperationGate.swift",
"Shared/StringFormatPlaceholder.swift",
"Shared/ToolApproving.swift",
"Tools/AgentTool.swift",
"Tools/AnyAgentTool.swift",
"Tools/AnyToolHook.swift",
"Tools/ToolApprovalGate.swift",
"Tools/ToolApprovalResolutionError.swift",
"Tools/ToolBehavior.swift",
"Tools/ToolCallOutcome.swift",
"Tools/ToolCapabilities.swift",
"Tools/ToolDefinition.swift",
"Tools/ToolExecutionContext.swift",
"Tools/ToolExecutionPolicy.swift",
"Tools/ToolExecutor.swift",
"Tools/ToolHook.swift",
"Tools/ToolMessages.swift",
"Tools/ToolRegistry.swift",
"Tools/ToolResultContent.swift",
"Tools/ToolRuntime.swift",
"Tools/ToolRuntimeConfig.swift",
"Tools/ToolSchema.swift",
"Validation/AnyValidator.swift",
"Validation/JudgeValidator+Defaults.swift",
"Validation/JudgeValidator.swift",
"Validation/ValidationConfiguration.swift",
"Validation/ValidationContext.swift",
"Validation/ValidationResult.swift",
"Validation/Validator.swift"
],
"target_dependencies" : [
"AgentKittenMacros"
],
"type" : "library"
},
{
"c99name" : "AgentKittenAppleInferenceTests",
"module_type" : "SwiftTarget",
"name" : "AgentKittenAppleInferenceTests",
"path" : "Tests/AgentKittenAppleInferenceTests",
"sources" : [
"AppleContextCompactionTests.swift",
"ApplePlatformSupportTests.swift",
"AppleStreamConformanceTests.swift",
"AppleUnitTests.swift",
"TestSupport.swift",
"ToolEventRelayTests.swift"
],
"target_dependencies" : [
"AgentKittenAppleInference",
"AgentKittenInferenceTestSupport"
],
"type" : "test"
},
{
"c99name" : "AgentKittenAppleInference",
"module_type" : "SwiftTarget",
"name" : "AgentKittenAppleInference",
"path" : "Sources/AgentKittenAppleInference",
"product_memberships" : [
"AgentKittenAppleInference",
"Playground"
],
"sources" : [
"AppleBridgedTool.swift",
"AppleInferenceProvider.swift",
"AppleInferenceSession+Compaction.swift",
"AppleInferenceSession.swift",
"AppleStructuredInferenceSession.swift",
"AppleToolResultSupport.swift",
"InferenceProvider+Apple.swift",
"JSONSchemaBridge.swift",
"ToolEventRelay.swift"
],
"target_dependencies" : [
"AgentKittenCore",
"AgentKittenInferenceSupport"
],
"type" : "library"
},
{
"c99name" : "AgentKittenAnthropicInferenceTests",
"module_type" : "SwiftTarget",
"name" : "AgentKittenAnthropicInferenceTests",
"path" : "Tests/AgentKittenAnthropicInferenceTests",
"sources" : [
"AnthropicAgentApprovalTests.swift",
"AnthropicContextCompactionTestDoubles.swift",
"AnthropicContextCompactionTests.swift",
"AnthropicContextWindowTests.swift",
"AnthropicHTTPClientTests.swift",
"AnthropicModelKeyTests.swift",
"AnthropicSSEParserTests.swift",
"AnthropicSessionConcurrencyTests.swift",
"AnthropicSessionTestFixtures.swift",
"AnthropicSessionTests.swift",
"AnthropicStreamConformanceTests.swift",
"AnthropicStructuredSessionTests.swift",
"AnthropicToolExecutionPolicyTests.swift",
"AnthropicToolSelectionTests.swift",
"AnthropicToolUseTests.swift",
"AnthropicUnitTests.swift",
"TestSupport.swift",
"ToolRationaleInferenceTests.swift"
],
"target_dependencies" : [
"AgentKittenAnthropicInference",
"AgentKittenInferenceSupport",
"AgentKittenInferenceTestSupport"
],
"type" : "test"
},
{
"c99name" : "AgentKittenAnthropicInference",
"module_type" : "SwiftTarget",
"name" : "AgentKittenAnthropicInference",
"path" : "Sources/AgentKittenAnthropicInference",
"product_memberships" : [
"AgentKittenAnthropicInference",
"Playground"
],
"sources" : [
"AnthropicContextWindowKey.swift",
"AnthropicCredentials.swift",
"AnthropicHTTPClient.swift",
"AnthropicInferenceProvider.swift",
"AnthropicInferenceSession+Compaction.swift",
"AnthropicInferenceSession+Context.swift",
"AnthropicInferenceSession.swift",
"AnthropicModelConfiguration.swift",
"AnthropicModels.swift",
"AnthropicSSEParser.swift",
"AnthropicStructuredInferenceSession.swift",
"AnthropicToolBridge.swift",
"InferenceProvider+Anthropic.swift"
],
"target_dependencies" : [
"AgentKittenCore",
"AgentKittenInferenceSupport"
],
"type" : "library"
},
{
"c99name" : "AgentKitten",
"module_type" : "SwiftTarget",
"name" : "AgentKitten",
"path" : "Sources/AgentKitten",
"product_memberships" : [
"AgentKitten",
"Playground"
],
"resources" : [
{
"path" : "/Users/admin/builder/spi-builder-workspace/Sources/AgentKitten/PrivacyInfo.xcprivacy",
"rule" : {
"process" : {
}
}
}
],
"sources" : [
"AgentKitten.swift"
],
"target_dependencies" : [
"AgentKittenCore"
],
"type" : "library"
}
],
"tools_version" : "6.0"
}
{
"workspace" : {
"name" : "AgentKitten",
"schemes" : [
"AgentKitten",
"AgentKitten-Package",
"AgentKittenAnthropicInference",
"AgentKittenAppleInference",
"AgentKittenCore",
"AgentKittenInferenceSupport",
"AgentKittenInferenceTestSupport",
"AgentKittenOpenAIInference",
"Playground"
]
}
}
2026-09-25 09:02:18.136 xcodebuild[1957:11988] [MT] IDERunDestination: Supported platforms for the buildables in the current scheme is empty.
Running build ...
env DEVELOPER_DIR=/Applications/Xcode-27.0.0-Release.Candidate.app xcrun xcodebuild -IDEClonedSourcePackagesDirPathOverride=$PWD/.dependencies -skipMacroValidation -skipPackagePluginValidation -derivedDataPath $PWD/.derivedData build -scheme AgentKitten-Package -destination generic/platform=watchOS
Command line invocation:
/Applications/Xcode-27.0.0-Release.Candidate.app/Contents/Developer/usr/bin/xcodebuild -IDEClonedSourcePackagesDirPathOverride=/Users/admin/builder/spi-builder-workspace/.dependencies -skipMacroValidation -skipPackagePluginValidation -derivedDataPath /Users/admin/builder/spi-builder-workspace/.derivedData build -scheme AgentKitten-Package -destination generic/platform=watchOS
Resolve Package Graph
Resolved source packages:
swift-argument-parser: https://github.com/apple/swift-argument-parser @ 1.8.2
SymbolKit: https://github.com/swiftlang/swift-docc-symbolkit @ 1.0.0
swift-log: https://github.com/apple/swift-log @ 1.15.1
SwiftDocCPlugin: https://github.com/apple/swift-docc-plugin @ 1.5.0
swift-syntax: https://github.com/swiftlang/swift-syntax @ 600.0.1
AgentKitten: /Users/admin/builder/spi-builder-workspace
ComputePackagePrebuildTargetDependencyGraph
Prepare packages
CreateBuildRequest
SendProjectDescription
CreateBuildOperation
ComputeTargetDependencyGraph
note: Building targets in dependency order
note: Target dependency graph (40 targets)
Target 'Playground-product' in project 'AgentKitten'
➜ Explicit dependency on target 'AgentKitten_Playground' in project 'AgentKitten'
➜ Explicit dependency on target 'AgentKittenMacros' in project 'AgentKitten'
➜ Explicit dependency on target 'AgentKittenCore' in project 'AgentKitten'
➜ Explicit dependency on target 'AgentKitten' in project 'AgentKitten'
➜ Explicit dependency on target 'AgentKittenInferenceSupport' in project 'AgentKitten'
➜ Explicit dependency on target 'AgentKittenAnthropicInference' in project 'AgentKitten'
➜ Explicit dependency on target 'AgentKittenAppleInference' in project 'AgentKitten'
➜ Explicit dependency on target 'AgentKittenOpenAIInference' in project 'AgentKitten'
➜ Explicit dependency on target 'AgentKittenInferenceTestSupport' in project 'AgentKitten'
➜ Explicit dependency on target 'Logging-product' in project 'swift-log'
➜ Explicit dependency on target 'ArgumentParser-product' in project 'swift-argument-parser'
Target 'ArgumentParser-product' in project 'swift-argument-parser'
➜ Explicit dependency on target 'ArgumentParser' in project 'swift-argument-parser'
➜ Explicit dependency on target 'ArgumentParserToolInfo' in project 'swift-argument-parser'
Target 'ArgumentParser' in project 'swift-argument-parser'
➜ Explicit dependency on target 'ArgumentParserToolInfo' in project 'swift-argument-parser'
Target 'ArgumentParserToolInfo' in project 'swift-argument-parser' (no dependencies)
Target 'AgentKitten_Playground' in project 'AgentKitten' (no dependencies)
Target 'AgentKittenInferenceTestSupport-product' in project 'AgentKitten'
➜ Explicit dependency on target 'AgentKittenInferenceTestSupport' in project 'AgentKitten'
➜ Explicit dependency on target 'AgentKittenMacros' in project 'AgentKitten'
➜ Explicit dependency on target 'AgentKittenCore' in project 'AgentKitten'
➜ Explicit dependency on target 'Logging-product' in project 'swift-log'
Target 'AgentKittenInferenceTestSupport' in project 'AgentKitten'
➜ Explicit dependency on target 'AgentKittenMacros' in project 'AgentKitten'
➜ Explicit dependency on target 'AgentKittenCore' in project 'AgentKitten'
➜ Explicit dependency on target 'Logging-product' in project 'swift-log'
Target 'AgentKittenOpenAIInference-product' in project 'AgentKitten'
➜ Explicit dependency on target 'AgentKittenOpenAIInference' in project 'AgentKitten'
➜ Explicit dependency on target 'AgentKittenMacros' in project 'AgentKitten'
➜ Explicit dependency on target 'AgentKittenCore' in project 'AgentKitten'
➜ Explicit dependency on target 'AgentKittenInferenceSupport' in project 'AgentKitten'
➜ Explicit dependency on target 'Logging-product' in project 'swift-log'
Target 'AgentKittenOpenAIInference' in project 'AgentKitten'
➜ Explicit dependency on target 'AgentKittenMacros' in project 'AgentKitten'
➜ Explicit dependency on target 'AgentKittenCore' in project 'AgentKitten'
➜ Explicit dependency on target 'AgentKittenInferenceSupport' in project 'AgentKitten'
➜ Explicit dependency on target 'Logging-product' in project 'swift-log'
Target 'AgentKittenAppleInference-product' in project 'AgentKitten'
➜ Explicit dependency on target 'AgentKittenAppleInference' in project 'AgentKitten'
➜ Explicit dependency on target 'AgentKittenMacros' in project 'AgentKitten'
➜ Explicit dependency on target 'AgentKittenCore' in project 'AgentKitten'
➜ Explicit dependency on target 'AgentKittenInferenceSupport' in project 'AgentKitten'
➜ Explicit dependency on target 'Logging-product' in project 'swift-log'
Target 'AgentKittenAppleInference' in project 'AgentKitten'
➜ Explicit dependency on target 'AgentKittenMacros' in project 'AgentKitten'
➜ Explicit dependency on target 'AgentKittenCore' in project 'AgentKitten'
➜ Explicit dependency on target 'AgentKittenInferenceSupport' in project 'AgentKitten'
➜ Explicit dependency on target 'Logging-product' in project 'swift-log'
Target 'AgentKittenAnthropicInference-product' in project 'AgentKitten'
➜ Explicit dependency on target 'AgentKittenAnthropicInference' in project 'AgentKitten'
➜ Explicit dependency on target 'AgentKittenMacros' in project 'AgentKitten'
➜ Explicit dependency on target 'AgentKittenCore' in project 'AgentKitten'
➜ Explicit dependency on target 'AgentKittenInferenceSupport' in project 'AgentKitten'
➜ Explicit dependency on target 'Logging-product' in project 'swift-log'
Target 'AgentKittenAnthropicInference' in project 'AgentKitten'
➜ Explicit dependency on target 'AgentKittenMacros' in project 'AgentKitten'
➜ Explicit dependency on target 'AgentKittenCore' in project 'AgentKitten'
➜ Explicit dependency on target 'AgentKittenInferenceSupport' in project 'AgentKitten'
➜ Explicit dependency on target 'Logging-product' in project 'swift-log'
Target 'AgentKittenInferenceSupport-product' in project 'AgentKitten'
➜ Explicit dependency on target 'AgentKittenInferenceSupport' in project 'AgentKitten'
➜ Explicit dependency on target 'AgentKittenMacros' in project 'AgentKitten'
➜ Explicit dependency on target 'AgentKittenCore' in project 'AgentKitten'
➜ Explicit dependency on target 'Logging-product' in project 'swift-log'
Target 'AgentKittenInferenceSupport' in project 'AgentKitten'
➜ Explicit dependency on target 'AgentKittenMacros' in project 'AgentKitten'
➜ Explicit dependency on target 'AgentKittenCore' in project 'AgentKitten'
➜ Explicit dependency on target 'Logging-product' in project 'swift-log'
Target 'AgentKittenCore-product' in project 'AgentKitten'
➜ Explicit dependency on target 'AgentKittenCore' in project 'AgentKitten'
➜ Explicit dependency on target 'AgentKittenMacros' in project 'AgentKitten'
➜ Explicit dependency on target 'Logging-product' in project 'swift-log'
Target 'AgentKitten-product' in project 'AgentKitten'
➜ Explicit dependency on target 'AgentKitten' in project 'AgentKitten'
➜ Explicit dependency on target 'AgentKitten_AgentKitten' in project 'AgentKitten'
➜ Explicit dependency on target 'AgentKittenMacros' in project 'AgentKitten'
➜ Explicit dependency on target 'AgentKittenCore' in project 'AgentKitten'
➜ Explicit dependency on target 'Logging-product' in project 'swift-log'
Target 'AgentKitten' in project 'AgentKitten'
➜ Explicit dependency on target 'AgentKitten_AgentKitten' in project 'AgentKitten'
➜ Explicit dependency on target 'AgentKittenMacros' in project 'AgentKitten'
➜ Explicit dependency on target 'AgentKittenCore' in project 'AgentKitten'
➜ Explicit dependency on target 'Logging-product' in project 'swift-log'
Target 'AgentKittenCore' in project 'AgentKitten'
➜ Explicit dependency on target 'AgentKittenMacros' in project 'AgentKitten'
➜ Explicit dependency on target 'Logging-product' in project 'swift-log'
Target 'Logging-product' in project 'swift-log'
➜ Explicit dependency on target 'Logging' in project 'swift-log'
Target 'Logging' in project 'swift-log' (no dependencies)
Target 'AgentKittenMacros' in project 'AgentKitten'
➜ Explicit dependency on target 'SwiftSyntaxMacros-product' in project 'swift-syntax'
➜ Explicit dependency on target 'SwiftCompilerPlugin-product' in project 'swift-syntax'
Target 'SwiftCompilerPlugin-product' in project 'swift-syntax'
➜ Explicit dependency on target 'SwiftCompilerPlugin' in project 'swift-syntax'
➜ Explicit dependency on target '_SwiftSyntaxCShims' in project 'swift-syntax'
➜ Explicit dependency on target 'SwiftSyntax509' in project 'swift-syntax'
➜ Explicit dependency on target 'SwiftSyntax510' in project 'swift-syntax'
➜ Explicit dependency on target 'SwiftSyntax600' in project 'swift-syntax'
➜ Explicit dependency on target 'SwiftSyntax' in project 'swift-syntax'
➜ Explicit dependency on target 'SwiftDiagnostics' in project 'swift-syntax'
➜ Explicit dependency on target 'SwiftParser' in project 'swift-syntax'
➜ Explicit dependency on target 'SwiftOperators' in project 'swift-syntax'
➜ Explicit dependency on target 'SwiftBasicFormat' in project 'swift-syntax'
➜ Explicit dependency on target 'SwiftParserDiagnostics' in project 'swift-syntax'
➜ Explicit dependency on target 'SwiftSyntaxBuilder' in project 'swift-syntax'
➜ Explicit dependency on target 'SwiftSyntaxMacros' in project 'swift-syntax'
➜ Explicit dependency on target 'SwiftSyntaxMacroExpansion' in project 'swift-syntax'
➜ Explicit dependency on target 'SwiftCompilerPluginMessageHandling' in project 'swift-syntax'
Target 'SwiftCompilerPlugin' in project 'swift-syntax'
➜ Explicit dependency on target '_SwiftSyntaxCShims' in project 'swift-syntax'
➜ Explicit dependency on target 'SwiftSyntax509' in project 'swift-syntax'
➜ Explicit dependency on target 'SwiftSyntax510' in project 'swift-syntax'
➜ Explicit dependency on target 'SwiftSyntax600' in project 'swift-syntax'
➜ Explicit dependency on target 'SwiftSyntax' in project 'swift-syntax'
➜ Explicit dependency on target 'SwiftDiagnostics' in project 'swift-syntax'
➜ Explicit dependency on target 'SwiftParser' in project 'swift-syntax'
➜ Explicit dependency on target 'SwiftOperators' in project 'swift-syntax'
➜ Explicit dependency on target 'SwiftBasicFormat' in project 'swift-syntax'
➜ Explicit dependency on target 'SwiftParserDiagnostics' in project 'swift-syntax'
➜ Explicit dependency on target 'SwiftSyntaxBuilder' in project 'swift-syntax'
➜ Explicit dependency on target 'SwiftSyntaxMacros' in project 'swift-syntax'
➜ Explicit dependency on target 'SwiftSyntaxMacroExpansion' in project 'swift-syntax'
➜ Explicit dependency on target 'SwiftCompilerPluginMessageHandling' in project 'swift-syntax'
Target 'SwiftCompilerPluginMessageHandling' in project 'swift-syntax'
➜ Explicit dependency on target '_SwiftSyntaxCShims' in project 'swift-syntax'
➜ Explicit dependency on target 'SwiftSyntax509' in project 'swift-syntax'
➜ Explicit dependency on target 'SwiftSyntax510' in project 'swift-syntax'
➜ Explicit dependency on target 'SwiftSyntax600' in project 'swift-syntax'
➜ Explicit dependency on target 'SwiftSyntax' in project 'swift-syntax'
➜ Explicit dependency on target 'SwiftDiagnostics' in project 'swift-syntax'
➜ Explicit dependency on target 'SwiftParser' in project 'swift-syntax'
➜ Explicit dependency on target 'SwiftOperators' in project 'swift-syntax'
➜ Explicit dependency on target 'SwiftBasicFormat' in project 'swift-syntax'
➜ Explicit dependency on target 'SwiftParserDiagnostics' in project 'swift-syntax'
➜ Explicit dependency on target 'SwiftSyntaxBuilder' in project 'swift-syntax'
➜ Explicit dependency on target 'SwiftSyntaxMacros' in project 'swift-syntax'
➜ Explicit dependency on target 'SwiftSyntaxMacroExpansion' in project 'swift-syntax'
Target 'SwiftSyntaxMacroExpansion' in project 'swift-syntax'
➜ Explicit dependency on target '_SwiftSyntaxCShims' in project 'swift-syntax'
➜ Explicit dependency on target 'SwiftSyntax509' in project 'swift-syntax'
➜ Explicit dependency on target 'SwiftSyntax510' in project 'swift-syntax'
➜ Explicit dependency on target 'SwiftSyntax600' in project 'swift-syntax'
➜ Explicit dependency on target 'SwiftSyntax' in project 'swift-syntax'
➜ Explicit dependency on target 'SwiftBasicFormat' in project 'swift-syntax'
➜ Explicit dependency on target 'SwiftParser' in project 'swift-syntax'
➜ Explicit dependency on target 'SwiftDiagnostics' in project 'swift-syntax'
➜ Explicit dependency on target 'SwiftParserDiagnostics' in project 'swift-syntax'
➜ Explicit dependency on target 'SwiftSyntaxBuilder' in project 'swift-syntax'
➜ Explicit dependency on target 'SwiftSyntaxMacros' in project 'swift-syntax'
➜ Explicit dependency on target 'SwiftOperators' in project 'swift-syntax'
Target 'SwiftOperators' in project 'swift-syntax'
➜ Explicit dependency on target '_SwiftSyntaxCShims' in project 'swift-syntax'
➜ Explicit dependency on target 'SwiftSyntax509' in project 'swift-syntax'
➜ Explicit dependency on target 'SwiftSyntax510' in project 'swift-syntax'
➜ Explicit dependency on target 'SwiftSyntax600' in project 'swift-syntax'
➜ Explicit dependency on target 'SwiftSyntax' in project 'swift-syntax'
➜ Explicit dependency on target 'SwiftDiagnostics' in project 'swift-syntax'
➜ Explicit dependency on target 'SwiftParser' in project 'swift-syntax'
Target 'SwiftSyntaxMacros-product' in project 'swift-syntax'
➜ Explicit dependency on target 'SwiftSyntaxMacros' in project 'swift-syntax'
➜ Explicit dependency on target '_SwiftSyntaxCShims' in project 'swift-syntax'
➜ Explicit dependency on target 'SwiftSyntax509' in project 'swift-syntax'
➜ Explicit dependency on target 'SwiftSyntax510' in project 'swift-syntax'
➜ Explicit dependency on target 'SwiftSyntax600' in project 'swift-syntax'
➜ Explicit dependency on target 'SwiftSyntax' in project 'swift-syntax'
➜ Explicit dependency on target 'SwiftDiagnostics' in project 'swift-syntax'
➜ Explicit dependency on target 'SwiftParser' in project 'swift-syntax'
➜ Explicit dependency on target 'SwiftBasicFormat' in project 'swift-syntax'
➜ Explicit dependency on target 'SwiftParserDiagnostics' in project 'swift-syntax'
➜ Explicit dependency on target 'SwiftSyntaxBuilder' in project 'swift-syntax'
Target 'SwiftSyntaxMacros' in project 'swift-syntax'
➜ Explicit dependency on target '_SwiftSyntaxCShims' in project 'swift-syntax'
➜ Explicit dependency on target 'SwiftSyntax509' in project 'swift-syntax'
➜ Explicit dependency on target 'SwiftSyntax510' in project 'swift-syntax'
➜ Explicit dependency on target 'SwiftSyntax600' in project 'swift-syntax'
➜ Explicit dependency on target 'SwiftSyntax' in project 'swift-syntax'
➜ Explicit dependency on target 'SwiftDiagnostics' in project 'swift-syntax'
➜ Explicit dependency on target 'SwiftParser' in project 'swift-syntax'
➜ Explicit dependency on target 'SwiftBasicFormat' in project 'swift-syntax'
➜ Explicit dependency on target 'SwiftParserDiagnostics' in project 'swift-syntax'
➜ Explicit dependency on target 'SwiftSyntaxBuilder' in project 'swift-syntax'
Target 'SwiftSyntaxBuilder' in project 'swift-syntax'
➜ Explicit dependency on target '_SwiftSyntaxCShims' in project 'swift-syntax'
➜ Explicit dependency on target 'SwiftSyntax509' in project 'swift-syntax'
➜ Explicit dependency on target 'SwiftSyntax510' in project 'swift-syntax'
➜ Explicit dependency on target 'SwiftSyntax600' in project 'swift-syntax'
➜ Explicit dependency on target 'SwiftSyntax' in project 'swift-syntax'
➜ Explicit dependency on target 'SwiftBasicFormat' in project 'swift-syntax'
➜ Explicit dependency on target 'SwiftParser' in project 'swift-syntax'
➜ Explicit dependency on target 'SwiftDiagnostics' in project 'swift-syntax'
➜ Explicit dependency on target 'SwiftParserDiagnostics' in project 'swift-syntax'
Target 'SwiftParserDiagnostics' in project 'swift-syntax'
➜ Explicit dependency on target '_SwiftSyntaxCShims' in project 'swift-syntax'
➜ Explicit dependency on target 'SwiftSyntax509' in project 'swift-syntax'
➜ Explicit dependency on target 'SwiftSyntax510' in project 'swift-syntax'
➜ Explicit dependency on target 'SwiftSyntax600' in project 'swift-syntax'
➜ Explicit dependency on target 'SwiftSyntax' in project 'swift-syntax'
➜ Explicit dependency on target 'SwiftBasicFormat' in project 'swift-syntax'
➜ Explicit dependency on target 'SwiftDiagnostics' in project 'swift-syntax'
➜ Explicit dependency on target 'SwiftParser' in project 'swift-syntax'
Target 'SwiftBasicFormat' in project 'swift-syntax'
➜ Explicit dependency on target '_SwiftSyntaxCShims' in project 'swift-syntax'
➜ Explicit dependency on target 'SwiftSyntax509' in project 'swift-syntax'
➜ Explicit dependency on target 'SwiftSyntax510' in project 'swift-syntax'
➜ Explicit dependency on target 'SwiftSyntax600' in project 'swift-syntax'
➜ Explicit dependency on target 'SwiftSyntax' in project 'swift-syntax'
Target 'SwiftParser' in project 'swift-syntax'
➜ Explicit dependency on target '_SwiftSyntaxCShims' in project 'swift-syntax'
➜ Explicit dependency on target 'SwiftSyntax509' in project 'swift-syntax'
➜ Explicit dependency on target 'SwiftSyntax510' in project 'swift-syntax'
➜ Explicit dependency on target 'SwiftSyntax600' in project 'swift-syntax'
➜ Explicit dependency on target 'SwiftSyntax' in project 'swift-syntax'
Target 'SwiftDiagnostics' in project 'swift-syntax'
➜ Explicit dependency on target '_SwiftSyntaxCShims' in project 'swift-syntax'
➜ Explicit dependency on target 'SwiftSyntax509' in project 'swift-syntax'
➜ Explicit dependency on target 'SwiftSyntax510' in project 'swift-syntax'
➜ Explicit dependency on target 'SwiftSyntax600' in project 'swift-syntax'
➜ Explicit dependency on target 'SwiftSyntax' in project 'swift-syntax'
Target 'SwiftSyntax' in project 'swift-syntax'
➜ Explicit dependency on target '_SwiftSyntaxCShims' in project 'swift-syntax'
➜ Explicit dependency on target 'SwiftSyntax509' in project 'swift-syntax'
➜ Explicit dependency on target 'SwiftSyntax510' in project 'swift-syntax'
➜ Explicit dependency on target 'SwiftSyntax600' in project 'swift-syntax'
Target 'SwiftSyntax600' in project 'swift-syntax' (no dependencies)
Target 'SwiftSyntax510' in project 'swift-syntax' (no dependencies)
Target 'SwiftSyntax509' in project 'swift-syntax' (no dependencies)
Target '_SwiftSyntaxCShims' in project 'swift-syntax' (no dependencies)
Target 'AgentKitten_AgentKitten' in project 'AgentKitten' (no dependencies)
GatherProvisioningInputs
CreateBuildDescription
ClangStatCache /Applications/Xcode-27.0.0-Release.Candidate.app/Contents/Developer/Toolchains/XcodeDefault.xctoolchain/usr/bin/clang-stat-cache /Applications/Xcode-27.0.0-Release.Candidate.app/Contents/Developer/Platforms/MacOSX.platform/Developer/SDKs/MacOSX27.0.sdk /Users/admin/builder/spi-builder-workspace/.derivedData/SDKStatCaches.noindex/macosx27.0-26A425-e829b21a6f8c9b70876ba0858053c0446a22442a12e9d48fe1a705f55a1adfc4.sdkstatcache
cd /Users/admin/builder/spi-builder-workspace/.swiftpm/xcode
/Applications/Xcode-27.0.0-Release.Candidate.app/Contents/Developer/Toolchains/XcodeDefault.xctoolchain/usr/bin/clang-stat-cache /Applications/Xcode-27.0.0-Release.Candidate.app/Contents/Developer/Platforms/MacOSX.platform/Developer/SDKs/MacOSX27.0.sdk -o /Users/admin/builder/spi-builder-workspace/.derivedData/SDKStatCaches.noindex/macosx27.0-26A425-e829b21a6f8c9b70876ba0858053c0446a22442a12e9d48fe1a705f55a1adfc4.sdkstatcache
ClangStatCache /Applications/Xcode-27.0.0-Release.Candidate.app/Contents/Developer/Toolchains/XcodeDefault.xctoolchain/usr/bin/clang-stat-cache /Applications/Xcode-27.0.0-Release.Candidate.app/Contents/Developer/Platforms/WatchOS.platform/Developer/SDKs/WatchOS27.0.sdk /Users/admin/builder/spi-builder-workspace/.derivedData/SDKStatCaches.noindex/watchos27.0-24R360-e829b21a6f8c9b70876ba0858053c04477534ef55a1706bf4c1112bbb242f0a2.sdkstatcache
cd /Users/admin/builder/spi-builder-workspace/.swiftpm/xcode
/Applications/Xcode-27.0.0-Release.Candidate.app/Contents/Developer/Toolchains/XcodeDefault.xctoolchain/usr/bin/clang-stat-cache /Applications/Xcode-27.0.0-Release.Candidate.app/Contents/Developer/Platforms/WatchOS.platform/Developer/SDKs/WatchOS27.0.sdk -o /Users/admin/builder/spi-builder-workspace/.derivedData/SDKStatCaches.noindex/watchos27.0-24R360-e829b21a6f8c9b70876ba0858053c04477534ef55a1706bf4c1112bbb242f0a2.sdkstatcache
SwiftDriver AgentKittenOpenAIInference normal arm64_32 com.apple.xcode.tools.swift.compiler (in target 'AgentKittenOpenAIInference' from project 'AgentKitten')
cd /Users/admin/builder/spi-builder-workspace/.swiftpm/xcode
builtin-SwiftDriver -- /Applications/Xcode-27.0.0-Release.Candidate.app/Contents/Developer/Toolchains/XcodeDefault.xctoolchain/usr/bin/swiftc -parse-as-library -module-name AgentKittenOpenAIInference -Onone @/Users/admin/builder/spi-builder-workspace/.derivedData/Build/Intermediates.noindex/AgentKitten.build/Debug-watchos/AgentKittenOpenAIInference-t.build/Objects-normal/arm64_32/AgentKittenOpenAIInference.SwiftFileList -DSWIFT_PACKAGE -DDEBUG -DSWIFT_MODULE_RESOURCE_BUNDLE_UNAVAILABLE -DXcode -plugin-path /Applications/Xcode-27.0.0-Release.Candidate.app/Contents/Developer/Toolchains/XcodeDefault.xctoolchain/usr/lib/swift/host/plugins/testing -enable-experimental-feature DebugDescriptionMacro -sdk /Applications/Xcode-27.0.0-Release.Candidate.app/Contents/Developer/Platforms/WatchOS.platform/Developer/SDKs/WatchOS27.0.sdk -target arm64_32-apple-watchos11.0 -g -module-cache-path /Users/admin/builder/spi-builder-workspace/.derivedData/ModuleCache.noindex -Xfrontend -serialize-debugging-options -profile-coverage-mapping -profile-generate -enable-testing -index-store-path /Users/admin/builder/spi-builder-workspace/.derivedData/Index.noindex/DataStore -Xcc -D_LIBCPP_HARDENING_MODE\=_LIBCPP_HARDENING_MODE_DEBUG -swift-version 6 -I /Users/admin/builder/spi-builder-workspace/.derivedData/Build/Products/Debug-watchos -Isystem /Applications/Xcode-27.0.0-Release.Candidate.app/Contents/Developer/Platforms/WatchOS.platform/Developer/usr/lib -F /Users/admin/builder/spi-builder-workspace/.derivedData/Build/Products/Debug-watchos/PackageFrameworks -F /Users/admin/builder/spi-builder-workspace/.derivedData/Build/Products/Debug-watchos -F /Applications/Xcode-27.0.0-Release.Candidate.app/Contents/Developer/Platforms/WatchOS.platform/Developer/Library/Frameworks -F /Applications/Xcode-27.0.0-Release.Candidate.app/Contents/Developer/Platforms/WatchOS.platform/Developer/SDKs/WatchOS27.0.sdk/Developer/Library/Frameworks -Xfrontend -load-plugin-executable -Xfrontend /Users/admin/builder/spi-builder-workspace/.derivedData/Build/Products/Debug/AgentKittenMacros\#AgentKittenMacros -emit-localized-strings -emit-localized-strings-path /Users/admin/builder/spi-builder-workspace/.derivedData/Build/Intermediates.noindex/AgentKitten.build/Debug-watchos/AgentKittenOpenAIInference-t.build/Objects-normal/arm64_32 -c -j10 -enable-batch-mode -incremental -Xcc -ivfsstatcache -Xcc /Users/admin/builder/spi-builder-workspace/.derivedData/SDKStatCaches.noindex/watchos27.0-24R360-e829b21a6f8c9b70876ba0858053c04477534ef55a1706bf4c1112bbb242f0a2.sdkstatcache -output-file-map /Users/admin/builder/spi-builder-workspace/.derivedData/Build/Intermediates.noindex/AgentKitten.build/Debug-watchos/AgentKittenOpenAIInference-t.build/Objects-normal/arm64_32/AgentKittenOpenAIInference-OutputFileMap.json -save-temps -no-color-diagnostics -explicit-module-build -module-cache-path /Users/admin/builder/spi-builder-workspace/.derivedData/Build/Intermediates.noindex/SwiftExplicitPrecompiledModules -clang-scanner-module-cache-path /Users/admin/builder/spi-builder-workspace/.derivedData/ModuleCache.noindex -sdk-module-cache-path /Users/admin/builder/spi-builder-workspace/.derivedData/SDKExplicitPrecompiledModules -emit-dependencies -emit-module -emit-module-path /Users/admin/builder/spi-builder-workspace/.derivedData/Build/Intermediates.noindex/AgentKitten.build/Debug-watchos/AgentKittenOpenAIInference-t.build/Objects-normal/arm64_32/AgentKittenOpenAIInference.swiftmodule -serialize-diagnostics -dependency-scan-serialize-diagnostics-path /Users/admin/builder/spi-builder-workspace/.derivedData/Build/Intermediates.noindex/AgentKitten.build/Debug-watchos/AgentKittenOpenAIInference-t.build/Objects-normal/arm64_32/AgentKittenOpenAIInference-dependency-scan.dia -validate-clang-modules-once -clang-build-session-file /Users/admin/builder/spi-builder-workspace/.derivedData/ModuleCache.noindex/Session.modulevalidation -Xcc -fmodules-prune-interval\=86400 -Xcc -fmodules-prune-after\=345600 -package-name spi_builder_workspace -emit-const-values -const-gather-protocols-list /Users/admin/builder/spi-builder-workspace/.derivedData/Build/Intermediates.noindex/AgentKitten.build/Debug-watchos/AgentKittenOpenAIInference-t.build/Objects-normal/arm64_32/AgentKittenOpenAIInference_const_extract_protocols.json -Xcc -I/Users/admin/builder/spi-builder-workspace/.derivedData/Build/Products/Debug-watchos/include -Xcc -I/Users/admin/builder/spi-builder-workspace/.derivedData/Build/Intermediates.noindex/AgentKitten.build/Debug-watchos/AgentKittenOpenAIInference-t.build/DerivedSources-normal/arm64_32 -Xcc -I/Users/admin/builder/spi-builder-workspace/.derivedData/Build/Intermediates.noindex/AgentKitten.build/Debug-watchos/AgentKittenOpenAIInference-t.build/DerivedSources/arm64_32 -Xcc -I/Users/admin/builder/spi-builder-workspace/.derivedData/Build/Intermediates.noindex/AgentKitten.build/Debug-watchos/AgentKittenOpenAIInference-t.build/DerivedSources -Xcc -DSWIFT_PACKAGE -Xcc -DDEBUG\=1 -emit-objc-header -emit-objc-header-path /Users/admin/builder/spi-builder-workspace/.derivedData/Build/Intermediates.noindex/AgentKitten.build/Debug-watchos/AgentKittenOpenAIInference-t.build/Objects-normal/arm64_32/AgentKittenOpenAIInference-Swift.h -working-directory /Users/admin/builder/spi-builder-workspace/.swiftpm/xcode -experimental-emit-module-separately -disable-cmo
SwiftDriver AgentKittenOpenAIInference normal arm64 com.apple.xcode.tools.swift.compiler (in target 'AgentKittenOpenAIInference' from project 'AgentKitten')
cd /Users/admin/builder/spi-builder-workspace/.swiftpm/xcode
builtin-SwiftDriver -- /Applications/Xcode-27.0.0-Release.Candidate.app/Contents/Developer/Toolchains/XcodeDefault.xctoolchain/usr/bin/swiftc -parse-as-library -module-name AgentKittenOpenAIInference -Onone @/Users/admin/builder/spi-builder-workspace/.derivedData/Build/Intermediates.noindex/AgentKitten.build/Debug-watchos/AgentKittenOpenAIInference-t.build/Objects-normal/arm64/AgentKittenOpenAIInference.SwiftFileList -DSWIFT_PACKAGE -DDEBUG -DSWIFT_MODULE_RESOURCE_BUNDLE_UNAVAILABLE -DXcode -plugin-path /Applications/Xcode-27.0.0-Release.Candidate.app/Contents/Developer/Toolchains/XcodeDefault.xctoolchain/usr/lib/swift/host/plugins/testing -enable-experimental-feature DebugDescriptionMacro -sdk /Applications/Xcode-27.0.0-Release.Candidate.app/Contents/Developer/Platforms/WatchOS.platform/Developer/SDKs/WatchOS27.0.sdk -target arm64-apple-watchos11.0 -g -module-cache-path /Users/admin/builder/spi-builder-workspace/.derivedData/ModuleCache.noindex -Xfrontend -serialize-debugging-options -profile-coverage-mapping -profile-generate -enable-testing -index-store-path /Users/admin/builder/spi-builder-workspace/.derivedData/Index.noindex/DataStore -Xcc -D_LIBCPP_HARDENING_MODE\=_LIBCPP_HARDENING_MODE_DEBUG -swift-version 6 -I /Users/admin/builder/spi-builder-workspace/.derivedData/Build/Products/Debug-watchos -Isystem /Applications/Xcode-27.0.0-Release.Candidate.app/Contents/Developer/Platforms/WatchOS.platform/Developer/usr/lib -F /Users/admin/builder/spi-builder-workspace/.derivedData/Build/Products/Debug-watchos/PackageFrameworks -F /Users/admin/builder/spi-builder-workspace/.derivedData/Build/Products/Debug-watchos -F /Applications/Xcode-27.0.0-Release.Candidate.app/Contents/Developer/Platforms/WatchOS.platform/Developer/Library/Frameworks -F /Applications/Xcode-27.0.0-Release.Candidate.app/Contents/Developer/Platforms/WatchOS.platform/Developer/SDKs/WatchOS27.0.sdk/Developer/Library/Frameworks -Xfrontend -load-plugin-executable -Xfrontend /Users/admin/builder/spi-builder-workspace/.derivedData/Build/Products/Debug/AgentKittenMacros\#AgentKittenMacros -emit-localized-strings -emit-localized-strings-path /Users/admin/builder/spi-builder-workspace/.derivedData/Build/Intermediates.noindex/AgentKitten.build/Debug-watchos/AgentKittenOpenAIInference-t.build/Objects-normal/arm64 -c -j10 -enable-batch-mode -incremental -Xcc -ivfsstatcache -Xcc /Users/admin/builder/spi-builder-workspace/.derivedData/SDKStatCaches.noindex/watchos27.0-24R360-e829b21a6f8c9b70876ba0858053c04477534ef55a1706bf4c1112bbb242f0a2.sdkstatcache -output-file-map /Users/admin/builder/spi-builder-workspace/.derivedData/Build/Intermediates.noindex/AgentKitten.build/Debug-watchos/AgentKittenOpenAIInference-t.build/Objects-normal/arm64/AgentKittenOpenAIInference-OutputFileMap.json -save-temps -no-color-diagnostics -explicit-module-build -module-cache-path /Users/admin/builder/spi-builder-workspace/.derivedData/Build/Intermediates.noindex/SwiftExplicitPrecompiledModules -clang-scanner-module-cache-path /Users/admin/builder/spi-builder-workspace/.derivedData/ModuleCache.noindex -sdk-module-cache-path /Users/admin/builder/spi-builder-workspace/.derivedData/SDKExplicitPrecompiledModules -emit-dependencies -emit-module -emit-module-path /Users/admin/builder/spi-builder-workspace/.derivedData/Build/Intermediates.noindex/AgentKitten.build/Debug-watchos/AgentKittenOpenAIInference-t.build/Objects-normal/arm64/AgentKittenOpenAIInference.swiftmodule -serialize-diagnostics -dependency-scan-serialize-diagnostics-path /Users/admin/builder/spi-builder-workspace/.derivedData/Build/Intermediates.noindex/AgentKitten.build/Debug-watchos/AgentKittenOpenAIInference-t.build/Objects-normal/arm64/AgentKittenOpenAIInference-dependency-scan.dia -validate-clang-modules-once -clang-build-session-file /Users/admin/builder/spi-builder-workspace/.derivedData/ModuleCache.noindex/Session.modulevalidation -Xcc -fmodules-prune-interval\=86400 -Xcc -fmodules-prune-after\=345600 -package-name spi_builder_workspace -emit-const-values -const-gather-protocols-list /Users/admin/builder/spi-builder-workspace/.derivedData/Build/Intermediates.noindex/AgentKitten.build/Debug-watchos/AgentKittenOpenAIInference-t.build/Objects-normal/arm64/AgentKittenOpenAIInference_const_extract_protocols.json -Xcc -I/Users/admin/builder/spi-builder-workspace/.derivedData/Build/Products/Debug-watchos/include -Xcc -I/Users/admin/builder/spi-builder-workspace/.derivedData/Build/Intermediates.noindex/AgentKitten.build/Debug-watchos/AgentKittenOpenAIInference-t.build/DerivedSources-normal/arm64 -Xcc -I/Users/admin/builder/spi-builder-workspace/.derivedData/Build/Intermediates.noindex/AgentKitten.build/Debug-watchos/AgentKittenOpenAIInference-t.build/DerivedSources/arm64 -Xcc -I/Users/admin/builder/spi-builder-workspace/.derivedData/Build/Intermediates.noindex/AgentKitten.build/Debug-watchos/AgentKittenOpenAIInference-t.build/DerivedSources -Xcc -DSWIFT_PACKAGE -Xcc -DDEBUG\=1 -emit-objc-header -emit-objc-header-path /Users/admin/builder/spi-builder-workspace/.derivedData/Build/Intermediates.noindex/AgentKitten.build/Debug-watchos/AgentKittenOpenAIInference-t.build/Objects-normal/arm64/AgentKittenOpenAIInference-Swift.h -working-directory /Users/admin/builder/spi-builder-workspace/.swiftpm/xcode -experimental-emit-module-separately -disable-cmo
SwiftDriver AgentKittenInferenceSupport normal arm64_32 com.apple.xcode.tools.swift.compiler (in target 'AgentKittenInferenceSupport' from project 'AgentKitten')
cd /Users/admin/builder/spi-builder-workspace/.swiftpm/xcode
builtin-SwiftDriver -- /Applications/Xcode-27.0.0-Release.Candidate.app/Contents/Developer/Toolchains/XcodeDefault.xctoolchain/usr/bin/swiftc -parse-as-library -module-name AgentKittenInferenceSupport -Onone @/Users/admin/builder/spi-builder-workspace/.derivedData/Build/Intermediates.noindex/AgentKitten.build/Debug-watchos/AgentKittenInferenceSupport-t.build/Objects-normal/arm64_32/AgentKittenInferenceSupport.SwiftFileList -DSWIFT_PACKAGE -DDEBUG -DSWIFT_MODULE_RESOURCE_BUNDLE_UNAVAILABLE -DXcode -plugin-path /Applications/Xcode-27.0.0-Release.Candidate.app/Contents/Developer/Toolchains/XcodeDefault.xctoolchain/usr/lib/swift/host/plugins/testing -enable-experimental-feature DebugDescriptionMacro -sdk /Applications/Xcode-27.0.0-Release.Candidate.app/Contents/Developer/Platforms/WatchOS.platform/Developer/SDKs/WatchOS27.0.sdk -target arm64_32-apple-watchos11.0 -g -module-cache-path /Users/admin/builder/spi-builder-workspace/.derivedData/ModuleCache.noindex -Xfrontend -serialize-debugging-options -profile-coverage-mapping -profile-generate -enable-testing -index-store-path /Users/admin/builder/spi-builder-workspace/.derivedData/Index.noindex/DataStore -Xcc -D_LIBCPP_HARDENING_MODE\=_LIBCPP_HARDENING_MODE_DEBUG -swift-version 6 -I /Users/admin/builder/spi-builder-workspace/.derivedData/Build/Products/Debug-watchos -Isystem /Applications/Xcode-27.0.0-Release.Candidate.app/Contents/Developer/Platforms/WatchOS.platform/Developer/usr/lib -F /Users/admin/builder/spi-builder-workspace/.derivedData/Build/Products/Debug-watchos/PackageFrameworks -F /Users/admin/builder/spi-builder-workspace/.derivedData/Build/Products/Debug-watchos -F /Applications/Xcode-27.0.0-Release.Candidate.app/Contents/Developer/Platforms/WatchOS.platform/Developer/Library/Frameworks -F /Applications/Xcode-27.0.0-Release.Candidate.app/Contents/Developer/Platforms/WatchOS.platform/Developer/SDKs/WatchOS27.0.sdk/Developer/Library/Frameworks -Xfrontend -load-plugin-executable -Xfrontend /Users/admin/builder/spi-builder-workspace/.derivedData/Build/Products/Debug/AgentKittenMacros\#AgentKittenMacros -emit-localized-strings -emit-localized-strings-path /Users/admin/builder/spi-builder-workspace/.derivedData/Build/Intermediates.noindex/AgentKitten.build/Debug-watchos/AgentKittenInferenceSupport-t.build/Objects-normal/arm64_32 -c -j10 -enable-batch-mode -incremental -Xcc -ivfsstatcache -Xcc /Users/admin/builder/spi-builder-workspace/.derivedData/SDKStatCaches.noindex/watchos27.0-24R360-e829b21a6f8c9b70876ba0858053c04477534ef55a1706bf4c1112bbb242f0a2.sdkstatcache -output-file-map /Users/admin/builder/spi-builder-workspace/.derivedData/Build/Intermediates.noindex/AgentKitten.build/Debug-watchos/AgentKittenInferenceSupport-t.build/Objects-normal/arm64_32/AgentKittenInferenceSupport-OutputFileMap.json -save-temps -no-color-diagnostics -explicit-module-build -module-cache-path /Users/admin/builder/spi-builder-workspace/.derivedData/Build/Intermediates.noindex/SwiftExplicitPrecompiledModules -clang-scanner-module-cache-path /Users/admin/builder/spi-builder-workspace/.derivedData/ModuleCache.noindex -sdk-module-cache-path /Users/admin/builder/spi-builder-workspace/.derivedData/SDKExplicitPrecompiledModules -emit-dependencies -emit-module -emit-module-path /Users/admin/builder/spi-builder-workspace/.derivedData/Build/Intermediates.noindex/AgentKitten.build/Debug-watchos/AgentKittenInferenceSupport-t.build/Objects-normal/arm64_32/AgentKittenInferenceSupport.swiftmodule -serialize-diagnostics -dependency-scan-serialize-diagnostics-path /Users/admin/builder/spi-builder-workspace/.derivedData/Build/Intermediates.noindex/AgentKitten.build/Debug-watchos/AgentKittenInferenceSupport-t.build/Objects-normal/arm64_32/AgentKittenInferenceSupport-dependency-scan.dia -validate-clang-modules-once -clang-build-session-file /Users/admin/builder/spi-builder-workspace/.derivedData/ModuleCache.noindex/Session.modulevalidation -Xcc -fmodules-prune-interval\=86400 -Xcc -fmodules-prune-after\=345600 -package-name spi_builder_workspace -emit-const-values -const-gather-protocols-list /Users/admin/builder/spi-builder-workspace/.derivedData/Build/Intermediates.noindex/AgentKitten.build/Debug-watchos/AgentKittenInferenceSupport-t.build/Objects-normal/arm64_32/AgentKittenInferenceSupport_const_extract_protocols.json -Xcc -I/Users/admin/builder/spi-builder-workspace/.derivedData/Build/Products/Debug-watchos/include -Xcc -I/Users/admin/builder/spi-builder-workspace/.derivedData/Build/Intermediates.noindex/AgentKitten.build/Debug-watchos/AgentKittenInferenceSupport-t.build/DerivedSources-normal/arm64_32 -Xcc -I/Users/admin/builder/spi-builder-workspace/.derivedData/Build/Intermediates.noindex/AgentKitten.build/Debug-watchos/AgentKittenInferenceSupport-t.build/DerivedSources/arm64_32 -Xcc -I/Users/admin/builder/spi-builder-workspace/.derivedData/Build/Intermediates.noindex/AgentKitten.build/Debug-watchos/AgentKittenInferenceSupport-t.build/DerivedSources -Xcc -DSWIFT_PACKAGE -Xcc -DDEBUG\=1 -emit-objc-header -emit-objc-header-path /Users/admin/builder/spi-builder-workspace/.derivedData/Build/Intermediates.noindex/AgentKitten.build/Debug-watchos/AgentKittenInferenceSupport-t.build/Objects-normal/arm64_32/AgentKittenInferenceSupport-Swift.h -working-directory /Users/admin/builder/spi-builder-workspace/.swiftpm/xcode -experimental-emit-module-separately -disable-cmo
SwiftDriver AgentKittenAppleInference normal arm64_32 com.apple.xcode.tools.swift.compiler (in target 'AgentKittenAppleInference' from project 'AgentKitten')
cd /Users/admin/builder/spi-builder-workspace/.swiftpm/xcode
builtin-SwiftDriver -- /Applications/Xcode-27.0.0-Release.Candidate.app/Contents/Developer/Toolchains/XcodeDefault.xctoolchain/usr/bin/swiftc -parse-as-library -module-name AgentKittenAppleInference -Onone @/Users/admin/builder/spi-builder-workspace/.derivedData/Build/Intermediates.noindex/AgentKitten.build/Debug-watchos/AgentKittenAppleInference-t.build/Objects-normal/arm64_32/AgentKittenAppleInference.SwiftFileList -DSWIFT_PACKAGE -DDEBUG -DSWIFT_MODULE_RESOURCE_BUNDLE_UNAVAILABLE -DXcode -plugin-path /Applications/Xcode-27.0.0-Release.Candidate.app/Contents/Developer/Toolchains/XcodeDefault.xctoolchain/usr/lib/swift/host/plugins/testing -enable-experimental-feature DebugDescriptionMacro -sdk /Applications/Xcode-27.0.0-Release.Candidate.app/Contents/Developer/Platforms/WatchOS.platform/Developer/SDKs/WatchOS27.0.sdk -target arm64_32-apple-watchos11.0 -g -module-cache-path /Users/admin/builder/spi-builder-workspace/.derivedData/ModuleCache.noindex -Xfrontend -serialize-debugging-options -profile-coverage-mapping -profile-generate -enable-testing -index-store-path /Users/admin/builder/spi-builder-workspace/.derivedData/Index.noindex/DataStore -Xcc -D_LIBCPP_HARDENING_MODE\=_LIBCPP_HARDENING_MODE_DEBUG -swift-version 6 -I /Users/admin/builder/spi-builder-workspace/.derivedData/Build/Products/Debug-watchos -Isystem /Applications/Xcode-27.0.0-Release.Candidate.app/Contents/Developer/Platforms/WatchOS.platform/Developer/usr/lib -F /Users/admin/builder/spi-builder-workspace/.derivedData/Build/Products/Debug-watchos/PackageFrameworks -F /Users/admin/builder/spi-builder-workspace/.derivedData/Build/Products/Debug-watchos -F /Applications/Xcode-27.0.0-Release.Candidate.app/Contents/Developer/Platforms/WatchOS.platform/Developer/Library/Frameworks -F /Applications/Xcode-27.0.0-Release.Candidate.app/Contents/Developer/Platforms/WatchOS.platform/Developer/SDKs/WatchOS27.0.sdk/Developer/Library/Frameworks -Xfrontend -load-plugin-executable -Xfrontend /Users/admin/builder/spi-builder-workspace/.derivedData/Build/Products/Debug/AgentKittenMacros\#AgentKittenMacros -emit-localized-strings -emit-localized-strings-path /Users/admin/builder/spi-builder-workspace/.derivedData/Build/Intermediates.noindex/AgentKitten.build/Debug-watchos/AgentKittenAppleInference-t.build/Objects-normal/arm64_32 -c -j10 -enable-batch-mode -incremental -Xcc -ivfsstatcache -Xcc /Users/admin/builder/spi-builder-workspace/.derivedData/SDKStatCaches.noindex/watchos27.0-24R360-e829b21a6f8c9b70876ba0858053c04477534ef55a1706bf4c1112bbb242f0a2.sdkstatcache -output-file-map /Users/admin/builder/spi-builder-workspace/.derivedData/Build/Intermediates.noindex/AgentKitten.build/Debug-watchos/AgentKittenAppleInference-t.build/Objects-normal/arm64_32/AgentKittenAppleInference-OutputFileMap.json -save-temps -no-color-diagnostics -explicit-module-build -module-cache-path /Users/admin/builder/spi-builder-workspace/.derivedData/Build/Intermediates.noindex/SwiftExplicitPrecompiledModules -clang-scanner-module-cache-path /Users/admin/builder/spi-builder-workspace/.derivedData/ModuleCache.noindex -sdk-module-cache-path /Users/admin/builder/spi-builder-workspace/.derivedData/SDKExplicitPrecompiledModules -emit-dependencies -emit-module -emit-module-path /Users/admin/builder/spi-builder-workspace/.derivedData/Build/Intermediates.noindex/AgentKitten.build/Debug-watchos/AgentKittenAppleInference-t.build/Objects-normal/arm64_32/AgentKittenAppleInference.swiftmodule -serialize-diagnostics -dependency-scan-serialize-diagnostics-path /Users/admin/builder/spi-builder-workspace/.derivedData/Build/Intermediates.noindex/AgentKitten.build/Debug-watchos/AgentKittenAppleInference-t.build/Objects-normal/arm64_32/AgentKittenAppleInference-dependency-scan.dia -validate-clang-modules-once -clang-build-session-file /Users/admin/builder/spi-builder-workspace/.derivedData/ModuleCache.noindex/Session.modulevalidation -Xcc -fmodules-prune-interval\=86400 -Xcc -fmodules-prune-after\=345600 -package-name spi_builder_workspace -emit-const-values -const-gather-protocols-list /Users/admin/builder/spi-builder-workspace/.derivedData/Build/Intermediates.noindex/AgentKitten.build/Debug-watchos/AgentKittenAppleInference-t.build/Objects-normal/arm64_32/AgentKittenAppleInference_const_extract_protocols.json -Xcc -I/Users/admin/builder/spi-builder-workspace/.derivedData/Build/Products/Debug-watchos/include -Xcc -I/Users/admin/builder/spi-builder-workspace/.derivedData/Build/Intermediates.noindex/AgentKitten.build/Debug-watchos/AgentKittenAppleInference-t.build/DerivedSources-normal/arm64_32 -Xcc -I/Users/admin/builder/spi-builder-workspace/.derivedData/Build/Intermediates.noindex/AgentKitten.build/Debug-watchos/AgentKittenAppleInference-t.build/DerivedSources/arm64_32 -Xcc -I/Users/admin/builder/spi-builder-workspace/.derivedData/Build/Intermediates.noindex/AgentKitten.build/Debug-watchos/AgentKittenAppleInference-t.build/DerivedSources -Xcc -DSWIFT_PACKAGE -Xcc -DDEBUG\=1 -emit-objc-header -emit-objc-header-path /Users/admin/builder/spi-builder-workspace/.derivedData/Build/Intermediates.noindex/AgentKitten.build/Debug-watchos/AgentKittenAppleInference-t.build/Objects-normal/arm64_32/AgentKittenAppleInference-Swift.h -working-directory /Users/admin/builder/spi-builder-workspace/.swiftpm/xcode -experimental-emit-module-separately -disable-cmo
SwiftDriver AgentKittenAppleInference normal arm64 com.apple.xcode.tools.swift.compiler (in target 'AgentKittenAppleInference' from project 'AgentKitten')
cd /Users/admin/builder/spi-builder-workspace/.swiftpm/xcode
builtin-SwiftDriver -- /Applications/Xcode-27.0.0-Release.Candidate.app/Contents/Developer/Toolchains/XcodeDefault.xctoolchain/usr/bin/swiftc -parse-as-library -module-name AgentKittenAppleInference -Onone @/Users/admin/builder/spi-builder-workspace/.derivedData/Build/Intermediates.noindex/AgentKitten.build/Debug-watchos/AgentKittenAppleInference-t.build/Objects-normal/arm64/AgentKittenAppleInference.SwiftFileList -DSWIFT_PACKAGE -DDEBUG -DSWIFT_MODULE_RESOURCE_BUNDLE_UNAVAILABLE -DXcode -plugin-path /Applications/Xcode-27.0.0-Release.Candidate.app/Contents/Developer/Toolchains/XcodeDefault.xctoolchain/usr/lib/swift/host/plugins/testing -enable-experimental-feature DebugDescriptionMacro -sdk /Applications/Xcode-27.0.0-Release.Candidate.app/Contents/Developer/Platforms/WatchOS.platform/Developer/SDKs/WatchOS27.0.sdk -target arm64-apple-watchos11.0 -g -module-cache-path /Users/admin/builder/spi-builder-workspace/.derivedData/ModuleCache.noindex -Xfrontend -serialize-debugging-options -profile-coverage-mapping -profile-generate -enable-testing -index-store-path /Users/admin/builder/spi-builder-workspace/.derivedData/Index.noindex/DataStore -Xcc -D_LIBCPP_HARDENING_MODE\=_LIBCPP_HARDENING_MODE_DEBUG -swift-version 6 -I /Users/admin/builder/spi-builder-workspace/.derivedData/Build/Products/Debug-watchos -Isystem /Applications/Xcode-27.0.0-Release.Candidate.app/Contents/Developer/Platforms/WatchOS.platform/Developer/usr/lib -F /Users/admin/builder/spi-builder-workspace/.derivedData/Build/Products/Debug-watchos/PackageFrameworks -F /Users/admin/builder/spi-builder-workspace/.derivedData/Build/Products/Debug-watchos -F /Applications/Xcode-27.0.0-Release.Candidate.app/Contents/Developer/Platforms/WatchOS.platform/Developer/Library/Frameworks -F /Applications/Xcode-27.0.0-Release.Candidate.app/Contents/Developer/Platforms/WatchOS.platform/Developer/SDKs/WatchOS27.0.sdk/Developer/Library/Frameworks -Xfrontend -load-plugin-executable -Xfrontend /Users/admin/builder/spi-builder-workspace/.derivedData/Build/Products/Debug/AgentKittenMacros\#AgentKittenMacros -emit-localized-strings -emit-localized-strings-path /Users/admin/builder/spi-builder-workspace/.derivedData/Build/Intermediates.noindex/AgentKitten.build/Debug-watchos/AgentKittenAppleInference-t.build/Objects-normal/arm64 -c -j10 -enable-batch-mode -incremental -Xcc -ivfsstatcache -Xcc /Users/admin/builder/spi-builder-workspace/.derivedData/SDKStatCaches.noindex/watchos27.0-24R360-e829b21a6f8c9b70876ba0858053c04477534ef55a1706bf4c1112bbb242f0a2.sdkstatcache -output-file-map /Users/admin/builder/spi-builder-workspace/.derivedData/Build/Intermediates.noindex/AgentKitten.build/Debug-watchos/AgentKittenAppleInference-t.build/Objects-normal/arm64/AgentKittenAppleInference-OutputFileMap.json -save-temps -no-color-diagnostics -explicit-module-build -module-cache-path /Users/admin/builder/spi-builder-workspace/.derivedData/Build/Intermediates.noindex/SwiftExplicitPrecompiledModules -clang-scanner-module-cache-path /Users/admin/builder/spi-builder-workspace/.derivedData/ModuleCache.noindex -sdk-module-cache-path /Users/admin/builder/spi-builder-workspace/.derivedData/SDKExplicitPrecompiledModules -emit-dependencies -emit-module -emit-module-path /Users/admin/builder/spi-builder-workspace/.derivedData/Build/Intermediates.noindex/AgentKitten.build/Debug-watchos/AgentKittenAppleInference-t.build/Objects-normal/arm64/AgentKittenAppleInference.swiftmodule -serialize-diagnostics -dependency-scan-serialize-diagnostics-path /Users/admin/builder/spi-builder-workspace/.derivedData/Build/Intermediates.noindex/AgentKitten.build/Debug-watchos/AgentKittenAppleInference-t.build/Objects-normal/arm64/AgentKittenAppleInference-dependency-scan.dia -validate-clang-modules-once -clang-build-session-file /Users/admin/builder/spi-builder-workspace/.derivedData/ModuleCache.noindex/Session.modulevalidation -Xcc -fmodules-prune-interval\=86400 -Xcc -fmodules-prune-after\=345600 -package-name spi_builder_workspace -emit-const-values -const-gather-protocols-list /Users/admin/builder/spi-builder-workspace/.derivedData/Build/Intermediates.noindex/AgentKitten.build/Debug-watchos/AgentKittenAppleInference-t.build/Objects-normal/arm64/AgentKittenAppleInference_const_extract_protocols.json -Xcc -I/Users/admin/builder/spi-builder-workspace/.derivedData/Build/Products/Debug-watchos/include -Xcc -I/Users/admin/builder/spi-builder-workspace/.derivedData/Build/Intermediates.noindex/AgentKitten.build/Debug-watchos/AgentKittenAppleInference-t.build/DerivedSources-normal/arm64 -Xcc -I/Users/admin/builder/spi-builder-workspace/.derivedData/Build/Intermediates.noindex/AgentKitten.build/Debug-watchos/AgentKittenAppleInference-t.build/DerivedSources/arm64 -Xcc -I/Users/admin/builder/spi-builder-workspace/.derivedData/Build/Intermediates.noindex/AgentKitten.build/Debug-watchos/AgentKittenAppleInference-t.build/DerivedSources -Xcc -DSWIFT_PACKAGE -Xcc -DDEBUG\=1 -emit-objc-header -emit-objc-header-path /Users/admin/builder/spi-builder-workspace/.derivedData/Build/Intermediates.noindex/AgentKitten.build/Debug-watchos/AgentKittenAppleInference-t.build/Objects-normal/arm64/AgentKittenAppleInference-Swift.h -working-directory /Users/admin/builder/spi-builder-workspace/.swiftpm/xcode -experimental-emit-module-separately -disable-cmo
SwiftDriver AgentKittenAnthropicInference normal arm64 com.apple.xcode.tools.swift.compiler (in target 'AgentKittenAnthropicInference' from project 'AgentKitten')
cd /Users/admin/builder/spi-builder-workspace/.swiftpm/xcode
builtin-SwiftDriver -- /Applications/Xcode-27.0.0-Release.Candidate.app/Contents/Developer/Toolchains/XcodeDefault.xctoolchain/usr/bin/swiftc -parse-as-library -module-name AgentKittenAnthropicInference -Onone @/Users/admin/builder/spi-builder-workspace/.derivedData/Build/Intermediates.noindex/AgentKitten.build/Debug-watchos/AgentKittenAnthropicInference-t.build/Objects-normal/arm64/AgentKittenAnthropicInference.SwiftFileList -DSWIFT_PACKAGE -DDEBUG -DSWIFT_MODULE_RESOURCE_BUNDLE_UNAVAILABLE -DXcode -plugin-path /Applications/Xcode-27.0.0-Release.Candidate.app/Contents/Developer/Toolchains/XcodeDefault.xctoolchain/usr/lib/swift/host/plugins/testing -enable-experimental-feature DebugDescriptionMacro -sdk /Applications/Xcode-27.0.0-Release.Candidate.app/Contents/Developer/Platforms/WatchOS.platform/Developer/SDKs/WatchOS27.0.sdk -target arm64-apple-watchos11.0 -g -module-cache-path /Users/admin/builder/spi-builder-workspace/.derivedData/ModuleCache.noindex -Xfrontend -serialize-debugging-options -profile-coverage-mapping -profile-generate -enable-testing -index-store-path /Users/admin/builder/spi-builder-workspace/.derivedData/Index.noindex/DataStore -Xcc -D_LIBCPP_HARDENING_MODE\=_LIBCPP_HARDENING_MODE_DEBUG -swift-version 6 -I /Users/admin/builder/spi-builder-workspace/.derivedData/Build/Products/Debug-watchos -Isystem /Applications/Xcode-27.0.0-Release.Candidate.app/Contents/Developer/Platforms/WatchOS.platform/Developer/usr/lib -F /Users/admin/builder/spi-builder-workspace/.derivedData/Build/Products/Debug-watchos/PackageFrameworks -F /Users/admin/builder/spi-builder-workspace/.derivedData/Build/Products/Debug-watchos -F /Applications/Xcode-27.0.0-Release.Candidate.app/Contents/Developer/Platforms/WatchOS.platform/Developer/Library/Frameworks -F /Applications/Xcode-27.0.0-Release.Candidate.app/Contents/Developer/Platforms/WatchOS.platform/Developer/SDKs/WatchOS27.0.sdk/Developer/Library/Frameworks -Xfrontend -load-plugin-executable -Xfrontend /Users/admin/builder/spi-builder-workspace/.derivedData/Build/Products/Debug/AgentKittenMacros\#AgentKittenMacros -emit-localized-strings -emit-localized-strings-path /Users/admin/builder/spi-builder-workspace/.derivedData/Build/Intermediates.noindex/AgentKitten.build/Debug-watchos/AgentKittenAnthropicInference-t.build/Objects-normal/arm64 -c -j10 -enable-batch-mode -incremental -Xcc -ivfsstatcache -Xcc /Users/admin/builder/spi-builder-workspace/.derivedData/SDKStatCaches.noindex/watchos27.0-24R360-e829b21a6f8c9b70876ba0858053c04477534ef55a1706bf4c1112bbb242f0a2.sdkstatcache -output-file-map /Users/admin/builder/spi-builder-workspace/.derivedData/Build/Intermediates.noindex/AgentKitten.build/Debug-watchos/AgentKittenAnthropicInference-t.build/Objects-normal/arm64/AgentKittenAnthropicInference-OutputFileMap.json -save-temps -no-color-diagnostics -explicit-module-build -module-cache-path /Users/admin/builder/spi-builder-workspace/.derivedData/Build/Intermediates.noindex/SwiftExplicitPrecompiledModules -clang-scanner-module-cache-path /Users/admin/builder/spi-builder-workspace/.derivedData/ModuleCache.noindex -sdk-module-cache-path /Users/admin/builder/spi-builder-workspace/.derivedData/SDKExplicitPrecompiledModules -emit-dependencies -emit-module -emit-module-path /Users/admin/builder/spi-builder-workspace/.derivedData/Build/Intermediates.noindex/AgentKitten.build/Debug-watchos/AgentKittenAnthropicInference-t.build/Objects-normal/arm64/AgentKittenAnthropicInference.swiftmodule -serialize-diagnostics -dependency-scan-serialize-diagnostics-path /Users/admin/builder/spi-builder-workspace/.derivedData/Build/Intermediates.noindex/AgentKitten.build/Debug-watchos/AgentKittenAnthropicInference-t.build/Objects-normal/arm64/AgentKittenAnthropicInference-dependency-scan.dia -validate-clang-modules-once -clang-build-session-file /Users/admin/builder/spi-builder-workspace/.derivedData/ModuleCache.noindex/Session.modulevalidation -Xcc -fmodules-prune-interval\=86400 -Xcc -fmodules-prune-after\=345600 -package-name spi_builder_workspace -emit-const-values -const-gather-protocols-list /Users/admin/builder/spi-builder-workspace/.derivedData/Build/Intermediates.noindex/AgentKitten.build/Debug-watchos/AgentKittenAnthropicInference-t.build/Objects-normal/arm64/AgentKittenAnthropicInference_const_extract_protocols.json -Xcc -I/Users/admin/builder/spi-builder-workspace/.derivedData/Build/Products/Debug-watchos/include -Xcc -I/Users/admin/builder/spi-builder-workspace/.derivedData/Build/Intermediates.noindex/AgentKitten.build/Debug-watchos/AgentKittenAnthropicInference-t.build/DerivedSources-normal/arm64 -Xcc -I/Users/admin/builder/spi-builder-workspace/.derivedData/Build/Intermediates.noindex/AgentKitten.build/Debug-watchos/AgentKittenAnthropicInference-t.build/DerivedSources/arm64 -Xcc -I/Users/admin/builder/spi-builder-workspace/.derivedData/Build/Intermediates.noindex/AgentKitten.build/Debug-watchos/AgentKittenAnthropicInference-t.build/DerivedSources -Xcc -DSWIFT_PACKAGE -Xcc -DDEBUG\=1 -emit-objc-header -emit-objc-header-path /Users/admin/builder/spi-builder-workspace/.derivedData/Build/Intermediates.noindex/AgentKitten.build/Debug-watchos/AgentKittenAnthropicInference-t.build/Objects-normal/arm64/AgentKittenAnthropicInference-Swift.h -working-directory /Users/admin/builder/spi-builder-workspace/.swiftpm/xcode -experimental-emit-module-separately -disable-cmo
SwiftDriver AgentKittenAnthropicInference normal arm64_32 com.apple.xcode.tools.swift.compiler (in target 'AgentKittenAnthropicInference' from project 'AgentKitten')
cd /Users/admin/builder/spi-builder-workspace/.swiftpm/xcode
builtin-SwiftDriver -- /Applications/Xcode-27.0.0-Release.Candidate.app/Contents/Developer/Toolchains/XcodeDefault.xctoolchain/usr/bin/swiftc -parse-as-library -module-name AgentKittenAnthropicInference -Onone @/Users/admin/builder/spi-builder-workspace/.derivedData/Build/Intermediates.noindex/AgentKitten.build/Debug-watchos/AgentKittenAnthropicInference-t.build/Objects-normal/arm64_32/AgentKittenAnthropicInference.SwiftFileList -DSWIFT_PACKAGE -DDEBUG -DSWIFT_MODULE_RESOURCE_BUNDLE_UNAVAILABLE -DXcode -plugin-path /Applications/Xcode-27.0.0-Release.Candidate.app/Contents/Developer/Toolchains/XcodeDefault.xctoolchain/usr/lib/swift/host/plugins/testing -enable-experimental-feature DebugDescriptionMacro -sdk /Applications/Xcode-27.0.0-Release.Candidate.app/Contents/Developer/Platforms/WatchOS.platform/Developer/SDKs/WatchOS27.0.sdk -target arm64_32-apple-watchos11.0 -g -module-cache-path /Users/admin/builder/spi-builder-workspace/.derivedData/ModuleCache.noindex -Xfrontend -serialize-debugging-options -profile-coverage-mapping -profile-generate -enable-testing -index-store-path /Users/admin/builder/spi-builder-workspace/.derivedData/Index.noindex/DataStore -Xcc -D_LIBCPP_HARDENING_MODE\=_LIBCPP_HARDENING_MODE_DEBUG -swift-version 6 -I /Users/admin/builder/spi-builder-workspace/.derivedData/Build/Products/Debug-watchos -Isystem /Applications/Xcode-27.0.0-Release.Candidate.app/Contents/Developer/Platforms/WatchOS.platform/Developer/usr/lib -F /Users/admin/builder/spi-builder-workspace/.derivedData/Build/Products/Debug-watchos/PackageFrameworks -F /Users/admin/builder/spi-builder-workspace/.derivedData/Build/Products/Debug-watchos -F /Applications/Xcode-27.0.0-Release.Candidate.app/Contents/Developer/Platforms/WatchOS.platform/Developer/Library/Frameworks -F /Applications/Xcode-27.0.0-Release.Candidate.app/Contents/Developer/Platforms/WatchOS.platform/Developer/SDKs/WatchOS27.0.sdk/Developer/Library/Frameworks -Xfrontend -load-plugin-executable -Xfrontend /Users/admin/builder/spi-builder-workspace/.derivedData/Build/Products/Debug/AgentKittenMacros\#AgentKittenMacros -emit-localized-strings -emit-localized-strings-path /Users/admin/builder/spi-builder-workspace/.derivedData/Build/Intermediates.noindex/AgentKitten.build/Debug-watchos/AgentKittenAnthropicInference-t.build/Objects-normal/arm64_32 -c -j10 -enable-batch-mode -incremental -Xcc -ivfsstatcache -Xcc /Users/admin/builder/spi-builder-workspace/.derivedData/SDKStatCaches.noindex/watchos27.0-24R360-e829b21a6f8c9b70876ba0858053c04477534ef55a1706bf4c1112bbb242f0a2.sdkstatcache -output-file-map /Users/admin/builder/spi-builder-workspace/.derivedData/Build/Intermediates.noindex/AgentKitten.build/Debug-watchos/AgentKittenAnthropicInference-t.build/Objects-normal/arm64_32/AgentKittenAnthropicInference-OutputFileMap.json -save-temps -no-color-diagnostics -explicit-module-build -module-cache-path /Users/admin/builder/spi-builder-workspace/.derivedData/Build/Intermediates.noindex/SwiftExplicitPrecompiledModules -clang-scanner-module-cache-path /Users/admin/builder/spi-builder-workspace/.derivedData/ModuleCache.noindex -sdk-module-cache-path /Users/admin/builder/spi-builder-workspace/.derivedData/SDKExplicitPrecompiledModules -emit-dependencies -emit-module -emit-module-path /Users/admin/builder/spi-builder-workspace/.derivedData/Build/Intermediates.noindex/AgentKitten.build/Debug-watchos/AgentKittenAnthropicInference-t.build/Objects-normal/arm64_32/AgentKittenAnthropicInference.swiftmodule -serialize-diagnostics -dependency-scan-serialize-diagnostics-path /Users/admin/builder/spi-builder-workspace/.derivedData/Build/Intermediates.noindex/AgentKitten.build/Debug-watchos/AgentKittenAnthropicInference-t.build/Objects-normal/arm64_32/AgentKittenAnthropicInference-dependency-scan.dia -validate-clang-modules-once -clang-build-session-file /Users/admin/builder/spi-builder-workspace/.derivedData/ModuleCache.noindex/Session.modulevalidation -Xcc -fmodules-prune-interval\=86400 -Xcc -fmodules-prune-after\=345600 -package-name spi_builder_workspace -emit-const-values -const-gather-protocols-list /Users/admin/builder/spi-builder-workspace/.derivedData/Build/Intermediates.noindex/AgentKitten.build/Debug-watchos/AgentKittenAnthropicInference-t.build/Objects-normal/arm64_32/AgentKittenAnthropicInference_const_extract_protocols.json -Xcc -I/Users/admin/builder/spi-builder-workspace/.derivedData/Build/Products/Debug-watchos/include -Xcc -I/Users/admin/builder/spi-builder-workspace/.derivedData/Build/Intermediates.noindex/AgentKitten.build/Debug-watchos/AgentKittenAnthropicInference-t.build/DerivedSources-normal/arm64_32 -Xcc -I/Users/admin/builder/spi-builder-workspace/.derivedData/Build/Intermediates.noindex/AgentKitten.build/Debug-watchos/AgentKittenAnthropicInference-t.build/DerivedSources/arm64_32 -Xcc -I/Users/admin/builder/spi-builder-workspace/.derivedData/Build/Intermediates.noindex/AgentKitten.build/Debug-watchos/AgentKittenAnthropicInference-t.build/DerivedSources -Xcc -DSWIFT_PACKAGE -Xcc -DDEBUG\=1 -emit-objc-header -emit-objc-header-path /Users/admin/builder/spi-builder-workspace/.derivedData/Build/Intermediates.noindex/AgentKitten.build/Debug-watchos/AgentKittenAnthropicInference-t.build/Objects-normal/arm64_32/AgentKittenAnthropicInference-Swift.h -working-directory /Users/admin/builder/spi-builder-workspace/.swiftpm/xcode -experimental-emit-module-separately -disable-cmo
SwiftDriver AgentKitten normal arm64_32 com.apple.xcode.tools.swift.compiler (in target 'AgentKitten' from project 'AgentKitten')
cd /Users/admin/builder/spi-builder-workspace/.swiftpm/xcode
builtin-SwiftDriver -- /Applications/Xcode-27.0.0-Release.Candidate.app/Contents/Developer/Toolchains/XcodeDefault.xctoolchain/usr/bin/swiftc -parse-as-library -module-name AgentKitten -Onone @/Users/admin/builder/spi-builder-workspace/.derivedData/Build/Intermediates.noindex/AgentKitten.build/Debug-watchos/AgentKitten-t.build/Objects-normal/arm64_32/AgentKitten.SwiftFileList -DSWIFT_PACKAGE -DDEBUG -DSWIFT_MODULE_RESOURCE_BUNDLE_AVAILABLE -DXcode -plugin-path /Applications/Xcode-27.0.0-Release.Candidate.app/Contents/Developer/Toolchains/XcodeDefault.xctoolchain/usr/lib/swift/host/plugins/testing -enable-experimental-feature DebugDescriptionMacro -sdk /Applications/Xcode-27.0.0-Release.Candidate.app/Contents/Developer/Platforms/WatchOS.platform/Developer/SDKs/WatchOS27.0.sdk -target arm64_32-apple-watchos11.0 -g -module-cache-path /Users/admin/builder/spi-builder-workspace/.derivedData/ModuleCache.noindex -Xfrontend -serialize-debugging-options -profile-coverage-mapping -profile-generate -enable-testing -index-store-path /Users/admin/builder/spi-builder-workspace/.derivedData/Index.noindex/DataStore -Xcc -D_LIBCPP_HARDENING_MODE\=_LIBCPP_HARDENING_MODE_DEBUG -swift-version 6 -I /Users/admin/builder/spi-builder-workspace/.derivedData/Build/Products/Debug-watchos -Isystem /Applications/Xcode-27.0.0-Release.Candidate.app/Contents/Developer/Platforms/WatchOS.platform/Developer/usr/lib -F /Users/admin/builder/spi-builder-workspace/.derivedData/Build/Products/Debug-watchos/PackageFrameworks -F /Users/admin/builder/spi-builder-workspace/.derivedData/Build/Products/Debug-watchos -F /Applications/Xcode-27.0.0-Release.Candidate.app/Contents/Developer/Platforms/WatchOS.platform/Developer/Library/Frameworks -F /Applications/Xcode-27.0.0-Release.Candidate.app/Contents/Developer/Platforms/WatchOS.platform/Developer/SDKs/WatchOS27.0.sdk/Developer/Library/Frameworks -Xfrontend -load-plugin-executable -Xfrontend /Users/admin/builder/spi-builder-workspace/.derivedData/Build/Products/Debug/AgentKittenMacros\#AgentKittenMacros -emit-localized-strings -emit-localized-strings-path /Users/admin/builder/spi-builder-workspace/.derivedData/Build/Intermediates.noindex/AgentKitten.build/Debug-watchos/AgentKitten-t.build/Objects-normal/arm64_32 -c -j10 -enable-batch-mode -incremental -Xcc -ivfsstatcache -Xcc /Users/admin/builder/spi-builder-workspace/.derivedData/SDKStatCaches.noindex/watchos27.0-24R360-e829b21a6f8c9b70876ba0858053c04477534ef55a1706bf4c1112bbb242f0a2.sdkstatcache -output-file-map /Users/admin/builder/spi-builder-workspace/.derivedData/Build/Intermediates.noindex/AgentKitten.build/Debug-watchos/AgentKitten-t.build/Objects-normal/arm64_32/AgentKitten-OutputFileMap.json -save-temps -no-color-diagnostics -explicit-module-build -module-cache-path /Users/admin/builder/spi-builder-workspace/.derivedData/Build/Intermediates.noindex/SwiftExplicitPrecompiledModules -clang-scanner-module-cache-path /Users/admin/builder/spi-builder-workspace/.derivedData/ModuleCache.noindex -sdk-module-cache-path /Users/admin/builder/spi-builder-workspace/.derivedData/SDKExplicitPrecompiledModules -emit-dependencies -emit-module -emit-module-path /Users/admin/builder/spi-builder-workspace/.derivedData/Build/Intermediates.noindex/AgentKitten.build/Debug-watchos/AgentKitten-t.build/Objects-normal/arm64_32/AgentKitten.swiftmodule -serialize-diagnostics -dependency-scan-serialize-diagnostics-path /Users/admin/builder/spi-builder-workspace/.derivedData/Build/Intermediates.noindex/AgentKitten.build/Debug-watchos/AgentKitten-t.build/Objects-normal/arm64_32/AgentKitten-dependency-scan.dia -validate-clang-modules-once -clang-build-session-file /Users/admin/builder/spi-builder-workspace/.derivedData/ModuleCache.noindex/Session.modulevalidation -Xcc -fmodules-prune-interval\=86400 -Xcc -fmodules-prune-after\=345600 -package-name spi_builder_workspace -emit-const-values -const-gather-protocols-list /Users/admin/builder/spi-builder-workspace/.derivedData/Build/Intermediates.noindex/AgentKitten.build/Debug-watchos/AgentKitten-t.build/Objects-normal/arm64_32/AgentKitten_const_extract_protocols.json -Xcc -I/Users/admin/builder/spi-builder-workspace/.derivedData/Build/Products/Debug-watchos/include -Xcc -I/Users/admin/builder/spi-builder-workspace/.derivedData/Build/Intermediates.noindex/AgentKitten.build/Debug-watchos/AgentKitten-t.build/DerivedSources-normal/arm64_32 -Xcc -I/Users/admin/builder/spi-builder-workspace/.derivedData/Build/Intermediates.noindex/AgentKitten.build/Debug-watchos/AgentKitten-t.build/DerivedSources/arm64_32 -Xcc -I/Users/admin/builder/spi-builder-workspace/.derivedData/Build/Intermediates.noindex/AgentKitten.build/Debug-watchos/AgentKitten-t.build/DerivedSources -Xcc -DSWIFT_PACKAGE -Xcc -DDEBUG\=1 -emit-objc-header -emit-objc-header-path /Users/admin/builder/spi-builder-workspace/.derivedData/Build/Intermediates.noindex/AgentKitten.build/Debug-watchos/AgentKitten-t.build/Objects-normal/arm64_32/AgentKitten-Swift.h -working-directory /Users/admin/builder/spi-builder-workspace/.swiftpm/xcode -experimental-emit-module-separately -disable-cmo
SwiftDriver AgentKitten normal arm64 com.apple.xcode.tools.swift.compiler (in target 'AgentKitten' from project 'AgentKitten')
cd /Users/admin/builder/spi-builder-workspace/.swiftpm/xcode
builtin-SwiftDriver -- /Applications/Xcode-27.0.0-Release.Candidate.app/Contents/Developer/Toolchains/XcodeDefault.xctoolchain/usr/bin/swiftc -parse-as-library -module-name AgentKitten -Onone @/Users/admin/builder/spi-builder-workspace/.derivedData/Build/Intermediates.noindex/AgentKitten.build/Debug-watchos/AgentKitten-t.build/Objects-normal/arm64/AgentKitten.SwiftFileList -DSWIFT_PACKAGE -DDEBUG -DSWIFT_MODULE_RESOURCE_BUNDLE_AVAILABLE -DXcode -plugin-path /Applications/Xcode-27.0.0-Release.Candidate.app/Contents/Developer/Toolchains/XcodeDefault.xctoolchain/usr/lib/swift/host/plugins/testing -enable-experimental-feature DebugDescriptionMacro -sdk /Applications/Xcode-27.0.0-Release.Candidate.app/Contents/Developer/Platforms/WatchOS.platform/Developer/SDKs/WatchOS27.0.sdk -target arm64-apple-watchos11.0 -g -module-cache-path /Users/admin/builder/spi-builder-workspace/.derivedData/ModuleCache.noindex -Xfrontend -serialize-debugging-options -profile-coverage-mapping -profile-generate -enable-testing -index-store-path /Users/admin/builder/spi-builder-workspace/.derivedData/Index.noindex/DataStore -Xcc -D_LIBCPP_HARDENING_MODE\=_LIBCPP_HARDENING_MODE_DEBUG -swift-version 6 -I /Users/admin/builder/spi-builder-workspace/.derivedData/Build/Products/Debug-watchos -Isystem /Applications/Xcode-27.0.0-Release.Candidate.app/Contents/Developer/Platforms/WatchOS.platform/Developer/usr/lib -F /Users/admin/builder/spi-builder-workspace/.derivedData/Build/Products/Debug-watchos/PackageFrameworks -F /Users/admin/builder/spi-builder-workspace/.derivedData/Build/Products/Debug-watchos -F /Applications/Xcode-27.0.0-Release.Candidate.app/Contents/Developer/Platforms/WatchOS.platform/Developer/Library/Frameworks -F /Applications/Xcode-27.0.0-Release.Candidate.app/Contents/Developer/Platforms/WatchOS.platform/Developer/SDKs/WatchOS27.0.sdk/Developer/Library/Frameworks -Xfrontend -load-plugin-executable -Xfrontend /Users/admin/builder/spi-builder-workspace/.derivedData/Build/Products/Debug/AgentKittenMacros\#AgentKittenMacros -emit-localized-strings -emit-localized-strings-path /Users/admin/builder/spi-builder-workspace/.derivedData/Build/Intermediates.noindex/AgentKitten.build/Debug-watchos/AgentKitten-t.build/Objects-normal/arm64 -c -j10 -enable-batch-mode -incremental -Xcc -ivfsstatcache -Xcc /Users/admin/builder/spi-builder-workspace/.derivedData/SDKStatCaches.noindex/watchos27.0-24R360-e829b21a6f8c9b70876ba0858053c04477534ef55a1706bf4c1112bbb242f0a2.sdkstatcache -output-file-map /Users/admin/builder/spi-builder-workspace/.derivedData/Build/Intermediates.noindex/AgentKitten.build/Debug-watchos/AgentKitten-t.build/Objects-normal/arm64/AgentKitten-OutputFileMap.json -save-temps -no-color-diagnostics -explicit-module-build -module-cache-path /Users/admin/builder/spi-builder-workspace/.derivedData/Build/Intermediates.noindex/SwiftExplicitPrecompiledModules -clang-scanner-module-cache-path /Users/admin/builder/spi-builder-workspace/.derivedData/ModuleCache.noindex -sdk-module-cache-path /Users/admin/builder/spi-builder-workspace/.derivedData/SDKExplicitPrecompiledModules -emit-dependencies -emit-module -emit-module-path /Users/admin/builder/spi-builder-workspace/.derivedData/Build/Intermediates.noindex/AgentKitten.build/Debug-watchos/AgentKitten-t.build/Objects-normal/arm64/AgentKitten.swiftmodule -serialize-diagnostics -dependency-scan-serialize-diagnostics-path /Users/admin/builder/spi-builder-workspace/.derivedData/Build/Intermediates.noindex/AgentKitten.build/Debug-watchos/AgentKitten-t.build/Objects-normal/arm64/AgentKitten-dependency-scan.dia -validate-clang-modules-once -clang-build-session-file /Users/admin/builder/spi-builder-workspace/.derivedData/ModuleCache.noindex/Session.modulevalidation -Xcc -fmodules-prune-interval\=86400 -Xcc -fmodules-prune-after\=345600 -package-name spi_builder_workspace -emit-const-values -const-gather-protocols-list /Users/admin/builder/spi-builder-workspace/.derivedData/Build/Intermediates.noindex/AgentKitten.build/Debug-watchos/AgentKitten-t.build/Objects-normal/arm64/AgentKitten_const_extract_protocols.json -Xcc -I/Users/admin/builder/spi-builder-workspace/.derivedData/Build/Products/Debug-watchos/include -Xcc -I/Users/admin/builder/spi-builder-workspace/.derivedData/Build/Intermediates.noindex/AgentKitten.build/Debug-watchos/AgentKitten-t.build/DerivedSources-normal/arm64 -Xcc -I/Users/admin/builder/spi-builder-workspace/.derivedData/Build/Intermediates.noindex/AgentKitten.build/Debug-watchos/AgentKitten-t.build/DerivedSources/arm64 -Xcc -I/Users/admin/builder/spi-builder-workspace/.derivedData/Build/Intermediates.noindex/AgentKitten.build/Debug-watchos/AgentKitten-t.build/DerivedSources -Xcc -DSWIFT_PACKAGE -Xcc -DDEBUG\=1 -emit-objc-header -emit-objc-header-path /Users/admin/builder/spi-builder-workspace/.derivedData/Build/Intermediates.noindex/AgentKitten.build/Debug-watchos/AgentKitten-t.build/Objects-normal/arm64/AgentKitten-Swift.h -working-directory /Users/admin/builder/spi-builder-workspace/.swiftpm/xcode -experimental-emit-module-separately -disable-cmo
ExtractAppIntentsMetadata (in target 'AgentKittenCore' from project 'AgentKitten')
cd /Users/admin/builder/spi-builder-workspace
/Applications/Xcode-27.0.0-Release.Candidate.app/Contents/Developer/Toolchains/XcodeDefault.xctoolchain/usr/bin/appintentsmetadataprocessor --toolchain-dir /var/run/com.apple.security.cryptexd/mnt/com.apple.MobileAsset.MetalToolchain-v27.1.266.1.98Atzq/Metal.xctoolchain --module-name AgentKittenCore --sdk-root /Applications/Xcode-27.0.0-Release.Candidate.app/Contents/Developer/Platforms/WatchOS.platform/Developer/SDKs/WatchOS27.0.sdk --xcode-version 27A266a --platform-family watchOS --deployment-target 11.0 --bundle-identifier spi-builder-workspace.AgentKittenCore --output /Users/admin/builder/spi-builder-workspace/.derivedData/Build/Products/Debug-watchos/AgentKittenCore.appintents --target-triple arm64-apple-watchos11.0 --target-triple arm64_32-apple-watchos11.0 --binary-file /Users/admin/builder/spi-builder-workspace/.derivedData/Build/Products/Debug-watchos/AgentKittenCore.o --dependency-file /Users/admin/builder/spi-builder-workspace/.derivedData/Build/Intermediates.noindex/AgentKitten.build/Debug-watchos/AgentKittenCore-t.build/Objects-normal/arm64/AgentKittenCore_dependency_info.dat --dependency-file /Users/admin/builder/spi-builder-workspace/.derivedData/Build/Intermediates.noindex/AgentKitten.build/Debug-watchos/AgentKittenCore-t.build/Objects-normal/arm64_32/AgentKittenCore_dependency_info.dat --stringsdata-file /Users/admin/builder/spi-builder-workspace/.derivedData/Build/Intermediates.noindex/AgentKitten.build/Debug-watchos/AgentKittenCore-t.build/Objects-normal/arm64/ExtractedAppShortcutsMetadata.stringsdata --stringsdata-file /Users/admin/builder/spi-builder-workspace/.derivedData/Build/Intermediates.noindex/AgentKitten.build/Debug-watchos/AgentKittenCore-t.build/Objects-normal/arm64_32/ExtractedAppShortcutsMetadata.stringsdata --source-file-list /Users/admin/builder/spi-builder-workspace/.derivedData/Build/Intermediates.noindex/AgentKitten.build/Debug-watchos/AgentKittenCore-t.build/Objects-normal/arm64/AgentKittenCore.SwiftFileList --source-file-list /Users/admin/builder/spi-builder-workspace/.derivedData/Build/Intermediates.noindex/AgentKitten.build/Debug-watchos/AgentKittenCore-t.build/Objects-normal/arm64_32/AgentKittenCore.SwiftFileList --metadata-file-list /Users/admin/builder/spi-builder-workspace/.derivedData/Build/Intermediates.noindex/AgentKitten.build/Debug-watchos/AgentKittenCore-t.build/AgentKittenCore.DependencyMetadataFileList --static-metadata-file-list /Users/admin/builder/spi-builder-workspace/.derivedData/Build/Intermediates.noindex/AgentKitten.build/Debug-watchos/AgentKittenCore-t.build/AgentKittenCore.DependencyStaticMetadataFileList --swift-const-vals-list /Users/admin/builder/spi-builder-workspace/.derivedData/Build/Intermediates.noindex/AgentKitten.build/Debug-watchos/AgentKittenCore-t.build/Objects-normal/arm64/AgentKittenCore.SwiftConstValuesFileList --swift-const-vals-list /Users/admin/builder/spi-builder-workspace/.derivedData/Build/Intermediates.noindex/AgentKitten.build/Debug-watchos/AgentKittenCore-t.build/Objects-normal/arm64_32/AgentKittenCore.SwiftConstValuesFileList --force --compile-time-extraction --deployment-aware-processing --no-app-shortcuts-localization
2026-09-25 09:02:28.555 appintentsmetadataprocessor[2080:12821] Starting appintentsmetadataprocessor export
2026-09-25 09:02:28.620 appintentsmetadataprocessor[2080:12821] Extracted no relevant App Intents symbols, skipping writing output
Ld /Users/admin/builder/spi-builder-workspace/.derivedData/Build/Intermediates.noindex/AgentKitten.build/Debug-watchos/AgentKittenInferenceTestSupport-t.build/Objects-normal/arm64_32/Binary/AgentKittenInferenceTestSupport.o normal arm64_32 (in target 'AgentKittenInferenceTestSupport' from project 'AgentKitten')
cd /Users/admin/builder/spi-builder-workspace
/Applications/Xcode-27.0.0-Release.Candidate.app/Contents/Developer/Toolchains/XcodeDefault.xctoolchain/usr/bin/clang -Xlinker -reproducible -target arm64_32-apple-watchos11.0 -r -isysroot /Applications/Xcode-27.0.0-Release.Candidate.app/Contents/Developer/Platforms/WatchOS.platform/Developer/SDKs/WatchOS27.0.sdk -O0 -Xlinker -no_warn_duplicate_libraries -F/Users/admin/builder/spi-builder-workspace/.derivedData/Build/Intermediates.noindex/EagerLinkingTBDs/Debug-watchos -F/Users/admin/builder/spi-builder-workspace/.derivedData/Build/Products/Debug-watchos/PackageFrameworks -F/Users/admin/builder/spi-builder-workspace/.derivedData/Build/Products/Debug-watchos -iframework /Applications/Xcode-27.0.0-Release.Candidate.app/Contents/Developer/Platforms/WatchOS.platform/Developer/Library/Frameworks -iframework /Applications/Xcode-27.0.0-Release.Candidate.app/Contents/Developer/Platforms/WatchOS.platform/Developer/SDKs/WatchOS27.0.sdk/Developer/Library/Frameworks -filelist /Users/admin/builder/spi-builder-workspace/.derivedData/Build/Intermediates.noindex/AgentKitten.build/Debug-watchos/AgentKittenInferenceTestSupport-t.build/Objects-normal/arm64_32/AgentKittenInferenceTestSupport.LinkFileList -nostdlib -Xlinker -object_path_lto -Xlinker /Users/admin/builder/spi-builder-workspace/.derivedData/Build/Intermediates.noindex/AgentKitten.build/Debug-watchos/AgentKittenInferenceTestSupport-t.build/Objects-normal/arm64_32/AgentKittenInferenceTestSupport_lto.o -Xlinker -no_deduplicate -Xlinker -debug_variant -Xlinker -dependency_info -Xlinker /Users/admin/builder/spi-builder-workspace/.derivedData/Build/Intermediates.noindex/AgentKitten.build/Debug-watchos/AgentKittenInferenceTestSupport-t.build/Objects-normal/arm64_32/AgentKittenInferenceTestSupport_dependency_info.dat -fobjc-link-runtime -L/Applications/Xcode-27.0.0-Release.Candidate.app/Contents/Developer/Toolchains/XcodeDefault.xctoolchain/usr/lib/swift/watchos -L/usr/lib/swift -Xlinker -add_ast_path -Xlinker /Users/admin/builder/spi-builder-workspace/.derivedData/Build/Intermediates.noindex/AgentKitten.build/Debug-watchos/AgentKittenInferenceTestSupport-t.build/Objects-normal/arm64_32/AgentKittenInferenceTestSupport.swiftmodule -o /Users/admin/builder/spi-builder-workspace/.derivedData/Build/Intermediates.noindex/AgentKitten.build/Debug-watchos/AgentKittenInferenceTestSupport-t.build/Objects-normal/arm64_32/Binary/AgentKittenInferenceTestSupport.o
Ld /Users/admin/builder/spi-builder-workspace/.derivedData/Build/Intermediates.noindex/AgentKitten.build/Debug-watchos/AgentKittenInferenceTestSupport-t.build/Objects-normal/arm64/Binary/AgentKittenInferenceTestSupport.o normal arm64 (in target 'AgentKittenInferenceTestSupport' from project 'AgentKitten')
cd /Users/admin/builder/spi-builder-workspace
/Applications/Xcode-27.0.0-Release.Candidate.app/Contents/Developer/Toolchains/XcodeDefault.xctoolchain/usr/bin/clang -Xlinker -reproducible -target arm64-apple-watchos11.0 -r -isysroot /Applications/Xcode-27.0.0-Release.Candidate.app/Contents/Developer/Platforms/WatchOS.platform/Developer/SDKs/WatchOS27.0.sdk -O0 -Xlinker -no_warn_duplicate_libraries -F/Users/admin/builder/spi-builder-workspace/.derivedData/Build/Intermediates.noindex/EagerLinkingTBDs/Debug-watchos -F/Users/admin/builder/spi-builder-workspace/.derivedData/Build/Products/Debug-watchos/PackageFrameworks -F/Users/admin/builder/spi-builder-workspace/.derivedData/Build/Products/Debug-watchos -iframework /Applications/Xcode-27.0.0-Release.Candidate.app/Contents/Developer/Platforms/WatchOS.platform/Developer/Library/Frameworks -iframework /Applications/Xcode-27.0.0-Release.Candidate.app/Contents/Developer/Platforms/WatchOS.platform/Developer/SDKs/WatchOS27.0.sdk/Developer/Library/Frameworks -filelist /Users/admin/builder/spi-builder-workspace/.derivedData/Build/Intermediates.noindex/AgentKitten.build/Debug-watchos/AgentKittenInferenceTestSupport-t.build/Objects-normal/arm64/AgentKittenInferenceTestSupport.LinkFileList -nostdlib -Xlinker -object_path_lto -Xlinker /Users/admin/builder/spi-builder-workspace/.derivedData/Build/Intermediates.noindex/AgentKitten.build/Debug-watchos/AgentKittenInferenceTestSupport-t.build/Objects-normal/arm64/AgentKittenInferenceTestSupport_lto.o -Xlinker -no_deduplicate -Xlinker -debug_variant -Xlinker -dependency_info -Xlinker /Users/admin/builder/spi-builder-workspace/.derivedData/Build/Intermediates.noindex/AgentKitten.build/Debug-watchos/AgentKittenInferenceTestSupport-t.build/Objects-normal/arm64/AgentKittenInferenceTestSupport_dependency_info.dat -fobjc-link-runtime -L/Applications/Xcode-27.0.0-Release.Candidate.app/Contents/Developer/Toolchains/XcodeDefault.xctoolchain/usr/lib/swift/watchos -L/usr/lib/swift -Xlinker -add_ast_path -Xlinker /Users/admin/builder/spi-builder-workspace/.derivedData/Build/Intermediates.noindex/AgentKitten.build/Debug-watchos/AgentKittenInferenceTestSupport-t.build/Objects-normal/arm64/AgentKittenInferenceTestSupport.swiftmodule -o /Users/admin/builder/spi-builder-workspace/.derivedData/Build/Intermediates.noindex/AgentKitten.build/Debug-watchos/AgentKittenInferenceTestSupport-t.build/Objects-normal/arm64/Binary/AgentKittenInferenceTestSupport.o
CreateUniversalBinary /Users/admin/builder/spi-builder-workspace/.derivedData/Build/Products/Debug-watchos/AgentKittenInferenceTestSupport.o normal arm64\ arm64_32 (in target 'AgentKittenInferenceTestSupport' from project 'AgentKitten')
cd /Users/admin/builder/spi-builder-workspace
/Applications/Xcode-27.0.0-Release.Candidate.app/Contents/Developer/Toolchains/XcodeDefault.xctoolchain/usr/bin/lipo -create /Users/admin/builder/spi-builder-workspace/.derivedData/Build/Intermediates.noindex/AgentKitten.build/Debug-watchos/AgentKittenInferenceTestSupport-t.build/Objects-normal/arm64/Binary/AgentKittenInferenceTestSupport.o /Users/admin/builder/spi-builder-workspace/.derivedData/Build/Intermediates.noindex/AgentKitten.build/Debug-watchos/AgentKittenInferenceTestSupport-t.build/Objects-normal/arm64_32/Binary/AgentKittenInferenceTestSupport.o -output /Users/admin/builder/spi-builder-workspace/.derivedData/Build/Products/Debug-watchos/AgentKittenInferenceTestSupport.o
Ld /Users/admin/builder/spi-builder-workspace/.derivedData/Build/Intermediates.noindex/AgentKitten.build/Debug-watchos/AgentKittenInferenceSupport-t.build/Objects-normal/arm64/Binary/AgentKittenInferenceSupport.o normal arm64 (in target 'AgentKittenInferenceSupport' from project 'AgentKitten')
cd /Users/admin/builder/spi-builder-workspace
/Applications/Xcode-27.0.0-Release.Candidate.app/Contents/Developer/Toolchains/XcodeDefault.xctoolchain/usr/bin/clang -Xlinker -reproducible -target arm64-apple-watchos11.0 -r -isysroot /Applications/Xcode-27.0.0-Release.Candidate.app/Contents/Developer/Platforms/WatchOS.platform/Developer/SDKs/WatchOS27.0.sdk -O0 -Xlinker -no_warn_duplicate_libraries -F/Users/admin/builder/spi-builder-workspace/.derivedData/Build/Intermediates.noindex/EagerLinkingTBDs/Debug-watchos -F/Users/admin/builder/spi-builder-workspace/.derivedData/Build/Products/Debug-watchos/PackageFrameworks -F/Users/admin/builder/spi-builder-workspace/.derivedData/Build/Products/Debug-watchos -iframework /Applications/Xcode-27.0.0-Release.Candidate.app/Contents/Developer/Platforms/WatchOS.platform/Developer/Library/Frameworks -iframework /Applications/Xcode-27.0.0-Release.Candidate.app/Contents/Developer/Platforms/WatchOS.platform/Developer/SDKs/WatchOS27.0.sdk/Developer/Library/Frameworks -filelist /Users/admin/builder/spi-builder-workspace/.derivedData/Build/Intermediates.noindex/AgentKitten.build/Debug-watchos/AgentKittenInferenceSupport-t.build/Objects-normal/arm64/AgentKittenInferenceSupport.LinkFileList -nostdlib -Xlinker -object_path_lto -Xlinker /Users/admin/builder/spi-builder-workspace/.derivedData/Build/Intermediates.noindex/AgentKitten.build/Debug-watchos/AgentKittenInferenceSupport-t.build/Objects-normal/arm64/AgentKittenInferenceSupport_lto.o -Xlinker -no_deduplicate -Xlinker -debug_variant -Xlinker -dependency_info -Xlinker /Users/admin/builder/spi-builder-workspace/.derivedData/Build/Intermediates.noindex/AgentKitten.build/Debug-watchos/AgentKittenInferenceSupport-t.build/Objects-normal/arm64/AgentKittenInferenceSupport_dependency_info.dat -fobjc-link-runtime -L/Applications/Xcode-27.0.0-Release.Candidate.app/Contents/Developer/Toolchains/XcodeDefault.xctoolchain/usr/lib/swift/watchos -L/usr/lib/swift -Xlinker -add_ast_path -Xlinker /Users/admin/builder/spi-builder-workspace/.derivedData/Build/Intermediates.noindex/AgentKitten.build/Debug-watchos/AgentKittenInferenceSupport-t.build/Objects-normal/arm64/AgentKittenInferenceSupport.swiftmodule -o /Users/admin/builder/spi-builder-workspace/.derivedData/Build/Intermediates.noindex/AgentKitten.build/Debug-watchos/AgentKittenInferenceSupport-t.build/Objects-normal/arm64/Binary/AgentKittenInferenceSupport.o
ExtractAppIntentsMetadata (in target 'AgentKittenInferenceTestSupport' from project 'AgentKitten')
cd /Users/admin/builder/spi-builder-workspace
/Applications/Xcode-27.0.0-Release.Candidate.app/Contents/Developer/Toolchains/XcodeDefault.xctoolchain/usr/bin/appintentsmetadataprocessor --toolchain-dir /var/run/com.apple.security.cryptexd/mnt/com.apple.MobileAsset.MetalToolchain-v27.1.266.1.98Atzq/Metal.xctoolchain --module-name AgentKittenInferenceTestSupport --sdk-root /Applications/Xcode-27.0.0-Release.Candidate.app/Contents/Developer/Platforms/WatchOS.platform/Developer/SDKs/WatchOS27.0.sdk --xcode-version 27A266a --platform-family watchOS --deployment-target 11.0 --bundle-identifier spi-builder-workspace.AgentKittenInferenceTestSupport --output /Users/admin/builder/spi-builder-workspace/.derivedData/Build/Products/Debug-watchos/AgentKittenInferenceTestSupport.appintents --target-triple arm64-apple-watchos11.0 --target-triple arm64_32-apple-watchos11.0 --binary-file /Users/admin/builder/spi-builder-workspace/.derivedData/Build/Products/Debug-watchos/AgentKittenInferenceTestSupport.o --dependency-file /Users/admin/builder/spi-builder-workspace/.derivedData/Build/Intermediates.noindex/AgentKitten.build/Debug-watchos/AgentKittenInferenceTestSupport-t.build/Objects-normal/arm64/AgentKittenInferenceTestSupport_dependency_info.dat --dependency-file /Users/admin/builder/spi-builder-workspace/.derivedData/Build/Intermediates.noindex/AgentKitten.build/Debug-watchos/AgentKittenInferenceTestSupport-t.build/Objects-normal/arm64_32/AgentKittenInferenceTestSupport_dependency_info.dat --stringsdata-file /Users/admin/builder/spi-builder-workspace/.derivedData/Build/Intermediates.noindex/AgentKitten.build/Debug-watchos/AgentKittenInferenceTestSupport-t.build/Objects-normal/arm64/ExtractedAppShortcutsMetadata.stringsdata --stringsdata-file /Users/admin/builder/spi-builder-workspace/.derivedData/Build/Intermediates.noindex/AgentKitten.build/Debug-watchos/AgentKittenInferenceTestSupport-t.build/Objects-normal/arm64_32/ExtractedAppShortcutsMetadata.stringsdata --source-file-list /Users/admin/builder/spi-builder-workspace/.derivedData/Build/Intermediates.noindex/AgentKitten.build/Debug-watchos/AgentKittenInferenceTestSupport-t.build/Objects-normal/arm64/AgentKittenInferenceTestSupport.SwiftFileList --source-file-list /Users/admin/builder/spi-builder-workspace/.derivedData/Build/Intermediates.noindex/AgentKitten.build/Debug-watchos/AgentKittenInferenceTestSupport-t.build/Objects-normal/arm64_32/AgentKittenInferenceTestSupport.SwiftFileList --metadata-file-list /Users/admin/builder/spi-builder-workspace/.derivedData/Build/Intermediates.noindex/AgentKitten.build/Debug-watchos/AgentKittenInferenceTestSupport-t.build/AgentKittenInferenceTestSupport.DependencyMetadataFileList --static-metadata-file-list /Users/admin/builder/spi-builder-workspace/.derivedData/Build/Intermediates.noindex/AgentKitten.build/Debug-watchos/AgentKittenInferenceTestSupport-t.build/AgentKittenInferenceTestSupport.DependencyStaticMetadataFileList --swift-const-vals-list /Users/admin/builder/spi-builder-workspace/.derivedData/Build/Intermediates.noindex/AgentKitten.build/Debug-watchos/AgentKittenInferenceTestSupport-t.build/Objects-normal/arm64/AgentKittenInferenceTestSupport.SwiftConstValuesFileList --swift-const-vals-list /Users/admin/builder/spi-builder-workspace/.derivedData/Build/Intermediates.noindex/AgentKitten.build/Debug-watchos/AgentKittenInferenceTestSupport-t.build/Objects-normal/arm64_32/AgentKittenInferenceTestSupport.SwiftConstValuesFileList --force --compile-time-extraction --deployment-aware-processing --no-app-shortcuts-localization
2026-09-25 09:02:28.771 appintentsmetadataprocessor[2088:12910] Starting appintentsmetadataprocessor export
2026-09-25 09:02:28.835 appintentsmetadataprocessor[2088:12910] Extracted no relevant App Intents symbols, skipping writing output
SwiftCompile normal arm64 Compiling\ resource_bundle_accessor.swift /Users/admin/builder/spi-builder-workspace/.derivedData/Build/Intermediates.noindex/AgentKitten.build/Debug-watchos/AgentKitten-t.build/DerivedSources/resource_bundle_accessor.swift (in target 'AgentKitten' from project 'AgentKitten')
SwiftCompile normal arm64 /Users/admin/builder/spi-builder-workspace/.derivedData/Build/Intermediates.noindex/AgentKitten.build/Debug-watchos/AgentKitten-t.build/DerivedSources/resource_bundle_accessor.swift (in target 'AgentKitten' from project 'AgentKitten')
cd /Users/admin/builder/spi-builder-workspace/.swiftpm/xcode
builtin-SwiftPerFileCompile resource_bundle_accessor.swift
SwiftEmitModule normal arm64 Emitting\ module\ for\ AgentKitten (in target 'AgentKitten' from project 'AgentKitten')
SwiftCompile normal arm64 (in target 'AgentKitten' from project 'AgentKitten')
cd /Users/admin/builder/spi-builder-workspace/.swiftpm/xcode
SwiftCompile normal arm64 Compiling\ AgentKitten.swift /Users/admin/builder/spi-builder-workspace/Sources/AgentKitten/AgentKitten.swift (in target 'AgentKitten' from project 'AgentKitten')
SwiftCompile normal arm64 (in target 'AgentKitten' from project 'AgentKitten')
cd /Users/admin/builder/spi-builder-workspace/.swiftpm/xcode
SwiftDriverJobDiscovery normal arm64 Compiling resource_bundle_accessor.swift (in target 'AgentKitten' from project 'AgentKitten')
SwiftDriverJobDiscovery normal arm64 Compiling AgentKitten.swift (in target 'AgentKitten' from project 'AgentKitten')
SwiftEmitModule normal arm64 Emitting\ module\ for\ AgentKittenAnthropicInference (in target 'AgentKittenAnthropicInference' from project 'AgentKitten')
SwiftCompile normal arm64 (in target 'AgentKittenAnthropicInference' from project 'AgentKitten')
cd /Users/admin/builder/spi-builder-workspace/.swiftpm/xcode
SwiftCompile normal arm64 Compiling\ InferenceProvider+Anthropic.swift /Users/admin/builder/spi-builder-workspace/Sources/AgentKittenAnthropicInference/InferenceProvider+Anthropic.swift (in target 'AgentKittenAnthropicInference' from project 'AgentKitten')
SwiftCompile normal arm64 /Users/admin/builder/spi-builder-workspace/Sources/AgentKittenAnthropicInference/InferenceProvider+Anthropic.swift (in target 'AgentKittenAnthropicInference' from project 'AgentKitten')
cd /Users/admin/builder/spi-builder-workspace/.swiftpm/xcode
builtin-SwiftPerFileCompile InferenceProvider+Anthropic.swift
SwiftCompile normal arm64 Compiling\ AnthropicModels.swift /Users/admin/builder/spi-builder-workspace/Sources/AgentKittenAnthropicInference/AnthropicModels.swift (in target 'AgentKittenAnthropicInference' from project 'AgentKitten')
SwiftCompile normal arm64 /Users/admin/builder/spi-builder-workspace/Sources/AgentKittenAnthropicInference/AnthropicModels.swift (in target 'AgentKittenAnthropicInference' from project 'AgentKitten')
cd /Users/admin/builder/spi-builder-workspace/.swiftpm/xcode
builtin-SwiftPerFileCompile AnthropicModels.swift
SwiftCompile normal arm64 Compiling\ AnthropicHTTPClient.swift,\ AnthropicInferenceProvider.swift /Users/admin/builder/spi-builder-workspace/Sources/AgentKittenAnthropicInference/AnthropicHTTPClient.swift /Users/admin/builder/spi-builder-workspace/Sources/AgentKittenAnthropicInference/AnthropicInferenceProvider.swift (in target 'AgentKittenAnthropicInference' from project 'AgentKitten')
SwiftCompile normal arm64 /Users/admin/builder/spi-builder-workspace/Sources/AgentKittenAnthropicInference/AnthropicHTTPClient.swift (in target 'AgentKittenAnthropicInference' from project 'AgentKitten')
cd /Users/admin/builder/spi-builder-workspace/.swiftpm/xcode
builtin-SwiftPerFileCompile AnthropicHTTPClient.swift
SwiftCompile normal arm64 /Users/admin/builder/spi-builder-workspace/Sources/AgentKittenAnthropicInference/AnthropicInferenceProvider.swift (in target 'AgentKittenAnthropicInference' from project 'AgentKitten')
cd /Users/admin/builder/spi-builder-workspace/.swiftpm/xcode
builtin-SwiftPerFileCompile AnthropicInferenceProvider.swift
SwiftCompile normal arm64 Compiling\ AnthropicInferenceSession+Compaction.swift,\ AnthropicInferenceSession+Context.swift /Users/admin/builder/spi-builder-workspace/Sources/AgentKittenAnthropicInference/AnthropicInferenceSession+Compaction.swift /Users/admin/builder/spi-builder-workspace/Sources/AgentKittenAnthropicInference/AnthropicInferenceSession+Context.swift (in target 'AgentKittenAnthropicInference' from project 'AgentKitten')
SwiftCompile normal arm64 /Users/admin/builder/spi-builder-workspace/Sources/AgentKittenAnthropicInference/AnthropicInferenceSession+Compaction.swift (in target 'AgentKittenAnthropicInference' from project 'AgentKitten')
cd /Users/admin/builder/spi-builder-workspace/.swiftpm/xcode
builtin-SwiftPerFileCompile AnthropicInferenceSession+Compaction.swift
SwiftCompile normal arm64 /Users/admin/builder/spi-builder-workspace/Sources/AgentKittenAnthropicInference/AnthropicInferenceSession+Context.swift (in target 'AgentKittenAnthropicInference' from project 'AgentKitten')
cd /Users/admin/builder/spi-builder-workspace/.swiftpm/xcode
builtin-SwiftPerFileCompile AnthropicInferenceSession+Context.swift
SwiftCompile normal arm64 Compiling\ AnthropicModelConfiguration.swift /Users/admin/builder/spi-builder-workspace/Sources/AgentKittenAnthropicInference/AnthropicModelConfiguration.swift (in target 'AgentKittenAnthropicInference' from project 'AgentKitten')
SwiftCompile normal arm64 /Users/admin/builder/spi-builder-workspace/Sources/AgentKittenAnthropicInference/AnthropicModelConfiguration.swift (in target 'AgentKittenAnthropicInference' from project 'AgentKitten')
cd /Users/admin/builder/spi-builder-workspace/.swiftpm/xcode
builtin-SwiftPerFileCompile AnthropicModelConfiguration.swift
SwiftEmitModule normal arm64_32 Emitting\ module\ for\ AgentKittenAppleInference (in target 'AgentKittenAppleInference' from project 'AgentKitten')
/Users/admin/builder/spi-builder-workspace/Sources/AgentKittenAppleInference/AppleBridgedTool.swift:78:27: error: 'GeneratedContent' is only available in watchOS 27.0 or newer
75 | /// human-readable explanation.
76 | @available(macOS 26, iOS 26, visionOS 26, macCatalyst 26, *)
77 | struct AppleBridgedTool: Tool {
| `- note: add '@available' attribute to enclosing struct
78 | typealias Arguments = GeneratedContent
| | `- error: 'GeneratedContent' is only available in watchOS 27.0 or newer
| `- note: add '@available' attribute to enclosing type alias
79 | typealias Output = String
80 |
/Users/admin/builder/spi-builder-workspace/Sources/AgentKittenAppleInference/AppleBridgedTool.swift:83:21: error: 'GenerationSchema' is only available in watchOS 27.0 or newer
75 | /// human-readable explanation.
76 | @available(macOS 26, iOS 26, visionOS 26, macCatalyst 26, *)
77 | struct AppleBridgedTool: Tool {
| `- note: add '@available' attribute to enclosing struct
78 | typealias Arguments = GeneratedContent
79 | typealias Output = String
:
81 | let name: String
82 | let description: String
83 | let parameters: GenerationSchema
| `- error: 'GenerationSchema' is only available in watchOS 27.0 or newer
84 |
85 | private let agentTool: AnyAgentTool
/Users/admin/builder/spi-builder-workspace/Sources/AgentKittenAppleInference/AppleBridgedTool.swift:112:26: error: 'GeneratedContent' is only available in watchOS 27.0 or newer
75 | /// human-readable explanation.
76 | @available(macOS 26, iOS 26, visionOS 26, macCatalyst 26, *)
77 | struct AppleBridgedTool: Tool {
| `- note: add '@available' attribute to enclosing struct
78 | typealias Arguments = GeneratedContent
79 | typealias Output = String
:
110 | }
111 |
112 | func call(arguments: GeneratedContent) async throws -> String {
| | `- error: 'GeneratedContent' is only available in watchOS 27.0 or newer
| `- note: add '@available' attribute to enclosing instance method
113 | let callID = UUID().uuidString
114 | let (rationale, argumentsJSON) = ToolRationale.extracting(from: arguments.jsonString)
/Users/admin/builder/spi-builder-workspace/Sources/AgentKittenAppleInference/AppleInferenceProvider.swift:32:30: error: 'SystemLanguageModel' is unavailable in watchOS
30 | @available(macOS 26, iOS 26, visionOS 26, macCatalyst 26, *)
31 | extension AppleLanguageModel {
32 | var systemLanguageModel: SystemLanguageModel {
| `- error: 'SystemLanguageModel' is unavailable in watchOS
33 | switch self {
34 | case .default:
FoundationModels.SystemLanguageModel:4:20: note: 'SystemLanguageModel' has been explicitly marked unavailable here
2 | @available(tvOS, unavailable)
3 | @available(watchOS, unavailable)
4 | final public class SystemLanguageModel : Sendable {
| `- note: 'SystemLanguageModel' has been explicitly marked unavailable here
5 | @objc deinit
6 | }
/Users/admin/builder/spi-builder-workspace/Sources/AgentKittenAppleInference/AppleInferenceSession+Compaction.swift:52:43: error: 'Transcript' is only available in watchOS 27.0 or newer
48 |
49 | @available(macOS 26, iOS 26, visionOS 26, macCatalyst 26, *)
50 | extension AppleInferenceSession {
| `- note: add '@available' attribute to enclosing extension
51 | static func compactableEntries(
| `- note: add '@available' attribute to enclosing static method
52 | from transcript: FoundationModels.Transcript,
| `- error: 'Transcript' is only available in watchOS 27.0 or newer
53 | ) -> [FoundationModels.Transcript.Entry] {
54 | Array(transcript).filter {
/Users/admin/builder/spi-builder-workspace/Sources/AgentKittenAppleInference/AppleInferenceSession+Compaction.swift:53:28: error: 'Transcript' is only available in watchOS 27.0 or newer
48 |
49 | @available(macOS 26, iOS 26, visionOS 26, macCatalyst 26, *)
50 | extension AppleInferenceSession {
| `- note: add '@available' attribute to enclosing extension
51 | static func compactableEntries(
| `- note: add '@available' attribute to enclosing static method
52 | from transcript: FoundationModels.Transcript,
53 | ) -> [FoundationModels.Transcript.Entry] {
| `- error: 'Transcript' is only available in watchOS 27.0 or newer
54 | Array(transcript).filter {
55 | if case .instructions = $0 { false } else { true }
/Users/admin/builder/spi-builder-workspace/Sources/AgentKittenAppleInference/AppleInferenceSession+Compaction.swift:59:65: error: 'Transcript' is only available in watchOS 27.0 or newer
48 |
49 | @available(macOS 26, iOS 26, visionOS 26, macCatalyst 26, *)
50 | extension AppleInferenceSession {
| `- note: add '@available' attribute to enclosing extension
51 | static func compactableEntries(
52 | from transcript: FoundationModels.Transcript,
:
57 | }
58 |
59 | private static func isTurnStarter(_ entry: FoundationModels.Transcript.Entry) -> Bool {
| | `- error: 'Transcript' is only available in watchOS 27.0 or newer
| `- note: add '@available' attribute to enclosing static method
60 | if case .prompt = entry { return true }
61 | return false
/Users/admin/builder/spi-builder-workspace/Sources/AgentKittenAppleInference/AppleInferenceSession+Compaction.swift:64:46: error: 'Transcript' is only available in watchOS 27.0 or newer
48 |
49 | @available(macOS 26, iOS 26, visionOS 26, macCatalyst 26, *)
50 | extension AppleInferenceSession {
| `- note: add '@available' attribute to enclosing extension
51 | static func compactableEntries(
52 | from transcript: FoundationModels.Transcript,
:
62 | }
63 |
64 | func render(_ entries: [FoundationModels.Transcript.Entry]) -> String {
| | `- error: 'Transcript' is only available in watchOS 27.0 or newer
| `- note: add '@available' attribute to enclosing instance method
65 | entries.compactMap { entry in
66 | let rendered = render(entry)
/Users/admin/builder/spi-builder-workspace/Sources/AgentKittenAppleInference/AppleInferenceSession+Compaction.swift:71:51: error: 'Transcript' is only available in watchOS 27.0 or newer
48 |
49 | @available(macOS 26, iOS 26, visionOS 26, macCatalyst 26, *)
50 | extension AppleInferenceSession {
| `- note: add '@available' attribute to enclosing extension
51 | static func compactableEntries(
52 | from transcript: FoundationModels.Transcript,
:
69 | }
70 |
71 | private func render(_ entry: FoundationModels.Transcript.Entry) -> String {
| | `- error: 'Transcript' is only available in watchOS 27.0 or newer
| `- note: add '@available' attribute to enclosing instance method
72 | switch entry {
73 | case .instructions:
/Users/admin/builder/spi-builder-workspace/Sources/AgentKittenAppleInference/AppleInferenceSession+Compaction.swift:92:70: error: 'Transcript' is only available in watchOS 27.0 or newer
48 |
49 | @available(macOS 26, iOS 26, visionOS 26, macCatalyst 26, *)
50 | extension AppleInferenceSession {
| `- note: add '@available' attribute to enclosing extension
51 | static func compactableEntries(
52 | from transcript: FoundationModels.Transcript,
:
90 | }
91 |
92 | private static func renderSegments(_ segments: [FoundationModels.Transcript.Segment]) -> String {
| | `- error: 'Transcript' is only available in watchOS 27.0 or newer
| `- note: add '@available' attribute to enclosing static method
93 | segments.compactMap { segment -> String? in
94 | switch segment {
/Users/admin/builder/spi-builder-workspace/Sources/AgentKittenAppleInference/AppleInferenceSession+Compaction.swift:105:73: error: 'Transcript' is only available in watchOS 27.0 or newer
48 |
49 | @available(macOS 26, iOS 26, visionOS 26, macCatalyst 26, *)
50 | extension AppleInferenceSession {
| `- note: add '@available' attribute to enclosing extension
51 | static func compactableEntries(
52 | from transcript: FoundationModels.Transcript,
:
103 | }
104 |
105 | private func summaryEntries(_ summary: String) -> [FoundationModels.Transcript.Entry] {
| | `- error: 'Transcript' is only available in watchOS 27.0 or newer
| `- note: add '@available' attribute to enclosing instance method
106 | [
107 | .prompt(FoundationModels.Transcript.Prompt(segments: [
/Users/admin/builder/spi-builder-workspace/Sources/AgentKittenAppleInference/AppleInferenceSession+Compaction.swift:117:40: error: 'Transcript' is only available in watchOS 27.0 or newer
48 |
49 | @available(macOS 26, iOS 26, visionOS 26, macCatalyst 26, *)
50 | extension AppleInferenceSession {
| `- note: add '@available' attribute to enclosing extension
51 | static func compactableEntries(
52 | from transcript: FoundationModels.Transcript,
:
114 | }
115 |
116 | static func contextUsage(
| `- note: add '@available' attribute to enclosing static method
117 | for entries: [FoundationModels.Transcript.Entry],
| `- error: 'Transcript' is only available in watchOS 27.0 or newer
118 | model: SystemLanguageModel,
119 | ) async throws -> ContextUsage {
/Users/admin/builder/spi-builder-workspace/Sources/AgentKittenAppleInference/AppleInferenceSession+Compaction.swift:118:16: error: 'SystemLanguageModel' is unavailable in watchOS
116 | static func contextUsage(
117 | for entries: [FoundationModels.Transcript.Entry],
118 | model: SystemLanguageModel,
| `- error: 'SystemLanguageModel' is unavailable in watchOS
119 | ) async throws -> ContextUsage {
120 | guard #available(macOS 26.4, iOS 26.4, visionOS 26.4, macCatalyst 26.4, *) else {
FoundationModels.SystemLanguageModel:4:20: note: 'SystemLanguageModel' has been explicitly marked unavailable here
2 | @available(tvOS, unavailable)
3 | @available(watchOS, unavailable)
4 | final public class SystemLanguageModel : Sendable {
| `- note: 'SystemLanguageModel' has been explicitly marked unavailable here
5 | @objc deinit
6 | }
/Users/admin/builder/spi-builder-workspace/Sources/AgentKittenAppleInference/AppleInferenceSession.swift:36:26: error: 'LanguageModelSession' is only available in watchOS 27.0 or newer
33 | /// rather than after the full turn completes.
34 | @available(macOS 26, iOS 26, visionOS 26, macCatalyst 26, *)
35 | public actor AppleInferenceSession: InferenceSession {
| `- note: add '@available' attribute to enclosing actor
36 | var languageSession: LanguageModelSession
| `- error: 'LanguageModelSession' is only available in watchOS 27.0 or newer
37 | let model: SystemLanguageModel
38 | let eventRelay: ToolEventRelay
/Users/admin/builder/spi-builder-workspace/Sources/AgentKittenAppleInference/AppleInferenceSession.swift:37:16: error: 'SystemLanguageModel' is unavailable in watchOS
35 | public actor AppleInferenceSession: InferenceSession {
36 | var languageSession: LanguageModelSession
37 | let model: SystemLanguageModel
| `- error: 'SystemLanguageModel' is unavailable in watchOS
38 | let eventRelay: ToolEventRelay
39 | let toolRuntime: ToolRuntime
FoundationModels.SystemLanguageModel:4:20: note: 'SystemLanguageModel' has been explicitly marked unavailable here
2 | @available(tvOS, unavailable)
3 | @available(watchOS, unavailable)
4 | final public class SystemLanguageModel : Sendable {
| `- note: 'SystemLanguageModel' has been explicitly marked unavailable here
5 | @objc deinit
6 | }
/Users/admin/builder/spi-builder-workspace/Sources/AgentKittenAppleInference/AppleInferenceSession.swift:41:28: error: 'Tool' is only available in watchOS 27.0 or newer
33 | /// rather than after the full turn completes.
34 | @available(macOS 26, iOS 26, visionOS 26, macCatalyst 26, *)
35 | public actor AppleInferenceSession: InferenceSession {
| `- note: add '@available' attribute to enclosing actor
36 | var languageSession: LanguageModelSession
37 | let model: SystemLanguageModel
:
39 | let toolRuntime: ToolRuntime
40 | let toolBridgeRuntime: AppleToolBridgeRuntime
41 | let bridgedTools: [any Tool]
| `- error: 'Tool' is only available in watchOS 27.0 or newer
42 | let historyRenderingConfiguration: HistoryRenderingConfiguration
43 | let operationGate = SingleFlightOperationGate<InferenceSessionOperationKind> {
/Users/admin/builder/spi-builder-workspace/Sources/AgentKittenAppleInference/AppleInferenceSession.swift:56:16: error: 'SystemLanguageModel' is unavailable in watchOS
54 | init(
55 | systemPrompt: String?,
56 | model: SystemLanguageModel,
| `- error: 'SystemLanguageModel' is unavailable in watchOS
57 | toolRuntime: ToolRuntime,
58 | toolSelection: ToolSelection,
FoundationModels.SystemLanguageModel:4:20: note: 'SystemLanguageModel' has been explicitly marked unavailable here
2 | @available(tvOS, unavailable)
3 | @available(watchOS, unavailable)
4 | final public class SystemLanguageModel : Sendable {
| `- note: 'SystemLanguageModel' has been explicitly marked unavailable here
5 | @objc deinit
6 | }
/Users/admin/builder/spi-builder-workspace/Sources/AgentKittenAppleInference/AppleInferenceSession.swift:89:38: error: 'Transcript' is only available in watchOS 27.0 or newer
33 | /// rather than after the full turn completes.
34 | @available(macOS 26, iOS 26, visionOS 26, macCatalyst 26, *)
35 | public actor AppleInferenceSession: InferenceSession {
| `- note: add '@available' attribute to enclosing actor
36 | var languageSession: LanguageModelSession
37 | let model: SystemLanguageModel
:
86 | /// prompt is carried forward within the transcript by Foundation Models; no separate
87 | /// `instructions:` parameter is accepted by this `LanguageModelSession` initializer.
88 | init(
| `- note: add '@available' attribute to enclosing initializer
89 | transcript: FoundationModels.Transcript,
| `- error: 'Transcript' is only available in watchOS 27.0 or newer
90 | model: SystemLanguageModel,
91 | toolRuntime: ToolRuntime,
/Users/admin/builder/spi-builder-workspace/Sources/AgentKittenAppleInference/AppleInferenceSession.swift:90:16: error: 'SystemLanguageModel' is unavailable in watchOS
88 | init(
89 | transcript: FoundationModels.Transcript,
90 | model: SystemLanguageModel,
| `- error: 'SystemLanguageModel' is unavailable in watchOS
91 | toolRuntime: ToolRuntime,
92 | toolSelection: ToolSelection,
FoundationModels.SystemLanguageModel:4:20: note: 'SystemLanguageModel' has been explicitly marked unavailable here
2 | @available(tvOS, unavailable)
3 | @available(watchOS, unavailable)
4 | final public class SystemLanguageModel : Sendable {
| `- note: 'SystemLanguageModel' has been explicitly marked unavailable here
5 | @objc deinit
6 | }
/Users/admin/builder/spi-builder-workspace/Sources/AgentKittenAppleInference/AppleInferenceSession.swift:113:50: error: 'Transcript' is only available in watchOS 27.0 or newer
33 | /// rather than after the full turn completes.
34 | @available(macOS 26, iOS 26, visionOS 26, macCatalyst 26, *)
35 | public actor AppleInferenceSession: InferenceSession {
| `- note: add '@available' attribute to enclosing actor
36 | var languageSession: LanguageModelSession
37 | let model: SystemLanguageModel
:
111 |
112 | /// Returns the current turn transcript, captured under actor isolation.
113 | func captureTranscript() -> FoundationModels.Transcript {
| | `- error: 'Transcript' is only available in watchOS 27.0 or newer
| `- note: add '@available' attribute to enclosing instance method
114 | languageSession.transcript
115 | }
/Users/admin/builder/spi-builder-workspace/Sources/AgentKittenAppleInference/AppleInferenceSession.swift:117:59: error: 'Transcript' is only available in watchOS 27.0 or newer
33 | /// rather than after the full turn completes.
34 | @available(macOS 26, iOS 26, visionOS 26, macCatalyst 26, *)
35 | public actor AppleInferenceSession: InferenceSession {
| `- note: add '@available' attribute to enclosing actor
36 | var languageSession: LanguageModelSession
37 | let model: SystemLanguageModel
:
115 | }
116 |
117 | func replaceTranscript(_ transcript: FoundationModels.Transcript) {
| | `- error: 'Transcript' is only available in watchOS 27.0 or newer
| `- note: add '@available' attribute to enclosing instance method
118 | languageSession = LanguageModelSession(
119 | model: model,
/Users/admin/builder/spi-builder-workspace/Sources/AgentKittenAppleInference/AppleInferenceSession.swift:130:15: error: 'Tool' is only available in watchOS 27.0 or newer
33 | /// rather than after the full turn completes.
34 | @available(macOS 26, iOS 26, visionOS 26, macCatalyst 26, *)
35 | public actor AppleInferenceSession: InferenceSession {
| `- note: add '@available' attribute to enclosing actor
36 | var languageSession: LanguageModelSession
37 | let model: SystemLanguageModel
:
123 | }
124 |
125 | private static func bridgeTools(
| `- note: add '@available' attribute to enclosing static method
126 | toolRuntime: ToolRuntime,
127 | toolSelection: ToolSelection,
128 | toolBridgeRuntime: AppleToolBridgeRuntime,
129 | eventRelay: ToolEventRelay,
130 | ) -> [any Tool] {
| `- error: 'Tool' is only available in watchOS 27.0 or newer
131 | let selectedTools = toolRuntime.tools(matching: toolSelection)
132 | let bridged: [any Tool] = selectedTools
/Users/admin/builder/spi-builder-workspace/Sources/AgentKittenAppleInference/AppleInferenceSession.swift:162:16: error: 'SystemLanguageModel' is unavailable in watchOS
160 | private static func makeLanguageSession(
161 | systemPrompt: String?,
162 | model: SystemLanguageModel,
| `- error: 'SystemLanguageModel' is unavailable in watchOS
163 | bridgedTools: [any Tool],
164 | ) -> LanguageModelSession {
FoundationModels.SystemLanguageModel:4:20: note: 'SystemLanguageModel' has been explicitly marked unavailable here
2 | @available(tvOS, unavailable)
3 | @available(watchOS, unavailable)
4 | final public class SystemLanguageModel : Sendable {
| `- note: 'SystemLanguageModel' has been explicitly marked unavailable here
5 | @objc deinit
6 | }
/Users/admin/builder/spi-builder-workspace/Sources/AgentKittenAppleInference/AppleInferenceSession.swift:163:28: error: 'Tool' is only available in watchOS 27.0 or newer
33 | /// rather than after the full turn completes.
34 | @available(macOS 26, iOS 26, visionOS 26, macCatalyst 26, *)
35 | public actor AppleInferenceSession: InferenceSession {
| `- note: add '@available' attribute to enclosing actor
36 | var languageSession: LanguageModelSession
37 | let model: SystemLanguageModel
:
158 | }
159 |
160 | private static func makeLanguageSession(
| `- note: add '@available' attribute to enclosing static method
161 | systemPrompt: String?,
162 | model: SystemLanguageModel,
163 | bridgedTools: [any Tool],
| `- error: 'Tool' is only available in watchOS 27.0 or newer
164 | ) -> LanguageModelSession {
165 | if bridgedTools.isEmpty {
/Users/admin/builder/spi-builder-workspace/Sources/AgentKittenAppleInference/AppleInferenceSession.swift:164:10: error: 'LanguageModelSession' is only available in watchOS 27.0 or newer
33 | /// rather than after the full turn completes.
34 | @available(macOS 26, iOS 26, visionOS 26, macCatalyst 26, *)
35 | public actor AppleInferenceSession: InferenceSession {
| `- note: add '@available' attribute to enclosing actor
36 | var languageSession: LanguageModelSession
37 | let model: SystemLanguageModel
:
158 | }
159 |
160 | private static func makeLanguageSession(
| `- note: add '@available' attribute to enclosing static method
161 | systemPrompt: String?,
162 | model: SystemLanguageModel,
163 | bridgedTools: [any Tool],
164 | ) -> LanguageModelSession {
| `- error: 'LanguageModelSession' is only available in watchOS 27.0 or newer
165 | if bridgedTools.isEmpty {
166 | if let prompt = systemPrompt {
/Users/admin/builder/spi-builder-workspace/Sources/AgentKittenAppleInference/AppleInferenceSession.swift:230:18: error: 'GenerationOptions' is only available in watchOS 27.0 or newer
33 | /// rather than after the full turn completes.
34 | @available(macOS 26, iOS 26, visionOS 26, macCatalyst 26, *)
35 | public actor AppleInferenceSession: InferenceSession {
| `- note: add '@available' attribute to enclosing actor
36 | var languageSession: LanguageModelSession
37 | let model: SystemLanguageModel
:
226 | }
227 |
228 | private func runGeneration(
| `- note: add '@available' attribute to enclosing instance method
229 | prompt: String,
230 | options: GenerationOptions,
| `- error: 'GenerationOptions' is only available in watchOS 27.0 or newer
231 | continuation: InferenceStream.Continuation,
232 | ) async {
/Users/admin/builder/spi-builder-workspace/Sources/AgentKittenAppleInference/AppleInferenceSession.swift:109:27: error: 'LanguageModelSession' is only available in watchOS 27.0 or newer
33 | /// rather than after the full turn completes.
34 | @available(macOS 26, iOS 26, visionOS 26, macCatalyst 26, *)
35 | public actor AppleInferenceSession: InferenceSession {
| `- note: add '@available' attribute to enclosing actor
36 | var languageSession: LanguageModelSession
37 | let model: SystemLanguageModel
:
86 | /// prompt is carried forward within the transcript by Foundation Models; no separate
87 | /// `instructions:` parameter is accepted by this `LanguageModelSession` initializer.
88 | init(
| `- note: add '@available' attribute to enclosing initializer
89 | transcript: FoundationModels.Transcript,
90 | model: SystemLanguageModel,
:
107 | bridgedTools = bridged
108 | self.model = model
109 | languageSession = LanguageModelSession(model: model, tools: bridged, transcript: transcript)
| |- error: 'LanguageModelSession' is only available in watchOS 27.0 or newer
| `- note: add 'if #available' version check
110 | }
111 |
/Users/admin/builder/spi-builder-workspace/Sources/AgentKittenAppleInference/AppleInferenceSession.swift:109:27: error: 'init(model:tools:transcript:)' is unavailable in watchOS
107 | bridgedTools = bridged
108 | self.model = model
109 | languageSession = LanguageModelSession(model: model, tools: bridged, transcript: transcript)
| `- error: 'init(model:tools:transcript:)' is unavailable in watchOS
110 | }
111 |
FoundationModels.LanguageModelSession.init:2:20: note: 'init(model:tools:transcript:)' has been explicitly marked unavailable here
1 | class LanguageModelSession {
2 | public convenience init(model: SystemLanguageModel = .default, tools: [any Tool] = [], transcript: Transcript)}
| `- note: 'init(model:tools:transcript:)' has been explicitly marked unavailable here
3 |
/Users/admin/builder/spi-builder-workspace/Sources/AgentKittenAppleInference/AppleStructuredInferenceSession.swift:57:17: error: 'GenerationSchema' is only available in watchOS 27.0 or newer
8 |
9 | @available(macOS 26, iOS 26, visionOS 26, macCatalyst 26, *)
10 | extension AppleInferenceSession: StructuredInferenceSession {
| `- note: add '@available' attribute to enclosing extension
11 | public func generateStream<T: Codable & Sendable & JSONSchemaProviding>(
12 | prompt: String,
:
53 | }
54 |
55 | private func makeStructuredSchema<T: JSONSchemaProviding>(
| `- note: add '@available' attribute to enclosing instance method
56 | _ type: T.Type,
57 | ) throws -> GenerationSchema {
| `- error: 'GenerationSchema' is only available in watchOS 27.0 or newer
58 | if let error = Self.availabilityError() {
59 | throw error
/Users/admin/builder/spi-builder-workspace/Sources/AgentKittenAppleInference/AppleStructuredInferenceSession.swift:71:17: error: 'GenerationSchema' is only available in watchOS 27.0 or newer
8 |
9 | @available(macOS 26, iOS 26, visionOS 26, macCatalyst 26, *)
10 | extension AppleInferenceSession: StructuredInferenceSession {
| `- note: add '@available' attribute to enclosing extension
11 | public func generateStream<T: Codable & Sendable & JSONSchemaProviding>(
12 | prompt: String,
:
67 | }
68 |
69 | private func respondStructured(
| `- note: add '@available' attribute to enclosing instance method
70 | prompt: String,
71 | schema: GenerationSchema,
| `- error: 'GenerationSchema' is only available in watchOS 27.0 or newer
72 | ) async throws -> String {
73 | let response = try await languageSession.respond(
/Users/admin/builder/spi-builder-workspace/Sources/AgentKittenAppleInference/JSONSchemaBridge.swift:27:87: error: 'GenerationSchema' is only available in watchOS 27.0 or newer
18 | /// has no native enum case.
19 | @available(macOS 26, iOS 26, visionOS 26, macCatalyst 26, *)
20 | extension ToolSchema {
| `- note: add '@available' attribute to enclosing extension
21 | /// Converts this tool schema to a ``GenerationSchema`` for use as `Tool.parameters`.
22 | ///
:
25 | /// - Throws: `GenerationSchema.SchemaError` if the schema graph is invalid
26 | /// (e.g. duplicate property names).
27 | func toGenerationSchema(toolName: String, rationaleDescription: String) throws -> GenerationSchema {
| | `- error: 'GenerationSchema' is only available in watchOS 27.0 or newer
| `- note: add '@available' attribute to enclosing instance method
28 | let root = parameters.injectingRationale(description: rationaleDescription)
29 | .toDynamicSchema(name: toolName + "Arguments")
/Users/admin/builder/spi-builder-workspace/Sources/AgentKittenAppleInference/JSONSchemaBridge.swift:37:43: error: 'DynamicGenerationSchema' is only available in watchOS 27.0 or newer
33 |
34 | @available(macOS 26, iOS 26, visionOS 26, macCatalyst 26, *)
35 | extension JSONSchema {
| `- note: add '@available' attribute to enclosing extension
36 | /// Recursively converts to a ``DynamicGenerationSchema``.
37 | func toDynamicSchema(name: String) -> DynamicGenerationSchema {
| | `- error: 'DynamicGenerationSchema' is only available in watchOS 27.0 or newer
| `- note: add '@available' attribute to enclosing instance method
38 | switch self {
39 | case .string:
Failed frontend command:
/Applications/Xcode-27.0.0-Release.Candidate.app/Contents/Developer/Toolchains/XcodeDefault.xctoolchain/usr/bin/swift-frontend -frontend -emit-module -experimental-skip-non-inlinable-function-bodies-without-types /Users/admin/builder/spi-builder-workspace/Sources/AgentKittenAppleInference/AppleBridgedTool.swift /Users/admin/builder/spi-builder-workspace/Sources/AgentKittenAppleInference/AppleInferenceProvider.swift /Users/admin/builder/spi-builder-workspace/Sources/AgentKittenAppleInference/AppleInferenceSession+Compaction.swift /Users/admin/builder/spi-builder-workspace/Sources/AgentKittenAppleInference/AppleInferenceSession.swift /Users/admin/builder/spi-builder-workspace/Sources/AgentKittenAppleInference/AppleStructuredInferenceSession.swift /Users/admin/builder/spi-builder-workspace/Sources/AgentKittenAppleInference/AppleToolResultSupport.swift /Users/admin/builder/spi-builder-workspace/Sources/AgentKittenAppleInference/InferenceProvider+Apple.swift /Users/admin/builder/spi-builder-workspace/Sources/AgentKittenAppleInference/JSONSchemaBridge.swift /Users/admin/builder/spi-builder-workspace/Sources/AgentKittenAppleInference/ToolEventRelay.swift -target arm64_32-apple-watchos11.0 -module-can-import-version FoundationModels 2.0.68.1 0 -disable-cross-import-overlay-search -load-resolved-plugin \#/Users/admin/builder/spi-builder-workspace/.derivedData/Build/Products/Debug/AgentKittenMacros\#AgentKittenMacros -load-resolved-plugin /Applications/Xcode-27.0.0-Release.Candidate.app/Contents/Developer/Platforms/WatchOS.platform/Developer/usr/lib/swift/host/plugins/libFoundationMacros.dylib\#/Applications/Xcode-27.0.0-Release.Candidate.app/Contents/Developer/Platforms/WatchOS.platform/Developer/usr/bin/swift-plugin-server\#FoundationMacros -load-resolved-plugin /Applications/Xcode-27.0.0-Release.Candidate.app/Contents/Developer/Platforms/WatchOS.platform/Developer/usr/lib/swift/host/plugins/libFoundationModelsMacros.dylib\#/Applications/Xcode-27.0.0-Release.Candidate.app/Contents/Developer/Platforms/WatchOS.platform/Developer/usr/bin/swift-plugin-server\#FoundationModelsMacros -load-resolved-plugin /Applications/Xcode-27.0.0-Release.Candidate.app/Contents/Developer/Platforms/WatchOS.platform/Developer/usr/lib/swift/host/plugins/libObservationMacros.dylib\#/Applications/Xcode-27.0.0-Release.Candidate.app/Contents/Developer/Platforms/WatchOS.platform/Developer/usr/bin/swift-plugin-server\#ObservationMacros -load-resolved-plugin /Applications/Xcode-27.0.0-Release.Candidate.app/Contents/Developer/Platforms/WatchOS.platform/Developer/usr/lib/swift/host/plugins/libSwiftMacros.dylib\#/Applications/Xcode-27.0.0-Release.Candidate.app/Contents/Developer/Platforms/WatchOS.platform/Developer/usr/bin/swift-plugin-server\#SwiftMacros -disable-implicit-swift-modules -Xcc -fno-implicit-modules -Xcc -fno-implicit-module-maps -explicit-swift-module-map-file /Users/admin/builder/spi-builder-workspace/.derivedData/Build/Intermediates.noindex/AgentKitten.build/Debug-watchos/AgentKittenAppleInference-t.build/Objects-normal/arm64_32/AgentKittenAppleInference-dependencies-1.json -enable-objc-interop -sdk /Applications/Xcode-27.0.0-Release.Candidate.app/Contents/Developer/Platforms/WatchOS.platform/Developer/SDKs/WatchOS27.0.sdk -I /Users/admin/builder/spi-builder-workspace/.derivedData/Build/Products/Debug-watchos -Isystem /Applications/Xcode-27.0.0-Release.Candidate.app/Contents/Developer/Platforms/WatchOS.platform/Developer/usr/lib -F /Users/admin/builder/spi-builder-workspace/.derivedData/Build/Products/Debug-watchos/PackageFrameworks -F /Users/admin/builder/spi-builder-workspace/.derivedData/Build/Products/Debug-watchos -F /Applications/Xcode-27.0.0-Release.Candidate.app/Contents/Developer/Platforms/WatchOS.platform/Developer/Library/Frameworks -F /Applications/Xcode-27.0.0-Release.Candidate.app/Contents/Developer/Platforms/WatchOS.platform/Developer/SDKs/WatchOS27.0.sdk/Developer/Library/Frameworks -module-cache-path /Users/admin/builder/spi-builder-workspace/.derivedData/Build/Intermediates.noindex/SwiftExplicitPrecompiledModules -no-color-diagnostics -Xcc -fno-color-diagnostics -enable-testing -g -debug-info-format\=dwarf -dwarf-version\=5 -profile-generate -profile-coverage-mapping -swift-version 6 -Onone -D SWIFT_PACKAGE -D DEBUG -D SWIFT_MODULE_RESOURCE_BUNDLE_UNAVAILABLE -D Xcode -serialize-debugging-options -load-plugin-executable /Users/admin/builder/spi-builder-workspace/.derivedData/Build/Products/Debug/AgentKittenMacros\#AgentKittenMacros -enable-experimental-feature DebugDescriptionMacro -empty-abi-descriptor -validate-clang-modules-once -clang-build-session-file /Users/admin/builder/spi-builder-workspace/.derivedData/ModuleCache.noindex/Session.modulevalidation -Xcc -working-directory -Xcc /Users/admin/builder/spi-builder-workspace/.swiftpm/xcode -enable-anonymous-context-mangled-names -file-compilation-dir /Users/admin/builder/spi-builder-workspace/.swiftpm/xcode -Xcc -D_LIBCPP_HARDENING_MODE\=_LIBCPP_HARDENING_MODE_DEBUG -Xcc -ivfsstatcache -Xcc /Users/admin/builder/spi-builder-workspace/.derivedData/SDKStatCaches.noindex/watchos27.0-24R360-e829b21a6f8c9b70876ba0858053c04477534ef55a1706bf4c1112bbb242f0a2.sdkstatcache -Xcc -fmodules-prune-interval\=86400 -Xcc -fmodules-prune-after\=345600 -Xcc -I/Users/admin/builder/spi-builder-workspace/.derivedData/Build/Products/Debug-watchos/include -Xcc -I/Users/admin/builder/spi-builder-workspace/.derivedData/Build/Intermediates.noindex/AgentKitten.build/Debug-watchos/AgentKittenAppleInference-t.build/DerivedSources-normal/arm64_32 -Xcc -I/Users/admin/builder/spi-builder-workspace/.derivedData/Build/Intermediates.noindex/AgentKitten.build/Debug-watchos/AgentKittenAppleInference-t.build/DerivedSources/arm64_32 -Xcc -I/Users/admin/builder/spi-builder-workspace/.derivedData/Build/Intermediates.noindex/AgentKitten.build/Debug-watchos/AgentKittenAppleInference-t.build/DerivedSources -Xcc -DSWIFT_PACKAGE -Xcc -DDEBUG\=1 -no-auto-bridging-header-chaining -module-name AgentKittenAppleInference -package-name spi_builder_workspace -const-gather-protocols-file /Users/admin/builder/spi-builder-workspace/.derivedData/Build/Intermediates.noindex/AgentKitten.build/Debug-watchos/AgentKittenAppleInference-t.build/Objects-normal/arm64_32/AgentKittenAppleInference_const_extract_protocols.json -disable-clang-spi -clang-target arm64_32-apple-watchos27.0 -target-sdk-version 27.0 -target-sdk-name watchos27.0 -in-process-plugin-server-path /Applications/Xcode-27.0.0-Release.Candidate.app/Contents/Developer/Toolchains/XcodeDefault.xctoolchain/usr/lib/swift/host/libSwiftInProcPluginServer.dylib -emit-module-doc-path /Users/admin/builder/spi-builder-workspace/.derivedData/Build/Intermediates.noindex/AgentKitten.build/Debug-watchos/AgentKittenAppleInference-t.build/Objects-normal/arm64_32/AgentKittenAppleInference.swiftdoc -emit-module-source-info-path /Users/admin/builder/spi-builder-workspace/.derivedData/Build/Intermediates.noindex/AgentKitten.build/Debug-watchos/AgentKittenAppleInference-t.build/Objects-normal/arm64_32/AgentKittenAppleInference.swiftsourceinfo -emit-objc-header-path /Users/admin/builder/spi-builder-workspace/.derivedData/Build/Intermediates.noindex/AgentKitten.build/Debug-watchos/AgentKittenAppleInference-t.build/Objects-normal/arm64_32/AgentKittenAppleInference-Swift.h -serialize-diagnostics-path /Users/admin/builder/spi-builder-workspace/.derivedData/Build/Intermediates.noindex/AgentKitten.build/Debug-watchos/AgentKittenAppleInference-t.build/Objects-normal/arm64_32/AgentKittenAppleInference-primary-emit-module.dia -emit-dependencies-path /Users/admin/builder/spi-builder-workspace/.derivedData/Build/Intermediates.noindex/AgentKitten.build/Debug-watchos/AgentKittenAppleInference-t.build/Objects-normal/arm64_32/AgentKittenAppleInference-primary-emit-module.d -parse-as-library -o /Users/admin/builder/spi-builder-workspace/.derivedData/Build/Intermediates.noindex/AgentKitten.build/Debug-watchos/AgentKittenAppleInference-t.build/Objects-normal/arm64_32/AgentKittenAppleInference.swiftmodule -emit-abi-descriptor-path /Users/admin/builder/spi-builder-workspace/.derivedData/Build/Intermediates.noindex/AgentKitten.build/Debug-watchos/AgentKittenAppleInference-t.build/Objects-normal/arm64_32/AgentKittenAppleInference.abi.json
SwiftCompile normal arm64_32 (in target 'AgentKittenAppleInference' from project 'AgentKitten')
cd /Users/admin/builder/spi-builder-workspace/.swiftpm/xcode
SwiftEmitModule normal arm64 Emitting\ module\ for\ AgentKittenAppleInference (in target 'AgentKittenAppleInference' from project 'AgentKitten')
/Users/admin/builder/spi-builder-workspace/Sources/AgentKittenAppleInference/AppleBridgedTool.swift:78:27: error: 'GeneratedContent' is only available in watchOS 27.0 or newer
75 | /// human-readable explanation.
76 | @available(macOS 26, iOS 26, visionOS 26, macCatalyst 26, *)
77 | struct AppleBridgedTool: Tool {
| `- note: add '@available' attribute to enclosing struct
78 | typealias Arguments = GeneratedContent
| | `- error: 'GeneratedContent' is only available in watchOS 27.0 or newer
| `- note: add '@available' attribute to enclosing type alias
79 | typealias Output = String
80 |
/Users/admin/builder/spi-builder-workspace/Sources/AgentKittenAppleInference/AppleBridgedTool.swift:83:21: error: 'GenerationSchema' is only available in watchOS 27.0 or newer
75 | /// human-readable explanation.
76 | @available(macOS 26, iOS 26, visionOS 26, macCatalyst 26, *)
77 | struct AppleBridgedTool: Tool {
| `- note: add '@available' attribute to enclosing struct
78 | typealias Arguments = GeneratedContent
79 | typealias Output = String
:
81 | let name: String
82 | let description: String
83 | let parameters: GenerationSchema
| `- error: 'GenerationSchema' is only available in watchOS 27.0 or newer
84 |
85 | private let agentTool: AnyAgentTool
/Users/admin/builder/spi-builder-workspace/Sources/AgentKittenAppleInference/AppleBridgedTool.swift:112:26: error: 'GeneratedContent' is only available in watchOS 27.0 or newer
75 | /// human-readable explanation.
76 | @available(macOS 26, iOS 26, visionOS 26, macCatalyst 26, *)
77 | struct AppleBridgedTool: Tool {
| `- note: add '@available' attribute to enclosing struct
78 | typealias Arguments = GeneratedContent
79 | typealias Output = String
:
110 | }
111 |
112 | func call(arguments: GeneratedContent) async throws -> String {
| | `- error: 'GeneratedContent' is only available in watchOS 27.0 or newer
| `- note: add '@available' attribute to enclosing instance method
113 | let callID = UUID().uuidString
114 | let (rationale, argumentsJSON) = ToolRationale.extracting(from: arguments.jsonString)
/Users/admin/builder/spi-builder-workspace/Sources/AgentKittenAppleInference/AppleInferenceProvider.swift:32:30: error: 'SystemLanguageModel' is unavailable in watchOS
30 | @available(macOS 26, iOS 26, visionOS 26, macCatalyst 26, *)
31 | extension AppleLanguageModel {
32 | var systemLanguageModel: SystemLanguageModel {
| `- error: 'SystemLanguageModel' is unavailable in watchOS
33 | switch self {
34 | case .default:
FoundationModels.SystemLanguageModel:4:20: note: 'SystemLanguageModel' has been explicitly marked unavailable here
2 | @available(tvOS, unavailable)
3 | @available(watchOS, unavailable)
4 | final public class SystemLanguageModel : Sendable {
| `- note: 'SystemLanguageModel' has been explicitly marked unavailable here
5 | @objc deinit
6 | }
/Users/admin/builder/spi-builder-workspace/Sources/AgentKittenAppleInference/AppleInferenceSession+Compaction.swift:52:43: error: 'Transcript' is only available in watchOS 27.0 or newer
48 |
49 | @available(macOS 26, iOS 26, visionOS 26, macCatalyst 26, *)
50 | extension AppleInferenceSession {
| `- note: add '@available' attribute to enclosing extension
51 | static func compactableEntries(
| `- note: add '@available' attribute to enclosing static method
52 | from transcript: FoundationModels.Transcript,
| `- error: 'Transcript' is only available in watchOS 27.0 or newer
53 | ) -> [FoundationModels.Transcript.Entry] {
54 | Array(transcript).filter {
/Users/admin/builder/spi-builder-workspace/Sources/AgentKittenAppleInference/AppleInferenceSession+Compaction.swift:53:28: error: 'Transcript' is only available in watchOS 27.0 or newer
48 |
49 | @available(macOS 26, iOS 26, visionOS 26, macCatalyst 26, *)
50 | extension AppleInferenceSession {
| `- note: add '@available' attribute to enclosing extension
51 | static func compactableEntries(
| `- note: add '@available' attribute to enclosing static method
52 | from transcript: FoundationModels.Transcript,
53 | ) -> [FoundationModels.Transcript.Entry] {
| `- error: 'Transcript' is only available in watchOS 27.0 or newer
54 | Array(transcript).filter {
55 | if case .instructions = $0 { false } else { true }
/Users/admin/builder/spi-builder-workspace/Sources/AgentKittenAppleInference/AppleInferenceSession+Compaction.swift:59:65: error: 'Transcript' is only available in watchOS 27.0 or newer
48 |
49 | @available(macOS 26, iOS 26, visionOS 26, macCatalyst 26, *)
50 | extension AppleInferenceSession {
| `- note: add '@available' attribute to enclosing extension
51 | static func compactableEntries(
52 | from transcript: FoundationModels.Transcript,
:
57 | }
58 |
59 | private static func isTurnStarter(_ entry: FoundationModels.Transcript.Entry) -> Bool {
| | `- error: 'Transcript' is only available in watchOS 27.0 or newer
| `- note: add '@available' attribute to enclosing static method
60 | if case .prompt = entry { return true }
61 | return false
/Users/admin/builder/spi-builder-workspace/Sources/AgentKittenAppleInference/AppleInferenceSession+Compaction.swift:64:46: error: 'Transcript' is only available in watchOS 27.0 or newer
48 |
49 | @available(macOS 26, iOS 26, visionOS 26, macCatalyst 26, *)
50 | extension AppleInferenceSession {
| `- note: add '@available' attribute to enclosing extension
51 | static func compactableEntries(
52 | from transcript: FoundationModels.Transcript,
:
62 | }
63 |
64 | func render(_ entries: [FoundationModels.Transcript.Entry]) -> String {
| | `- error: 'Transcript' is only available in watchOS 27.0 or newer
| `- note: add '@available' attribute to enclosing instance method
65 | entries.compactMap { entry in
66 | let rendered = render(entry)
/Users/admin/builder/spi-builder-workspace/Sources/AgentKittenAppleInference/AppleInferenceSession+Compaction.swift:71:51: error: 'Transcript' is only available in watchOS 27.0 or newer
48 |
49 | @available(macOS 26, iOS 26, visionOS 26, macCatalyst 26, *)
50 | extension AppleInferenceSession {
| `- note: add '@available' attribute to enclosing extension
51 | static func compactableEntries(
52 | from transcript: FoundationModels.Transcript,
:
69 | }
70 |
71 | private func render(_ entry: FoundationModels.Transcript.Entry) -> String {
| | `- error: 'Transcript' is only available in watchOS 27.0 or newer
| `- note: add '@available' attribute to enclosing instance method
72 | switch entry {
73 | case .instructions:
SwiftCompile normal arm64 (in target 'AgentKittenAppleInference' from project 'AgentKitten')
cd /Users/admin/builder/spi-builder-workspace/.swiftpm/xcode
SwiftEmitModule normal arm64_32 Emitting\ module\ for\ AgentKittenAnthropicInference (in target 'AgentKittenAnthropicInference' from project 'AgentKitten')
SwiftCompile normal arm64_32 (in target 'AgentKittenAnthropicInference' from project 'AgentKitten')
cd /Users/admin/builder/spi-builder-workspace/.swiftpm/xcode
SwiftEmitModule normal arm64_32 Emitting\ module\ for\ AgentKittenOpenAIInference (in target 'AgentKittenOpenAIInference' from project 'AgentKitten')
SwiftCompile normal arm64_32 (in target 'AgentKittenOpenAIInference' from project 'AgentKitten')
cd /Users/admin/builder/spi-builder-workspace/.swiftpm/xcode
SwiftEmitModule normal arm64 Emitting\ module\ for\ AgentKittenOpenAIInference (in target 'AgentKittenOpenAIInference' from project 'AgentKitten')
SwiftCompile normal arm64 (in target 'AgentKittenOpenAIInference' from project 'AgentKitten')
cd /Users/admin/builder/spi-builder-workspace/.swiftpm/xcode
SwiftDriverJobDiscovery normal arm64 Compiling InferenceProvider+Anthropic.swift (in target 'AgentKittenAnthropicInference' from project 'AgentKitten')
SwiftEmitModule normal arm64_32 Emitting\ module\ for\ AgentKitten (in target 'AgentKitten' from project 'AgentKitten')
SwiftCompile normal arm64_32 (in target 'AgentKitten' from project 'AgentKitten')
cd /Users/admin/builder/spi-builder-workspace/.swiftpm/xcode
SwiftDriverJobDiscovery normal arm64 Compiling AnthropicModelConfiguration.swift (in target 'AgentKittenAnthropicInference' from project 'AgentKitten')
SwiftCompile normal arm64_32 Compiling\ OpenAIModels.swift /Users/admin/builder/spi-builder-workspace/Sources/AgentKittenOpenAIInference/OpenAIModels.swift (in target 'AgentKittenOpenAIInference' from project 'AgentKitten')
SwiftCompile normal arm64_32 /Users/admin/builder/spi-builder-workspace/Sources/AgentKittenOpenAIInference/OpenAIModels.swift (in target 'AgentKittenOpenAIInference' from project 'AgentKitten')
cd /Users/admin/builder/spi-builder-workspace/.swiftpm/xcode
builtin-SwiftPerFileCompile OpenAIModels.swift
PruneExplicitPrecompiledModules /Users/admin/builder/spi-builder-workspace/.derivedData/Build/Intermediates.noindex/SwiftExplicitPrecompiledModules
PruneExplicitPrecompiledModules /Users/admin/builder/spi-builder-workspace/.derivedData/SDKExplicitPrecompiledModules
PruneExplicitPrecompiledModules /Users/admin/builder/spi-builder-workspace/.derivedData/Build/Intermediates.noindex/ExplicitPrecompiledModules
2026-09-25 09:02:26.489 xcodebuild[2017:12395] [MT] IDERunDestination: Supported platforms for the buildables in the current scheme is empty.
** BUILD FAILED **
The following build commands failed:
SwiftEmitModule normal arm64_32 Emitting\ module\ for\ AgentKittenAppleInference (in target 'AgentKittenAppleInference' from project 'AgentKitten')
SwiftCompile normal arm64_32 (in target 'AgentKittenAppleInference' from project 'AgentKitten')
Building workspace AgentKitten with scheme AgentKitten-Package
(3 failures)
BUILD FAILURE 6.4 watchOS