Build Information
Failed to build MapTilerWeather, reference 1.0.0 (ae2f82), with Swift 6.2 for watchOS using Xcode 26.3 on 23 Sep 2026 00:56:45 UTC.
Build Command
env DEVELOPER_DIR=/Applications/Xcode-26.3.0.app xcrun xcodebuild -IDEClonedSourcePackagesDirPathOverride=$PWD/.dependencies -skipMacroValidation -skipPackagePluginValidation -derivedDataPath $PWD/.derivedData build -scheme MapTilerWeather -destination generic/platform=watchOSBuild Log
========================================
RunAll
========================================
Builder version: 5.1.0
Interrupt handler set up.
========================================
Checkout
========================================
Clone URL: https://github.com/maptiler/maptiler-weather-swift.git
Reference: 1.0.0
Initialized empty Git repository in /Users/admin/builder/spi-builder-workspace/.git/
From https://github.com/maptiler/maptiler-weather-swift
* tag 1.0.0 -> FETCH_HEAD
HEAD is now at ae2f82a RD-2204: Update readme (#12)
Cloned https://github.com/maptiler/maptiler-weather-swift.git
Revision (git rev-parse @):
ae2f82afa17a60b86467ab48998d9afba50f7e6e
SUCCESS checkout https://github.com/maptiler/maptiler-weather-swift.git at 1.0.0
========================================
Build
========================================
Selected platform: watchOS
Swift version: 6.2
Building package at path: $PWD
https://github.com/maptiler/maptiler-weather-swift.git
Command line invocation:
/Applications/Xcode-26.3.0.app/Contents/Developer/usr/bin/xcodebuild -IDEClonedSourcePackagesDirPathOverride=/Users/admin/builder/spi-builder-workspace/.dependencies -resolvePackageDependencies
Resolve Package Graph
Fetching from https://github.com/maptiler/maptiler-sdk-swift.git
Creating working copy of package ‘maptiler-sdk-swift’
Checking out main (5f217f0) of package ‘maptiler-sdk-swift’
Resolve Package Graph
Resolved source packages:
MapTilerSDK: https://github.com/maptiler/maptiler-sdk-swift.git @ main (5f217f0)
MapTilerWeather: /Users/admin/builder/spi-builder-workspace
resolved source packages: MapTilerSDK, MapTilerWeather
2026-09-22 20:56:15.010 xcodebuild[538:3078] [MT] IDERunDestination: Supported platforms for the buildables in the current scheme is empty.
{
"dependencies" : [
{
"identity" : "maptiler-sdk-swift",
"requirement" : {
"branch" : [
"main"
]
},
"type" : "sourceControl",
"url" : "https://github.com/maptiler/maptiler-sdk-swift.git"
}
],
"manifest_display_name" : "MapTilerWeather",
"name" : "MapTilerWeather",
"path" : "/Users/admin/builder/spi-builder-workspace",
"platforms" : [
{
"name" : "ios",
"version" : "15.0"
}
],
"products" : [
{
"name" : "MapTilerWeather",
"targets" : [
"MapTilerWeather"
],
"type" : {
"library" : [
"automatic"
]
}
}
],
"targets" : [
{
"c99name" : "MapTilerWeatherTests",
"module_type" : "SwiftTarget",
"name" : "MapTilerWeatherTests",
"path" : "Tests/MapTilerWeatherTests",
"sources" : [
"MapTilerWeatherTests.swift",
"PerformanceTests.swift"
],
"target_dependencies" : [
"MapTilerWeather"
],
"type" : "test"
},
{
"c99name" : "MapTilerWeather",
"module_type" : "SwiftTarget",
"name" : "MapTilerWeather",
"path" : "Sources/MapTilerWeather",
"product_dependencies" : [
"MapTilerSDK"
],
"product_memberships" : [
"MapTilerWeather"
],
"resources" : [
{
"path" : "/Users/admin/builder/spi-builder-workspace/Sources/MapTilerWeather/Resources/maptiler-weather.js",
"rule" : {
"process" : {
}
}
},
{
"path" : "/Users/admin/builder/spi-builder-workspace/Sources/MapTilerWeather/Resources/maptiler-weather.umd.min.js.map",
"rule" : {
"process" : {
}
}
}
],
"sources" : [
"AddWeatherLayerCommand.swift",
"MTColoringFragment.swift",
"MTDecoderOptions.swift",
"MTIntensityLayer.swift",
"MTParticleLayer.swift",
"MTPrecipitationLayer.swift",
"MTPressureLayer.swift",
"MTRadarLayer.swift",
"MTTemperatureLayer.swift",
"MTTileLayer.swift",
"MTWeatherColorRamp.swift",
"MTWeatherColorRampPreset.swift",
"MTWeatherLayer.swift",
"MTWeatherLogger.swift",
"MTWindLayer.swift",
"MapTilerWeather.swift",
"MapTilerWeatherModule.swift",
"PickAtWeatherLayerCommand.swift",
"WeatherLayerMethodCommand.swift",
"WeatherLayerValueCommand.swift"
],
"type" : "library"
}
],
"tools_version" : "6.0"
}
{
"workspace" : {
"name" : "spi-builder-workspace",
"schemes" : [
"MapTilerWeather"
]
}
}
2026-09-22 20:56:33.272 xcodebuild[759:4556] [MT] IDERunDestination: Supported platforms for the buildables in the current scheme is empty.
Running build ...
env DEVELOPER_DIR=/Applications/Xcode-26.3.0.app xcrun xcodebuild -IDEClonedSourcePackagesDirPathOverride=$PWD/.dependencies -skipMacroValidation -skipPackagePluginValidation -derivedDataPath $PWD/.derivedData build -scheme MapTilerWeather -destination generic/platform=watchOS
Command line invocation:
/Applications/Xcode-26.3.0.app/Contents/Developer/usr/bin/xcodebuild -IDEClonedSourcePackagesDirPathOverride=/Users/admin/builder/spi-builder-workspace/.dependencies -skipMacroValidation -skipPackagePluginValidation -derivedDataPath /Users/admin/builder/spi-builder-workspace/.derivedData build -scheme MapTilerWeather -destination generic/platform=watchOS
Resolve Package Graph
Resolve Package Graph
Resolved source packages:
MapTilerWeather: /Users/admin/builder/spi-builder-workspace
MapTilerSDK: https://github.com/maptiler/maptiler-sdk-swift.git @ main (5f217f0)
ComputePackagePrebuildTargetDependencyGraph
Prepare packages
CreateBuildRequest
SendProjectDescription
CreateBuildOperation
ComputeTargetDependencyGraph
note: Building targets in dependency order
note: Target dependency graph (6 targets)
Target 'MapTilerWeather' in project 'MapTilerWeather'
➜ Explicit dependency on target 'MapTilerWeather' in project 'MapTilerWeather'
➜ Explicit dependency on target 'MapTilerWeather_MapTilerWeather' in project 'MapTilerWeather'
➜ Explicit dependency on target 'MapTilerSDK' in project 'MapTilerSDK'
Target 'MapTilerWeather' in project 'MapTilerWeather'
➜ Explicit dependency on target 'MapTilerWeather_MapTilerWeather' in project 'MapTilerWeather'
➜ Explicit dependency on target 'MapTilerSDK' in project 'MapTilerSDK'
Target 'MapTilerSDK' in project 'MapTilerSDK'
➜ Explicit dependency on target 'MapTilerSDK' in project 'MapTilerSDK'
➜ Explicit dependency on target 'MapTilerSDK_MapTilerSDK' in project 'MapTilerSDK'
Target 'MapTilerSDK' in project 'MapTilerSDK'
➜ Explicit dependency on target 'MapTilerSDK_MapTilerSDK' in project 'MapTilerSDK'
Target 'MapTilerSDK_MapTilerSDK' in project 'MapTilerSDK' (no dependencies)
Target 'MapTilerWeather_MapTilerWeather' in project 'MapTilerWeather' (no dependencies)
GatherProvisioningInputs
CreateBuildDescription
ExecuteExternalTool /Applications/Xcode-26.3.0.app/Contents/Developer/Toolchains/XcodeDefault.xctoolchain/usr/bin/clang -v -E -dM -isysroot /Applications/Xcode-26.3.0.app/Contents/Developer/Platforms/WatchOS.platform/Developer/SDKs/WatchOS26.2.sdk -x c -c /dev/null
ExecuteExternalTool /Applications/Xcode-26.3.0.app/Contents/Developer/Toolchains/XcodeDefault.xctoolchain/usr/bin/swiftc --version
ExecuteExternalTool /Applications/Xcode-26.3.0.app/Contents/Developer/Toolchains/XcodeDefault.xctoolchain/usr/bin/ld -version_details
Build description signature: 29bbcd1c65913d5f7291e20337fe7b59
Build description path: /Users/admin/builder/spi-builder-workspace/.derivedData/Build/Intermediates.noindex/XCBuildData/29bbcd1c65913d5f7291e20337fe7b59.xcbuilddata
ClangStatCache /Applications/Xcode-26.3.0.app/Contents/Developer/Toolchains/XcodeDefault.xctoolchain/usr/bin/clang-stat-cache /Applications/Xcode-26.3.0.app/Contents/Developer/Platforms/WatchOS.platform/Developer/SDKs/WatchOS26.2.sdk /Users/admin/builder/spi-builder-workspace/.derivedData/SDKStatCaches.noindex/watchos26.2-23S303-dc75598d0054f22ec865fa860f139d721753b489057de6bda919edfa1c59a62b.sdkstatcache
cd /Users/admin/builder/spi-builder-workspace/.swiftpm/xcode
/Applications/Xcode-26.3.0.app/Contents/Developer/Toolchains/XcodeDefault.xctoolchain/usr/bin/clang-stat-cache /Applications/Xcode-26.3.0.app/Contents/Developer/Platforms/WatchOS.platform/Developer/SDKs/WatchOS26.2.sdk -o /Users/admin/builder/spi-builder-workspace/.derivedData/SDKStatCaches.noindex/watchos26.2-23S303-dc75598d0054f22ec865fa860f139d721753b489057de6bda919edfa1c59a62b.sdkstatcache
CreateBuildDirectory /Users/admin/builder/spi-builder-workspace/.derivedData/Build/Products
cd /Users/admin/builder/spi-builder-workspace/.swiftpm/xcode
builtin-create-build-directory /Users/admin/builder/spi-builder-workspace/.derivedData/Build/Products
CreateBuildDirectory /Users/admin/builder/spi-builder-workspace/.derivedData/Build/Intermediates.noindex
cd /Users/admin/builder/spi-builder-workspace/.swiftpm/xcode
builtin-create-build-directory /Users/admin/builder/spi-builder-workspace/.derivedData/Build/Intermediates.noindex
CreateBuildDirectory /Users/admin/builder/spi-builder-workspace/.derivedData/Build/Intermediates.noindex/ExplicitPrecompiledModules
cd /Users/admin/builder/spi-builder-workspace/.swiftpm/xcode
builtin-create-build-directory /Users/admin/builder/spi-builder-workspace/.derivedData/Build/Intermediates.noindex/ExplicitPrecompiledModules
CreateBuildDirectory /Users/admin/builder/spi-builder-workspace/.derivedData/Build/Intermediates.noindex/SwiftExplicitPrecompiledModules
cd /Users/admin/builder/spi-builder-workspace/.swiftpm/xcode
builtin-create-build-directory /Users/admin/builder/spi-builder-workspace/.derivedData/Build/Intermediates.noindex/SwiftExplicitPrecompiledModules
CreateBuildDirectory /Users/admin/builder/spi-builder-workspace/.derivedData/Build/Products/Debug-watchos
cd /Users/admin/builder/spi-builder-workspace/.swiftpm/xcode
builtin-create-build-directory /Users/admin/builder/spi-builder-workspace/.derivedData/Build/Products/Debug-watchos
CreateBuildDirectory /Users/admin/builder/spi-builder-workspace/.derivedData/Build/Intermediates.noindex/EagerLinkingTBDs/Debug-watchos
cd /Users/admin/builder/spi-builder-workspace/.swiftpm/xcode
builtin-create-build-directory /Users/admin/builder/spi-builder-workspace/.derivedData/Build/Intermediates.noindex/EagerLinkingTBDs/Debug-watchos
CreateBuildDirectory /Users/admin/builder/spi-builder-workspace/.derivedData/Build/Products/Debug-watchos/PackageFrameworks
cd /Users/admin/builder/spi-builder-workspace/.swiftpm/xcode
builtin-create-build-directory /Users/admin/builder/spi-builder-workspace/.derivedData/Build/Products/Debug-watchos/PackageFrameworks
WriteAuxiliaryFile /Users/admin/builder/spi-builder-workspace/.derivedData/Build/Intermediates.noindex/MapTilerWeather.build/Debug-watchos/MapTilerWeather_MapTilerWeather.build/empty-MapTilerWeather_MapTilerWeather.plist (in target 'MapTilerWeather_MapTilerWeather' from project 'MapTilerWeather')
cd /Users/admin/builder/spi-builder-workspace
write-file /Users/admin/builder/spi-builder-workspace/.derivedData/Build/Intermediates.noindex/MapTilerWeather.build/Debug-watchos/MapTilerWeather_MapTilerWeather.build/empty-MapTilerWeather_MapTilerWeather.plist
WriteAuxiliaryFile /Users/admin/builder/spi-builder-workspace/.derivedData/Build/Intermediates.noindex/MapTilerWeather.build/Debug-watchos/MapTilerWeather_MapTilerWeather.build/MapTilerWeather_MapTilerWeather.DependencyStaticMetadataFileList (in target 'MapTilerWeather_MapTilerWeather' from project 'MapTilerWeather')
cd /Users/admin/builder/spi-builder-workspace
write-file /Users/admin/builder/spi-builder-workspace/.derivedData/Build/Intermediates.noindex/MapTilerWeather.build/Debug-watchos/MapTilerWeather_MapTilerWeather.build/MapTilerWeather_MapTilerWeather.DependencyStaticMetadataFileList
WriteAuxiliaryFile /Users/admin/builder/spi-builder-workspace/.derivedData/Build/Intermediates.noindex/MapTilerWeather.build/Debug-watchos/MapTilerWeather_MapTilerWeather.build/MapTilerWeather_MapTilerWeather.DependencyMetadataFileList (in target 'MapTilerWeather_MapTilerWeather' from project 'MapTilerWeather')
cd /Users/admin/builder/spi-builder-workspace
write-file /Users/admin/builder/spi-builder-workspace/.derivedData/Build/Intermediates.noindex/MapTilerWeather.build/Debug-watchos/MapTilerWeather_MapTilerWeather.build/MapTilerWeather_MapTilerWeather.DependencyMetadataFileList
WriteAuxiliaryFile /Users/admin/builder/spi-builder-workspace/.derivedData/Build/Intermediates.noindex/MapTilerWeather.build/Debug-watchos/MapTilerWeather.build/Objects-normal/armv7k/MapTilerWeather.LinkFileList (in target 'MapTilerWeather' from project 'MapTilerWeather')
cd /Users/admin/builder/spi-builder-workspace
write-file /Users/admin/builder/spi-builder-workspace/.derivedData/Build/Intermediates.noindex/MapTilerWeather.build/Debug-watchos/MapTilerWeather.build/Objects-normal/armv7k/MapTilerWeather.LinkFileList
WriteAuxiliaryFile /Users/admin/builder/spi-builder-workspace/.derivedData/Build/Intermediates.noindex/MapTilerWeather.build/Debug-watchos/MapTilerWeather.build/Objects-normal/armv7k/MapTilerWeather-OutputFileMap.json (in target 'MapTilerWeather' from project 'MapTilerWeather')
cd /Users/admin/builder/spi-builder-workspace
write-file /Users/admin/builder/spi-builder-workspace/.derivedData/Build/Intermediates.noindex/MapTilerWeather.build/Debug-watchos/MapTilerWeather.build/Objects-normal/armv7k/MapTilerWeather-OutputFileMap.json
WriteAuxiliaryFile /Users/admin/builder/spi-builder-workspace/.derivedData/Build/Intermediates.noindex/MapTilerWeather.build/Debug-watchos/MapTilerWeather.build/Objects-normal/armv7k/MapTilerWeather_const_extract_protocols.json (in target 'MapTilerWeather' from project 'MapTilerWeather')
cd /Users/admin/builder/spi-builder-workspace
write-file /Users/admin/builder/spi-builder-workspace/.derivedData/Build/Intermediates.noindex/MapTilerWeather.build/Debug-watchos/MapTilerWeather.build/Objects-normal/armv7k/MapTilerWeather_const_extract_protocols.json
WriteAuxiliaryFile /Users/admin/builder/spi-builder-workspace/.derivedData/Build/Intermediates.noindex/MapTilerWeather.build/Debug-watchos/MapTilerWeather.build/Objects-normal/armv7k/MapTilerWeather.SwiftFileList (in target 'MapTilerWeather' from project 'MapTilerWeather')
cd /Users/admin/builder/spi-builder-workspace
write-file /Users/admin/builder/spi-builder-workspace/.derivedData/Build/Intermediates.noindex/MapTilerWeather.build/Debug-watchos/MapTilerWeather.build/Objects-normal/armv7k/MapTilerWeather.SwiftFileList
WriteAuxiliaryFile /Users/admin/builder/spi-builder-workspace/.derivedData/Build/Intermediates.noindex/MapTilerWeather.build/Debug-watchos/MapTilerWeather.build/Objects-normal/armv7k/MapTilerWeather.SwiftConstValuesFileList (in target 'MapTilerWeather' from project 'MapTilerWeather')
cd /Users/admin/builder/spi-builder-workspace
write-file /Users/admin/builder/spi-builder-workspace/.derivedData/Build/Intermediates.noindex/MapTilerWeather.build/Debug-watchos/MapTilerWeather.build/Objects-normal/armv7k/MapTilerWeather.SwiftConstValuesFileList
WriteAuxiliaryFile /Users/admin/builder/spi-builder-workspace/.derivedData/Build/Intermediates.noindex/MapTilerWeather.build/Debug-watchos/MapTilerWeather.build/Objects-normal/arm64_32/MapTilerWeather_const_extract_protocols.json (in target 'MapTilerWeather' from project 'MapTilerWeather')
cd /Users/admin/builder/spi-builder-workspace
write-file /Users/admin/builder/spi-builder-workspace/.derivedData/Build/Intermediates.noindex/MapTilerWeather.build/Debug-watchos/MapTilerWeather.build/Objects-normal/arm64_32/MapTilerWeather_const_extract_protocols.json
WriteAuxiliaryFile /Users/admin/builder/spi-builder-workspace/.derivedData/Build/Intermediates.noindex/MapTilerWeather.build/Debug-watchos/MapTilerWeather.build/Objects-normal/arm64_32/MapTilerWeather.SwiftFileList (in target 'MapTilerWeather' from project 'MapTilerWeather')
cd /Users/admin/builder/spi-builder-workspace
write-file /Users/admin/builder/spi-builder-workspace/.derivedData/Build/Intermediates.noindex/MapTilerWeather.build/Debug-watchos/MapTilerWeather.build/Objects-normal/arm64_32/MapTilerWeather.SwiftFileList
WriteAuxiliaryFile /Users/admin/builder/spi-builder-workspace/.derivedData/Build/Intermediates.noindex/MapTilerWeather.build/Debug-watchos/MapTilerWeather.build/Objects-normal/arm64_32/MapTilerWeather.SwiftConstValuesFileList (in target 'MapTilerWeather' from project 'MapTilerWeather')
cd /Users/admin/builder/spi-builder-workspace
write-file /Users/admin/builder/spi-builder-workspace/.derivedData/Build/Intermediates.noindex/MapTilerWeather.build/Debug-watchos/MapTilerWeather.build/Objects-normal/arm64_32/MapTilerWeather.SwiftConstValuesFileList
WriteAuxiliaryFile /Users/admin/builder/spi-builder-workspace/.derivedData/Build/Intermediates.noindex/MapTilerWeather.build/Debug-watchos/MapTilerWeather.build/Objects-normal/arm64_32/MapTilerWeather.LinkFileList (in target 'MapTilerWeather' from project 'MapTilerWeather')
cd /Users/admin/builder/spi-builder-workspace
write-file /Users/admin/builder/spi-builder-workspace/.derivedData/Build/Intermediates.noindex/MapTilerWeather.build/Debug-watchos/MapTilerWeather.build/Objects-normal/arm64_32/MapTilerWeather.LinkFileList
WriteAuxiliaryFile /Users/admin/builder/spi-builder-workspace/.derivedData/Build/Intermediates.noindex/MapTilerWeather.build/Debug-watchos/MapTilerWeather.build/Objects-normal/arm64_32/MapTilerWeather-OutputFileMap.json (in target 'MapTilerWeather' from project 'MapTilerWeather')
cd /Users/admin/builder/spi-builder-workspace
write-file /Users/admin/builder/spi-builder-workspace/.derivedData/Build/Intermediates.noindex/MapTilerWeather.build/Debug-watchos/MapTilerWeather.build/Objects-normal/arm64_32/MapTilerWeather-OutputFileMap.json
WriteAuxiliaryFile /Users/admin/builder/spi-builder-workspace/.derivedData/Build/Intermediates.noindex/MapTilerWeather.build/Debug-watchos/MapTilerWeather.build/Objects-normal/arm64/MapTilerWeather.SwiftConstValuesFileList (in target 'MapTilerWeather' from project 'MapTilerWeather')
cd /Users/admin/builder/spi-builder-workspace
write-file /Users/admin/builder/spi-builder-workspace/.derivedData/Build/Intermediates.noindex/MapTilerWeather.build/Debug-watchos/MapTilerWeather.build/Objects-normal/arm64/MapTilerWeather.SwiftConstValuesFileList
WriteAuxiliaryFile /Users/admin/builder/spi-builder-workspace/.derivedData/Build/Intermediates.noindex/MapTilerWeather.build/Debug-watchos/MapTilerWeather.build/Objects-normal/arm64/MapTilerWeather.SwiftFileList (in target 'MapTilerWeather' from project 'MapTilerWeather')
cd /Users/admin/builder/spi-builder-workspace
write-file /Users/admin/builder/spi-builder-workspace/.derivedData/Build/Intermediates.noindex/MapTilerWeather.build/Debug-watchos/MapTilerWeather.build/Objects-normal/arm64/MapTilerWeather.SwiftFileList
WriteAuxiliaryFile /Users/admin/builder/spi-builder-workspace/.derivedData/Build/Intermediates.noindex/MapTilerWeather.build/Debug-watchos/MapTilerWeather.build/Objects-normal/arm64/MapTilerWeather_const_extract_protocols.json (in target 'MapTilerWeather' from project 'MapTilerWeather')
cd /Users/admin/builder/spi-builder-workspace
write-file /Users/admin/builder/spi-builder-workspace/.derivedData/Build/Intermediates.noindex/MapTilerWeather.build/Debug-watchos/MapTilerWeather.build/Objects-normal/arm64/MapTilerWeather_const_extract_protocols.json
WriteAuxiliaryFile /Users/admin/builder/spi-builder-workspace/.derivedData/Build/Intermediates.noindex/MapTilerWeather.build/Debug-watchos/MapTilerWeather.build/Objects-normal/arm64/MapTilerWeather.LinkFileList (in target 'MapTilerWeather' from project 'MapTilerWeather')
cd /Users/admin/builder/spi-builder-workspace
write-file /Users/admin/builder/spi-builder-workspace/.derivedData/Build/Intermediates.noindex/MapTilerWeather.build/Debug-watchos/MapTilerWeather.build/Objects-normal/arm64/MapTilerWeather.LinkFileList
WriteAuxiliaryFile /Users/admin/builder/spi-builder-workspace/.derivedData/Build/Intermediates.noindex/MapTilerWeather.build/Debug-watchos/MapTilerWeather.build/Objects-normal/arm64/MapTilerWeather-OutputFileMap.json (in target 'MapTilerWeather' from project 'MapTilerWeather')
cd /Users/admin/builder/spi-builder-workspace
write-file /Users/admin/builder/spi-builder-workspace/.derivedData/Build/Intermediates.noindex/MapTilerWeather.build/Debug-watchos/MapTilerWeather.build/Objects-normal/arm64/MapTilerWeather-OutputFileMap.json
WriteAuxiliaryFile /Users/admin/builder/spi-builder-workspace/.derivedData/Build/Intermediates.noindex/MapTilerWeather.build/Debug-watchos/MapTilerWeather.build/MapTilerWeather.modulemap (in target 'MapTilerWeather' from project 'MapTilerWeather')
cd /Users/admin/builder/spi-builder-workspace
write-file /Users/admin/builder/spi-builder-workspace/.derivedData/Build/Intermediates.noindex/MapTilerWeather.build/Debug-watchos/MapTilerWeather.build/MapTilerWeather.modulemap
WriteAuxiliaryFile /Users/admin/builder/spi-builder-workspace/.derivedData/Build/Intermediates.noindex/MapTilerWeather.build/Debug-watchos/MapTilerWeather.build/MapTilerWeather.DependencyStaticMetadataFileList (in target 'MapTilerWeather' from project 'MapTilerWeather')
cd /Users/admin/builder/spi-builder-workspace
write-file /Users/admin/builder/spi-builder-workspace/.derivedData/Build/Intermediates.noindex/MapTilerWeather.build/Debug-watchos/MapTilerWeather.build/MapTilerWeather.DependencyStaticMetadataFileList
WriteAuxiliaryFile /Users/admin/builder/spi-builder-workspace/.derivedData/Build/Intermediates.noindex/MapTilerWeather.build/Debug-watchos/MapTilerWeather.build/MapTilerWeather.DependencyMetadataFileList (in target 'MapTilerWeather' from project 'MapTilerWeather')
cd /Users/admin/builder/spi-builder-workspace
write-file /Users/admin/builder/spi-builder-workspace/.derivedData/Build/Intermediates.noindex/MapTilerWeather.build/Debug-watchos/MapTilerWeather.build/MapTilerWeather.DependencyMetadataFileList
WriteAuxiliaryFile /Users/admin/builder/spi-builder-workspace/.derivedData/Build/Intermediates.noindex/MapTilerWeather.build/Debug-watchos/MapTilerWeather.build/DerivedSources/resource_bundle_accessor.swift (in target 'MapTilerWeather' from project 'MapTilerWeather')
cd /Users/admin/builder/spi-builder-workspace
write-file /Users/admin/builder/spi-builder-workspace/.derivedData/Build/Intermediates.noindex/MapTilerWeather.build/Debug-watchos/MapTilerWeather.build/DerivedSources/resource_bundle_accessor.swift
WriteAuxiliaryFile /Users/admin/builder/spi-builder-workspace/.derivedData/Build/Intermediates.noindex/MapTilerSDK.build/Debug-watchos/MapTilerSDK_MapTilerSDK.build/empty-MapTilerSDK_MapTilerSDK.plist (in target 'MapTilerSDK_MapTilerSDK' from project 'MapTilerSDK')
cd /Users/admin/builder/spi-builder-workspace/.dependencies/checkouts/maptiler-sdk-swift
write-file /Users/admin/builder/spi-builder-workspace/.derivedData/Build/Intermediates.noindex/MapTilerSDK.build/Debug-watchos/MapTilerSDK_MapTilerSDK.build/empty-MapTilerSDK_MapTilerSDK.plist
WriteAuxiliaryFile /Users/admin/builder/spi-builder-workspace/.derivedData/Build/Intermediates.noindex/MapTilerSDK.build/Debug-watchos/MapTilerSDK_MapTilerSDK.build/MapTilerSDK_MapTilerSDK.DependencyStaticMetadataFileList (in target 'MapTilerSDK_MapTilerSDK' from project 'MapTilerSDK')
cd /Users/admin/builder/spi-builder-workspace/.dependencies/checkouts/maptiler-sdk-swift
write-file /Users/admin/builder/spi-builder-workspace/.derivedData/Build/Intermediates.noindex/MapTilerSDK.build/Debug-watchos/MapTilerSDK_MapTilerSDK.build/MapTilerSDK_MapTilerSDK.DependencyStaticMetadataFileList
WriteAuxiliaryFile /Users/admin/builder/spi-builder-workspace/.derivedData/Build/Intermediates.noindex/MapTilerSDK.build/Debug-watchos/MapTilerSDK_MapTilerSDK.build/MapTilerSDK_MapTilerSDK.DependencyMetadataFileList (in target 'MapTilerSDK_MapTilerSDK' from project 'MapTilerSDK')
cd /Users/admin/builder/spi-builder-workspace/.dependencies/checkouts/maptiler-sdk-swift
write-file /Users/admin/builder/spi-builder-workspace/.derivedData/Build/Intermediates.noindex/MapTilerSDK.build/Debug-watchos/MapTilerSDK_MapTilerSDK.build/MapTilerSDK_MapTilerSDK.DependencyMetadataFileList
WriteAuxiliaryFile /Users/admin/builder/spi-builder-workspace/.derivedData/Build/Intermediates.noindex/MapTilerSDK.build/Debug-watchos/MapTilerSDK.build/Objects-normal/armv7k/MapTilerSDK_const_extract_protocols.json (in target 'MapTilerSDK' from project 'MapTilerSDK')
cd /Users/admin/builder/spi-builder-workspace/.dependencies/checkouts/maptiler-sdk-swift
write-file /Users/admin/builder/spi-builder-workspace/.derivedData/Build/Intermediates.noindex/MapTilerSDK.build/Debug-watchos/MapTilerSDK.build/Objects-normal/armv7k/MapTilerSDK_const_extract_protocols.json
WriteAuxiliaryFile /Users/admin/builder/spi-builder-workspace/.derivedData/Build/Intermediates.noindex/MapTilerSDK.build/Debug-watchos/MapTilerSDK.build/Objects-normal/armv7k/MapTilerSDK.SwiftFileList (in target 'MapTilerSDK' from project 'MapTilerSDK')
cd /Users/admin/builder/spi-builder-workspace/.dependencies/checkouts/maptiler-sdk-swift
write-file /Users/admin/builder/spi-builder-workspace/.derivedData/Build/Intermediates.noindex/MapTilerSDK.build/Debug-watchos/MapTilerSDK.build/Objects-normal/armv7k/MapTilerSDK.SwiftFileList
WriteAuxiliaryFile /Users/admin/builder/spi-builder-workspace/.derivedData/Build/Intermediates.noindex/MapTilerSDK.build/Debug-watchos/MapTilerSDK.build/Objects-normal/armv7k/MapTilerSDK.SwiftConstValuesFileList (in target 'MapTilerSDK' from project 'MapTilerSDK')
cd /Users/admin/builder/spi-builder-workspace/.dependencies/checkouts/maptiler-sdk-swift
write-file /Users/admin/builder/spi-builder-workspace/.derivedData/Build/Intermediates.noindex/MapTilerSDK.build/Debug-watchos/MapTilerSDK.build/Objects-normal/armv7k/MapTilerSDK.SwiftConstValuesFileList
WriteAuxiliaryFile /Users/admin/builder/spi-builder-workspace/.derivedData/Build/Intermediates.noindex/MapTilerSDK.build/Debug-watchos/MapTilerSDK.build/Objects-normal/armv7k/MapTilerSDK.LinkFileList (in target 'MapTilerSDK' from project 'MapTilerSDK')
cd /Users/admin/builder/spi-builder-workspace/.dependencies/checkouts/maptiler-sdk-swift
write-file /Users/admin/builder/spi-builder-workspace/.derivedData/Build/Intermediates.noindex/MapTilerSDK.build/Debug-watchos/MapTilerSDK.build/Objects-normal/armv7k/MapTilerSDK.LinkFileList
WriteAuxiliaryFile /Users/admin/builder/spi-builder-workspace/.derivedData/Build/Intermediates.noindex/MapTilerSDK.build/Debug-watchos/MapTilerSDK.build/Objects-normal/armv7k/MapTilerSDK-OutputFileMap.json (in target 'MapTilerSDK' from project 'MapTilerSDK')
cd /Users/admin/builder/spi-builder-workspace/.dependencies/checkouts/maptiler-sdk-swift
write-file /Users/admin/builder/spi-builder-workspace/.derivedData/Build/Intermediates.noindex/MapTilerSDK.build/Debug-watchos/MapTilerSDK.build/Objects-normal/armv7k/MapTilerSDK-OutputFileMap.json
Copy /Users/admin/builder/spi-builder-workspace/.derivedData/Build/Intermediates.noindex/GeneratedModuleMaps-watchos/MapTilerWeather.modulemap /Users/admin/builder/spi-builder-workspace/.derivedData/Build/Intermediates.noindex/MapTilerWeather.build/Debug-watchos/MapTilerWeather.build/MapTilerWeather.modulemap (in target 'MapTilerWeather' from project 'MapTilerWeather')
cd /Users/admin/builder/spi-builder-workspace
builtin-copy -exclude .DS_Store -exclude CVS -exclude .svn -exclude .git -exclude .hg -resolve-src-symlinks /Users/admin/builder/spi-builder-workspace/.derivedData/Build/Intermediates.noindex/MapTilerWeather.build/Debug-watchos/MapTilerWeather.build/MapTilerWeather.modulemap /Users/admin/builder/spi-builder-workspace/.derivedData/Build/Intermediates.noindex/GeneratedModuleMaps-watchos
WriteAuxiliaryFile /Users/admin/builder/spi-builder-workspace/.derivedData/Build/Intermediates.noindex/MapTilerSDK.build/Debug-watchos/MapTilerSDK.build/Objects-normal/arm64_32/MapTilerSDK_const_extract_protocols.json (in target 'MapTilerSDK' from project 'MapTilerSDK')
cd /Users/admin/builder/spi-builder-workspace/.dependencies/checkouts/maptiler-sdk-swift
write-file /Users/admin/builder/spi-builder-workspace/.derivedData/Build/Intermediates.noindex/MapTilerSDK.build/Debug-watchos/MapTilerSDK.build/Objects-normal/arm64_32/MapTilerSDK_const_extract_protocols.json
WriteAuxiliaryFile /Users/admin/builder/spi-builder-workspace/.derivedData/Build/Intermediates.noindex/MapTilerSDK.build/Debug-watchos/MapTilerSDK.build/Objects-normal/arm64_32/MapTilerSDK.SwiftFileList (in target 'MapTilerSDK' from project 'MapTilerSDK')
cd /Users/admin/builder/spi-builder-workspace/.dependencies/checkouts/maptiler-sdk-swift
write-file /Users/admin/builder/spi-builder-workspace/.derivedData/Build/Intermediates.noindex/MapTilerSDK.build/Debug-watchos/MapTilerSDK.build/Objects-normal/arm64_32/MapTilerSDK.SwiftFileList
WriteAuxiliaryFile /Users/admin/builder/spi-builder-workspace/.derivedData/Build/Intermediates.noindex/MapTilerSDK.build/Debug-watchos/MapTilerSDK.build/Objects-normal/arm64_32/MapTilerSDK.SwiftConstValuesFileList (in target 'MapTilerSDK' from project 'MapTilerSDK')
cd /Users/admin/builder/spi-builder-workspace/.dependencies/checkouts/maptiler-sdk-swift
write-file /Users/admin/builder/spi-builder-workspace/.derivedData/Build/Intermediates.noindex/MapTilerSDK.build/Debug-watchos/MapTilerSDK.build/Objects-normal/arm64_32/MapTilerSDK.SwiftConstValuesFileList
WriteAuxiliaryFile /Users/admin/builder/spi-builder-workspace/.derivedData/Build/Intermediates.noindex/MapTilerSDK.build/Debug-watchos/MapTilerSDK.build/Objects-normal/arm64_32/MapTilerSDK.LinkFileList (in target 'MapTilerSDK' from project 'MapTilerSDK')
cd /Users/admin/builder/spi-builder-workspace/.dependencies/checkouts/maptiler-sdk-swift
write-file /Users/admin/builder/spi-builder-workspace/.derivedData/Build/Intermediates.noindex/MapTilerSDK.build/Debug-watchos/MapTilerSDK.build/Objects-normal/arm64_32/MapTilerSDK.LinkFileList
WriteAuxiliaryFile /Users/admin/builder/spi-builder-workspace/.derivedData/Build/Intermediates.noindex/MapTilerSDK.build/Debug-watchos/MapTilerSDK.build/Objects-normal/arm64_32/MapTilerSDK-OutputFileMap.json (in target 'MapTilerSDK' from project 'MapTilerSDK')
cd /Users/admin/builder/spi-builder-workspace/.dependencies/checkouts/maptiler-sdk-swift
write-file /Users/admin/builder/spi-builder-workspace/.derivedData/Build/Intermediates.noindex/MapTilerSDK.build/Debug-watchos/MapTilerSDK.build/Objects-normal/arm64_32/MapTilerSDK-OutputFileMap.json
WriteAuxiliaryFile /Users/admin/builder/spi-builder-workspace/.derivedData/Build/Intermediates.noindex/MapTilerSDK.build/Debug-watchos/MapTilerSDK.build/Objects-normal/arm64/MapTilerSDK_const_extract_protocols.json (in target 'MapTilerSDK' from project 'MapTilerSDK')
cd /Users/admin/builder/spi-builder-workspace/.dependencies/checkouts/maptiler-sdk-swift
write-file /Users/admin/builder/spi-builder-workspace/.derivedData/Build/Intermediates.noindex/MapTilerSDK.build/Debug-watchos/MapTilerSDK.build/Objects-normal/arm64/MapTilerSDK_const_extract_protocols.json
WriteAuxiliaryFile /Users/admin/builder/spi-builder-workspace/.derivedData/Build/Intermediates.noindex/MapTilerSDK.build/Debug-watchos/MapTilerSDK.build/Objects-normal/arm64/MapTilerSDK.SwiftFileList (in target 'MapTilerSDK' from project 'MapTilerSDK')
cd /Users/admin/builder/spi-builder-workspace/.dependencies/checkouts/maptiler-sdk-swift
write-file /Users/admin/builder/spi-builder-workspace/.derivedData/Build/Intermediates.noindex/MapTilerSDK.build/Debug-watchos/MapTilerSDK.build/Objects-normal/arm64/MapTilerSDK.SwiftFileList
WriteAuxiliaryFile /Users/admin/builder/spi-builder-workspace/.derivedData/Build/Intermediates.noindex/MapTilerSDK.build/Debug-watchos/MapTilerSDK.build/Objects-normal/arm64/MapTilerSDK.SwiftConstValuesFileList (in target 'MapTilerSDK' from project 'MapTilerSDK')
cd /Users/admin/builder/spi-builder-workspace/.dependencies/checkouts/maptiler-sdk-swift
write-file /Users/admin/builder/spi-builder-workspace/.derivedData/Build/Intermediates.noindex/MapTilerSDK.build/Debug-watchos/MapTilerSDK.build/Objects-normal/arm64/MapTilerSDK.SwiftConstValuesFileList
WriteAuxiliaryFile /Users/admin/builder/spi-builder-workspace/.derivedData/Build/Intermediates.noindex/MapTilerSDK.build/Debug-watchos/MapTilerSDK.build/Objects-normal/arm64/MapTilerSDK.LinkFileList (in target 'MapTilerSDK' from project 'MapTilerSDK')
cd /Users/admin/builder/spi-builder-workspace/.dependencies/checkouts/maptiler-sdk-swift
write-file /Users/admin/builder/spi-builder-workspace/.derivedData/Build/Intermediates.noindex/MapTilerSDK.build/Debug-watchos/MapTilerSDK.build/Objects-normal/arm64/MapTilerSDK.LinkFileList
WriteAuxiliaryFile /Users/admin/builder/spi-builder-workspace/.derivedData/Build/Intermediates.noindex/MapTilerSDK.build/Debug-watchos/MapTilerSDK.build/Objects-normal/arm64/MapTilerSDK-OutputFileMap.json (in target 'MapTilerSDK' from project 'MapTilerSDK')
cd /Users/admin/builder/spi-builder-workspace/.dependencies/checkouts/maptiler-sdk-swift
write-file /Users/admin/builder/spi-builder-workspace/.derivedData/Build/Intermediates.noindex/MapTilerSDK.build/Debug-watchos/MapTilerSDK.build/Objects-normal/arm64/MapTilerSDK-OutputFileMap.json
WriteAuxiliaryFile /Users/admin/builder/spi-builder-workspace/.derivedData/Build/Intermediates.noindex/MapTilerSDK.build/Debug-watchos/MapTilerSDK.build/MapTilerSDK.modulemap (in target 'MapTilerSDK' from project 'MapTilerSDK')
cd /Users/admin/builder/spi-builder-workspace/.dependencies/checkouts/maptiler-sdk-swift
write-file /Users/admin/builder/spi-builder-workspace/.derivedData/Build/Intermediates.noindex/MapTilerSDK.build/Debug-watchos/MapTilerSDK.build/MapTilerSDK.modulemap
WriteAuxiliaryFile /Users/admin/builder/spi-builder-workspace/.derivedData/Build/Intermediates.noindex/MapTilerSDK.build/Debug-watchos/MapTilerSDK.build/MapTilerSDK.DependencyStaticMetadataFileList (in target 'MapTilerSDK' from project 'MapTilerSDK')
cd /Users/admin/builder/spi-builder-workspace/.dependencies/checkouts/maptiler-sdk-swift
write-file /Users/admin/builder/spi-builder-workspace/.derivedData/Build/Intermediates.noindex/MapTilerSDK.build/Debug-watchos/MapTilerSDK.build/MapTilerSDK.DependencyStaticMetadataFileList
WriteAuxiliaryFile /Users/admin/builder/spi-builder-workspace/.derivedData/Build/Intermediates.noindex/MapTilerSDK.build/Debug-watchos/MapTilerSDK.build/MapTilerSDK.DependencyMetadataFileList (in target 'MapTilerSDK' from project 'MapTilerSDK')
cd /Users/admin/builder/spi-builder-workspace/.dependencies/checkouts/maptiler-sdk-swift
write-file /Users/admin/builder/spi-builder-workspace/.derivedData/Build/Intermediates.noindex/MapTilerSDK.build/Debug-watchos/MapTilerSDK.build/MapTilerSDK.DependencyMetadataFileList
WriteAuxiliaryFile /Users/admin/builder/spi-builder-workspace/.derivedData/Build/Intermediates.noindex/MapTilerSDK.build/Debug-watchos/MapTilerSDK.build/DerivedSources/resource_bundle_accessor.swift (in target 'MapTilerSDK' from project 'MapTilerSDK')
cd /Users/admin/builder/spi-builder-workspace/.dependencies/checkouts/maptiler-sdk-swift
write-file /Users/admin/builder/spi-builder-workspace/.derivedData/Build/Intermediates.noindex/MapTilerSDK.build/Debug-watchos/MapTilerSDK.build/DerivedSources/resource_bundle_accessor.swift
MkDir /Users/admin/builder/spi-builder-workspace/.derivedData/Build/Products/Debug-watchos/MapTilerWeather_MapTilerWeather.bundle (in target 'MapTilerWeather_MapTilerWeather' from project 'MapTilerWeather')
cd /Users/admin/builder/spi-builder-workspace
/bin/mkdir -p /Users/admin/builder/spi-builder-workspace/.derivedData/Build/Products/Debug-watchos/MapTilerWeather_MapTilerWeather.bundle
MkDir /Users/admin/builder/spi-builder-workspace/.derivedData/Build/Products/Debug-watchos/MapTilerSDK_MapTilerSDK.bundle (in target 'MapTilerSDK_MapTilerSDK' from project 'MapTilerSDK')
cd /Users/admin/builder/spi-builder-workspace/.dependencies/checkouts/maptiler-sdk-swift
/bin/mkdir -p /Users/admin/builder/spi-builder-workspace/.derivedData/Build/Products/Debug-watchos/MapTilerSDK_MapTilerSDK.bundle
Copy /Users/admin/builder/spi-builder-workspace/.derivedData/Build/Intermediates.noindex/GeneratedModuleMaps-watchos/MapTilerSDK.modulemap /Users/admin/builder/spi-builder-workspace/.derivedData/Build/Intermediates.noindex/MapTilerSDK.build/Debug-watchos/MapTilerSDK.build/MapTilerSDK.modulemap (in target 'MapTilerSDK' from project 'MapTilerSDK')
cd /Users/admin/builder/spi-builder-workspace/.dependencies/checkouts/maptiler-sdk-swift
builtin-copy -exclude .DS_Store -exclude CVS -exclude .svn -exclude .git -exclude .hg -resolve-src-symlinks /Users/admin/builder/spi-builder-workspace/.derivedData/Build/Intermediates.noindex/MapTilerSDK.build/Debug-watchos/MapTilerSDK.build/MapTilerSDK.modulemap /Users/admin/builder/spi-builder-workspace/.derivedData/Build/Intermediates.noindex/GeneratedModuleMaps-watchos
ProcessInfoPlistFile /Users/admin/builder/spi-builder-workspace/.derivedData/Build/Products/Debug-watchos/MapTilerWeather_MapTilerWeather.bundle/Info.plist /Users/admin/builder/spi-builder-workspace/.derivedData/Build/Intermediates.noindex/MapTilerWeather.build/Debug-watchos/MapTilerWeather_MapTilerWeather.build/empty-MapTilerWeather_MapTilerWeather.plist (in target 'MapTilerWeather_MapTilerWeather' from project 'MapTilerWeather')
cd /Users/admin/builder/spi-builder-workspace
builtin-infoPlistUtility /Users/admin/builder/spi-builder-workspace/.derivedData/Build/Intermediates.noindex/MapTilerWeather.build/Debug-watchos/MapTilerWeather_MapTilerWeather.build/empty-MapTilerWeather_MapTilerWeather.plist -producttype com.apple.product-type.bundle -expandbuildsettings -format binary -platform watchos -o /Users/admin/builder/spi-builder-workspace/.derivedData/Build/Products/Debug-watchos/MapTilerWeather_MapTilerWeather.bundle/Info.plist
CpResource /Users/admin/builder/spi-builder-workspace/.derivedData/Build/Products/Debug-watchos/MapTilerWeather_MapTilerWeather.bundle/maptiler-weather.umd.min.js.map /Users/admin/builder/spi-builder-workspace/Sources/MapTilerWeather/Resources/maptiler-weather.umd.min.js.map (in target 'MapTilerWeather_MapTilerWeather' from project 'MapTilerWeather')
cd /Users/admin/builder/spi-builder-workspace
builtin-copy -exclude .DS_Store -exclude CVS -exclude .svn -exclude .git -exclude .hg -resolve-src-symlinks /Users/admin/builder/spi-builder-workspace/Sources/MapTilerWeather/Resources/maptiler-weather.umd.min.js.map /Users/admin/builder/spi-builder-workspace/.derivedData/Build/Products/Debug-watchos/MapTilerWeather_MapTilerWeather.bundle
CpResource /Users/admin/builder/spi-builder-workspace/.derivedData/Build/Products/Debug-watchos/MapTilerWeather_MapTilerWeather.bundle/maptiler-weather.js /Users/admin/builder/spi-builder-workspace/Sources/MapTilerWeather/Resources/maptiler-weather.js (in target 'MapTilerWeather_MapTilerWeather' from project 'MapTilerWeather')
cd /Users/admin/builder/spi-builder-workspace
builtin-copy -exclude .DS_Store -exclude CVS -exclude .svn -exclude .git -exclude .hg -resolve-src-symlinks /Users/admin/builder/spi-builder-workspace/Sources/MapTilerWeather/Resources/maptiler-weather.js /Users/admin/builder/spi-builder-workspace/.derivedData/Build/Products/Debug-watchos/MapTilerWeather_MapTilerWeather.bundle
ProcessInfoPlistFile /Users/admin/builder/spi-builder-workspace/.derivedData/Build/Products/Debug-watchos/MapTilerSDK_MapTilerSDK.bundle/Info.plist /Users/admin/builder/spi-builder-workspace/.derivedData/Build/Intermediates.noindex/MapTilerSDK.build/Debug-watchos/MapTilerSDK_MapTilerSDK.build/empty-MapTilerSDK_MapTilerSDK.plist (in target 'MapTilerSDK_MapTilerSDK' from project 'MapTilerSDK')
cd /Users/admin/builder/spi-builder-workspace/.dependencies/checkouts/maptiler-sdk-swift
builtin-infoPlistUtility /Users/admin/builder/spi-builder-workspace/.derivedData/Build/Intermediates.noindex/MapTilerSDK.build/Debug-watchos/MapTilerSDK_MapTilerSDK.build/empty-MapTilerSDK_MapTilerSDK.plist -producttype com.apple.product-type.bundle -expandbuildsettings -format binary -platform watchos -o /Users/admin/builder/spi-builder-workspace/.derivedData/Build/Products/Debug-watchos/MapTilerSDK_MapTilerSDK.bundle/Info.plist
CpResource /Users/admin/builder/spi-builder-workspace/.derivedData/Build/Products/Debug-watchos/MapTilerSDK_MapTilerSDK.bundle/maptiler-sdk.umd.min.js.map /Users/admin/builder/spi-builder-workspace/.dependencies/checkouts/maptiler-sdk-swift/Sources/MapTilerSDK/Resources/maptiler-sdk.umd.min.js.map (in target 'MapTilerSDK_MapTilerSDK' from project 'MapTilerSDK')
cd /Users/admin/builder/spi-builder-workspace/.dependencies/checkouts/maptiler-sdk-swift
builtin-copy -exclude .DS_Store -exclude CVS -exclude .svn -exclude .git -exclude .hg -resolve-src-symlinks /Users/admin/builder/spi-builder-workspace/.dependencies/checkouts/maptiler-sdk-swift/Sources/MapTilerSDK/Resources/maptiler-sdk.umd.min.js.map /Users/admin/builder/spi-builder-workspace/.derivedData/Build/Products/Debug-watchos/MapTilerSDK_MapTilerSDK.bundle
CpResource /Users/admin/builder/spi-builder-workspace/.derivedData/Build/Products/Debug-watchos/MapTilerSDK_MapTilerSDK.bundle/maptiler-sdk.umd.min.js /Users/admin/builder/spi-builder-workspace/.dependencies/checkouts/maptiler-sdk-swift/Sources/MapTilerSDK/Resources/maptiler-sdk.umd.min.js (in target 'MapTilerSDK_MapTilerSDK' from project 'MapTilerSDK')
cd /Users/admin/builder/spi-builder-workspace/.dependencies/checkouts/maptiler-sdk-swift
builtin-copy -exclude .DS_Store -exclude CVS -exclude .svn -exclude .git -exclude .hg -resolve-src-symlinks /Users/admin/builder/spi-builder-workspace/.dependencies/checkouts/maptiler-sdk-swift/Sources/MapTilerSDK/Resources/maptiler-sdk.umd.min.js /Users/admin/builder/spi-builder-workspace/.derivedData/Build/Products/Debug-watchos/MapTilerSDK_MapTilerSDK.bundle
CpResource /Users/admin/builder/spi-builder-workspace/.derivedData/Build/Products/Debug-watchos/MapTilerSDK_MapTilerSDK.bundle/maptiler-sdk.css /Users/admin/builder/spi-builder-workspace/.dependencies/checkouts/maptiler-sdk-swift/Sources/MapTilerSDK/Resources/maptiler-sdk.css (in target 'MapTilerSDK_MapTilerSDK' from project 'MapTilerSDK')
cd /Users/admin/builder/spi-builder-workspace/.dependencies/checkouts/maptiler-sdk-swift
builtin-copy -exclude .DS_Store -exclude CVS -exclude .svn -exclude .git -exclude .hg -resolve-src-symlinks /Users/admin/builder/spi-builder-workspace/.dependencies/checkouts/maptiler-sdk-swift/Sources/MapTilerSDK/Resources/maptiler-sdk.css /Users/admin/builder/spi-builder-workspace/.derivedData/Build/Products/Debug-watchos/MapTilerSDK_MapTilerSDK.bundle
CpResource /Users/admin/builder/spi-builder-workspace/.derivedData/Build/Products/Debug-watchos/MapTilerSDK_MapTilerSDK.bundle/MapTilerMap.html /Users/admin/builder/spi-builder-workspace/.dependencies/checkouts/maptiler-sdk-swift/Sources/MapTilerSDK/Resources/MapTilerMap.html (in target 'MapTilerSDK_MapTilerSDK' from project 'MapTilerSDK')
cd /Users/admin/builder/spi-builder-workspace/.dependencies/checkouts/maptiler-sdk-swift
builtin-copy -exclude .DS_Store -exclude CVS -exclude .svn -exclude .git -exclude .hg -resolve-src-symlinks /Users/admin/builder/spi-builder-workspace/.dependencies/checkouts/maptiler-sdk-swift/Sources/MapTilerSDK/Resources/MapTilerMap.html /Users/admin/builder/spi-builder-workspace/.derivedData/Build/Products/Debug-watchos/MapTilerSDK_MapTilerSDK.bundle
CpResource /Users/admin/builder/spi-builder-workspace/.derivedData/Build/Products/Debug-watchos/MapTilerSDK_MapTilerSDK.bundle/MapInit.js /Users/admin/builder/spi-builder-workspace/.dependencies/checkouts/maptiler-sdk-swift/Sources/MapTilerSDK/Resources/MapInit.js (in target 'MapTilerSDK_MapTilerSDK' from project 'MapTilerSDK')
cd /Users/admin/builder/spi-builder-workspace/.dependencies/checkouts/maptiler-sdk-swift
builtin-copy -exclude .DS_Store -exclude CVS -exclude .svn -exclude .git -exclude .hg -resolve-src-symlinks /Users/admin/builder/spi-builder-workspace/.dependencies/checkouts/maptiler-sdk-swift/Sources/MapTilerSDK/Resources/MapInit.js /Users/admin/builder/spi-builder-workspace/.derivedData/Build/Products/Debug-watchos/MapTilerSDK_MapTilerSDK.bundle
CpResource /Users/admin/builder/spi-builder-workspace/.derivedData/Build/Products/Debug-watchos/MapTilerSDK_MapTilerSDK.bundle/MapEventSetUp.js /Users/admin/builder/spi-builder-workspace/.dependencies/checkouts/maptiler-sdk-swift/Sources/MapTilerSDK/Resources/MapEventSetUp.js (in target 'MapTilerSDK_MapTilerSDK' from project 'MapTilerSDK')
cd /Users/admin/builder/spi-builder-workspace/.dependencies/checkouts/maptiler-sdk-swift
builtin-copy -exclude .DS_Store -exclude CVS -exclude .svn -exclude .git -exclude .hg -resolve-src-symlinks /Users/admin/builder/spi-builder-workspace/.dependencies/checkouts/maptiler-sdk-swift/Sources/MapTilerSDK/Resources/MapEventSetUp.js /Users/admin/builder/spi-builder-workspace/.derivedData/Build/Products/Debug-watchos/MapTilerSDK_MapTilerSDK.bundle
RegisterExecutionPolicyException /Users/admin/builder/spi-builder-workspace/.derivedData/Build/Products/Debug-watchos/MapTilerSDK_MapTilerSDK.bundle (in target 'MapTilerSDK_MapTilerSDK' from project 'MapTilerSDK')
cd /Users/admin/builder/spi-builder-workspace/.dependencies/checkouts/maptiler-sdk-swift
builtin-RegisterExecutionPolicyException /Users/admin/builder/spi-builder-workspace/.derivedData/Build/Products/Debug-watchos/MapTilerSDK_MapTilerSDK.bundle
RegisterExecutionPolicyException /Users/admin/builder/spi-builder-workspace/.derivedData/Build/Products/Debug-watchos/MapTilerWeather_MapTilerWeather.bundle (in target 'MapTilerWeather_MapTilerWeather' from project 'MapTilerWeather')
cd /Users/admin/builder/spi-builder-workspace
builtin-RegisterExecutionPolicyException /Users/admin/builder/spi-builder-workspace/.derivedData/Build/Products/Debug-watchos/MapTilerWeather_MapTilerWeather.bundle
Touch /Users/admin/builder/spi-builder-workspace/.derivedData/Build/Products/Debug-watchos/MapTilerWeather_MapTilerWeather.bundle (in target 'MapTilerWeather_MapTilerWeather' from project 'MapTilerWeather')
cd /Users/admin/builder/spi-builder-workspace
/usr/bin/touch -c /Users/admin/builder/spi-builder-workspace/.derivedData/Build/Products/Debug-watchos/MapTilerWeather_MapTilerWeather.bundle
Touch /Users/admin/builder/spi-builder-workspace/.derivedData/Build/Products/Debug-watchos/MapTilerSDK_MapTilerSDK.bundle (in target 'MapTilerSDK_MapTilerSDK' from project 'MapTilerSDK')
cd /Users/admin/builder/spi-builder-workspace/.dependencies/checkouts/maptiler-sdk-swift
/usr/bin/touch -c /Users/admin/builder/spi-builder-workspace/.derivedData/Build/Products/Debug-watchos/MapTilerSDK_MapTilerSDK.bundle
SwiftDriver MapTilerSDK normal arm64 com.apple.xcode.tools.swift.compiler (in target 'MapTilerSDK' from project 'MapTilerSDK')
cd /Users/admin/builder/spi-builder-workspace/.swiftpm/xcode
builtin-SwiftDriver -- /Applications/Xcode-26.3.0.app/Contents/Developer/Toolchains/XcodeDefault.xctoolchain/usr/bin/swiftc -module-name MapTilerSDK -Onone -enforce-exclusivity\=checked @/Users/admin/builder/spi-builder-workspace/.derivedData/Build/Intermediates.noindex/MapTilerSDK.build/Debug-watchos/MapTilerSDK.build/Objects-normal/arm64/MapTilerSDK.SwiftFileList -DSWIFT_PACKAGE -DDEBUG -DSWIFT_MODULE_RESOURCE_BUNDLE_AVAILABLE -DXcode -plugin-path /Applications/Xcode-26.3.0.app/Contents/Developer/Toolchains/XcodeDefault.xctoolchain/usr/lib/swift/host/plugins/testing -enable-experimental-feature DebugDescriptionMacro -sdk /Applications/Xcode-26.3.0.app/Contents/Developer/Platforms/WatchOS.platform/Developer/SDKs/WatchOS26.2.sdk -target arm64-apple-watchos8.0 -g -module-cache-path /Users/admin/builder/spi-builder-workspace/.derivedData/ModuleCache.noindex -Xfrontend -serialize-debugging-options -profile-coverage-mapping -profile-generate -enable-testing -suppress-warnings -index-store-path /Users/admin/builder/spi-builder-workspace/.derivedData/Index.noindex/DataStore -Xcc -D_LIBCPP_HARDENING_MODE\=_LIBCPP_HARDENING_MODE_DEBUG -swift-version 6 -I /Users/admin/builder/spi-builder-workspace/.derivedData/Build/Products/Debug-watchos -Isystem /Applications/Xcode-26.3.0.app/Contents/Developer/Platforms/WatchOS.platform/Developer/usr/lib -F /Users/admin/builder/spi-builder-workspace/.derivedData/Build/Products/Debug-watchos -F /Applications/Xcode-26.3.0.app/Contents/Developer/Platforms/WatchOS.platform/Developer/Library/Frameworks -F /Applications/Xcode-26.3.0.app/Contents/Developer/Platforms/WatchOS.platform/Developer/SDKs/WatchOS26.2.sdk/Developer/Library/Frameworks -c -j10 -enable-batch-mode -incremental -Xcc -ivfsstatcache -Xcc /Users/admin/builder/spi-builder-workspace/.derivedData/SDKStatCaches.noindex/watchos26.2-23S303-dc75598d0054f22ec865fa860f139d721753b489057de6bda919edfa1c59a62b.sdkstatcache -output-file-map /Users/admin/builder/spi-builder-workspace/.derivedData/Build/Intermediates.noindex/MapTilerSDK.build/Debug-watchos/MapTilerSDK.build/Objects-normal/arm64/MapTilerSDK-OutputFileMap.json -use-frontend-parseable-output -save-temps -no-color-diagnostics -explicit-module-build -module-cache-path /Users/admin/builder/spi-builder-workspace/.derivedData/Build/Intermediates.noindex/SwiftExplicitPrecompiledModules -clang-scanner-module-cache-path /Users/admin/builder/spi-builder-workspace/.derivedData/ModuleCache.noindex -sdk-module-cache-path /Users/admin/builder/spi-builder-workspace/.derivedData/ModuleCache.noindex -serialize-diagnostics -emit-dependencies -emit-module -emit-module-path /Users/admin/builder/spi-builder-workspace/.derivedData/Build/Intermediates.noindex/MapTilerSDK.build/Debug-watchos/MapTilerSDK.build/Objects-normal/arm64/MapTilerSDK.swiftmodule -validate-clang-modules-once -clang-build-session-file /Users/admin/builder/spi-builder-workspace/.derivedData/ModuleCache.noindex/Session.modulevalidation -package-name maptiler_sdk_swift -Xcc -I/Users/admin/builder/spi-builder-workspace/.derivedData/Build/Intermediates.noindex/MapTilerSDK.build/Debug-watchos/MapTilerSDK.build/swift-overrides.hmap -emit-const-values -Xfrontend -const-gather-protocols-file -Xfrontend /Users/admin/builder/spi-builder-workspace/.derivedData/Build/Intermediates.noindex/MapTilerSDK.build/Debug-watchos/MapTilerSDK.build/Objects-normal/arm64/MapTilerSDK_const_extract_protocols.json -Xcc -I/Users/admin/builder/spi-builder-workspace/.derivedData/Build/Products/Debug-watchos/include -Xcc -I/Users/admin/builder/spi-builder-workspace/.derivedData/Build/Intermediates.noindex/MapTilerSDK.build/Debug-watchos/MapTilerSDK.build/DerivedSources-normal/arm64 -Xcc -I/Users/admin/builder/spi-builder-workspace/.derivedData/Build/Intermediates.noindex/MapTilerSDK.build/Debug-watchos/MapTilerSDK.build/DerivedSources/arm64 -Xcc -I/Users/admin/builder/spi-builder-workspace/.derivedData/Build/Intermediates.noindex/MapTilerSDK.build/Debug-watchos/MapTilerSDK.build/DerivedSources -Xcc -DSWIFT_PACKAGE -Xcc -DDEBUG\=1 -emit-objc-header -emit-objc-header-path /Users/admin/builder/spi-builder-workspace/.derivedData/Build/Intermediates.noindex/MapTilerSDK.build/Debug-watchos/MapTilerSDK.build/Objects-normal/arm64/MapTilerSDK-Swift.h -working-directory /Users/admin/builder/spi-builder-workspace/.swiftpm/xcode -experimental-emit-module-separately -disable-cmo
/Users/admin/builder/spi-builder-workspace/.dependencies/checkouts/maptiler-sdk-swift/Sources/MapTilerSDK/Bridge/WebViewExecutor.swift:10:8: error: Unable to find module dependency: 'WebKit'
import WebKit
^ (in target 'MapTilerSDK' from project 'MapTilerSDK')
/Users/admin/builder/spi-builder-workspace/.dependencies/checkouts/maptiler-sdk-swift/Sources/MapTilerSDK/Bridge/WebViewExecutor.swift:10:8: note: A dependency of main module 'MapTilerSDK'
import WebKit
^ (in target 'MapTilerSDK' from project 'MapTilerSDK')
/Users/admin/builder/spi-builder-workspace/.dependencies/checkouts/maptiler-sdk-swift/Sources/MapTilerSDK/Bridge/WebViewManager/WebViewManager+WKScriptMessageHandler.swift:10:8: note: Also imported here
import WebKit
^ (in target 'MapTilerSDK' from project 'MapTilerSDK')
/Users/admin/builder/spi-builder-workspace/.dependencies/checkouts/maptiler-sdk-swift/Sources/MapTilerSDK/Bridge/WebViewManager/WebViewManager.swift:10:8: note: Also imported here
import WebKit
^ (in target 'MapTilerSDK' from project 'MapTilerSDK')
/Users/admin/builder/spi-builder-workspace/.dependencies/checkouts/maptiler-sdk-swift/Sources/MapTilerSDK/Map/Extensions/MTMapView+WebViewExecutorDelegate.swift:10:8: note: Also imported here
import WebKit
^ (in target 'MapTilerSDK' from project 'MapTilerSDK')
/Users/admin/builder/spi-builder-workspace/.dependencies/checkouts/maptiler-sdk-swift/Sources/MapTilerSDK/Map/MTMapView.swift:15:8: note: Also imported here
import WebKit
^ (in target 'MapTilerSDK' from project 'MapTilerSDK')
SwiftDriver MapTilerSDK normal arm64_32 com.apple.xcode.tools.swift.compiler (in target 'MapTilerSDK' from project 'MapTilerSDK')
cd /Users/admin/builder/spi-builder-workspace/.swiftpm/xcode
builtin-SwiftDriver -- /Applications/Xcode-26.3.0.app/Contents/Developer/Toolchains/XcodeDefault.xctoolchain/usr/bin/swiftc -module-name MapTilerSDK -Onone -enforce-exclusivity\=checked @/Users/admin/builder/spi-builder-workspace/.derivedData/Build/Intermediates.noindex/MapTilerSDK.build/Debug-watchos/MapTilerSDK.build/Objects-normal/arm64_32/MapTilerSDK.SwiftFileList -DSWIFT_PACKAGE -DDEBUG -DSWIFT_MODULE_RESOURCE_BUNDLE_AVAILABLE -DXcode -plugin-path /Applications/Xcode-26.3.0.app/Contents/Developer/Toolchains/XcodeDefault.xctoolchain/usr/lib/swift/host/plugins/testing -enable-experimental-feature DebugDescriptionMacro -sdk /Applications/Xcode-26.3.0.app/Contents/Developer/Platforms/WatchOS.platform/Developer/SDKs/WatchOS26.2.sdk -target arm64_32-apple-watchos8.0 -g -module-cache-path /Users/admin/builder/spi-builder-workspace/.derivedData/ModuleCache.noindex -Xfrontend -serialize-debugging-options -profile-coverage-mapping -profile-generate -enable-testing -suppress-warnings -index-store-path /Users/admin/builder/spi-builder-workspace/.derivedData/Index.noindex/DataStore -Xcc -D_LIBCPP_HARDENING_MODE\=_LIBCPP_HARDENING_MODE_DEBUG -swift-version 6 -I /Users/admin/builder/spi-builder-workspace/.derivedData/Build/Products/Debug-watchos -Isystem /Applications/Xcode-26.3.0.app/Contents/Developer/Platforms/WatchOS.platform/Developer/usr/lib -F /Users/admin/builder/spi-builder-workspace/.derivedData/Build/Products/Debug-watchos -F /Applications/Xcode-26.3.0.app/Contents/Developer/Platforms/WatchOS.platform/Developer/Library/Frameworks -F /Applications/Xcode-26.3.0.app/Contents/Developer/Platforms/WatchOS.platform/Developer/SDKs/WatchOS26.2.sdk/Developer/Library/Frameworks -c -j10 -enable-batch-mode -incremental -Xcc -ivfsstatcache -Xcc /Users/admin/builder/spi-builder-workspace/.derivedData/SDKStatCaches.noindex/watchos26.2-23S303-dc75598d0054f22ec865fa860f139d721753b489057de6bda919edfa1c59a62b.sdkstatcache -output-file-map /Users/admin/builder/spi-builder-workspace/.derivedData/Build/Intermediates.noindex/MapTilerSDK.build/Debug-watchos/MapTilerSDK.build/Objects-normal/arm64_32/MapTilerSDK-OutputFileMap.json -use-frontend-parseable-output -save-temps -no-color-diagnostics -explicit-module-build -module-cache-path /Users/admin/builder/spi-builder-workspace/.derivedData/Build/Intermediates.noindex/SwiftExplicitPrecompiledModules -clang-scanner-module-cache-path /Users/admin/builder/spi-builder-workspace/.derivedData/ModuleCache.noindex -sdk-module-cache-path /Users/admin/builder/spi-builder-workspace/.derivedData/ModuleCache.noindex -serialize-diagnostics -emit-dependencies -emit-module -emit-module-path /Users/admin/builder/spi-builder-workspace/.derivedData/Build/Intermediates.noindex/MapTilerSDK.build/Debug-watchos/MapTilerSDK.build/Objects-normal/arm64_32/MapTilerSDK.swiftmodule -validate-clang-modules-once -clang-build-session-file /Users/admin/builder/spi-builder-workspace/.derivedData/ModuleCache.noindex/Session.modulevalidation -package-name maptiler_sdk_swift -Xcc -I/Users/admin/builder/spi-builder-workspace/.derivedData/Build/Intermediates.noindex/MapTilerSDK.build/Debug-watchos/MapTilerSDK.build/swift-overrides.hmap -emit-const-values -Xfrontend -const-gather-protocols-file -Xfrontend /Users/admin/builder/spi-builder-workspace/.derivedData/Build/Intermediates.noindex/MapTilerSDK.build/Debug-watchos/MapTilerSDK.build/Objects-normal/arm64_32/MapTilerSDK_const_extract_protocols.json -Xcc -I/Users/admin/builder/spi-builder-workspace/.derivedData/Build/Products/Debug-watchos/include -Xcc -I/Users/admin/builder/spi-builder-workspace/.derivedData/Build/Intermediates.noindex/MapTilerSDK.build/Debug-watchos/MapTilerSDK.build/DerivedSources-normal/arm64_32 -Xcc -I/Users/admin/builder/spi-builder-workspace/.derivedData/Build/Intermediates.noindex/MapTilerSDK.build/Debug-watchos/MapTilerSDK.build/DerivedSources/arm64_32 -Xcc -I/Users/admin/builder/spi-builder-workspace/.derivedData/Build/Intermediates.noindex/MapTilerSDK.build/Debug-watchos/MapTilerSDK.build/DerivedSources -Xcc -DSWIFT_PACKAGE -Xcc -DDEBUG\=1 -emit-objc-header -emit-objc-header-path /Users/admin/builder/spi-builder-workspace/.derivedData/Build/Intermediates.noindex/MapTilerSDK.build/Debug-watchos/MapTilerSDK.build/Objects-normal/arm64_32/MapTilerSDK-Swift.h -working-directory /Users/admin/builder/spi-builder-workspace/.swiftpm/xcode -experimental-emit-module-separately -disable-cmo
/Users/admin/builder/spi-builder-workspace/.dependencies/checkouts/maptiler-sdk-swift/Sources/MapTilerSDK/Bridge/WebViewExecutor.swift:10:8: error: Unable to find module dependency: 'WebKit'
import WebKit
^ (in target 'MapTilerSDK' from project 'MapTilerSDK')
/Users/admin/builder/spi-builder-workspace/.dependencies/checkouts/maptiler-sdk-swift/Sources/MapTilerSDK/Bridge/WebViewExecutor.swift:10:8: note: A dependency of main module 'MapTilerSDK'
import WebKit
^ (in target 'MapTilerSDK' from project 'MapTilerSDK')
/Users/admin/builder/spi-builder-workspace/.dependencies/checkouts/maptiler-sdk-swift/Sources/MapTilerSDK/Bridge/WebViewManager/WebViewManager+WKScriptMessageHandler.swift:10:8: note: Also imported here
import WebKit
^ (in target 'MapTilerSDK' from project 'MapTilerSDK')
/Users/admin/builder/spi-builder-workspace/.dependencies/checkouts/maptiler-sdk-swift/Sources/MapTilerSDK/Bridge/WebViewManager/WebViewManager.swift:10:8: note: Also imported here
import WebKit
^ (in target 'MapTilerSDK' from project 'MapTilerSDK')
/Users/admin/builder/spi-builder-workspace/.dependencies/checkouts/maptiler-sdk-swift/Sources/MapTilerSDK/Map/Extensions/MTMapView+WebViewExecutorDelegate.swift:10:8: note: Also imported here
import WebKit
^ (in target 'MapTilerSDK' from project 'MapTilerSDK')
/Users/admin/builder/spi-builder-workspace/.dependencies/checkouts/maptiler-sdk-swift/Sources/MapTilerSDK/Map/MTMapView.swift:15:8: note: Also imported here
import WebKit
^ (in target 'MapTilerSDK' from project 'MapTilerSDK')
SwiftDriver MapTilerSDK normal armv7k com.apple.xcode.tools.swift.compiler (in target 'MapTilerSDK' from project 'MapTilerSDK')
cd /Users/admin/builder/spi-builder-workspace/.swiftpm/xcode
builtin-SwiftDriver -- /Applications/Xcode-26.3.0.app/Contents/Developer/Toolchains/XcodeDefault.xctoolchain/usr/bin/swiftc -module-name MapTilerSDK -Onone -enforce-exclusivity\=checked @/Users/admin/builder/spi-builder-workspace/.derivedData/Build/Intermediates.noindex/MapTilerSDK.build/Debug-watchos/MapTilerSDK.build/Objects-normal/armv7k/MapTilerSDK.SwiftFileList -DSWIFT_PACKAGE -DDEBUG -DSWIFT_MODULE_RESOURCE_BUNDLE_AVAILABLE -DXcode -plugin-path /Applications/Xcode-26.3.0.app/Contents/Developer/Toolchains/XcodeDefault.xctoolchain/usr/lib/swift/host/plugins/testing -enable-experimental-feature DebugDescriptionMacro -sdk /Applications/Xcode-26.3.0.app/Contents/Developer/Platforms/WatchOS.platform/Developer/SDKs/WatchOS26.2.sdk -target armv7k-apple-watchos8.0 -g -module-cache-path /Users/admin/builder/spi-builder-workspace/.derivedData/ModuleCache.noindex -Xfrontend -serialize-debugging-options -profile-coverage-mapping -profile-generate -enable-testing -suppress-warnings -index-store-path /Users/admin/builder/spi-builder-workspace/.derivedData/Index.noindex/DataStore -Xcc -D_LIBCPP_HARDENING_MODE\=_LIBCPP_HARDENING_MODE_DEBUG -swift-version 6 -I /Users/admin/builder/spi-builder-workspace/.derivedData/Build/Products/Debug-watchos -Isystem /Applications/Xcode-26.3.0.app/Contents/Developer/Platforms/WatchOS.platform/Developer/usr/lib -F /Users/admin/builder/spi-builder-workspace/.derivedData/Build/Products/Debug-watchos -F /Applications/Xcode-26.3.0.app/Contents/Developer/Platforms/WatchOS.platform/Developer/Library/Frameworks -F /Applications/Xcode-26.3.0.app/Contents/Developer/Platforms/WatchOS.platform/Developer/SDKs/WatchOS26.2.sdk/Developer/Library/Frameworks -c -j10 -enable-batch-mode -incremental -Xcc -ivfsstatcache -Xcc /Users/admin/builder/spi-builder-workspace/.derivedData/SDKStatCaches.noindex/watchos26.2-23S303-dc75598d0054f22ec865fa860f139d721753b489057de6bda919edfa1c59a62b.sdkstatcache -output-file-map /Users/admin/builder/spi-builder-workspace/.derivedData/Build/Intermediates.noindex/MapTilerSDK.build/Debug-watchos/MapTilerSDK.build/Objects-normal/armv7k/MapTilerSDK-OutputFileMap.json -use-frontend-parseable-output -save-temps -no-color-diagnostics -explicit-module-build -module-cache-path /Users/admin/builder/spi-builder-workspace/.derivedData/Build/Intermediates.noindex/SwiftExplicitPrecompiledModules -clang-scanner-module-cache-path /Users/admin/builder/spi-builder-workspace/.derivedData/ModuleCache.noindex -sdk-module-cache-path /Users/admin/builder/spi-builder-workspace/.derivedData/ModuleCache.noindex -serialize-diagnostics -emit-dependencies -emit-module -emit-module-path /Users/admin/builder/spi-builder-workspace/.derivedData/Build/Intermediates.noindex/MapTilerSDK.build/Debug-watchos/MapTilerSDK.build/Objects-normal/armv7k/MapTilerSDK.swiftmodule -validate-clang-modules-once -clang-build-session-file /Users/admin/builder/spi-builder-workspace/.derivedData/ModuleCache.noindex/Session.modulevalidation -package-name maptiler_sdk_swift -Xcc -I/Users/admin/builder/spi-builder-workspace/.derivedData/Build/Intermediates.noindex/MapTilerSDK.build/Debug-watchos/MapTilerSDK.build/swift-overrides.hmap -emit-const-values -Xfrontend -const-gather-protocols-file -Xfrontend /Users/admin/builder/spi-builder-workspace/.derivedData/Build/Intermediates.noindex/MapTilerSDK.build/Debug-watchos/MapTilerSDK.build/Objects-normal/armv7k/MapTilerSDK_const_extract_protocols.json -Xcc -I/Users/admin/builder/spi-builder-workspace/.derivedData/Build/Products/Debug-watchos/include -Xcc -I/Users/admin/builder/spi-builder-workspace/.derivedData/Build/Intermediates.noindex/MapTilerSDK.build/Debug-watchos/MapTilerSDK.build/DerivedSources-normal/armv7k -Xcc -I/Users/admin/builder/spi-builder-workspace/.derivedData/Build/Intermediates.noindex/MapTilerSDK.build/Debug-watchos/MapTilerSDK.build/DerivedSources/armv7k -Xcc -I/Users/admin/builder/spi-builder-workspace/.derivedData/Build/Intermediates.noindex/MapTilerSDK.build/Debug-watchos/MapTilerSDK.build/DerivedSources -Xcc -DSWIFT_PACKAGE -Xcc -DDEBUG\=1 -emit-objc-header -emit-objc-header-path /Users/admin/builder/spi-builder-workspace/.derivedData/Build/Intermediates.noindex/MapTilerSDK.build/Debug-watchos/MapTilerSDK.build/Objects-normal/armv7k/MapTilerSDK-Swift.h -working-directory /Users/admin/builder/spi-builder-workspace/.swiftpm/xcode -experimental-emit-module-separately -disable-cmo
/Users/admin/builder/spi-builder-workspace/.dependencies/checkouts/maptiler-sdk-swift/Sources/MapTilerSDK/Bridge/WebViewExecutor.swift:10:8: error: Unable to find module dependency: 'WebKit'
import WebKit
^ (in target 'MapTilerSDK' from project 'MapTilerSDK')
/Users/admin/builder/spi-builder-workspace/.dependencies/checkouts/maptiler-sdk-swift/Sources/MapTilerSDK/Bridge/WebViewExecutor.swift:10:8: note: A dependency of main module 'MapTilerSDK'
import WebKit
^ (in target 'MapTilerSDK' from project 'MapTilerSDK')
/Users/admin/builder/spi-builder-workspace/.dependencies/checkouts/maptiler-sdk-swift/Sources/MapTilerSDK/Bridge/WebViewManager/WebViewManager+WKScriptMessageHandler.swift:10:8: note: Also imported here
import WebKit
^ (in target 'MapTilerSDK' from project 'MapTilerSDK')
/Users/admin/builder/spi-builder-workspace/.dependencies/checkouts/maptiler-sdk-swift/Sources/MapTilerSDK/Bridge/WebViewManager/WebViewManager.swift:10:8: note: Also imported here
import WebKit
^ (in target 'MapTilerSDK' from project 'MapTilerSDK')
/Users/admin/builder/spi-builder-workspace/.dependencies/checkouts/maptiler-sdk-swift/Sources/MapTilerSDK/Map/Extensions/MTMapView+WebViewExecutorDelegate.swift:10:8: note: Also imported here
import WebKit
^ (in target 'MapTilerSDK' from project 'MapTilerSDK')
/Users/admin/builder/spi-builder-workspace/.dependencies/checkouts/maptiler-sdk-swift/Sources/MapTilerSDK/Map/MTMapView.swift:15:8: note: Also imported here
import WebKit
^ (in target 'MapTilerSDK' from project 'MapTilerSDK')
2026-09-22 20:56:35.494 xcodebuild[764:4608] [MT] IDERunDestination: Supported platforms for the buildables in the current scheme is empty.
/Users/admin/builder/spi-builder-workspace/.dependencies/checkouts/maptiler-sdk-swift/Sources/MapTilerSDK/Bridge/WebViewExecutor.swift:10:8: error: Unable to find module dependency: 'WebKit'
import WebKit
^
/Users/admin/builder/spi-builder-workspace/.dependencies/checkouts/maptiler-sdk-swift/Sources/MapTilerSDK/Bridge/WebViewExecutor.swift:10:8: note: a dependency of main module 'MapTilerSDK'
import WebKit
^
/Users/admin/builder/spi-builder-workspace/.dependencies/checkouts/maptiler-sdk-swift/Sources/MapTilerSDK/Bridge/WebViewManager/WebViewManager+WKScriptMessageHandler.swift:10:8: note: also imported here
import WebKit
^
/Users/admin/builder/spi-builder-workspace/.dependencies/checkouts/maptiler-sdk-swift/Sources/MapTilerSDK/Bridge/WebViewManager/WebViewManager.swift:10:8: note: also imported here
import WebKit
^
/Users/admin/builder/spi-builder-workspace/.dependencies/checkouts/maptiler-sdk-swift/Sources/MapTilerSDK/Map/Extensions/MTMapView+WebViewExecutorDelegate.swift:10:8: note: also imported here
import WebKit
^
/Users/admin/builder/spi-builder-workspace/.dependencies/checkouts/maptiler-sdk-swift/Sources/MapTilerSDK/Map/MTMapView.swift:15:8: note: also imported here
import WebKit
^
/Users/admin/builder/spi-builder-workspace/.dependencies/checkouts/maptiler-sdk-swift/Sources/MapTilerSDK/Bridge/WebViewExecutor.swift:10:8: error: Unable to find module dependency: 'WebKit'
import WebKit
^
/Users/admin/builder/spi-builder-workspace/.dependencies/checkouts/maptiler-sdk-swift/Sources/MapTilerSDK/Bridge/WebViewExecutor.swift:10:8: note: a dependency of main module 'MapTilerSDK'
import WebKit
^
/Users/admin/builder/spi-builder-workspace/.dependencies/checkouts/maptiler-sdk-swift/Sources/MapTilerSDK/Bridge/WebViewManager/WebViewManager+WKScriptMessageHandler.swift:10:8: note: also imported here
import WebKit
^
/Users/admin/builder/spi-builder-workspace/.dependencies/checkouts/maptiler-sdk-swift/Sources/MapTilerSDK/Bridge/WebViewManager/WebViewManager.swift:10:8: note: also imported here
import WebKit
^
/Users/admin/builder/spi-builder-workspace/.dependencies/checkouts/maptiler-sdk-swift/Sources/MapTilerSDK/Map/Extensions/MTMapView+WebViewExecutorDelegate.swift:10:8: note: also imported here
import WebKit
^
/Users/admin/builder/spi-builder-workspace/.dependencies/checkouts/maptiler-sdk-swift/Sources/MapTilerSDK/Map/MTMapView.swift:15:8: note: also imported here
import WebKit
^
/Users/admin/builder/spi-builder-workspace/.dependencies/checkouts/maptiler-sdk-swift/Sources/MapTilerSDK/Bridge/WebViewExecutor.swift:10:8: error: Unable to find module dependency: 'WebKit'
import WebKit
^
/Users/admin/builder/spi-builder-workspace/.dependencies/checkouts/maptiler-sdk-swift/Sources/MapTilerSDK/Bridge/WebViewExecutor.swift:10:8: note: a dependency of main module 'MapTilerSDK'
import WebKit
^
/Users/admin/builder/spi-builder-workspace/.dependencies/checkouts/maptiler-sdk-swift/Sources/MapTilerSDK/Bridge/WebViewManager/WebViewManager+WKScriptMessageHandler.swift:10:8: note: also imported here
import WebKit
^
/Users/admin/builder/spi-builder-workspace/.dependencies/checkouts/maptiler-sdk-swift/Sources/MapTilerSDK/Bridge/WebViewManager/WebViewManager.swift:10:8: note: also imported here
import WebKit
^
/Users/admin/builder/spi-builder-workspace/.dependencies/checkouts/maptiler-sdk-swift/Sources/MapTilerSDK/Map/Extensions/MTMapView+WebViewExecutorDelegate.swift:10:8: note: also imported here
import WebKit
^
/Users/admin/builder/spi-builder-workspace/.dependencies/checkouts/maptiler-sdk-swift/Sources/MapTilerSDK/Map/MTMapView.swift:15:8: note: also imported here
import WebKit
^
** BUILD FAILED **
The following build commands failed:
SwiftDriver MapTilerSDK normal arm64 com.apple.xcode.tools.swift.compiler (in target 'MapTilerSDK' from project 'MapTilerSDK')
SwiftDriver MapTilerSDK normal arm64_32 com.apple.xcode.tools.swift.compiler (in target 'MapTilerSDK' from project 'MapTilerSDK')
SwiftDriver MapTilerSDK normal armv7k com.apple.xcode.tools.swift.compiler (in target 'MapTilerSDK' from project 'MapTilerSDK')
Building workspace spi-builder-workspace with scheme MapTilerWeather
(4 failures)
Command line invocation:
/Applications/Xcode-26.3.0.app/Contents/Developer/usr/bin/xcodebuild -IDEClonedSourcePackagesDirPathOverride=/Users/admin/builder/spi-builder-workspace/.dependencies -resolvePackageDependencies
Resolve Package Graph
Resolved source packages:
MapTilerWeather: /Users/admin/builder/spi-builder-workspace
MapTilerSDK: https://github.com/maptiler/maptiler-sdk-swift.git @ main (5f217f0)
resolved source packages: MapTilerWeather, MapTilerSDK
2026-09-22 20:56:41.355 xcodebuild[797:5004] [MT] IDERunDestination: Supported platforms for the buildables in the current scheme is empty.
{
"dependencies" : [
{
"identity" : "maptiler-sdk-swift",
"requirement" : {
"branch" : [
"main"
]
},
"type" : "sourceControl",
"url" : "https://github.com/maptiler/maptiler-sdk-swift.git"
}
],
"manifest_display_name" : "MapTilerWeather",
"name" : "MapTilerWeather",
"path" : "/Users/admin/builder/spi-builder-workspace",
"platforms" : [
{
"name" : "ios",
"version" : "15.0"
}
],
"products" : [
{
"name" : "MapTilerWeather",
"targets" : [
"MapTilerWeather"
],
"type" : {
"library" : [
"automatic"
]
}
}
],
"targets" : [
{
"c99name" : "MapTilerWeatherTests",
"module_type" : "SwiftTarget",
"name" : "MapTilerWeatherTests",
"path" : "Tests/MapTilerWeatherTests",
"sources" : [
"MapTilerWeatherTests.swift",
"PerformanceTests.swift"
],
"target_dependencies" : [
"MapTilerWeather"
],
"type" : "test"
},
{
"c99name" : "MapTilerWeather",
"module_type" : "SwiftTarget",
"name" : "MapTilerWeather",
"path" : "Sources/MapTilerWeather",
"product_dependencies" : [
"MapTilerSDK"
],
"product_memberships" : [
"MapTilerWeather"
],
"resources" : [
{
"path" : "/Users/admin/builder/spi-builder-workspace/Sources/MapTilerWeather/Resources/maptiler-weather.js",
"rule" : {
"process" : {
}
}
},
{
"path" : "/Users/admin/builder/spi-builder-workspace/Sources/MapTilerWeather/Resources/maptiler-weather.umd.min.js.map",
"rule" : {
"process" : {
}
}
}
],
"sources" : [
"AddWeatherLayerCommand.swift",
"MTColoringFragment.swift",
"MTDecoderOptions.swift",
"MTIntensityLayer.swift",
"MTParticleLayer.swift",
"MTPrecipitationLayer.swift",
"MTPressureLayer.swift",
"MTRadarLayer.swift",
"MTTemperatureLayer.swift",
"MTTileLayer.swift",
"MTWeatherColorRamp.swift",
"MTWeatherColorRampPreset.swift",
"MTWeatherLayer.swift",
"MTWeatherLogger.swift",
"MTWindLayer.swift",
"MapTilerWeather.swift",
"MapTilerWeatherModule.swift",
"PickAtWeatherLayerCommand.swift",
"WeatherLayerMethodCommand.swift",
"WeatherLayerValueCommand.swift"
],
"type" : "library"
}
],
"tools_version" : "6.0"
}
{
"workspace" : {
"name" : "spi-builder-workspace",
"schemes" : [
"MapTilerWeather"
]
}
}
2026-09-22 20:56:42.627 xcodebuild[808:5083] [MT] IDERunDestination: Supported platforms for the buildables in the current scheme is empty.
Running build ...
env DEVELOPER_DIR=/Applications/Xcode-26.3.0.app xcrun xcodebuild -IDEClonedSourcePackagesDirPathOverride=$PWD/.dependencies -skipMacroValidation -skipPackagePluginValidation -derivedDataPath $PWD/.derivedData build -scheme MapTilerWeather -destination generic/platform=watchOS
Command line invocation:
/Applications/Xcode-26.3.0.app/Contents/Developer/usr/bin/xcodebuild -IDEClonedSourcePackagesDirPathOverride=/Users/admin/builder/spi-builder-workspace/.dependencies -skipMacroValidation -skipPackagePluginValidation -derivedDataPath /Users/admin/builder/spi-builder-workspace/.derivedData build -scheme MapTilerWeather -destination generic/platform=watchOS
Resolve Package Graph
Resolved source packages:
MapTilerWeather: /Users/admin/builder/spi-builder-workspace
MapTilerSDK: https://github.com/maptiler/maptiler-sdk-swift.git @ main (5f217f0)
ComputePackagePrebuildTargetDependencyGraph
Prepare packages
CreateBuildRequest
SendProjectDescription
CreateBuildOperation
ComputeTargetDependencyGraph
note: Building targets in dependency order
note: Target dependency graph (6 targets)
Target 'MapTilerWeather' in project 'MapTilerWeather'
➜ Explicit dependency on target 'MapTilerWeather' in project 'MapTilerWeather'
➜ Explicit dependency on target 'MapTilerWeather_MapTilerWeather' in project 'MapTilerWeather'
➜ Explicit dependency on target 'MapTilerSDK' in project 'MapTilerSDK'
Target 'MapTilerWeather' in project 'MapTilerWeather'
➜ Explicit dependency on target 'MapTilerWeather_MapTilerWeather' in project 'MapTilerWeather'
➜ Explicit dependency on target 'MapTilerSDK' in project 'MapTilerSDK'
Target 'MapTilerSDK' in project 'MapTilerSDK'
➜ Explicit dependency on target 'MapTilerSDK' in project 'MapTilerSDK'
➜ Explicit dependency on target 'MapTilerSDK_MapTilerSDK' in project 'MapTilerSDK'
Target 'MapTilerSDK' in project 'MapTilerSDK'
➜ Explicit dependency on target 'MapTilerSDK_MapTilerSDK' in project 'MapTilerSDK'
Target 'MapTilerSDK_MapTilerSDK' in project 'MapTilerSDK' (no dependencies)
Target 'MapTilerWeather_MapTilerWeather' in project 'MapTilerWeather' (no dependencies)
GatherProvisioningInputs
CreateBuildDescription
ClangStatCache /Applications/Xcode-26.3.0.app/Contents/Developer/Toolchains/XcodeDefault.xctoolchain/usr/bin/clang-stat-cache /Applications/Xcode-26.3.0.app/Contents/Developer/Platforms/WatchOS.platform/Developer/SDKs/WatchOS26.2.sdk /Users/admin/builder/spi-builder-workspace/.derivedData/SDKStatCaches.noindex/watchos26.2-23S303-dc75598d0054f22ec865fa860f139d721753b489057de6bda919edfa1c59a62b.sdkstatcache
cd /Users/admin/builder/spi-builder-workspace/.swiftpm/xcode
/Applications/Xcode-26.3.0.app/Contents/Developer/Toolchains/XcodeDefault.xctoolchain/usr/bin/clang-stat-cache /Applications/Xcode-26.3.0.app/Contents/Developer/Platforms/WatchOS.platform/Developer/SDKs/WatchOS26.2.sdk -o /Users/admin/builder/spi-builder-workspace/.derivedData/SDKStatCaches.noindex/watchos26.2-23S303-dc75598d0054f22ec865fa860f139d721753b489057de6bda919edfa1c59a62b.sdkstatcache
SwiftDriver MapTilerSDK normal arm64_32 com.apple.xcode.tools.swift.compiler (in target 'MapTilerSDK' from project 'MapTilerSDK')
cd /Users/admin/builder/spi-builder-workspace/.swiftpm/xcode
builtin-SwiftDriver -- /Applications/Xcode-26.3.0.app/Contents/Developer/Toolchains/XcodeDefault.xctoolchain/usr/bin/swiftc -module-name MapTilerSDK -Onone -enforce-exclusivity\=checked @/Users/admin/builder/spi-builder-workspace/.derivedData/Build/Intermediates.noindex/MapTilerSDK.build/Debug-watchos/MapTilerSDK.build/Objects-normal/arm64_32/MapTilerSDK.SwiftFileList -DSWIFT_PACKAGE -DDEBUG -DSWIFT_MODULE_RESOURCE_BUNDLE_AVAILABLE -DXcode -plugin-path /Applications/Xcode-26.3.0.app/Contents/Developer/Toolchains/XcodeDefault.xctoolchain/usr/lib/swift/host/plugins/testing -enable-experimental-feature DebugDescriptionMacro -sdk /Applications/Xcode-26.3.0.app/Contents/Developer/Platforms/WatchOS.platform/Developer/SDKs/WatchOS26.2.sdk -target arm64_32-apple-watchos8.0 -g -module-cache-path /Users/admin/builder/spi-builder-workspace/.derivedData/ModuleCache.noindex -Xfrontend -serialize-debugging-options -profile-coverage-mapping -profile-generate -enable-testing -suppress-warnings -index-store-path /Users/admin/builder/spi-builder-workspace/.derivedData/Index.noindex/DataStore -Xcc -D_LIBCPP_HARDENING_MODE\=_LIBCPP_HARDENING_MODE_DEBUG -swift-version 6 -I /Users/admin/builder/spi-builder-workspace/.derivedData/Build/Products/Debug-watchos -Isystem /Applications/Xcode-26.3.0.app/Contents/Developer/Platforms/WatchOS.platform/Developer/usr/lib -F /Users/admin/builder/spi-builder-workspace/.derivedData/Build/Products/Debug-watchos -F /Applications/Xcode-26.3.0.app/Contents/Developer/Platforms/WatchOS.platform/Developer/Library/Frameworks -F /Applications/Xcode-26.3.0.app/Contents/Developer/Platforms/WatchOS.platform/Developer/SDKs/WatchOS26.2.sdk/Developer/Library/Frameworks -c -j10 -enable-batch-mode -incremental -Xcc -ivfsstatcache -Xcc /Users/admin/builder/spi-builder-workspace/.derivedData/SDKStatCaches.noindex/watchos26.2-23S303-dc75598d0054f22ec865fa860f139d721753b489057de6bda919edfa1c59a62b.sdkstatcache -output-file-map /Users/admin/builder/spi-builder-workspace/.derivedData/Build/Intermediates.noindex/MapTilerSDK.build/Debug-watchos/MapTilerSDK.build/Objects-normal/arm64_32/MapTilerSDK-OutputFileMap.json -use-frontend-parseable-output -save-temps -no-color-diagnostics -explicit-module-build -module-cache-path /Users/admin/builder/spi-builder-workspace/.derivedData/Build/Intermediates.noindex/SwiftExplicitPrecompiledModules -clang-scanner-module-cache-path /Users/admin/builder/spi-builder-workspace/.derivedData/ModuleCache.noindex -sdk-module-cache-path /Users/admin/builder/spi-builder-workspace/.derivedData/ModuleCache.noindex -serialize-diagnostics -emit-dependencies -emit-module -emit-module-path /Users/admin/builder/spi-builder-workspace/.derivedData/Build/Intermediates.noindex/MapTilerSDK.build/Debug-watchos/MapTilerSDK.build/Objects-normal/arm64_32/MapTilerSDK.swiftmodule -validate-clang-modules-once -clang-build-session-file /Users/admin/builder/spi-builder-workspace/.derivedData/ModuleCache.noindex/Session.modulevalidation -package-name maptiler_sdk_swift -Xcc -I/Users/admin/builder/spi-builder-workspace/.derivedData/Build/Intermediates.noindex/MapTilerSDK.build/Debug-watchos/MapTilerSDK.build/swift-overrides.hmap -emit-const-values -Xfrontend -const-gather-protocols-file -Xfrontend /Users/admin/builder/spi-builder-workspace/.derivedData/Build/Intermediates.noindex/MapTilerSDK.build/Debug-watchos/MapTilerSDK.build/Objects-normal/arm64_32/MapTilerSDK_const_extract_protocols.json -Xcc -I/Users/admin/builder/spi-builder-workspace/.derivedData/Build/Products/Debug-watchos/include -Xcc -I/Users/admin/builder/spi-builder-workspace/.derivedData/Build/Intermediates.noindex/MapTilerSDK.build/Debug-watchos/MapTilerSDK.build/DerivedSources-normal/arm64_32 -Xcc -I/Users/admin/builder/spi-builder-workspace/.derivedData/Build/Intermediates.noindex/MapTilerSDK.build/Debug-watchos/MapTilerSDK.build/DerivedSources/arm64_32 -Xcc -I/Users/admin/builder/spi-builder-workspace/.derivedData/Build/Intermediates.noindex/MapTilerSDK.build/Debug-watchos/MapTilerSDK.build/DerivedSources -Xcc -DSWIFT_PACKAGE -Xcc -DDEBUG\=1 -emit-objc-header -emit-objc-header-path /Users/admin/builder/spi-builder-workspace/.derivedData/Build/Intermediates.noindex/MapTilerSDK.build/Debug-watchos/MapTilerSDK.build/Objects-normal/arm64_32/MapTilerSDK-Swift.h -working-directory /Users/admin/builder/spi-builder-workspace/.swiftpm/xcode -experimental-emit-module-separately -disable-cmo
/Users/admin/builder/spi-builder-workspace/.dependencies/checkouts/maptiler-sdk-swift/Sources/MapTilerSDK/Bridge/WebViewExecutor.swift:10:8: error: Unable to find module dependency: 'WebKit'
import WebKit
^ (in target 'MapTilerSDK' from project 'MapTilerSDK')
/Users/admin/builder/spi-builder-workspace/.dependencies/checkouts/maptiler-sdk-swift/Sources/MapTilerSDK/Bridge/WebViewExecutor.swift:10:8: note: A dependency of main module 'MapTilerSDK'
import WebKit
^ (in target 'MapTilerSDK' from project 'MapTilerSDK')
/Users/admin/builder/spi-builder-workspace/.dependencies/checkouts/maptiler-sdk-swift/Sources/MapTilerSDK/Bridge/WebViewManager/WebViewManager+WKScriptMessageHandler.swift:10:8: note: Also imported here
import WebKit
^ (in target 'MapTilerSDK' from project 'MapTilerSDK')
/Users/admin/builder/spi-builder-workspace/.dependencies/checkouts/maptiler-sdk-swift/Sources/MapTilerSDK/Bridge/WebViewManager/WebViewManager.swift:10:8: note: Also imported here
import WebKit
^ (in target 'MapTilerSDK' from project 'MapTilerSDK')
/Users/admin/builder/spi-builder-workspace/.dependencies/checkouts/maptiler-sdk-swift/Sources/MapTilerSDK/Map/Extensions/MTMapView+WebViewExecutorDelegate.swift:10:8: note: Also imported here
import WebKit
^ (in target 'MapTilerSDK' from project 'MapTilerSDK')
/Users/admin/builder/spi-builder-workspace/.dependencies/checkouts/maptiler-sdk-swift/Sources/MapTilerSDK/Map/MTMapView.swift:15:8: note: Also imported here
import WebKit
^ (in target 'MapTilerSDK' from project 'MapTilerSDK')
SwiftDriver MapTilerSDK normal arm64 com.apple.xcode.tools.swift.compiler (in target 'MapTilerSDK' from project 'MapTilerSDK')
cd /Users/admin/builder/spi-builder-workspace/.swiftpm/xcode
builtin-SwiftDriver -- /Applications/Xcode-26.3.0.app/Contents/Developer/Toolchains/XcodeDefault.xctoolchain/usr/bin/swiftc -module-name MapTilerSDK -Onone -enforce-exclusivity\=checked @/Users/admin/builder/spi-builder-workspace/.derivedData/Build/Intermediates.noindex/MapTilerSDK.build/Debug-watchos/MapTilerSDK.build/Objects-normal/arm64/MapTilerSDK.SwiftFileList -DSWIFT_PACKAGE -DDEBUG -DSWIFT_MODULE_RESOURCE_BUNDLE_AVAILABLE -DXcode -plugin-path /Applications/Xcode-26.3.0.app/Contents/Developer/Toolchains/XcodeDefault.xctoolchain/usr/lib/swift/host/plugins/testing -enable-experimental-feature DebugDescriptionMacro -sdk /Applications/Xcode-26.3.0.app/Contents/Developer/Platforms/WatchOS.platform/Developer/SDKs/WatchOS26.2.sdk -target arm64-apple-watchos8.0 -g -module-cache-path /Users/admin/builder/spi-builder-workspace/.derivedData/ModuleCache.noindex -Xfrontend -serialize-debugging-options -profile-coverage-mapping -profile-generate -enable-testing -suppress-warnings -index-store-path /Users/admin/builder/spi-builder-workspace/.derivedData/Index.noindex/DataStore -Xcc -D_LIBCPP_HARDENING_MODE\=_LIBCPP_HARDENING_MODE_DEBUG -swift-version 6 -I /Users/admin/builder/spi-builder-workspace/.derivedData/Build/Products/Debug-watchos -Isystem /Applications/Xcode-26.3.0.app/Contents/Developer/Platforms/WatchOS.platform/Developer/usr/lib -F /Users/admin/builder/spi-builder-workspace/.derivedData/Build/Products/Debug-watchos -F /Applications/Xcode-26.3.0.app/Contents/Developer/Platforms/WatchOS.platform/Developer/Library/Frameworks -F /Applications/Xcode-26.3.0.app/Contents/Developer/Platforms/WatchOS.platform/Developer/SDKs/WatchOS26.2.sdk/Developer/Library/Frameworks -c -j10 -enable-batch-mode -incremental -Xcc -ivfsstatcache -Xcc /Users/admin/builder/spi-builder-workspace/.derivedData/SDKStatCaches.noindex/watchos26.2-23S303-dc75598d0054f22ec865fa860f139d721753b489057de6bda919edfa1c59a62b.sdkstatcache -output-file-map /Users/admin/builder/spi-builder-workspace/.derivedData/Build/Intermediates.noindex/MapTilerSDK.build/Debug-watchos/MapTilerSDK.build/Objects-normal/arm64/MapTilerSDK-OutputFileMap.json -use-frontend-parseable-output -save-temps -no-color-diagnostics -explicit-module-build -module-cache-path /Users/admin/builder/spi-builder-workspace/.derivedData/Build/Intermediates.noindex/SwiftExplicitPrecompiledModules -clang-scanner-module-cache-path /Users/admin/builder/spi-builder-workspace/.derivedData/ModuleCache.noindex -sdk-module-cache-path /Users/admin/builder/spi-builder-workspace/.derivedData/ModuleCache.noindex -serialize-diagnostics -emit-dependencies -emit-module -emit-module-path /Users/admin/builder/spi-builder-workspace/.derivedData/Build/Intermediates.noindex/MapTilerSDK.build/Debug-watchos/MapTilerSDK.build/Objects-normal/arm64/MapTilerSDK.swiftmodule -validate-clang-modules-once -clang-build-session-file /Users/admin/builder/spi-builder-workspace/.derivedData/ModuleCache.noindex/Session.modulevalidation -package-name maptiler_sdk_swift -Xcc -I/Users/admin/builder/spi-builder-workspace/.derivedData/Build/Intermediates.noindex/MapTilerSDK.build/Debug-watchos/MapTilerSDK.build/swift-overrides.hmap -emit-const-values -Xfrontend -const-gather-protocols-file -Xfrontend /Users/admin/builder/spi-builder-workspace/.derivedData/Build/Intermediates.noindex/MapTilerSDK.build/Debug-watchos/MapTilerSDK.build/Objects-normal/arm64/MapTilerSDK_const_extract_protocols.json -Xcc -I/Users/admin/builder/spi-builder-workspace/.derivedData/Build/Products/Debug-watchos/include -Xcc -I/Users/admin/builder/spi-builder-workspace/.derivedData/Build/Intermediates.noindex/MapTilerSDK.build/Debug-watchos/MapTilerSDK.build/DerivedSources-normal/arm64 -Xcc -I/Users/admin/builder/spi-builder-workspace/.derivedData/Build/Intermediates.noindex/MapTilerSDK.build/Debug-watchos/MapTilerSDK.build/DerivedSources/arm64 -Xcc -I/Users/admin/builder/spi-builder-workspace/.derivedData/Build/Intermediates.noindex/MapTilerSDK.build/Debug-watchos/MapTilerSDK.build/DerivedSources -Xcc -DSWIFT_PACKAGE -Xcc -DDEBUG\=1 -emit-objc-header -emit-objc-header-path /Users/admin/builder/spi-builder-workspace/.derivedData/Build/Intermediates.noindex/MapTilerSDK.build/Debug-watchos/MapTilerSDK.build/Objects-normal/arm64/MapTilerSDK-Swift.h -working-directory /Users/admin/builder/spi-builder-workspace/.swiftpm/xcode -experimental-emit-module-separately -disable-cmo
/Users/admin/builder/spi-builder-workspace/.dependencies/checkouts/maptiler-sdk-swift/Sources/MapTilerSDK/Bridge/WebViewExecutor.swift:10:8: error: Unable to find module dependency: 'WebKit'
import WebKit
^ (in target 'MapTilerSDK' from project 'MapTilerSDK')
/Users/admin/builder/spi-builder-workspace/.dependencies/checkouts/maptiler-sdk-swift/Sources/MapTilerSDK/Bridge/WebViewExecutor.swift:10:8: note: A dependency of main module 'MapTilerSDK'
import WebKit
^ (in target 'MapTilerSDK' from project 'MapTilerSDK')
/Users/admin/builder/spi-builder-workspace/.dependencies/checkouts/maptiler-sdk-swift/Sources/MapTilerSDK/Bridge/WebViewManager/WebViewManager+WKScriptMessageHandler.swift:10:8: note: Also imported here
import WebKit
^ (in target 'MapTilerSDK' from project 'MapTilerSDK')
/Users/admin/builder/spi-builder-workspace/.dependencies/checkouts/maptiler-sdk-swift/Sources/MapTilerSDK/Bridge/WebViewManager/WebViewManager.swift:10:8: note: Also imported here
import WebKit
^ (in target 'MapTilerSDK' from project 'MapTilerSDK')
/Users/admin/builder/spi-builder-workspace/.dependencies/checkouts/maptiler-sdk-swift/Sources/MapTilerSDK/Map/Extensions/MTMapView+WebViewExecutorDelegate.swift:10:8: note: Also imported here
import WebKit
^ (in target 'MapTilerSDK' from project 'MapTilerSDK')
/Users/admin/builder/spi-builder-workspace/.dependencies/checkouts/maptiler-sdk-swift/Sources/MapTilerSDK/Map/MTMapView.swift:15:8: note: Also imported here
import WebKit
^ (in target 'MapTilerSDK' from project 'MapTilerSDK')
SwiftDriver MapTilerSDK normal armv7k com.apple.xcode.tools.swift.compiler (in target 'MapTilerSDK' from project 'MapTilerSDK')
cd /Users/admin/builder/spi-builder-workspace/.swiftpm/xcode
builtin-SwiftDriver -- /Applications/Xcode-26.3.0.app/Contents/Developer/Toolchains/XcodeDefault.xctoolchain/usr/bin/swiftc -module-name MapTilerSDK -Onone -enforce-exclusivity\=checked @/Users/admin/builder/spi-builder-workspace/.derivedData/Build/Intermediates.noindex/MapTilerSDK.build/Debug-watchos/MapTilerSDK.build/Objects-normal/armv7k/MapTilerSDK.SwiftFileList -DSWIFT_PACKAGE -DDEBUG -DSWIFT_MODULE_RESOURCE_BUNDLE_AVAILABLE -DXcode -plugin-path /Applications/Xcode-26.3.0.app/Contents/Developer/Toolchains/XcodeDefault.xctoolchain/usr/lib/swift/host/plugins/testing -enable-experimental-feature DebugDescriptionMacro -sdk /Applications/Xcode-26.3.0.app/Contents/Developer/Platforms/WatchOS.platform/Developer/SDKs/WatchOS26.2.sdk -target armv7k-apple-watchos8.0 -g -module-cache-path /Users/admin/builder/spi-builder-workspace/.derivedData/ModuleCache.noindex -Xfrontend -serialize-debugging-options -profile-coverage-mapping -profile-generate -enable-testing -suppress-warnings -index-store-path /Users/admin/builder/spi-builder-workspace/.derivedData/Index.noindex/DataStore -Xcc -D_LIBCPP_HARDENING_MODE\=_LIBCPP_HARDENING_MODE_DEBUG -swift-version 6 -I /Users/admin/builder/spi-builder-workspace/.derivedData/Build/Products/Debug-watchos -Isystem /Applications/Xcode-26.3.0.app/Contents/Developer/Platforms/WatchOS.platform/Developer/usr/lib -F /Users/admin/builder/spi-builder-workspace/.derivedData/Build/Products/Debug-watchos -F /Applications/Xcode-26.3.0.app/Contents/Developer/Platforms/WatchOS.platform/Developer/Library/Frameworks -F /Applications/Xcode-26.3.0.app/Contents/Developer/Platforms/WatchOS.platform/Developer/SDKs/WatchOS26.2.sdk/Developer/Library/Frameworks -c -j10 -enable-batch-mode -incremental -Xcc -ivfsstatcache -Xcc /Users/admin/builder/spi-builder-workspace/.derivedData/SDKStatCaches.noindex/watchos26.2-23S303-dc75598d0054f22ec865fa860f139d721753b489057de6bda919edfa1c59a62b.sdkstatcache -output-file-map /Users/admin/builder/spi-builder-workspace/.derivedData/Build/Intermediates.noindex/MapTilerSDK.build/Debug-watchos/MapTilerSDK.build/Objects-normal/armv7k/MapTilerSDK-OutputFileMap.json -use-frontend-parseable-output -save-temps -no-color-diagnostics -explicit-module-build -module-cache-path /Users/admin/builder/spi-builder-workspace/.derivedData/Build/Intermediates.noindex/SwiftExplicitPrecompiledModules -clang-scanner-module-cache-path /Users/admin/builder/spi-builder-workspace/.derivedData/ModuleCache.noindex -sdk-module-cache-path /Users/admin/builder/spi-builder-workspace/.derivedData/ModuleCache.noindex -serialize-diagnostics -emit-dependencies -emit-module -emit-module-path /Users/admin/builder/spi-builder-workspace/.derivedData/Build/Intermediates.noindex/MapTilerSDK.build/Debug-watchos/MapTilerSDK.build/Objects-normal/armv7k/MapTilerSDK.swiftmodule -validate-clang-modules-once -clang-build-session-file /Users/admin/builder/spi-builder-workspace/.derivedData/ModuleCache.noindex/Session.modulevalidation -package-name maptiler_sdk_swift -Xcc -I/Users/admin/builder/spi-builder-workspace/.derivedData/Build/Intermediates.noindex/MapTilerSDK.build/Debug-watchos/MapTilerSDK.build/swift-overrides.hmap -emit-const-values -Xfrontend -const-gather-protocols-file -Xfrontend /Users/admin/builder/spi-builder-workspace/.derivedData/Build/Intermediates.noindex/MapTilerSDK.build/Debug-watchos/MapTilerSDK.build/Objects-normal/armv7k/MapTilerSDK_const_extract_protocols.json -Xcc -I/Users/admin/builder/spi-builder-workspace/.derivedData/Build/Products/Debug-watchos/include -Xcc -I/Users/admin/builder/spi-builder-workspace/.derivedData/Build/Intermediates.noindex/MapTilerSDK.build/Debug-watchos/MapTilerSDK.build/DerivedSources-normal/armv7k -Xcc -I/Users/admin/builder/spi-builder-workspace/.derivedData/Build/Intermediates.noindex/MapTilerSDK.build/Debug-watchos/MapTilerSDK.build/DerivedSources/armv7k -Xcc -I/Users/admin/builder/spi-builder-workspace/.derivedData/Build/Intermediates.noindex/MapTilerSDK.build/Debug-watchos/MapTilerSDK.build/DerivedSources -Xcc -DSWIFT_PACKAGE -Xcc -DDEBUG\=1 -emit-objc-header -emit-objc-header-path /Users/admin/builder/spi-builder-workspace/.derivedData/Build/Intermediates.noindex/MapTilerSDK.build/Debug-watchos/MapTilerSDK.build/Objects-normal/armv7k/MapTilerSDK-Swift.h -working-directory /Users/admin/builder/spi-builder-workspace/.swiftpm/xcode -experimental-emit-module-separately -disable-cmo
/Users/admin/builder/spi-builder-workspace/.dependencies/checkouts/maptiler-sdk-swift/Sources/MapTilerSDK/Bridge/WebViewExecutor.swift:10:8: error: Unable to find module dependency: 'WebKit'
import WebKit
^ (in target 'MapTilerSDK' from project 'MapTilerSDK')
/Users/admin/builder/spi-builder-workspace/.dependencies/checkouts/maptiler-sdk-swift/Sources/MapTilerSDK/Bridge/WebViewExecutor.swift:10:8: note: A dependency of main module 'MapTilerSDK'
import WebKit
^ (in target 'MapTilerSDK' from project 'MapTilerSDK')
/Users/admin/builder/spi-builder-workspace/.dependencies/checkouts/maptiler-sdk-swift/Sources/MapTilerSDK/Bridge/WebViewManager/WebViewManager+WKScriptMessageHandler.swift:10:8: note: Also imported here
import WebKit
^ (in target 'MapTilerSDK' from project 'MapTilerSDK')
/Users/admin/builder/spi-builder-workspace/.dependencies/checkouts/maptiler-sdk-swift/Sources/MapTilerSDK/Bridge/WebViewManager/WebViewManager.swift:10:8: note: Also imported here
import WebKit
^ (in target 'MapTilerSDK' from project 'MapTilerSDK')
/Users/admin/builder/spi-builder-workspace/.dependencies/checkouts/maptiler-sdk-swift/Sources/MapTilerSDK/Map/Extensions/MTMapView+WebViewExecutorDelegate.swift:10:8: note: Also imported here
import WebKit
^ (in target 'MapTilerSDK' from project 'MapTilerSDK')
/Users/admin/builder/spi-builder-workspace/.dependencies/checkouts/maptiler-sdk-swift/Sources/MapTilerSDK/Map/MTMapView.swift:15:8: note: Also imported here
import WebKit
^ (in target 'MapTilerSDK' from project 'MapTilerSDK')
2026-09-22 20:56:43.638 xcodebuild[813:5124] [MT] IDERunDestination: Supported platforms for the buildables in the current scheme is empty.
/Users/admin/builder/spi-builder-workspace/.dependencies/checkouts/maptiler-sdk-swift/Sources/MapTilerSDK/Bridge/WebViewExecutor.swift:10:8: error: Unable to find module dependency: 'WebKit'
import WebKit
^
/Users/admin/builder/spi-builder-workspace/.dependencies/checkouts/maptiler-sdk-swift/Sources/MapTilerSDK/Bridge/WebViewExecutor.swift:10:8: note: a dependency of main module 'MapTilerSDK'
import WebKit
^
/Users/admin/builder/spi-builder-workspace/.dependencies/checkouts/maptiler-sdk-swift/Sources/MapTilerSDK/Bridge/WebViewManager/WebViewManager+WKScriptMessageHandler.swift:10:8: note: also imported here
import WebKit
^
/Users/admin/builder/spi-builder-workspace/.dependencies/checkouts/maptiler-sdk-swift/Sources/MapTilerSDK/Bridge/WebViewManager/WebViewManager.swift:10:8: note: also imported here
import WebKit
^
/Users/admin/builder/spi-builder-workspace/.dependencies/checkouts/maptiler-sdk-swift/Sources/MapTilerSDK/Map/Extensions/MTMapView+WebViewExecutorDelegate.swift:10:8: note: also imported here
import WebKit
^
/Users/admin/builder/spi-builder-workspace/.dependencies/checkouts/maptiler-sdk-swift/Sources/MapTilerSDK/Map/MTMapView.swift:15:8: note: also imported here
import WebKit
^
/Users/admin/builder/spi-builder-workspace/.dependencies/checkouts/maptiler-sdk-swift/Sources/MapTilerSDK/Bridge/WebViewExecutor.swift:10:8: error: Unable to find module dependency: 'WebKit'
import WebKit
^
/Users/admin/builder/spi-builder-workspace/.dependencies/checkouts/maptiler-sdk-swift/Sources/MapTilerSDK/Bridge/WebViewExecutor.swift:10:8: note: a dependency of main module 'MapTilerSDK'
import WebKit
^
/Users/admin/builder/spi-builder-workspace/.dependencies/checkouts/maptiler-sdk-swift/Sources/MapTilerSDK/Bridge/WebViewManager/WebViewManager+WKScriptMessageHandler.swift:10:8: note: also imported here
import WebKit
^
/Users/admin/builder/spi-builder-workspace/.dependencies/checkouts/maptiler-sdk-swift/Sources/MapTilerSDK/Bridge/WebViewManager/WebViewManager.swift:10:8: note: also imported here
import WebKit
^
/Users/admin/builder/spi-builder-workspace/.dependencies/checkouts/maptiler-sdk-swift/Sources/MapTilerSDK/Map/Extensions/MTMapView+WebViewExecutorDelegate.swift:10:8: note: also imported here
import WebKit
^
/Users/admin/builder/spi-builder-workspace/.dependencies/checkouts/maptiler-sdk-swift/Sources/MapTilerSDK/Map/MTMapView.swift:15:8: note: also imported here
import WebKit
^
/Users/admin/builder/spi-builder-workspace/.dependencies/checkouts/maptiler-sdk-swift/Sources/MapTilerSDK/Bridge/WebViewExecutor.swift:10:8: error: Unable to find module dependency: 'WebKit'
import WebKit
^
/Users/admin/builder/spi-builder-workspace/.dependencies/checkouts/maptiler-sdk-swift/Sources/MapTilerSDK/Bridge/WebViewExecutor.swift:10:8: note: a dependency of main module 'MapTilerSDK'
import WebKit
^
/Users/admin/builder/spi-builder-workspace/.dependencies/checkouts/maptiler-sdk-swift/Sources/MapTilerSDK/Bridge/WebViewManager/WebViewManager+WKScriptMessageHandler.swift:10:8: note: also imported here
import WebKit
^
/Users/admin/builder/spi-builder-workspace/.dependencies/checkouts/maptiler-sdk-swift/Sources/MapTilerSDK/Bridge/WebViewManager/WebViewManager.swift:10:8: note: also imported here
import WebKit
^
/Users/admin/builder/spi-builder-workspace/.dependencies/checkouts/maptiler-sdk-swift/Sources/MapTilerSDK/Map/Extensions/MTMapView+WebViewExecutorDelegate.swift:10:8: note: also imported here
import WebKit
^
/Users/admin/builder/spi-builder-workspace/.dependencies/checkouts/maptiler-sdk-swift/Sources/MapTilerSDK/Map/MTMapView.swift:15:8: note: also imported here
import WebKit
^
** BUILD FAILED **
The following build commands failed:
SwiftDriver MapTilerSDK normal arm64_32 com.apple.xcode.tools.swift.compiler (in target 'MapTilerSDK' from project 'MapTilerSDK')
SwiftDriver MapTilerSDK normal arm64 com.apple.xcode.tools.swift.compiler (in target 'MapTilerSDK' from project 'MapTilerSDK')
SwiftDriver MapTilerSDK normal armv7k com.apple.xcode.tools.swift.compiler (in target 'MapTilerSDK' from project 'MapTilerSDK')
Building workspace spi-builder-workspace with scheme MapTilerWeather
(4 failures)
BUILD FAILURE 6.2 watchOS