Build Information
Failed to build WWExpandableCell, reference main (ddb1a0), with Swift 6.4 for watchOS using Xcode 27.0 on 24 Sep 2026 09:23:25 UTC.
Build Command
env DEVELOPER_DIR=/Applications/Xcode-27.0.0-Release.Candidate.app xcrun xcodebuild -IDEClonedSourcePackagesDirPathOverride=$PWD/.dependencies -skipMacroValidation -skipPackagePluginValidation -derivedDataPath $PWD/.derivedData build -scheme WWExpandableCell -destination generic/platform=watchOSBuild Log
========================================
RunAll
========================================
Builder version: 5.1.0
Interrupt handler set up.
========================================
Checkout
========================================
Clone URL: https://github.com/William-Weng/WWExpandableCell.git
Reference: main
Initialized empty Git repository in /Users/admin/builder/spi-builder-workspace/.git/
From https://github.com/William-Weng/WWExpandableCell
* branch main -> FETCH_HEAD
* [new branch] main -> origin/main
HEAD is now at ddb1a0d - 加上更新時 / 更新後的設定值
Cloned https://github.com/William-Weng/WWExpandableCell.git
Revision (git rev-parse @):
ddb1a0d01df3d23ab8c727e5700442cccc69b868
SUCCESS checkout https://github.com/William-Weng/WWExpandableCell.git at main
========================================
Build
========================================
Selected platform: watchOS
Swift version: 6.4
Building package at path: $PWD
https://github.com/William-Weng/WWExpandableCell.git
Command line invocation:
/Applications/Xcode-27.0.0-Release.Candidate.app/Contents/Developer/usr/bin/xcodebuild -IDEClonedSourcePackagesDirPathOverride=/Users/admin/builder/spi-builder-workspace/.dependencies -resolvePackageDependencies
Resolve Package Graph
Resolve Package Graph
Resolved source packages:
WWExpandableCell: /Users/admin/builder/spi-builder-workspace
resolved source packages: WWExpandableCell
2026-09-24 05:22:33.291 xcodebuild[529:3007] [MT] IDERunDestination: Supported platforms for the buildables in the current scheme is empty.
{
"dependencies" : [
],
"manifest_display_name" : "WWExpandableCell",
"name" : "WWExpandableCell",
"path" : "/Users/admin/builder/spi-builder-workspace",
"platforms" : [
{
"name" : "ios",
"version" : "15.0"
}
],
"products" : [
{
"name" : "WWExpandableCell",
"targets" : [
"WWExpandableCell"
],
"type" : {
"library" : [
"automatic"
]
}
}
],
"swift_languages_versions" : [
"5"
],
"targets" : [
{
"c99name" : "WWExpandableCell",
"module_type" : "SwiftTarget",
"name" : "WWExpandableCell",
"path" : "Sources/WWExpandableCell",
"product_memberships" : [
"WWExpandableCell"
],
"resources" : [
{
"path" : "/Users/admin/builder/spi-builder-workspace/Sources/WWExpandableCell/Privacy",
"rule" : {
"copy" : {
}
}
}
],
"sources" : [
"WWExpandableCell.swift"
],
"type" : "library"
}
],
"tools_version" : "5.7"
}
{
"workspace" : {
"name" : "WWExpandableCell",
"schemes" : [
"WWExpandableCell"
]
}
}
2026-09-24 05:23:14.400 xcodebuild[655:4166] [MT] IDERunDestination: Supported platforms for the buildables in the current scheme is empty.
Running build ...
env DEVELOPER_DIR=/Applications/Xcode-27.0.0-Release.Candidate.app xcrun xcodebuild -IDEClonedSourcePackagesDirPathOverride=$PWD/.dependencies -skipMacroValidation -skipPackagePluginValidation -derivedDataPath $PWD/.derivedData build -scheme WWExpandableCell -destination generic/platform=watchOS
Command line invocation:
/Applications/Xcode-27.0.0-Release.Candidate.app/Contents/Developer/usr/bin/xcodebuild -IDEClonedSourcePackagesDirPathOverride=/Users/admin/builder/spi-builder-workspace/.dependencies -skipMacroValidation -skipPackagePluginValidation -derivedDataPath /Users/admin/builder/spi-builder-workspace/.derivedData build -scheme WWExpandableCell -destination generic/platform=watchOS
Resolve Package Graph
Resolved source packages:
WWExpandableCell: /Users/admin/builder/spi-builder-workspace
ComputePackagePrebuildTargetDependencyGraph
Prepare packages
CreateBuildRequest
SendProjectDescription
CreateBuildOperation
ComputeTargetDependencyGraph
note: Building targets in dependency order
note: Target dependency graph (3 targets)
Target 'WWExpandableCell-product' in project 'WWExpandableCell'
➜ Explicit dependency on target 'WWExpandableCell' in project 'WWExpandableCell'
➜ Explicit dependency on target 'WWExpandableCell_WWExpandableCell' in project 'WWExpandableCell'
Target 'WWExpandableCell' in project 'WWExpandableCell'
➜ Explicit dependency on target 'WWExpandableCell_WWExpandableCell' in project 'WWExpandableCell'
Target 'WWExpandableCell_WWExpandableCell' in project 'WWExpandableCell' (no dependencies)
GatherProvisioningInputs
CreateBuildDescription
ExecuteExternalTool /Applications/Xcode-27.0.0-Release.Candidate.app/Contents/Developer/Toolchains/XcodeDefault.xctoolchain/usr/bin/clang -v -E -dM -isysroot /Applications/Xcode-27.0.0-Release.Candidate.app/Contents/Developer/Platforms/WatchOS.platform/Developer/SDKs/WatchOS27.0.sdk -x c -c /dev/null
ExecuteExternalTool /Applications/Xcode-27.0.0-Release.Candidate.app/Contents/Developer/Toolchains/XcodeDefault.xctoolchain/usr/bin/swiftc --version
ExecuteExternalTool /Applications/Xcode-27.0.0-Release.Candidate.app/Contents/Developer/Toolchains/XcodeDefault.xctoolchain/usr/bin/ld -version_details
Build description signature: 0b69f84081d2d6bbd2772c820730dbd8
Build description path: /Users/admin/builder/spi-builder-workspace/.derivedData/Build/Intermediates.noindex/XCBuildData/0b69f84081d2d6bbd2772c820730dbd8.xcbuilddata
CreateBuildDirectory /Users/admin/builder/spi-builder-workspace/.derivedData/SDKExplicitPrecompiledModules
cd /Users/admin/builder/spi-builder-workspace/.swiftpm/xcode
builtin-create-build-directory /Users/admin/builder/spi-builder-workspace/.derivedData/SDKExplicitPrecompiledModules
CreateBuildDirectory /Users/admin/builder/spi-builder-workspace/.derivedData/ModuleCache.noindex
cd /Users/admin/builder/spi-builder-workspace/.swiftpm/xcode
builtin-create-build-directory /Users/admin/builder/spi-builder-workspace/.derivedData/ModuleCache.noindex
CreateBuildDirectory /Users/admin/builder/spi-builder-workspace/.derivedData/CompilationCache.noindex
cd /Users/admin/builder/spi-builder-workspace/.swiftpm/xcode
builtin-create-build-directory /Users/admin/builder/spi-builder-workspace/.derivedData/CompilationCache.noindex
CreateBuildDirectory /Users/admin/builder/spi-builder-workspace/.derivedData/Build/Products
cd /Users/admin/builder/spi-builder-workspace/.swiftpm/xcode
builtin-create-build-directory /Users/admin/builder/spi-builder-workspace/.derivedData/Build/Products
CreateBuildDirectory /Users/admin/builder/spi-builder-workspace/.derivedData/Build/Intermediates.noindex
cd /Users/admin/builder/spi-builder-workspace/.swiftpm/xcode
builtin-create-build-directory /Users/admin/builder/spi-builder-workspace/.derivedData/Build/Intermediates.noindex
ClangStatCache /Applications/Xcode-27.0.0-Release.Candidate.app/Contents/Developer/Toolchains/XcodeDefault.xctoolchain/usr/bin/clang-stat-cache /Applications/Xcode-27.0.0-Release.Candidate.app/Contents/Developer/Platforms/WatchOS.platform/Developer/SDKs/WatchOS27.0.sdk /Users/admin/builder/spi-builder-workspace/.derivedData/SDKStatCaches.noindex/watchos27.0-24R360-e829b21a6f8c9b70876ba0858053c04477534ef55a1706bf4c1112bbb242f0a2.sdkstatcache
cd /Users/admin/builder/spi-builder-workspace/.swiftpm/xcode
/Applications/Xcode-27.0.0-Release.Candidate.app/Contents/Developer/Toolchains/XcodeDefault.xctoolchain/usr/bin/clang-stat-cache /Applications/Xcode-27.0.0-Release.Candidate.app/Contents/Developer/Platforms/WatchOS.platform/Developer/SDKs/WatchOS27.0.sdk -o /Users/admin/builder/spi-builder-workspace/.derivedData/SDKStatCaches.noindex/watchos27.0-24R360-e829b21a6f8c9b70876ba0858053c04477534ef55a1706bf4c1112bbb242f0a2.sdkstatcache
CreateBuildDirectory /Users/admin/builder/spi-builder-workspace/.derivedData/Build/Intermediates.noindex/SwiftExplicitPrecompiledModules
cd /Users/admin/builder/spi-builder-workspace/.swiftpm/xcode
builtin-create-build-directory /Users/admin/builder/spi-builder-workspace/.derivedData/Build/Intermediates.noindex/SwiftExplicitPrecompiledModules
CreateBuildDirectory /Users/admin/builder/spi-builder-workspace/.derivedData/Build/Intermediates.noindex/ExplicitPrecompiledModules
cd /Users/admin/builder/spi-builder-workspace/.swiftpm/xcode
builtin-create-build-directory /Users/admin/builder/spi-builder-workspace/.derivedData/Build/Intermediates.noindex/ExplicitPrecompiledModules
CreateBuildDirectory /Users/admin/builder/spi-builder-workspace/.derivedData/Build/Intermediates.noindex/PrecompiledHeaders
cd /Users/admin/builder/spi-builder-workspace/.swiftpm/xcode
builtin-create-build-directory /Users/admin/builder/spi-builder-workspace/.derivedData/Build/Intermediates.noindex/PrecompiledHeaders
CreateBuildDirectory /Users/admin/builder/spi-builder-workspace/.derivedData/Build/Products/Debug-watchos
cd /Users/admin/builder/spi-builder-workspace/.swiftpm/xcode
builtin-create-build-directory /Users/admin/builder/spi-builder-workspace/.derivedData/Build/Products/Debug-watchos
CreateBuildDirectory /Users/admin/builder/spi-builder-workspace/.derivedData/Build/Intermediates.noindex/EagerLinkingTBDs/Debug-watchos
cd /Users/admin/builder/spi-builder-workspace/.swiftpm/xcode
builtin-create-build-directory /Users/admin/builder/spi-builder-workspace/.derivedData/Build/Intermediates.noindex/EagerLinkingTBDs/Debug-watchos
CreateBuildDirectory /Users/admin/builder/spi-builder-workspace/.derivedData/Build/Products/Debug-watchos/PackageFrameworks
cd /Users/admin/builder/spi-builder-workspace/.swiftpm/xcode
builtin-create-build-directory /Users/admin/builder/spi-builder-workspace/.derivedData/Build/Products/Debug-watchos/PackageFrameworks
MkDir /Users/admin/builder/spi-builder-workspace/.derivedData/Build/Products/Debug-watchos/WWExpandableCell_WWExpandableCell.bundle (in target 'WWExpandableCell_WWExpandableCell' from project 'WWExpandableCell')
cd /Users/admin/builder/spi-builder-workspace
/bin/mkdir -p /Users/admin/builder/spi-builder-workspace/.derivedData/Build/Products/Debug-watchos/WWExpandableCell_WWExpandableCell.bundle
WriteAuxiliaryFile /Users/admin/builder/spi-builder-workspace/.derivedData/Build/Intermediates.noindex/WWExpandableCell.build/Debug-watchos/WWExpandableCell_WWExpandableCell-b.build/WWExpandableCell_WWExpandableCell.DependencyMetadataFileList (in target 'WWExpandableCell_WWExpandableCell' from project 'WWExpandableCell')
cd /Users/admin/builder/spi-builder-workspace
write-file /Users/admin/builder/spi-builder-workspace/.derivedData/Build/Intermediates.noindex/WWExpandableCell.build/Debug-watchos/WWExpandableCell_WWExpandableCell-b.build/WWExpandableCell_WWExpandableCell.DependencyMetadataFileList
WriteAuxiliaryFile /Users/admin/builder/spi-builder-workspace/.derivedData/Build/Intermediates.noindex/WWExpandableCell.build/Debug-watchos/WWExpandableCell_WWExpandableCell-b.build/WWExpandableCell_WWExpandableCell.DependencyStaticMetadataFileList (in target 'WWExpandableCell_WWExpandableCell' from project 'WWExpandableCell')
cd /Users/admin/builder/spi-builder-workspace
write-file /Users/admin/builder/spi-builder-workspace/.derivedData/Build/Intermediates.noindex/WWExpandableCell.build/Debug-watchos/WWExpandableCell_WWExpandableCell-b.build/WWExpandableCell_WWExpandableCell.DependencyStaticMetadataFileList
WriteAuxiliaryFile /Users/admin/builder/spi-builder-workspace/.derivedData/Build/Intermediates.noindex/WWExpandableCell.build/Debug-watchos/WWExpandableCell_WWExpandableCell-b.build/empty-WWExpandableCell_WWExpandableCell.plist (in target 'WWExpandableCell_WWExpandableCell' from project 'WWExpandableCell')
cd /Users/admin/builder/spi-builder-workspace
write-file /Users/admin/builder/spi-builder-workspace/.derivedData/Build/Intermediates.noindex/WWExpandableCell.build/Debug-watchos/WWExpandableCell_WWExpandableCell-b.build/empty-WWExpandableCell_WWExpandableCell.plist
WriteAuxiliaryFile /Users/admin/builder/spi-builder-workspace/.derivedData/Build/Intermediates.noindex/WWExpandableCell.build/Debug-watchos/WWExpandableCell-t.build/WWExpandableCell.modulemap (in target 'WWExpandableCell' from project 'WWExpandableCell')
cd /Users/admin/builder/spi-builder-workspace
write-file /Users/admin/builder/spi-builder-workspace/.derivedData/Build/Intermediates.noindex/WWExpandableCell.build/Debug-watchos/WWExpandableCell-t.build/WWExpandableCell.modulemap
WriteAuxiliaryFile /Users/admin/builder/spi-builder-workspace/.derivedData/Build/Intermediates.noindex/WWExpandableCell.build/Debug-watchos/WWExpandableCell-t.build/WWExpandableCell.DependencyStaticMetadataFileList (in target 'WWExpandableCell' from project 'WWExpandableCell')
cd /Users/admin/builder/spi-builder-workspace
write-file /Users/admin/builder/spi-builder-workspace/.derivedData/Build/Intermediates.noindex/WWExpandableCell.build/Debug-watchos/WWExpandableCell-t.build/WWExpandableCell.DependencyStaticMetadataFileList
WriteAuxiliaryFile /Users/admin/builder/spi-builder-workspace/.derivedData/Build/Intermediates.noindex/WWExpandableCell.build/Debug-watchos/WWExpandableCell-t.build/WWExpandableCell.DependencyMetadataFileList (in target 'WWExpandableCell' from project 'WWExpandableCell')
cd /Users/admin/builder/spi-builder-workspace
write-file /Users/admin/builder/spi-builder-workspace/.derivedData/Build/Intermediates.noindex/WWExpandableCell.build/Debug-watchos/WWExpandableCell-t.build/WWExpandableCell.DependencyMetadataFileList
WriteAuxiliaryFile /Users/admin/builder/spi-builder-workspace/.derivedData/Build/Intermediates.noindex/WWExpandableCell.build/Debug-watchos/WWExpandableCell-t.build/Objects-normal/arm64_32/WWExpandableCell_const_extract_protocols.json (in target 'WWExpandableCell' from project 'WWExpandableCell')
cd /Users/admin/builder/spi-builder-workspace
write-file /Users/admin/builder/spi-builder-workspace/.derivedData/Build/Intermediates.noindex/WWExpandableCell.build/Debug-watchos/WWExpandableCell-t.build/Objects-normal/arm64_32/WWExpandableCell_const_extract_protocols.json
WriteAuxiliaryFile /Users/admin/builder/spi-builder-workspace/.derivedData/Build/Intermediates.noindex/WWExpandableCell.build/Debug-watchos/WWExpandableCell-t.build/Objects-normal/arm64_32/WWExpandableCell.SwiftFileList (in target 'WWExpandableCell' from project 'WWExpandableCell')
cd /Users/admin/builder/spi-builder-workspace
write-file /Users/admin/builder/spi-builder-workspace/.derivedData/Build/Intermediates.noindex/WWExpandableCell.build/Debug-watchos/WWExpandableCell-t.build/Objects-normal/arm64_32/WWExpandableCell.SwiftFileList
WriteAuxiliaryFile /Users/admin/builder/spi-builder-workspace/.derivedData/Build/Intermediates.noindex/WWExpandableCell.build/Debug-watchos/WWExpandableCell-t.build/Objects-normal/arm64_32/WWExpandableCell.SwiftConstValuesFileList (in target 'WWExpandableCell' from project 'WWExpandableCell')
cd /Users/admin/builder/spi-builder-workspace
write-file /Users/admin/builder/spi-builder-workspace/.derivedData/Build/Intermediates.noindex/WWExpandableCell.build/Debug-watchos/WWExpandableCell-t.build/Objects-normal/arm64_32/WWExpandableCell.SwiftConstValuesFileList
WriteAuxiliaryFile /Users/admin/builder/spi-builder-workspace/.derivedData/Build/Intermediates.noindex/WWExpandableCell.build/Debug-watchos/WWExpandableCell-t.build/Objects-normal/arm64_32/WWExpandableCell.LinkFileList (in target 'WWExpandableCell' from project 'WWExpandableCell')
cd /Users/admin/builder/spi-builder-workspace
write-file /Users/admin/builder/spi-builder-workspace/.derivedData/Build/Intermediates.noindex/WWExpandableCell.build/Debug-watchos/WWExpandableCell-t.build/Objects-normal/arm64_32/WWExpandableCell.LinkFileList
WriteAuxiliaryFile /Users/admin/builder/spi-builder-workspace/.derivedData/Build/Intermediates.noindex/WWExpandableCell.build/Debug-watchos/WWExpandableCell-t.build/Objects-normal/arm64_32/WWExpandableCell-OutputFileMap.json (in target 'WWExpandableCell' from project 'WWExpandableCell')
cd /Users/admin/builder/spi-builder-workspace
write-file /Users/admin/builder/spi-builder-workspace/.derivedData/Build/Intermediates.noindex/WWExpandableCell.build/Debug-watchos/WWExpandableCell-t.build/Objects-normal/arm64_32/WWExpandableCell-OutputFileMap.json
WriteAuxiliaryFile /Users/admin/builder/spi-builder-workspace/.derivedData/Build/Intermediates.noindex/WWExpandableCell.build/Debug-watchos/WWExpandableCell-t.build/Objects-normal/arm64/WWExpandableCell-OutputFileMap.json (in target 'WWExpandableCell' from project 'WWExpandableCell')
cd /Users/admin/builder/spi-builder-workspace
write-file /Users/admin/builder/spi-builder-workspace/.derivedData/Build/Intermediates.noindex/WWExpandableCell.build/Debug-watchos/WWExpandableCell-t.build/Objects-normal/arm64/WWExpandableCell-OutputFileMap.json
WriteAuxiliaryFile /Users/admin/builder/spi-builder-workspace/.derivedData/Build/Intermediates.noindex/WWExpandableCell.build/Debug-watchos/WWExpandableCell-t.build/Objects-normal/arm64/WWExpandableCell.SwiftFileList (in target 'WWExpandableCell' from project 'WWExpandableCell')
cd /Users/admin/builder/spi-builder-workspace
write-file /Users/admin/builder/spi-builder-workspace/.derivedData/Build/Intermediates.noindex/WWExpandableCell.build/Debug-watchos/WWExpandableCell-t.build/Objects-normal/arm64/WWExpandableCell.SwiftFileList
WriteAuxiliaryFile /Users/admin/builder/spi-builder-workspace/.derivedData/Build/Intermediates.noindex/WWExpandableCell.build/Debug-watchos/WWExpandableCell-t.build/Objects-normal/arm64/WWExpandableCell_const_extract_protocols.json (in target 'WWExpandableCell' from project 'WWExpandableCell')
cd /Users/admin/builder/spi-builder-workspace
write-file /Users/admin/builder/spi-builder-workspace/.derivedData/Build/Intermediates.noindex/WWExpandableCell.build/Debug-watchos/WWExpandableCell-t.build/Objects-normal/arm64/WWExpandableCell_const_extract_protocols.json
WriteAuxiliaryFile /Users/admin/builder/spi-builder-workspace/.derivedData/Build/Intermediates.noindex/WWExpandableCell.build/Debug-watchos/WWExpandableCell-t.build/Objects-normal/arm64/WWExpandableCell.SwiftConstValuesFileList (in target 'WWExpandableCell' from project 'WWExpandableCell')
cd /Users/admin/builder/spi-builder-workspace
write-file /Users/admin/builder/spi-builder-workspace/.derivedData/Build/Intermediates.noindex/WWExpandableCell.build/Debug-watchos/WWExpandableCell-t.build/Objects-normal/arm64/WWExpandableCell.SwiftConstValuesFileList
WriteAuxiliaryFile /Users/admin/builder/spi-builder-workspace/.derivedData/Build/Intermediates.noindex/WWExpandableCell.build/Debug-watchos/WWExpandableCell-t.build/Objects-normal/arm64/WWExpandableCell.LinkFileList (in target 'WWExpandableCell' from project 'WWExpandableCell')
cd /Users/admin/builder/spi-builder-workspace
write-file /Users/admin/builder/spi-builder-workspace/.derivedData/Build/Intermediates.noindex/WWExpandableCell.build/Debug-watchos/WWExpandableCell-t.build/Objects-normal/arm64/WWExpandableCell.LinkFileList
WriteAuxiliaryFile /Users/admin/builder/spi-builder-workspace/.derivedData/Build/Intermediates.noindex/WWExpandableCell.build/Debug-watchos/WWExpandableCell-t.build/DerivedSources/resource_bundle_accessor.swift (in target 'WWExpandableCell' from project 'WWExpandableCell')
cd /Users/admin/builder/spi-builder-workspace
write-file /Users/admin/builder/spi-builder-workspace/.derivedData/Build/Intermediates.noindex/WWExpandableCell.build/Debug-watchos/WWExpandableCell-t.build/DerivedSources/resource_bundle_accessor.swift
Copy /Users/admin/builder/spi-builder-workspace/.derivedData/Build/Intermediates.noindex/GeneratedModuleMaps-watchos/WWExpandableCell.modulemap /Users/admin/builder/spi-builder-workspace/.derivedData/Build/Intermediates.noindex/WWExpandableCell.build/Debug-watchos/WWExpandableCell-t.build/WWExpandableCell.modulemap (in target 'WWExpandableCell' from project 'WWExpandableCell')
cd /Users/admin/builder/spi-builder-workspace
builtin-copy -exclude .DS_Store -exclude CVS -exclude .svn -exclude .git -exclude .hg -resolve-src-symlinks /Users/admin/builder/spi-builder-workspace/.derivedData/Build/Intermediates.noindex/WWExpandableCell.build/Debug-watchos/WWExpandableCell-t.build/WWExpandableCell.modulemap /Users/admin/builder/spi-builder-workspace/.derivedData/Build/Intermediates.noindex/GeneratedModuleMaps-watchos
ProcessInfoPlistFile /Users/admin/builder/spi-builder-workspace/.derivedData/Build/Products/Debug-watchos/WWExpandableCell_WWExpandableCell.bundle/Info.plist /Users/admin/builder/spi-builder-workspace/.derivedData/Build/Intermediates.noindex/WWExpandableCell.build/Debug-watchos/WWExpandableCell_WWExpandableCell-b.build/empty-WWExpandableCell_WWExpandableCell.plist (in target 'WWExpandableCell_WWExpandableCell' from project 'WWExpandableCell')
cd /Users/admin/builder/spi-builder-workspace
builtin-infoPlistUtility /Users/admin/builder/spi-builder-workspace/.derivedData/Build/Intermediates.noindex/WWExpandableCell.build/Debug-watchos/WWExpandableCell_WWExpandableCell-b.build/empty-WWExpandableCell_WWExpandableCell.plist -producttype com.apple.product-type.bundle -expandbuildsettings -format binary -platform watchos -o /Users/admin/builder/spi-builder-workspace/.derivedData/Build/Products/Debug-watchos/WWExpandableCell_WWExpandableCell.bundle/Info.plist
CpResource /Users/admin/builder/spi-builder-workspace/.derivedData/Build/Products/Debug-watchos/WWExpandableCell_WWExpandableCell.bundle/Privacy /Users/admin/builder/spi-builder-workspace/Sources/WWExpandableCell/Privacy (in target 'WWExpandableCell_WWExpandableCell' from project 'WWExpandableCell')
cd /Users/admin/builder/spi-builder-workspace
builtin-copy -exclude .DS_Store -exclude CVS -exclude .svn -exclude .git -exclude .hg -resolve-src-symlinks /Users/admin/builder/spi-builder-workspace/Sources/WWExpandableCell/Privacy /Users/admin/builder/spi-builder-workspace/.derivedData/Build/Products/Debug-watchos/WWExpandableCell_WWExpandableCell.bundle
RegisterExecutionPolicyException /Users/admin/builder/spi-builder-workspace/.derivedData/Build/Products/Debug-watchos/WWExpandableCell_WWExpandableCell.bundle (in target 'WWExpandableCell_WWExpandableCell' from project 'WWExpandableCell')
cd /Users/admin/builder/spi-builder-workspace
builtin-RegisterExecutionPolicyException /Users/admin/builder/spi-builder-workspace/.derivedData/Build/Products/Debug-watchos/WWExpandableCell_WWExpandableCell.bundle
Touch /Users/admin/builder/spi-builder-workspace/.derivedData/Build/Products/Debug-watchos/WWExpandableCell_WWExpandableCell.bundle (in target 'WWExpandableCell_WWExpandableCell' from project 'WWExpandableCell')
cd /Users/admin/builder/spi-builder-workspace
/usr/bin/touch -c /Users/admin/builder/spi-builder-workspace/.derivedData/Build/Products/Debug-watchos/WWExpandableCell_WWExpandableCell.bundle
SwiftDriver WWExpandableCell normal arm64 com.apple.xcode.tools.swift.compiler (in target 'WWExpandableCell' from project 'WWExpandableCell')
cd /Users/admin/builder/spi-builder-workspace/.swiftpm/xcode
builtin-SwiftDriver -- /Applications/Xcode-27.0.0-Release.Candidate.app/Contents/Developer/Toolchains/XcodeDefault.xctoolchain/usr/bin/swiftc -parse-as-library -module-name WWExpandableCell -Onone @/Users/admin/builder/spi-builder-workspace/.derivedData/Build/Intermediates.noindex/WWExpandableCell.build/Debug-watchos/WWExpandableCell-t.build/Objects-normal/arm64/WWExpandableCell.SwiftFileList -DSWIFT_PACKAGE -DDEBUG -DSWIFT_MODULE_RESOURCE_BUNDLE_AVAILABLE -DXcode -plugin-path /Applications/Xcode-27.0.0-Release.Candidate.app/Contents/Developer/Toolchains/XcodeDefault.xctoolchain/usr/lib/swift/host/plugins/testing -enable-experimental-feature DebugDescriptionMacro -sdk /Applications/Xcode-27.0.0-Release.Candidate.app/Contents/Developer/Platforms/WatchOS.platform/Developer/SDKs/WatchOS27.0.sdk -target arm64-apple-watchos9.0 -g -module-cache-path /Users/admin/builder/spi-builder-workspace/.derivedData/ModuleCache.noindex -Xfrontend -serialize-debugging-options -enable-testing -index-store-path /Users/admin/builder/spi-builder-workspace/.derivedData/Index.noindex/DataStore -Xcc -D_LIBCPP_HARDENING_MODE\=_LIBCPP_HARDENING_MODE_DEBUG -swift-version 5 -I /Users/admin/builder/spi-builder-workspace/.derivedData/Build/Products/Debug-watchos -Isystem /Applications/Xcode-27.0.0-Release.Candidate.app/Contents/Developer/Platforms/WatchOS.platform/Developer/usr/lib -F /Users/admin/builder/spi-builder-workspace/.derivedData/Build/Products/Debug-watchos -F /Applications/Xcode-27.0.0-Release.Candidate.app/Contents/Developer/Platforms/WatchOS.platform/Developer/Library/Frameworks -F /Applications/Xcode-27.0.0-Release.Candidate.app/Contents/Developer/Platforms/WatchOS.platform/Developer/SDKs/WatchOS27.0.sdk/Developer/Library/Frameworks -c -j10 -enable-batch-mode -incremental -Xcc -ivfsstatcache -Xcc /Users/admin/builder/spi-builder-workspace/.derivedData/SDKStatCaches.noindex/watchos27.0-24R360-e829b21a6f8c9b70876ba0858053c04477534ef55a1706bf4c1112bbb242f0a2.sdkstatcache -output-file-map /Users/admin/builder/spi-builder-workspace/.derivedData/Build/Intermediates.noindex/WWExpandableCell.build/Debug-watchos/WWExpandableCell-t.build/Objects-normal/arm64/WWExpandableCell-OutputFileMap.json -save-temps -no-color-diagnostics -explicit-module-build -module-cache-path /Users/admin/builder/spi-builder-workspace/.derivedData/Build/Intermediates.noindex/SwiftExplicitPrecompiledModules -clang-scanner-module-cache-path /Users/admin/builder/spi-builder-workspace/.derivedData/ModuleCache.noindex -sdk-module-cache-path /Users/admin/builder/spi-builder-workspace/.derivedData/SDKExplicitPrecompiledModules -emit-dependencies -emit-module -emit-module-path /Users/admin/builder/spi-builder-workspace/.derivedData/Build/Intermediates.noindex/WWExpandableCell.build/Debug-watchos/WWExpandableCell-t.build/Objects-normal/arm64/WWExpandableCell.swiftmodule -serialize-diagnostics -dependency-scan-serialize-diagnostics-path /Users/admin/builder/spi-builder-workspace/.derivedData/Build/Intermediates.noindex/WWExpandableCell.build/Debug-watchos/WWExpandableCell-t.build/Objects-normal/arm64/WWExpandableCell-dependency-scan.dia -validate-clang-modules-once -clang-build-session-file /Users/admin/builder/spi-builder-workspace/.derivedData/ModuleCache.noindex/Session.modulevalidation -Xcc -fmodules-prune-interval\=86400 -Xcc -fmodules-prune-after\=345600 -emit-const-values -const-gather-protocols-list /Users/admin/builder/spi-builder-workspace/.derivedData/Build/Intermediates.noindex/WWExpandableCell.build/Debug-watchos/WWExpandableCell-t.build/Objects-normal/arm64/WWExpandableCell_const_extract_protocols.json -Xcc -I/Users/admin/builder/spi-builder-workspace/.derivedData/Build/Products/Debug-watchos/include -Xcc -I/Users/admin/builder/spi-builder-workspace/.derivedData/Build/Intermediates.noindex/WWExpandableCell.build/Debug-watchos/WWExpandableCell-t.build/DerivedSources-normal/arm64 -Xcc -I/Users/admin/builder/spi-builder-workspace/.derivedData/Build/Intermediates.noindex/WWExpandableCell.build/Debug-watchos/WWExpandableCell-t.build/DerivedSources/arm64 -Xcc -I/Users/admin/builder/spi-builder-workspace/.derivedData/Build/Intermediates.noindex/WWExpandableCell.build/Debug-watchos/WWExpandableCell-t.build/DerivedSources -Xcc -DSWIFT_PACKAGE -Xcc -DDEBUG\=1 -emit-objc-header -emit-objc-header-path /Users/admin/builder/spi-builder-workspace/.derivedData/Build/Intermediates.noindex/WWExpandableCell.build/Debug-watchos/WWExpandableCell-t.build/Objects-normal/arm64/WWExpandableCell-Swift.h -working-directory /Users/admin/builder/spi-builder-workspace/.swiftpm/xcode -experimental-emit-module-separately -disable-cmo
SwiftDriver WWExpandableCell normal arm64_32 com.apple.xcode.tools.swift.compiler (in target 'WWExpandableCell' from project 'WWExpandableCell')
cd /Users/admin/builder/spi-builder-workspace/.swiftpm/xcode
builtin-SwiftDriver -- /Applications/Xcode-27.0.0-Release.Candidate.app/Contents/Developer/Toolchains/XcodeDefault.xctoolchain/usr/bin/swiftc -parse-as-library -module-name WWExpandableCell -Onone @/Users/admin/builder/spi-builder-workspace/.derivedData/Build/Intermediates.noindex/WWExpandableCell.build/Debug-watchos/WWExpandableCell-t.build/Objects-normal/arm64_32/WWExpandableCell.SwiftFileList -DSWIFT_PACKAGE -DDEBUG -DSWIFT_MODULE_RESOURCE_BUNDLE_AVAILABLE -DXcode -plugin-path /Applications/Xcode-27.0.0-Release.Candidate.app/Contents/Developer/Toolchains/XcodeDefault.xctoolchain/usr/lib/swift/host/plugins/testing -enable-experimental-feature DebugDescriptionMacro -sdk /Applications/Xcode-27.0.0-Release.Candidate.app/Contents/Developer/Platforms/WatchOS.platform/Developer/SDKs/WatchOS27.0.sdk -target arm64_32-apple-watchos9.0 -g -module-cache-path /Users/admin/builder/spi-builder-workspace/.derivedData/ModuleCache.noindex -Xfrontend -serialize-debugging-options -enable-testing -index-store-path /Users/admin/builder/spi-builder-workspace/.derivedData/Index.noindex/DataStore -Xcc -D_LIBCPP_HARDENING_MODE\=_LIBCPP_HARDENING_MODE_DEBUG -swift-version 5 -I /Users/admin/builder/spi-builder-workspace/.derivedData/Build/Products/Debug-watchos -Isystem /Applications/Xcode-27.0.0-Release.Candidate.app/Contents/Developer/Platforms/WatchOS.platform/Developer/usr/lib -F /Users/admin/builder/spi-builder-workspace/.derivedData/Build/Products/Debug-watchos -F /Applications/Xcode-27.0.0-Release.Candidate.app/Contents/Developer/Platforms/WatchOS.platform/Developer/Library/Frameworks -F /Applications/Xcode-27.0.0-Release.Candidate.app/Contents/Developer/Platforms/WatchOS.platform/Developer/SDKs/WatchOS27.0.sdk/Developer/Library/Frameworks -c -j10 -enable-batch-mode -incremental -Xcc -ivfsstatcache -Xcc /Users/admin/builder/spi-builder-workspace/.derivedData/SDKStatCaches.noindex/watchos27.0-24R360-e829b21a6f8c9b70876ba0858053c04477534ef55a1706bf4c1112bbb242f0a2.sdkstatcache -output-file-map /Users/admin/builder/spi-builder-workspace/.derivedData/Build/Intermediates.noindex/WWExpandableCell.build/Debug-watchos/WWExpandableCell-t.build/Objects-normal/arm64_32/WWExpandableCell-OutputFileMap.json -save-temps -no-color-diagnostics -explicit-module-build -module-cache-path /Users/admin/builder/spi-builder-workspace/.derivedData/Build/Intermediates.noindex/SwiftExplicitPrecompiledModules -clang-scanner-module-cache-path /Users/admin/builder/spi-builder-workspace/.derivedData/ModuleCache.noindex -sdk-module-cache-path /Users/admin/builder/spi-builder-workspace/.derivedData/SDKExplicitPrecompiledModules -emit-dependencies -emit-module -emit-module-path /Users/admin/builder/spi-builder-workspace/.derivedData/Build/Intermediates.noindex/WWExpandableCell.build/Debug-watchos/WWExpandableCell-t.build/Objects-normal/arm64_32/WWExpandableCell.swiftmodule -serialize-diagnostics -dependency-scan-serialize-diagnostics-path /Users/admin/builder/spi-builder-workspace/.derivedData/Build/Intermediates.noindex/WWExpandableCell.build/Debug-watchos/WWExpandableCell-t.build/Objects-normal/arm64_32/WWExpandableCell-dependency-scan.dia -validate-clang-modules-once -clang-build-session-file /Users/admin/builder/spi-builder-workspace/.derivedData/ModuleCache.noindex/Session.modulevalidation -Xcc -fmodules-prune-interval\=86400 -Xcc -fmodules-prune-after\=345600 -emit-const-values -const-gather-protocols-list /Users/admin/builder/spi-builder-workspace/.derivedData/Build/Intermediates.noindex/WWExpandableCell.build/Debug-watchos/WWExpandableCell-t.build/Objects-normal/arm64_32/WWExpandableCell_const_extract_protocols.json -Xcc -I/Users/admin/builder/spi-builder-workspace/.derivedData/Build/Products/Debug-watchos/include -Xcc -I/Users/admin/builder/spi-builder-workspace/.derivedData/Build/Intermediates.noindex/WWExpandableCell.build/Debug-watchos/WWExpandableCell-t.build/DerivedSources-normal/arm64_32 -Xcc -I/Users/admin/builder/spi-builder-workspace/.derivedData/Build/Intermediates.noindex/WWExpandableCell.build/Debug-watchos/WWExpandableCell-t.build/DerivedSources/arm64_32 -Xcc -I/Users/admin/builder/spi-builder-workspace/.derivedData/Build/Intermediates.noindex/WWExpandableCell.build/Debug-watchos/WWExpandableCell-t.build/DerivedSources -Xcc -DSWIFT_PACKAGE -Xcc -DDEBUG\=1 -emit-objc-header -emit-objc-header-path /Users/admin/builder/spi-builder-workspace/.derivedData/Build/Intermediates.noindex/WWExpandableCell.build/Debug-watchos/WWExpandableCell-t.build/Objects-normal/arm64_32/WWExpandableCell-Swift.h -working-directory /Users/admin/builder/spi-builder-workspace/.swiftpm/xcode -experimental-emit-module-separately -disable-cmo
SwiftExplicitDependencyGeneratePcm arm64 /Users/admin/builder/spi-builder-workspace/.derivedData/SDKExplicitPrecompiledModules/SwiftShims-4MXFZPV6FEB0XBYXCGPWAMQGL.pcm
SwiftExplicitDependencyGeneratePcm arm64 /Users/admin/builder/spi-builder-workspace/.derivedData/SDKExplicitPrecompiledModules/ptrauth-3TZ9WJCGLYD25HQPWH4968ONX.pcm
SwiftExplicitDependencyGeneratePcm arm64 /Users/admin/builder/spi-builder-workspace/.derivedData/SDKExplicitPrecompiledModules/_SwiftConcurrencyShims-659N52XSKR5F0QSB880BH2FJR.pcm
SwiftExplicitDependencyGeneratePcm arm64 /Users/admin/builder/spi-builder-workspace/.derivedData/SDKExplicitPrecompiledModules/_Builtin_stddef-1FU30Y8SWFB7OUUHMJQH5J6FM.pcm
SwiftExplicitDependencyGeneratePcm arm64 /Users/admin/builder/spi-builder-workspace/.derivedData/SDKExplicitPrecompiledModules/_Builtin_float-C0CW5Q4HGBQYKE77TC42IAFB5.pcm
SwiftExplicitDependencyGeneratePcm arm64 /Users/admin/builder/spi-builder-workspace/.derivedData/SDKExplicitPrecompiledModules/ptrcheck-AIF0NDOYZ8ORBNHQAQR5NNB8M.pcm
SwiftExplicitDependencyGeneratePcm arm64 /Users/admin/builder/spi-builder-workspace/.derivedData/SDKExplicitPrecompiledModules/_Builtin_stdbool-83J96QSOFE9VX04AAS6310UAE.pcm
SwiftExplicitDependencyGeneratePcm arm64 /Users/admin/builder/spi-builder-workspace/.derivedData/SDKExplicitPrecompiledModules/_AvailabilityInternal-BUNV3UXM65NT37THI4W1AM0SF.pcm
SwiftExplicitDependencyGeneratePcm arm64 /Users/admin/builder/spi-builder-workspace/.derivedData/SDKExplicitPrecompiledModules/DeveloperToolsSupport-E7CNISCB36UE8XQ9IOHK9XDX1.pcm
SwiftExplicitDependencyGeneratePcm arm64 /Users/admin/builder/spi-builder-workspace/.derivedData/SDKExplicitPrecompiledModules/_Builtin_stdarg-A7UU8LE6MP85SM26YO7PBZNUQ.pcm
SwiftExplicitDependencyGeneratePcm arm64_32 /Users/admin/builder/spi-builder-workspace/.derivedData/SDKExplicitPrecompiledModules/ptrauth-BFXF358ME5AK535N5A9Z766WU.pcm
SwiftExplicitDependencyGeneratePcm arm64_32 /Users/admin/builder/spi-builder-workspace/.derivedData/SDKExplicitPrecompiledModules/ptrcheck-7ELIH9BTIGVKX3UBITM9N72WD.pcm
SwiftExplicitDependencyGeneratePcm arm64_32 /Users/admin/builder/spi-builder-workspace/.derivedData/SDKExplicitPrecompiledModules/_AvailabilityInternal-244WAN3Z1QBT7PIA64EZEFY1R.pcm
SwiftExplicitDependencyGeneratePcm arm64_32 /Users/admin/builder/spi-builder-workspace/.derivedData/SDKExplicitPrecompiledModules/DeveloperToolsSupport-DZU5G1OCMNWU0AQRULIFHUJ1Z.pcm
SwiftExplicitDependencyGeneratePcm arm64_32 /Users/admin/builder/spi-builder-workspace/.derivedData/SDKExplicitPrecompiledModules/_Builtin_stddef-H44EFHQX6XSS5MZ7QP6YJZ76.pcm
SwiftExplicitDependencyGeneratePcm arm64_32 /Users/admin/builder/spi-builder-workspace/.derivedData/SDKExplicitPrecompiledModules/_SwiftConcurrencyShims-6RTBPQ03V7BM9SPRK8SUE055H.pcm
SwiftExplicitDependencyGeneratePcm arm64_32 /Users/admin/builder/spi-builder-workspace/.derivedData/SDKExplicitPrecompiledModules/_Builtin_stdarg-D305JG44A2WPI6CJY37X3QJE8.pcm
SwiftExplicitDependencyGeneratePcm arm64_32 /Users/admin/builder/spi-builder-workspace/.derivedData/SDKExplicitPrecompiledModules/_Builtin_stdbool-A967K8W8YUYEC9SN52KJ7OO88.pcm
SwiftExplicitDependencyGeneratePcm arm64_32 /Users/admin/builder/spi-builder-workspace/.derivedData/SDKExplicitPrecompiledModules/SwiftShims-9CQQGWTSNTN9EB5NSHDWUJICH.pcm
SwiftExplicitDependencyGeneratePcm arm64_32 /Users/admin/builder/spi-builder-workspace/.derivedData/SDKExplicitPrecompiledModules/_Builtin_float-6KO8O3PEWRCA4WC6PPLOYO6WJ.pcm
SwiftExplicitDependencyGeneratePcm arm64 /Users/admin/builder/spi-builder-workspace/.derivedData/SDKExplicitPrecompiledModules/_DarwinFoundation1-7SPX3MD0HMP55E4OLNCPNDQ53.pcm
SwiftExplicitDependencyGeneratePcm arm64_32 /Users/admin/builder/spi-builder-workspace/.derivedData/SDKExplicitPrecompiledModules/_DarwinFoundation1-2GWF9RFMPLQW4PDHS3NARVI3G.pcm
SwiftExplicitDependencyGeneratePcm arm64 /Users/admin/builder/spi-builder-workspace/.derivedData/SDKExplicitPrecompiledModules/_DarwinFoundation2-D0XAPJU49S5E9XMKYOFGSTB1Q.pcm
SwiftExplicitDependencyGeneratePcm arm64 /Users/admin/builder/spi-builder-workspace/.derivedData/SDKExplicitPrecompiledModules/_Builtin_limits-9GWPA2B0H20DYUNYHYCWKABJG.pcm
SwiftExplicitDependencyGeneratePcm arm64_32 /Users/admin/builder/spi-builder-workspace/.derivedData/SDKExplicitPrecompiledModules/_DarwinFoundation2-9MY8GOSYRO0M9MKNXF6D3MBNK.pcm
SwiftExplicitDependencyGeneratePcm arm64_32 /Users/admin/builder/spi-builder-workspace/.derivedData/SDKExplicitPrecompiledModules/_Builtin_limits-3VKBU2AFTD65PAJZ5CJ3LHFM2.pcm
SwiftExplicitDependencyGeneratePcm arm64 /Users/admin/builder/spi-builder-workspace/.derivedData/SDKExplicitPrecompiledModules/_Builtin_stdint-8XMILLJZEGRN2XG7XZUXZ5RLX.pcm
SwiftExplicitDependencyGeneratePcm arm64 /Users/admin/builder/spi-builder-workspace/.derivedData/SDKExplicitPrecompiledModules/sys_types-2KXQLI78OUCDP779AE68GZJ2.pcm
SwiftExplicitDependencyGeneratePcm arm64 /Users/admin/builder/spi-builder-workspace/.derivedData/SDKExplicitPrecompiledModules/string_h-E6PRXK75PHIPCZFWOFCQ3QBMK.pcm
SwiftExplicitDependencyGeneratePcm arm64 /Users/admin/builder/spi-builder-workspace/.derivedData/SDKExplicitPrecompiledModules/_Builtin_tgmath-8NQ96OZ0YHXEC24JI95P01UF8.pcm
SwiftExplicitDependencyGeneratePcm arm64_32 /Users/admin/builder/spi-builder-workspace/.derivedData/SDKExplicitPrecompiledModules/_Builtin_stdint-1HMXWI3V0V4TXHRWZOMZGZ80Y.pcm
SwiftExplicitDependencyGeneratePcm arm64_32 /Users/admin/builder/spi-builder-workspace/.derivedData/SDKExplicitPrecompiledModules/_Builtin_tgmath-23PGCKURCQILXMK0MYZRYDCOU.pcm
SwiftExplicitDependencyGeneratePcm arm64_32 /Users/admin/builder/spi-builder-workspace/.derivedData/SDKExplicitPrecompiledModules/string_h-BFVLUQUSBZWYMLCU9QI7VZALW.pcm
SwiftExplicitDependencyGeneratePcm arm64_32 /Users/admin/builder/spi-builder-workspace/.derivedData/SDKExplicitPrecompiledModules/sys_types-8TLLMW08ZJWDGIIPKOYFGHHZW.pcm
SwiftExplicitDependencyGeneratePcm arm64 /Users/admin/builder/spi-builder-workspace/.derivedData/SDKExplicitPrecompiledModules/_DarwinFoundation3-B97LRG0E9GON2NUE65TVG81HU.pcm
SwiftExplicitDependencyGeneratePcm arm64 /Users/admin/builder/spi-builder-workspace/.derivedData/SDKExplicitPrecompiledModules/_Builtin_intrinsics-75960HIPCIYA06IUW8FIIPQT.pcm
SwiftExplicitDependencyGeneratePcm arm64 /Users/admin/builder/spi-builder-workspace/.derivedData/SDKExplicitPrecompiledModules/_Builtin_stdatomic-7JEFA3KBJJJN6TKJWY3OG1VG5.pcm
SwiftExplicitDependencyGeneratePcm arm64_32 /Users/admin/builder/spi-builder-workspace/.derivedData/SDKExplicitPrecompiledModules/_Builtin_intrinsics-196IIAKDQVU42DLOZP9OQCV76.pcm
SwiftExplicitDependencyGeneratePcm arm64_32 /Users/admin/builder/spi-builder-workspace/.derivedData/SDKExplicitPrecompiledModules/_DarwinFoundation3-3DUTYQDQSD9HUAAVY947NMWOI.pcm
SwiftExplicitDependencyGeneratePcm arm64_32 /Users/admin/builder/spi-builder-workspace/.derivedData/SDKExplicitPrecompiledModules/_Builtin_stdatomic-1TY035TURL76BF2U98PZPPZRX.pcm
SwiftExplicitDependencyGeneratePcm arm64 /Users/admin/builder/spi-builder-workspace/.derivedData/SDKExplicitPrecompiledModules/_Builtin_inttypes-3UQSCM7WNM9EK4HZML8TY5J3D.pcm
SwiftExplicitDependencyGeneratePcm arm64_32 /Users/admin/builder/spi-builder-workspace/.derivedData/SDKExplicitPrecompiledModules/_Builtin_inttypes-D2KPCR4PEX9AQA33NGLUT5SBR.pcm
SwiftExplicitDependencyGeneratePcm arm64 /Users/admin/builder/spi-builder-workspace/.derivedData/SDKExplicitPrecompiledModules/Darwin-3984OXKFNSPE77NT743WK8SEX.pcm
SwiftExplicitDependencyGeneratePcm arm64_32 /Users/admin/builder/spi-builder-workspace/.derivedData/SDKExplicitPrecompiledModules/Darwin-3FVT1SKLN2ZQ5RVOABMTQBB34.pcm
SwiftExplicitDependencyGeneratePcm arm64 /Users/admin/builder/spi-builder-workspace/.derivedData/SDKExplicitPrecompiledModules/simd-EH08NODU6574T74ZKU61VP9BW.pcm
SwiftExplicitDependencyGeneratePcm arm64_32 /Users/admin/builder/spi-builder-workspace/.derivedData/SDKExplicitPrecompiledModules/simd-21UNWYOBUZI1LVSQ99S1XBLMO.pcm
SwiftExplicitDependencyGeneratePcm arm64 /Users/admin/builder/spi-builder-workspace/.derivedData/SDKExplicitPrecompiledModules/MachO-2U90NNSAQILBNBPS1SA4F8TYP.pcm
SwiftExplicitDependencyGeneratePcm arm64 /Users/admin/builder/spi-builder-workspace/.derivedData/SDKExplicitPrecompiledModules/ObjectiveC-72IVD3VS2RS8Q28D9PIMY0KQP.pcm
SwiftExplicitDependencyGeneratePcm arm64_32 /Users/admin/builder/spi-builder-workspace/.derivedData/SDKExplicitPrecompiledModules/MachO-56838ZJ0NC1EBAJ0O6O8QMPDX.pcm
SwiftExplicitDependencyGeneratePcm arm64_32 /Users/admin/builder/spi-builder-workspace/.derivedData/SDKExplicitPrecompiledModules/ObjectiveC-6IJNELR2E80E7LUKESVCP2KET.pcm
SwiftExplicitDependencyGeneratePcm arm64 /Users/admin/builder/spi-builder-workspace/.derivedData/SDKExplicitPrecompiledModules/os_object-3SDKD7F87FTZ26OON37DRYT6O.pcm
SwiftExplicitDependencyGeneratePcm arm64_32 /Users/admin/builder/spi-builder-workspace/.derivedData/SDKExplicitPrecompiledModules/os_object-5YWTC6L4756IWSTPGXS5NM0D0.pcm
SwiftExplicitDependencyGeneratePcm arm64 /Users/admin/builder/spi-builder-workspace/.derivedData/SDKExplicitPrecompiledModules/os_workgroup-89GG5G7YC2D0ZTK6AZXXQ20DH.pcm
SwiftExplicitDependencyGeneratePcm arm64_32 /Users/admin/builder/spi-builder-workspace/.derivedData/SDKExplicitPrecompiledModules/os_workgroup-5JHTPDMNBUNHLJI8LPHKQK1JK.pcm
SwiftExplicitDependencyGeneratePcm arm64 /Users/admin/builder/spi-builder-workspace/.derivedData/SDKExplicitPrecompiledModules/Spatial-44FJGYXFAT2AQAW9Z6T7YS02U.pcm
SwiftExplicitDependencyGeneratePcm arm64 /Users/admin/builder/spi-builder-workspace/.derivedData/SDKExplicitPrecompiledModules/Dispatch-1NLJOVAK60XP0DUB05XA59EIM.pcm
SwiftExplicitDependencyGeneratePcm arm64_32 /Users/admin/builder/spi-builder-workspace/.derivedData/SDKExplicitPrecompiledModules/Spatial-CWVWNML3T0NXVHZDKVLD3X1YZ.pcm
SwiftExplicitDependencyGeneratePcm arm64_32 /Users/admin/builder/spi-builder-workspace/.derivedData/SDKExplicitPrecompiledModules/Dispatch-2P62F1T4XV63S4P99TUDTOK2Q.pcm
SwiftExplicitDependencyGeneratePcm arm64 /Users/admin/builder/spi-builder-workspace/.derivedData/SDKExplicitPrecompiledModules/XPC-40DR0X1DHKGCV4J1IOLFS8MOU.pcm
SwiftExplicitDependencyGeneratePcm arm64 /Users/admin/builder/spi-builder-workspace/.derivedData/SDKExplicitPrecompiledModules/CoreFoundation-8T2L24YC5NU7WO6WQJWRY7W08.pcm
SwiftExplicitDependencyGeneratePcm arm64_32 /Users/admin/builder/spi-builder-workspace/.derivedData/SDKExplicitPrecompiledModules/XPC-81Y45QFY96XYYFCW2GT6FY8S4.pcm
SwiftExplicitDependencyGeneratePcm arm64_32 /Users/admin/builder/spi-builder-workspace/.derivedData/SDKExplicitPrecompiledModules/CoreFoundation-8E6Y4BA3EXYKUGJ24GT9LGV3N.pcm
SwiftExplicitDependencyGeneratePcm arm64 /Users/admin/builder/spi-builder-workspace/.derivedData/SDKExplicitPrecompiledModules/os-5DIL6Z9LFIGLMZAHM7X2T5435.pcm
SwiftExplicitDependencyGeneratePcm arm64_32 /Users/admin/builder/spi-builder-workspace/.derivedData/SDKExplicitPrecompiledModules/os-E5IGB442IA6SBB25TTCOLK2OC.pcm
SwiftExplicitDependencyGeneratePcm arm64 /Users/admin/builder/spi-builder-workspace/.derivedData/SDKExplicitPrecompiledModules/Security-6RZ6YBRU8WCUHRFFRVUK5WKMM.pcm
SwiftExplicitDependencyGeneratePcm arm64 /Users/admin/builder/spi-builder-workspace/.derivedData/SDKExplicitPrecompiledModules/CoreGraphics-DWNZ73GEH98SBJXZ7DEXB420K.pcm
SwiftExplicitDependencyGeneratePcm arm64_32 /Users/admin/builder/spi-builder-workspace/.derivedData/SDKExplicitPrecompiledModules/Security-D7TOWF88VWF67TB9HAFP5UWB1.pcm
SwiftExplicitDependencyGeneratePcm arm64_32 /Users/admin/builder/spi-builder-workspace/.derivedData/SDKExplicitPrecompiledModules/CoreGraphics-9FDXYX6BKBUT6TJ2VF819E7T5.pcm
SwiftExplicitDependencyGeneratePcm arm64 /Users/admin/builder/spi-builder-workspace/.derivedData/SDKExplicitPrecompiledModules/Foundation-DLBKUSGXN8QHAT8W0OARR9S8A.pcm
SwiftExplicitDependencyGeneratePcm arm64_32 /Users/admin/builder/spi-builder-workspace/.derivedData/SDKExplicitPrecompiledModules/Foundation-BJ2VQGI3OGR34500MEQ1VKHPH.pcm
SwiftExplicitDependencyGeneratePcm arm64 /Users/admin/builder/spi-builder-workspace/.derivedData/SDKExplicitPrecompiledModules/CoreVideo-8MRR5MNWUOAW2DBPGUQ8FKK4.pcm
SwiftExplicitDependencyGeneratePcm arm64 /Users/admin/builder/spi-builder-workspace/.derivedData/SDKExplicitPrecompiledModules/CoreText-970YJN6NIYGK1316L35Z0O8QT.pcm
SwiftExplicitDependencyGeneratePcm arm64_32 /Users/admin/builder/spi-builder-workspace/.derivedData/SDKExplicitPrecompiledModules/CoreVideo-2P8HI0403J99LBDPKNFJ5D4DL.pcm
SwiftExplicitDependencyGeneratePcm arm64_32 /Users/admin/builder/spi-builder-workspace/.derivedData/SDKExplicitPrecompiledModules/CoreText-C9X2REPZN2V5BSU4G80FCETDR.pcm
SwiftExplicitDependencyGeneratePcm arm64 /Users/admin/builder/spi-builder-workspace/.derivedData/SDKExplicitPrecompiledModules/UserNotifications-ARAH8MEQ0C2L0FBO39HITJMAO.pcm
SwiftExplicitDependencyGeneratePcm arm64 /Users/admin/builder/spi-builder-workspace/.derivedData/SDKExplicitPrecompiledModules/DataDetection-7BNVI1SZW5ISQL5SX4WL2X7I5.pcm
SwiftExplicitDependencyGeneratePcm arm64 /Users/admin/builder/spi-builder-workspace/.derivedData/SDKExplicitPrecompiledModules/QuartzCore-94KFMWNOU7ZLUZNB4T5DLZC9D.pcm
SwiftExplicitDependencyGeneratePcm arm64 /Users/admin/builder/spi-builder-workspace/.derivedData/SDKExplicitPrecompiledModules/UniformTypeIdentifiers-8L08Q8DQJV8C4AW84YVGFGTRN.pcm
SwiftExplicitDependencyGeneratePcm arm64 /Users/admin/builder/spi-builder-workspace/.derivedData/SDKExplicitPrecompiledModules/_LocationEssentials-5ZZDGDXB6HLQUC72SJW7YJ7MK.pcm
SwiftExplicitDependencyGeneratePcm arm64 /Users/admin/builder/spi-builder-workspace/.derivedData/SDKExplicitPrecompiledModules/UIUtilities-IR7RNW23VAUKYI9MLCS9NL9A.pcm
SwiftExplicitDependencyGeneratePcm arm64 /Users/admin/builder/spi-builder-workspace/.derivedData/SDKExplicitPrecompiledModules/Accessibility-27QMG6ZQ1NKYTNBYFPM1XKNFC.pcm
SwiftExplicitDependencyGeneratePcm arm64 /Users/admin/builder/spi-builder-workspace/.derivedData/SDKExplicitPrecompiledModules/CoreTransferable-9PPG3SLJ55T4LITIFYX2M0NOZ.pcm
SwiftExplicitDependencyGeneratePcm arm64 /Users/admin/builder/spi-builder-workspace/.derivedData/SDKExplicitPrecompiledModules/Symbols-3EFABTJ9L5PQDJ7RQCYQWEJMM.pcm
SwiftExplicitDependencyGeneratePcm arm64 /Users/admin/builder/spi-builder-workspace/.derivedData/SDKExplicitPrecompiledModules/OSLog-B7VGO357Y3GJG35TST7DKDSI3.pcm
SwiftExplicitDependencyGeneratePcm arm64_32 /Users/admin/builder/spi-builder-workspace/.derivedData/SDKExplicitPrecompiledModules/Symbols-1H97WMG76HU94F5VGJR19PXFY.pcm
SwiftExplicitDependencyGeneratePcm arm64_32 /Users/admin/builder/spi-builder-workspace/.derivedData/SDKExplicitPrecompiledModules/_LocationEssentials-AQ1OL9QKC3LQLY5CNSRM1HB53.pcm
SwiftExplicitDependencyGeneratePcm arm64_32 /Users/admin/builder/spi-builder-workspace/.derivedData/SDKExplicitPrecompiledModules/OSLog-D9AVFY0KWO7RVBIQ73CBIJVCN.pcm
SwiftExplicitDependencyGeneratePcm arm64 /Users/admin/builder/spi-builder-workspace/.derivedData/SDKExplicitPrecompiledModules/CoreLocation-ACKJ9K7ABI14F97Y46Y6SRR17.pcm
SwiftExplicitDependencyGeneratePcm arm64_32 /Users/admin/builder/spi-builder-workspace/.derivedData/SDKExplicitPrecompiledModules/UniformTypeIdentifiers-CJZ3NTHPSBH4XWX5EVOG56UZS.pcm
SwiftExplicitDependencyGeneratePcm arm64_32 /Users/admin/builder/spi-builder-workspace/.derivedData/SDKExplicitPrecompiledModules/QuartzCore-6375NPYACK5NYVHPMC1QQ8MC2.pcm
SwiftExplicitDependencyGeneratePcm arm64_32 /Users/admin/builder/spi-builder-workspace/.derivedData/SDKExplicitPrecompiledModules/CoreTransferable-5D4IR6X37682FPHJ5CBPTKQV6.pcm
SwiftExplicitDependencyGeneratePcm arm64_32 /Users/admin/builder/spi-builder-workspace/.derivedData/SDKExplicitPrecompiledModules/Accessibility-F385OMZ5GYBUY5O4QAJB4NRII.pcm
SwiftExplicitDependencyGeneratePcm arm64_32 /Users/admin/builder/spi-builder-workspace/.derivedData/SDKExplicitPrecompiledModules/UIUtilities-9YFVNIMRC5HRVOIARNWHP1E3H.pcm
SwiftExplicitDependencyGeneratePcm arm64_32 /Users/admin/builder/spi-builder-workspace/.derivedData/SDKExplicitPrecompiledModules/DataDetection-U9BF7WHFVA6BZGFXXXP272PS.pcm
SwiftExplicitDependencyGeneratePcm arm64 /Users/admin/builder/spi-builder-workspace/.derivedData/SDKExplicitPrecompiledModules/SwiftUICore-C1DST1IX2Z0PTH5SJJZ1IULRB.pcm
SwiftExplicitDependencyGeneratePcm arm64_32 /Users/admin/builder/spi-builder-workspace/.derivedData/SDKExplicitPrecompiledModules/CoreLocation-8XU5YMYM4P11RQMYCQAG65ITK.pcm
SwiftExplicitDependencyGeneratePcm arm64_32 /Users/admin/builder/spi-builder-workspace/.derivedData/SDKExplicitPrecompiledModules/UserNotifications-6TBN8TEAKO014N1T2QD926XED.pcm
SwiftExplicitDependencyGeneratePcm arm64 /Users/admin/builder/spi-builder-workspace/.derivedData/SDKExplicitPrecompiledModules/CoreMotion-6RD5K48QT1F4L9CATNFD2O7YB.pcm
SwiftExplicitDependencyGeneratePcm arm64_32 /Users/admin/builder/spi-builder-workspace/.derivedData/SDKExplicitPrecompiledModules/SwiftUICore-3Q7WLRD8MR9R3NGIPUBQCP6F6.pcm
SwiftExplicitDependencyGeneratePcm arm64_32 /Users/admin/builder/spi-builder-workspace/.derivedData/SDKExplicitPrecompiledModules/CoreMotion-1XGTVTE5PP32UHME8AC63TL6.pcm
SwiftExplicitDependencyGeneratePcm arm64 /Users/admin/builder/spi-builder-workspace/.derivedData/SDKExplicitPrecompiledModules/UIKit-27R3P1YMV4C6JLDT661G3MRIA.pcm
SwiftExplicitDependencyGeneratePcm arm64_32 /Users/admin/builder/spi-builder-workspace/.derivedData/SDKExplicitPrecompiledModules/UIKit-6PPV7YPZ89CZPHYAP072QH8B6.pcm
SwiftCompile normal arm64 Compiling\ resource_bundle_accessor.swift /Users/admin/builder/spi-builder-workspace/.derivedData/Build/Intermediates.noindex/WWExpandableCell.build/Debug-watchos/WWExpandableCell-t.build/DerivedSources/resource_bundle_accessor.swift (in target 'WWExpandableCell' from project 'WWExpandableCell')
SwiftCompile normal arm64 /Users/admin/builder/spi-builder-workspace/.derivedData/Build/Intermediates.noindex/WWExpandableCell.build/Debug-watchos/WWExpandableCell-t.build/DerivedSources/resource_bundle_accessor.swift (in target 'WWExpandableCell' from project 'WWExpandableCell')
cd /Users/admin/builder/spi-builder-workspace/.swiftpm/xcode
builtin-SwiftPerFileCompile resource_bundle_accessor.swift
SwiftEmitModule normal arm64 Emitting\ module\ for\ WWExpandableCell (in target 'WWExpandableCell' from project 'WWExpandableCell')
/Users/admin/builder/spi-builder-workspace/Sources/WWExpandableCell/WWExpandableCell.swift:10:26: error: 'UIView' is unavailable in watchOS
8 | import UIKit
9 |
10 | open class WWExpandView: UIView {}
| `- error: 'UIView' is unavailable in watchOS
11 |
12 | // MARK: - 可以折疊使用Cell的Protocol
/Applications/Xcode-27.0.0-Release.Candidate.app/Contents/Developer/Platforms/WatchOS.platform/Developer/SDKs/WatchOS27.0.sdk/System/Library/Frameworks/UIKit.framework/Headers/UIView.h:152:12: note: 'UIView' has been explicitly marked unavailable here
150 |
151 | UIKIT_EXTERN API_AVAILABLE(ios(2.0)) API_UNAVAILABLE(watchos) NS_SWIFT_UI_ACTOR
152 | @interface UIView : UIResponder <NSCoding, UIAppearance, UIAppearanceContainer, UIDynamicItem, UITraitEnvironment, UICoordinateSpace, UIFocusItem, UIFocusItemContainer, CALayerDelegate>
| `- note: 'UIView' has been explicitly marked unavailable here
153 |
154 | @property(class, nonatomic, readonly) Class layerClass; // default is [CALayer class]. Used when creating the underlying layer for the view.
/Users/admin/builder/spi-builder-workspace/Sources/WWExpandableCell/WWExpandableCell.swift:23:50: error: 'UITableView' is unavailable in watchOS
21 | var indexPath: IndexPath { get set }
22 |
23 | static func exchangeExpandState(_ tableView: UITableView, indexPath: IndexPath, isSingle: Bool, duration: TimeInterval, delay: TimeInterval, options: UIView.AnimationOptions, batchUpdates: ((Bool) -> Void)?, completion: ((ExpandRowsListTuple) -> Void)?)
| `- error: 'UITableView' is unavailable in watchOS
24 | static func expandedCells(section: Int, rowCount: Int)
25 | static func expandedCell(section: Int, row: Int)
/Applications/Xcode-27.0.0-Release.Candidate.app/Contents/Developer/Platforms/WatchOS.platform/Developer/SDKs/WatchOS27.0.sdk/System/Library/Frameworks/UIKit.framework/Headers/UITableView.h:347:12: note: 'UITableView' has been explicitly marked unavailable here
345 |
346 | UIKIT_EXTERN API_AVAILABLE(ios(2.0)) API_UNAVAILABLE(watchos) NS_SWIFT_UI_ACTOR
347 | @interface UITableView : UIScrollView <NSCoding, UIDataSourceTranslating>
| `- note: 'UITableView' has been explicitly marked unavailable here
348 |
349 | - (instancetype)initWithFrame:(CGRect)frame style:(UITableViewStyle)style NS_DESIGNATED_INITIALIZER; // must specify style at creation. -initWithFrame: calls this with UITableViewStylePlain
/Users/admin/builder/spi-builder-workspace/Sources/WWExpandableCell/WWExpandableCell.swift:23:155: error: 'UIView' is unavailable in watchOS
21 | var indexPath: IndexPath { get set }
22 |
23 | static func exchangeExpandState(_ tableView: UITableView, indexPath: IndexPath, isSingle: Bool, duration: TimeInterval, delay: TimeInterval, options: UIView.AnimationOptions, batchUpdates: ((Bool) -> Void)?, completion: ((ExpandRowsListTuple) -> Void)?)
| `- error: 'UIView' is unavailable in watchOS
24 | static func expandedCells(section: Int, rowCount: Int)
25 | static func expandedCell(section: Int, row: Int)
/Applications/Xcode-27.0.0-Release.Candidate.app/Contents/Developer/Platforms/WatchOS.platform/Developer/SDKs/WatchOS27.0.sdk/System/Library/Frameworks/UIKit.framework/Headers/UIView.h:152:12: note: 'UIView' has been explicitly marked unavailable here
150 |
151 | UIKIT_EXTERN API_AVAILABLE(ios(2.0)) API_UNAVAILABLE(watchos) NS_SWIFT_UI_ACTOR
152 | @interface UIView : UIResponder <NSCoding, UIAppearance, UIAppearanceContainer, UIDynamicItem, UITraitEnvironment, UICoordinateSpace, UIFocusItem, UIFocusItemContainer, CALayerDelegate>
| `- note: 'UIView' has been explicitly marked unavailable here
153 |
154 | @property(class, nonatomic, readonly) Class layerClass; // default is [CALayer class]. Used when creating the underlying layer for the view.
/Users/admin/builder/spi-builder-workspace/Sources/WWExpandableCell/WWExpandableCell.swift:13:35: error: 'UITableViewCell' is unavailable in watchOS
11 |
12 | // MARK: - 可以折疊使用Cell的Protocol
13 | public protocol WWCellExpandable: UITableViewCell {
| `- error: 'UITableViewCell' is unavailable in watchOS
14 |
15 | typealias ExpandRowsList = [Int: Set<IndexPath>]
/Applications/Xcode-27.0.0-Release.Candidate.app/Contents/Developer/Platforms/WatchOS.platform/Developer/SDKs/WatchOS27.0.sdk/System/Library/Frameworks/UIKit.framework/Headers/UITableViewCell.h:81:12: note: 'UITableViewCell' has been explicitly marked unavailable here
79 |
80 | UIKIT_EXTERN API_AVAILABLE(ios(2.0)) API_UNAVAILABLE(watchos) NS_SWIFT_UI_ACTOR
81 | @interface UITableViewCell : UIView <NSCoding, UIGestureRecognizerDelegate>
| `- note: 'UITableViewCell' has been explicitly marked unavailable here
82 |
83 | // Designated initializer. If the cell can be reused, you must pass in a reuse identifier. You should use the same reuse identifier for all cells of the same form.
/Users/admin/builder/spi-builder-workspace/Sources/WWExpandableCell/WWExpandableCell.swift:74:50: error: 'UITableView' is unavailable in watchOS
72 | /// - batchUpdate: 動畫更新時狀態
73 | /// - completion: 動畫完成後的IndexPath變化
74 | static func exchangeExpandState(_ tableView: UITableView, indexPath: IndexPath, isSingle: Bool, duration: TimeInterval = 0.3, delay: TimeInterval = 0, options: UIView.AnimationOptions = [], batchUpdates: ((Bool) -> Void)? = nil, completion: ((ExpandRowsListTuple) -> Void)? = nil) {
| `- error: 'UITableView' is unavailable in watchOS
75 |
76 | let visibleCells = tableView.visibleCells.compactMap { cell -> WWCellExpandable? in
/Applications/Xcode-27.0.0-Release.Candidate.app/Contents/Developer/Platforms/WatchOS.platform/Developer/SDKs/WatchOS27.0.sdk/System/Library/Frameworks/UIKit.framework/Headers/UITableView.h:347:12: note: 'UITableView' has been explicitly marked unavailable here
345 |
346 | UIKIT_EXTERN API_AVAILABLE(ios(2.0)) API_UNAVAILABLE(watchos) NS_SWIFT_UI_ACTOR
347 | @interface UITableView : UIScrollView <NSCoding, UIDataSourceTranslating>
| `- note: 'UITableView' has been explicitly marked unavailable here
348 |
349 | - (instancetype)initWithFrame:(CGRect)frame style:(UITableViewStyle)style NS_DESIGNATED_INITIALIZER; // must specify style at creation. -initWithFrame: calls this with UITableViewStylePlain
/Users/admin/builder/spi-builder-workspace/Sources/WWExpandableCell/WWExpandableCell.swift:74:165: error: 'UIView' is unavailable in watchOS
72 | /// - batchUpdate: 動畫更新時狀態
73 | /// - completion: 動畫完成後的IndexPath變化
74 | static func exchangeExpandState(_ tableView: UITableView, indexPath: IndexPath, isSingle: Bool, duration: TimeInterval = 0.3, delay: TimeInterval = 0, options: UIView.AnimationOptions = [], batchUpdates: ((Bool) -> Void)? = nil, completion: ((ExpandRowsListTuple) -> Void)? = nil) {
| `- error: 'UIView' is unavailable in watchOS
75 |
76 | let visibleCells = tableView.visibleCells.compactMap { cell -> WWCellExpandable? in
/Applications/Xcode-27.0.0-Release.Candidate.app/Contents/Developer/Platforms/WatchOS.platform/Developer/SDKs/WatchOS27.0.sdk/System/Library/Frameworks/UIKit.framework/Headers/UIView.h:152:12: note: 'UIView' has been explicitly marked unavailable here
150 |
151 | UIKIT_EXTERN API_AVAILABLE(ios(2.0)) API_UNAVAILABLE(watchos) NS_SWIFT_UI_ACTOR
152 | @interface UIView : UIResponder <NSCoding, UIAppearance, UIAppearanceContainer, UIDynamicItem, UITraitEnvironment, UICoordinateSpace, UIFocusItem, UIFocusItemContainer, CALayerDelegate>
| `- note: 'UIView' has been explicitly marked unavailable here
153 |
154 | @property(class, nonatomic, readonly) Class layerClass; // default is [CALayer class]. Used when creating the underlying layer for the view.
/Users/admin/builder/spi-builder-workspace/Sources/WWExpandableCell/WWExpandableCell.swift:161:68: error: 'UIViewAnimatingPosition' is unavailable in watchOS
159 | /// - cell: WWCellExpandable
160 | /// - completion: ((UIViewAnimatingPosition) -> Void)?
161 | static func hiddenAction(cell: WWCellExpandable, completion: ((UIViewAnimatingPosition) -> Void)? = nil) {
| `- error: 'UIViewAnimatingPosition' is unavailable in watchOS
162 |
163 | UIViewPropertyAnimator.runningPropertyAnimator(withDuration: 0.3, delay: 0, options: [.curveEaseInOut] , animations: {
/Applications/Xcode-27.0.0-Release.Candidate.app/Contents/Developer/Platforms/WatchOS.platform/Developer/SDKs/WatchOS27.0.sdk/System/Library/Frameworks/UIKit.framework/Headers/UIViewAnimating.h:20:28: note: 'UIViewAnimatingPosition' has been explicitly marked unavailable here
18 | } API_AVAILABLE(ios(10.0)) API_UNAVAILABLE(watchos) ;
19 |
20 | typedef NS_ENUM(NSInteger, UIViewAnimatingPosition) {
| `- note: 'UIViewAnimatingPosition' has been explicitly marked unavailable here
21 | UIViewAnimatingPositionEnd,
22 | UIViewAnimatingPositionStart,
Failed frontend command:
/Applications/Xcode-27.0.0-Release.Candidate.app/Contents/Developer/Toolchains/XcodeDefault.xctoolchain/usr/bin/swift-frontend -frontend -emit-module -experimental-skip-non-inlinable-function-bodies-without-types /Users/admin/builder/spi-builder-workspace/.derivedData/Build/Intermediates.noindex/WWExpandableCell.build/Debug-watchos/WWExpandableCell-t.build/DerivedSources/resource_bundle_accessor.swift /Users/admin/builder/spi-builder-workspace/Sources/WWExpandableCell/WWExpandableCell.swift -target arm64-apple-watchos9.0 -disable-cross-import-overlay-search -load-resolved-plugin /Applications/Xcode-27.0.0-Release.Candidate.app/Contents/Developer/Platforms/WatchOS.platform/Developer/usr/lib/swift/host/plugins/libFoundationMacros.dylib\#/Applications/Xcode-27.0.0-Release.Candidate.app/Contents/Developer/Platforms/WatchOS.platform/Developer/usr/bin/swift-plugin-server\#FoundationMacros -load-resolved-plugin /Applications/Xcode-27.0.0-Release.Candidate.app/Contents/Developer/Platforms/WatchOS.platform/Developer/usr/lib/swift/host/plugins/libObservationMacros.dylib\#/Applications/Xcode-27.0.0-Release.Candidate.app/Contents/Developer/Platforms/WatchOS.platform/Developer/usr/bin/swift-plugin-server\#ObservationMacros -load-resolved-plugin /Applications/Xcode-27.0.0-Release.Candidate.app/Contents/Developer/Platforms/WatchOS.platform/Developer/usr/lib/swift/host/plugins/libSwiftMacros.dylib\#/Applications/Xcode-27.0.0-Release.Candidate.app/Contents/Developer/Platforms/WatchOS.platform/Developer/usr/bin/swift-plugin-server\#SwiftMacros -load-resolved-plugin /Applications/Xcode-27.0.0-Release.Candidate.app/Contents/Developer/Platforms/WatchOS.platform/Developer/usr/lib/swift/host/plugins/libSwiftUIMacros.dylib\#/Applications/Xcode-27.0.0-Release.Candidate.app/Contents/Developer/Platforms/WatchOS.platform/Developer/usr/bin/swift-plugin-server\#SwiftUIMacros -disable-implicit-swift-modules -Xcc -fno-implicit-modules -Xcc -fno-implicit-module-maps -explicit-swift-module-map-file /Users/admin/builder/spi-builder-workspace/.derivedData/Build/Intermediates.noindex/WWExpandableCell.build/Debug-watchos/WWExpandableCell-t.build/Objects-normal/arm64/WWExpandableCell-dependencies-2.json -Xllvm -aarch64-use-tbi -enable-objc-interop -stack-check -sdk /Applications/Xcode-27.0.0-Release.Candidate.app/Contents/Developer/Platforms/WatchOS.platform/Developer/SDKs/WatchOS27.0.sdk -I /Users/admin/builder/spi-builder-workspace/.derivedData/Build/Products/Debug-watchos -Isystem /Applications/Xcode-27.0.0-Release.Candidate.app/Contents/Developer/Platforms/WatchOS.platform/Developer/usr/lib -F /Users/admin/builder/spi-builder-workspace/.derivedData/Build/Products/Debug-watchos -F /Applications/Xcode-27.0.0-Release.Candidate.app/Contents/Developer/Platforms/WatchOS.platform/Developer/Library/Frameworks -F /Applications/Xcode-27.0.0-Release.Candidate.app/Contents/Developer/Platforms/WatchOS.platform/Developer/SDKs/WatchOS27.0.sdk/Developer/Library/Frameworks -module-cache-path /Users/admin/builder/spi-builder-workspace/.derivedData/Build/Intermediates.noindex/SwiftExplicitPrecompiledModules -no-color-diagnostics -Xcc -fno-color-diagnostics -enable-testing -g -debug-info-format\=dwarf -dwarf-version\=4 -swift-version 5 -Onone -D SWIFT_PACKAGE -D DEBUG -D SWIFT_MODULE_RESOURCE_BUNDLE_AVAILABLE -D Xcode -serialize-debugging-options -enable-experimental-feature DebugDescriptionMacro -empty-abi-descriptor -validate-clang-modules-once -clang-build-session-file /Users/admin/builder/spi-builder-workspace/.derivedData/ModuleCache.noindex/Session.modulevalidation -Xcc -working-directory -Xcc /Users/admin/builder/spi-builder-workspace/.swiftpm/xcode -enable-anonymous-context-mangled-names -file-compilation-dir /Users/admin/builder/spi-builder-workspace/.swiftpm/xcode -Xcc -D_LIBCPP_HARDENING_MODE\=_LIBCPP_HARDENING_MODE_DEBUG -Xcc -ivfsstatcache -Xcc /Users/admin/builder/spi-builder-workspace/.derivedData/SDKStatCaches.noindex/watchos27.0-24R360-e829b21a6f8c9b70876ba0858053c04477534ef55a1706bf4c1112bbb242f0a2.sdkstatcache -Xcc -fmodules-prune-interval\=86400 -Xcc -fmodules-prune-after\=345600 -Xcc -I/Users/admin/builder/spi-builder-workspace/.derivedData/Build/Products/Debug-watchos/include -Xcc -I/Users/admin/builder/spi-builder-workspace/.derivedData/Build/Intermediates.noindex/WWExpandableCell.build/Debug-watchos/WWExpandableCell-t.build/DerivedSources-normal/arm64 -Xcc -I/Users/admin/builder/spi-builder-workspace/.derivedData/Build/Intermediates.noindex/WWExpandableCell.build/Debug-watchos/WWExpandableCell-t.build/DerivedSources/arm64 -Xcc -I/Users/admin/builder/spi-builder-workspace/.derivedData/Build/Intermediates.noindex/WWExpandableCell.build/Debug-watchos/WWExpandableCell-t.build/DerivedSources -Xcc -DSWIFT_PACKAGE -Xcc -DDEBUG\=1 -no-auto-bridging-header-chaining -module-name WWExpandableCell -const-gather-protocols-file /Users/admin/builder/spi-builder-workspace/.derivedData/Build/Intermediates.noindex/WWExpandableCell.build/Debug-watchos/WWExpandableCell-t.build/Objects-normal/arm64/WWExpandableCell_const_extract_protocols.json -disable-clang-spi -clang-target arm64-apple-watchos27.0 -target-sdk-version 27.0 -target-sdk-name watchos27.0 -in-process-plugin-server-path /Applications/Xcode-27.0.0-Release.Candidate.app/Contents/Developer/Toolchains/XcodeDefault.xctoolchain/usr/lib/swift/host/libSwiftInProcPluginServer.dylib -emit-module-doc-path /Users/admin/builder/spi-builder-workspace/.derivedData/Build/Intermediates.noindex/WWExpandableCell.build/Debug-watchos/WWExpandableCell-t.build/Objects-normal/arm64/WWExpandableCell.swiftdoc -emit-module-source-info-path /Users/admin/builder/spi-builder-workspace/.derivedData/Build/Intermediates.noindex/WWExpandableCell.build/Debug-watchos/WWExpandableCell-t.build/Objects-normal/arm64/WWExpandableCell.swiftsourceinfo -emit-objc-header-path /Users/admin/builder/spi-builder-workspace/.derivedData/Build/Intermediates.noindex/WWExpandableCell.build/Debug-watchos/WWExpandableCell-t.build/Objects-normal/arm64/WWExpandableCell-Swift.h -serialize-diagnostics-path /Users/admin/builder/spi-builder-workspace/.derivedData/Build/Intermediates.noindex/WWExpandableCell.build/Debug-watchos/WWExpandableCell-t.build/Objects-normal/arm64/WWExpandableCell-primary-emit-module.dia -emit-dependencies-path /Users/admin/builder/spi-builder-workspace/.derivedData/Build/Intermediates.noindex/WWExpandableCell.build/Debug-watchos/WWExpandableCell-t.build/Objects-normal/arm64/WWExpandableCell-primary-emit-module.d -parse-as-library -o /Users/admin/builder/spi-builder-workspace/.derivedData/Build/Intermediates.noindex/WWExpandableCell.build/Debug-watchos/WWExpandableCell-t.build/Objects-normal/arm64/WWExpandableCell.swiftmodule -emit-abi-descriptor-path /Users/admin/builder/spi-builder-workspace/.derivedData/Build/Intermediates.noindex/WWExpandableCell.build/Debug-watchos/WWExpandableCell-t.build/Objects-normal/arm64/WWExpandableCell.abi.json
SwiftCompile normal arm64 (in target 'WWExpandableCell' from project 'WWExpandableCell')
cd /Users/admin/builder/spi-builder-workspace/.swiftpm/xcode
SwiftCompile normal arm64 Compiling\ WWExpandableCell.swift /Users/admin/builder/spi-builder-workspace/Sources/WWExpandableCell/WWExpandableCell.swift (in target 'WWExpandableCell' from project 'WWExpandableCell')
/Users/admin/builder/spi-builder-workspace/Sources/WWExpandableCell/WWExpandableCell.swift:10:26: error: 'UIView' is unavailable in watchOS
8 | import UIKit
9 |
10 | open class WWExpandView: UIView {}
| `- error: 'UIView' is unavailable in watchOS
11 |
12 | // MARK: - 可以折疊使用Cell的Protocol
/Applications/Xcode-27.0.0-Release.Candidate.app/Contents/Developer/Platforms/WatchOS.platform/Developer/SDKs/WatchOS27.0.sdk/System/Library/Frameworks/UIKit.framework/Headers/UIView.h:152:12: note: 'UIView' has been explicitly marked unavailable here
150 |
151 | UIKIT_EXTERN API_AVAILABLE(ios(2.0)) API_UNAVAILABLE(watchos) NS_SWIFT_UI_ACTOR
152 | @interface UIView : UIResponder <NSCoding, UIAppearance, UIAppearanceContainer, UIDynamicItem, UITraitEnvironment, UICoordinateSpace, UIFocusItem, UIFocusItemContainer, CALayerDelegate>
| `- note: 'UIView' has been explicitly marked unavailable here
153 |
154 | @property(class, nonatomic, readonly) Class layerClass; // default is [CALayer class]. Used when creating the underlying layer for the view.
/Users/admin/builder/spi-builder-workspace/Sources/WWExpandableCell/WWExpandableCell.swift:23:50: error: 'UITableView' is unavailable in watchOS
21 | var indexPath: IndexPath { get set }
22 |
23 | static func exchangeExpandState(_ tableView: UITableView, indexPath: IndexPath, isSingle: Bool, duration: TimeInterval, delay: TimeInterval, options: UIView.AnimationOptions, batchUpdates: ((Bool) -> Void)?, completion: ((ExpandRowsListTuple) -> Void)?)
| `- error: 'UITableView' is unavailable in watchOS
24 | static func expandedCells(section: Int, rowCount: Int)
25 | static func expandedCell(section: Int, row: Int)
/Applications/Xcode-27.0.0-Release.Candidate.app/Contents/Developer/Platforms/WatchOS.platform/Developer/SDKs/WatchOS27.0.sdk/System/Library/Frameworks/UIKit.framework/Headers/UITableView.h:347:12: note: 'UITableView' has been explicitly marked unavailable here
345 |
346 | UIKIT_EXTERN API_AVAILABLE(ios(2.0)) API_UNAVAILABLE(watchos) NS_SWIFT_UI_ACTOR
347 | @interface UITableView : UIScrollView <NSCoding, UIDataSourceTranslating>
| `- note: 'UITableView' has been explicitly marked unavailable here
348 |
349 | - (instancetype)initWithFrame:(CGRect)frame style:(UITableViewStyle)style NS_DESIGNATED_INITIALIZER; // must specify style at creation. -initWithFrame: calls this with UITableViewStylePlain
/Users/admin/builder/spi-builder-workspace/Sources/WWExpandableCell/WWExpandableCell.swift:23:155: error: 'UIView' is unavailable in watchOS
21 | var indexPath: IndexPath { get set }
22 |
23 | static func exchangeExpandState(_ tableView: UITableView, indexPath: IndexPath, isSingle: Bool, duration: TimeInterval, delay: TimeInterval, options: UIView.AnimationOptions, batchUpdates: ((Bool) -> Void)?, completion: ((ExpandRowsListTuple) -> Void)?)
| `- error: 'UIView' is unavailable in watchOS
24 | static func expandedCells(section: Int, rowCount: Int)
25 | static func expandedCell(section: Int, row: Int)
/Applications/Xcode-27.0.0-Release.Candidate.app/Contents/Developer/Platforms/WatchOS.platform/Developer/SDKs/WatchOS27.0.sdk/System/Library/Frameworks/UIKit.framework/Headers/UIView.h:152:12: note: 'UIView' has been explicitly marked unavailable here
150 |
151 | UIKIT_EXTERN API_AVAILABLE(ios(2.0)) API_UNAVAILABLE(watchos) NS_SWIFT_UI_ACTOR
152 | @interface UIView : UIResponder <NSCoding, UIAppearance, UIAppearanceContainer, UIDynamicItem, UITraitEnvironment, UICoordinateSpace, UIFocusItem, UIFocusItemContainer, CALayerDelegate>
| `- note: 'UIView' has been explicitly marked unavailable here
153 |
154 | @property(class, nonatomic, readonly) Class layerClass; // default is [CALayer class]. Used when creating the underlying layer for the view.
/Users/admin/builder/spi-builder-workspace/Sources/WWExpandableCell/WWExpandableCell.swift:13:35: error: 'UITableViewCell' is unavailable in watchOS
11 |
12 | // MARK: - 可以折疊使用Cell的Protocol
13 | public protocol WWCellExpandable: UITableViewCell {
| `- error: 'UITableViewCell' is unavailable in watchOS
14 |
15 | typealias ExpandRowsList = [Int: Set<IndexPath>]
/Applications/Xcode-27.0.0-Release.Candidate.app/Contents/Developer/Platforms/WatchOS.platform/Developer/SDKs/WatchOS27.0.sdk/System/Library/Frameworks/UIKit.framework/Headers/UITableViewCell.h:81:12: note: 'UITableViewCell' has been explicitly marked unavailable here
79 |
80 | UIKIT_EXTERN API_AVAILABLE(ios(2.0)) API_UNAVAILABLE(watchos) NS_SWIFT_UI_ACTOR
81 | @interface UITableViewCell : UIView <NSCoding, UIGestureRecognizerDelegate>
| `- note: 'UITableViewCell' has been explicitly marked unavailable here
82 |
83 | // Designated initializer. If the cell can be reused, you must pass in a reuse identifier. You should use the same reuse identifier for all cells of the same form.
/Users/admin/builder/spi-builder-workspace/Sources/WWExpandableCell/WWExpandableCell.swift:74:50: error: 'UITableView' is unavailable in watchOS
72 | /// - batchUpdate: 動畫更新時狀態
73 | /// - completion: 動畫完成後的IndexPath變化
74 | static func exchangeExpandState(_ tableView: UITableView, indexPath: IndexPath, isSingle: Bool, duration: TimeInterval = 0.3, delay: TimeInterval = 0, options: UIView.AnimationOptions = [], batchUpdates: ((Bool) -> Void)? = nil, completion: ((ExpandRowsListTuple) -> Void)? = nil) {
| `- error: 'UITableView' is unavailable in watchOS
75 |
76 | let visibleCells = tableView.visibleCells.compactMap { cell -> WWCellExpandable? in
/Applications/Xcode-27.0.0-Release.Candidate.app/Contents/Developer/Platforms/WatchOS.platform/Developer/SDKs/WatchOS27.0.sdk/System/Library/Frameworks/UIKit.framework/Headers/UITableView.h:347:12: note: 'UITableView' has been explicitly marked unavailable here
345 |
346 | UIKIT_EXTERN API_AVAILABLE(ios(2.0)) API_UNAVAILABLE(watchos) NS_SWIFT_UI_ACTOR
347 | @interface UITableView : UIScrollView <NSCoding, UIDataSourceTranslating>
| `- note: 'UITableView' has been explicitly marked unavailable here
348 |
349 | - (instancetype)initWithFrame:(CGRect)frame style:(UITableViewStyle)style NS_DESIGNATED_INITIALIZER; // must specify style at creation. -initWithFrame: calls this with UITableViewStylePlain
/Users/admin/builder/spi-builder-workspace/Sources/WWExpandableCell/WWExpandableCell.swift:74:165: error: 'UIView' is unavailable in watchOS
72 | /// - batchUpdate: 動畫更新時狀態
73 | /// - completion: 動畫完成後的IndexPath變化
74 | static func exchangeExpandState(_ tableView: UITableView, indexPath: IndexPath, isSingle: Bool, duration: TimeInterval = 0.3, delay: TimeInterval = 0, options: UIView.AnimationOptions = [], batchUpdates: ((Bool) -> Void)? = nil, completion: ((ExpandRowsListTuple) -> Void)? = nil) {
| `- error: 'UIView' is unavailable in watchOS
75 |
76 | let visibleCells = tableView.visibleCells.compactMap { cell -> WWCellExpandable? in
/Applications/Xcode-27.0.0-Release.Candidate.app/Contents/Developer/Platforms/WatchOS.platform/Developer/SDKs/WatchOS27.0.sdk/System/Library/Frameworks/UIKit.framework/Headers/UIView.h:152:12: note: 'UIView' has been explicitly marked unavailable here
150 |
151 | UIKIT_EXTERN API_AVAILABLE(ios(2.0)) API_UNAVAILABLE(watchos) NS_SWIFT_UI_ACTOR
152 | @interface UIView : UIResponder <NSCoding, UIAppearance, UIAppearanceContainer, UIDynamicItem, UITraitEnvironment, UICoordinateSpace, UIFocusItem, UIFocusItemContainer, CALayerDelegate>
| `- note: 'UIView' has been explicitly marked unavailable here
153 |
154 | @property(class, nonatomic, readonly) Class layerClass; // default is [CALayer class]. Used when creating the underlying layer for the view.
SwiftCompile normal arm64 /Users/admin/builder/spi-builder-workspace/Sources/WWExpandableCell/WWExpandableCell.swift (in target 'WWExpandableCell' from project 'WWExpandableCell')
cd /Users/admin/builder/spi-builder-workspace/.swiftpm/xcode
builtin-SwiftPerFileCompile WWExpandableCell.swift
SwiftEmitModule normal arm64_32 Emitting\ module\ for\ WWExpandableCell (in target 'WWExpandableCell' from project 'WWExpandableCell')
SwiftCompile normal arm64_32 (in target 'WWExpandableCell' from project 'WWExpandableCell')
cd /Users/admin/builder/spi-builder-workspace/.swiftpm/xcode
/Users/admin/builder/spi-builder-workspace/Sources/WWExpandableCell/WWExpandableCell.swift:10:26: error: 'UIView' is unavailable in watchOS
8 | import UIKit
9 |
10 | open class WWExpandView: UIView {}
| `- error: 'UIView' is unavailable in watchOS
11 |
12 | // MARK: - 可以折疊使用Cell的Protocol
/Applications/Xcode-27.0.0-Release.Candidate.app/Contents/Developer/Platforms/WatchOS.platform/Developer/SDKs/WatchOS27.0.sdk/System/Library/Frameworks/UIKit.framework/Headers/UIView.h:152:12: note: 'UIView' has been explicitly marked unavailable here
150 |
151 | UIKIT_EXTERN API_AVAILABLE(ios(2.0)) API_UNAVAILABLE(watchos) NS_SWIFT_UI_ACTOR
152 | @interface UIView : UIResponder <NSCoding, UIAppearance, UIAppearanceContainer, UIDynamicItem, UITraitEnvironment, UICoordinateSpace, UIFocusItem, UIFocusItemContainer, CALayerDelegate>
| `- note: 'UIView' has been explicitly marked unavailable here
153 |
154 | @property(class, nonatomic, readonly) Class layerClass; // default is [CALayer class]. Used when creating the underlying layer for the view.
/Users/admin/builder/spi-builder-workspace/Sources/WWExpandableCell/WWExpandableCell.swift:23:50: error: 'UITableView' is unavailable in watchOS
21 | var indexPath: IndexPath { get set }
22 |
23 | static func exchangeExpandState(_ tableView: UITableView, indexPath: IndexPath, isSingle: Bool, duration: TimeInterval, delay: TimeInterval, options: UIView.AnimationOptions, batchUpdates: ((Bool) -> Void)?, completion: ((ExpandRowsListTuple) -> Void)?)
| `- error: 'UITableView' is unavailable in watchOS
24 | static func expandedCells(section: Int, rowCount: Int)
25 | static func expandedCell(section: Int, row: Int)
/Applications/Xcode-27.0.0-Release.Candidate.app/Contents/Developer/Platforms/WatchOS.platform/Developer/SDKs/WatchOS27.0.sdk/System/Library/Frameworks/UIKit.framework/Headers/UITableView.h:347:12: note: 'UITableView' has been explicitly marked unavailable here
345 |
346 | UIKIT_EXTERN API_AVAILABLE(ios(2.0)) API_UNAVAILABLE(watchos) NS_SWIFT_UI_ACTOR
347 | @interface UITableView : UIScrollView <NSCoding, UIDataSourceTranslating>
| `- note: 'UITableView' has been explicitly marked unavailable here
348 |
349 | - (instancetype)initWithFrame:(CGRect)frame style:(UITableViewStyle)style NS_DESIGNATED_INITIALIZER; // must specify style at creation. -initWithFrame: calls this with UITableViewStylePlain
/Users/admin/builder/spi-builder-workspace/Sources/WWExpandableCell/WWExpandableCell.swift:23:155: error: 'UIView' is unavailable in watchOS
21 | var indexPath: IndexPath { get set }
22 |
23 | static func exchangeExpandState(_ tableView: UITableView, indexPath: IndexPath, isSingle: Bool, duration: TimeInterval, delay: TimeInterval, options: UIView.AnimationOptions, batchUpdates: ((Bool) -> Void)?, completion: ((ExpandRowsListTuple) -> Void)?)
| `- error: 'UIView' is unavailable in watchOS
24 | static func expandedCells(section: Int, rowCount: Int)
25 | static func expandedCell(section: Int, row: Int)
/Applications/Xcode-27.0.0-Release.Candidate.app/Contents/Developer/Platforms/WatchOS.platform/Developer/SDKs/WatchOS27.0.sdk/System/Library/Frameworks/UIKit.framework/Headers/UIView.h:152:12: note: 'UIView' has been explicitly marked unavailable here
150 |
151 | UIKIT_EXTERN API_AVAILABLE(ios(2.0)) API_UNAVAILABLE(watchos) NS_SWIFT_UI_ACTOR
152 | @interface UIView : UIResponder <NSCoding, UIAppearance, UIAppearanceContainer, UIDynamicItem, UITraitEnvironment, UICoordinateSpace, UIFocusItem, UIFocusItemContainer, CALayerDelegate>
| `- note: 'UIView' has been explicitly marked unavailable here
153 |
154 | @property(class, nonatomic, readonly) Class layerClass; // default is [CALayer class]. Used when creating the underlying layer for the view.
SwiftCompile normal arm64_32 Compiling\ WWExpandableCell.swift /Users/admin/builder/spi-builder-workspace/Sources/WWExpandableCell/WWExpandableCell.swift (in target 'WWExpandableCell' from project 'WWExpandableCell')
/Users/admin/builder/spi-builder-workspace/Sources/WWExpandableCell/WWExpandableCell.swift:10:26: error: 'UIView' is unavailable in watchOS
8 | import UIKit
9 |
10 | open class WWExpandView: UIView {}
| `- error: 'UIView' is unavailable in watchOS
11 |
12 | // MARK: - 可以折疊使用Cell的Protocol
/Applications/Xcode-27.0.0-Release.Candidate.app/Contents/Developer/Platforms/WatchOS.platform/Developer/SDKs/WatchOS27.0.sdk/System/Library/Frameworks/UIKit.framework/Headers/UIView.h:152:12: note: 'UIView' has been explicitly marked unavailable here
150 |
151 | UIKIT_EXTERN API_AVAILABLE(ios(2.0)) API_UNAVAILABLE(watchos) NS_SWIFT_UI_ACTOR
152 | @interface UIView : UIResponder <NSCoding, UIAppearance, UIAppearanceContainer, UIDynamicItem, UITraitEnvironment, UICoordinateSpace, UIFocusItem, UIFocusItemContainer, CALayerDelegate>
| `- note: 'UIView' has been explicitly marked unavailable here
153 |
154 | @property(class, nonatomic, readonly) Class layerClass; // default is [CALayer class]. Used when creating the underlying layer for the view.
/Users/admin/builder/spi-builder-workspace/Sources/WWExpandableCell/WWExpandableCell.swift:23:50: error: 'UITableView' is unavailable in watchOS
21 | var indexPath: IndexPath { get set }
22 |
23 | static func exchangeExpandState(_ tableView: UITableView, indexPath: IndexPath, isSingle: Bool, duration: TimeInterval, delay: TimeInterval, options: UIView.AnimationOptions, batchUpdates: ((Bool) -> Void)?, completion: ((ExpandRowsListTuple) -> Void)?)
| `- error: 'UITableView' is unavailable in watchOS
24 | static func expandedCells(section: Int, rowCount: Int)
25 | static func expandedCell(section: Int, row: Int)
/Applications/Xcode-27.0.0-Release.Candidate.app/Contents/Developer/Platforms/WatchOS.platform/Developer/SDKs/WatchOS27.0.sdk/System/Library/Frameworks/UIKit.framework/Headers/UITableView.h:347:12: note: 'UITableView' has been explicitly marked unavailable here
345 |
346 | UIKIT_EXTERN API_AVAILABLE(ios(2.0)) API_UNAVAILABLE(watchos) NS_SWIFT_UI_ACTOR
347 | @interface UITableView : UIScrollView <NSCoding, UIDataSourceTranslating>
| `- note: 'UITableView' has been explicitly marked unavailable here
348 |
349 | - (instancetype)initWithFrame:(CGRect)frame style:(UITableViewStyle)style NS_DESIGNATED_INITIALIZER; // must specify style at creation. -initWithFrame: calls this with UITableViewStylePlain
/Users/admin/builder/spi-builder-workspace/Sources/WWExpandableCell/WWExpandableCell.swift:23:155: error: 'UIView' is unavailable in watchOS
21 | var indexPath: IndexPath { get set }
22 |
23 | static func exchangeExpandState(_ tableView: UITableView, indexPath: IndexPath, isSingle: Bool, duration: TimeInterval, delay: TimeInterval, options: UIView.AnimationOptions, batchUpdates: ((Bool) -> Void)?, completion: ((ExpandRowsListTuple) -> Void)?)
| `- error: 'UIView' is unavailable in watchOS
24 | static func expandedCells(section: Int, rowCount: Int)
25 | static func expandedCell(section: Int, row: Int)
/Applications/Xcode-27.0.0-Release.Candidate.app/Contents/Developer/Platforms/WatchOS.platform/Developer/SDKs/WatchOS27.0.sdk/System/Library/Frameworks/UIKit.framework/Headers/UIView.h:152:12: note: 'UIView' has been explicitly marked unavailable here
150 |
151 | UIKIT_EXTERN API_AVAILABLE(ios(2.0)) API_UNAVAILABLE(watchos) NS_SWIFT_UI_ACTOR
152 | @interface UIView : UIResponder <NSCoding, UIAppearance, UIAppearanceContainer, UIDynamicItem, UITraitEnvironment, UICoordinateSpace, UIFocusItem, UIFocusItemContainer, CALayerDelegate>
| `- note: 'UIView' has been explicitly marked unavailable here
153 |
154 | @property(class, nonatomic, readonly) Class layerClass; // default is [CALayer class]. Used when creating the underlying layer for the view.
SwiftCompile normal arm64_32 /Users/admin/builder/spi-builder-workspace/Sources/WWExpandableCell/WWExpandableCell.swift (in target 'WWExpandableCell' from project 'WWExpandableCell')
cd /Users/admin/builder/spi-builder-workspace/.swiftpm/xcode
builtin-SwiftPerFileCompile WWExpandableCell.swift
SwiftCompile normal arm64_32 Compiling\ resource_bundle_accessor.swift /Users/admin/builder/spi-builder-workspace/.derivedData/Build/Intermediates.noindex/WWExpandableCell.build/Debug-watchos/WWExpandableCell-t.build/DerivedSources/resource_bundle_accessor.swift (in target 'WWExpandableCell' from project 'WWExpandableCell')
SwiftCompile normal arm64_32 /Users/admin/builder/spi-builder-workspace/.derivedData/Build/Intermediates.noindex/WWExpandableCell.build/Debug-watchos/WWExpandableCell-t.build/DerivedSources/resource_bundle_accessor.swift (in target 'WWExpandableCell' from project 'WWExpandableCell')
cd /Users/admin/builder/spi-builder-workspace/.swiftpm/xcode
builtin-SwiftPerFileCompile resource_bundle_accessor.swift
PruneExplicitPrecompiledModules /Users/admin/builder/spi-builder-workspace/.derivedData/Build/Intermediates.noindex/ExplicitPrecompiledModules
PruneExplicitPrecompiledModules /Users/admin/builder/spi-builder-workspace/.derivedData/SDKExplicitPrecompiledModules
PruneExplicitPrecompiledModules /Users/admin/builder/spi-builder-workspace/.derivedData/Build/Intermediates.noindex/SwiftExplicitPrecompiledModules
2026-09-24 05:23:15.960 xcodebuild[656:4210] [MT] IDERunDestination: Supported platforms for the buildables in the current scheme is empty.
** BUILD FAILED **
The following build commands failed:
SwiftEmitModule normal arm64 Emitting\ module\ for\ WWExpandableCell (in target 'WWExpandableCell' from project 'WWExpandableCell')
SwiftCompile normal arm64 (in target 'WWExpandableCell' from project 'WWExpandableCell')
Building workspace WWExpandableCell with scheme WWExpandableCell
(3 failures)
Command line invocation:
/Applications/Xcode-27.0.0-Release.Candidate.app/Contents/Developer/usr/bin/xcodebuild -IDEClonedSourcePackagesDirPathOverride=/Users/admin/builder/spi-builder-workspace/.dependencies -resolvePackageDependencies
Resolve Package Graph
Resolved source packages:
WWExpandableCell: /Users/admin/builder/spi-builder-workspace
resolved source packages: WWExpandableCell
2026-09-24 05:23:21.921 xcodebuild[780:4689] [MT] IDERunDestination: Supported platforms for the buildables in the current scheme is empty.
{
"dependencies" : [
],
"manifest_display_name" : "WWExpandableCell",
"name" : "WWExpandableCell",
"path" : "/Users/admin/builder/spi-builder-workspace",
"platforms" : [
{
"name" : "ios",
"version" : "15.0"
}
],
"products" : [
{
"name" : "WWExpandableCell",
"targets" : [
"WWExpandableCell"
],
"type" : {
"library" : [
"automatic"
]
}
}
],
"swift_languages_versions" : [
"5"
],
"targets" : [
{
"c99name" : "WWExpandableCell",
"module_type" : "SwiftTarget",
"name" : "WWExpandableCell",
"path" : "Sources/WWExpandableCell",
"product_memberships" : [
"WWExpandableCell"
],
"resources" : [
{
"path" : "/Users/admin/builder/spi-builder-workspace/Sources/WWExpandableCell/Privacy",
"rule" : {
"copy" : {
}
}
}
],
"sources" : [
"WWExpandableCell.swift"
],
"type" : "library"
}
],
"tools_version" : "5.7"
}
{
"workspace" : {
"name" : "WWExpandableCell",
"schemes" : [
"WWExpandableCell"
]
}
}
2026-09-24 05:23:23.146 xcodebuild[788:4757] [MT] IDERunDestination: Supported platforms for the buildables in the current scheme is empty.
Running build ...
env DEVELOPER_DIR=/Applications/Xcode-27.0.0-Release.Candidate.app xcrun xcodebuild -IDEClonedSourcePackagesDirPathOverride=$PWD/.dependencies -skipMacroValidation -skipPackagePluginValidation -derivedDataPath $PWD/.derivedData build -scheme WWExpandableCell -destination generic/platform=watchOS
Command line invocation:
/Applications/Xcode-27.0.0-Release.Candidate.app/Contents/Developer/usr/bin/xcodebuild -IDEClonedSourcePackagesDirPathOverride=/Users/admin/builder/spi-builder-workspace/.dependencies -skipMacroValidation -skipPackagePluginValidation -derivedDataPath /Users/admin/builder/spi-builder-workspace/.derivedData build -scheme WWExpandableCell -destination generic/platform=watchOS
Resolve Package Graph
Resolved source packages:
WWExpandableCell: /Users/admin/builder/spi-builder-workspace
ComputePackagePrebuildTargetDependencyGraph
Prepare packages
CreateBuildRequest
SendProjectDescription
CreateBuildOperation
ComputeTargetDependencyGraph
note: Building targets in dependency order
note: Target dependency graph (3 targets)
Target 'WWExpandableCell-product' in project 'WWExpandableCell'
➜ Explicit dependency on target 'WWExpandableCell' in project 'WWExpandableCell'
➜ Explicit dependency on target 'WWExpandableCell_WWExpandableCell' in project 'WWExpandableCell'
Target 'WWExpandableCell' in project 'WWExpandableCell'
➜ Explicit dependency on target 'WWExpandableCell_WWExpandableCell' in project 'WWExpandableCell'
Target 'WWExpandableCell_WWExpandableCell' in project 'WWExpandableCell' (no dependencies)
GatherProvisioningInputs
CreateBuildDescription
ClangStatCache /Applications/Xcode-27.0.0-Release.Candidate.app/Contents/Developer/Toolchains/XcodeDefault.xctoolchain/usr/bin/clang-stat-cache /Applications/Xcode-27.0.0-Release.Candidate.app/Contents/Developer/Platforms/WatchOS.platform/Developer/SDKs/WatchOS27.0.sdk /Users/admin/builder/spi-builder-workspace/.derivedData/SDKStatCaches.noindex/watchos27.0-24R360-e829b21a6f8c9b70876ba0858053c04477534ef55a1706bf4c1112bbb242f0a2.sdkstatcache
cd /Users/admin/builder/spi-builder-workspace/.swiftpm/xcode
/Applications/Xcode-27.0.0-Release.Candidate.app/Contents/Developer/Toolchains/XcodeDefault.xctoolchain/usr/bin/clang-stat-cache /Applications/Xcode-27.0.0-Release.Candidate.app/Contents/Developer/Platforms/WatchOS.platform/Developer/SDKs/WatchOS27.0.sdk -o /Users/admin/builder/spi-builder-workspace/.derivedData/SDKStatCaches.noindex/watchos27.0-24R360-e829b21a6f8c9b70876ba0858053c04477534ef55a1706bf4c1112bbb242f0a2.sdkstatcache
SwiftDriver WWExpandableCell normal arm64_32 com.apple.xcode.tools.swift.compiler (in target 'WWExpandableCell' from project 'WWExpandableCell')
cd /Users/admin/builder/spi-builder-workspace/.swiftpm/xcode
builtin-SwiftDriver -- /Applications/Xcode-27.0.0-Release.Candidate.app/Contents/Developer/Toolchains/XcodeDefault.xctoolchain/usr/bin/swiftc -parse-as-library -module-name WWExpandableCell -Onone @/Users/admin/builder/spi-builder-workspace/.derivedData/Build/Intermediates.noindex/WWExpandableCell.build/Debug-watchos/WWExpandableCell-t.build/Objects-normal/arm64_32/WWExpandableCell.SwiftFileList -DSWIFT_PACKAGE -DDEBUG -DSWIFT_MODULE_RESOURCE_BUNDLE_AVAILABLE -DXcode -plugin-path /Applications/Xcode-27.0.0-Release.Candidate.app/Contents/Developer/Toolchains/XcodeDefault.xctoolchain/usr/lib/swift/host/plugins/testing -enable-experimental-feature DebugDescriptionMacro -sdk /Applications/Xcode-27.0.0-Release.Candidate.app/Contents/Developer/Platforms/WatchOS.platform/Developer/SDKs/WatchOS27.0.sdk -target arm64_32-apple-watchos9.0 -g -module-cache-path /Users/admin/builder/spi-builder-workspace/.derivedData/ModuleCache.noindex -Xfrontend -serialize-debugging-options -enable-testing -index-store-path /Users/admin/builder/spi-builder-workspace/.derivedData/Index.noindex/DataStore -Xcc -D_LIBCPP_HARDENING_MODE\=_LIBCPP_HARDENING_MODE_DEBUG -swift-version 5 -I /Users/admin/builder/spi-builder-workspace/.derivedData/Build/Products/Debug-watchos -Isystem /Applications/Xcode-27.0.0-Release.Candidate.app/Contents/Developer/Platforms/WatchOS.platform/Developer/usr/lib -F /Users/admin/builder/spi-builder-workspace/.derivedData/Build/Products/Debug-watchos -F /Applications/Xcode-27.0.0-Release.Candidate.app/Contents/Developer/Platforms/WatchOS.platform/Developer/Library/Frameworks -F /Applications/Xcode-27.0.0-Release.Candidate.app/Contents/Developer/Platforms/WatchOS.platform/Developer/SDKs/WatchOS27.0.sdk/Developer/Library/Frameworks -c -j10 -enable-batch-mode -incremental -Xcc -ivfsstatcache -Xcc /Users/admin/builder/spi-builder-workspace/.derivedData/SDKStatCaches.noindex/watchos27.0-24R360-e829b21a6f8c9b70876ba0858053c04477534ef55a1706bf4c1112bbb242f0a2.sdkstatcache -output-file-map /Users/admin/builder/spi-builder-workspace/.derivedData/Build/Intermediates.noindex/WWExpandableCell.build/Debug-watchos/WWExpandableCell-t.build/Objects-normal/arm64_32/WWExpandableCell-OutputFileMap.json -save-temps -no-color-diagnostics -explicit-module-build -module-cache-path /Users/admin/builder/spi-builder-workspace/.derivedData/Build/Intermediates.noindex/SwiftExplicitPrecompiledModules -clang-scanner-module-cache-path /Users/admin/builder/spi-builder-workspace/.derivedData/ModuleCache.noindex -sdk-module-cache-path /Users/admin/builder/spi-builder-workspace/.derivedData/SDKExplicitPrecompiledModules -emit-dependencies -emit-module -emit-module-path /Users/admin/builder/spi-builder-workspace/.derivedData/Build/Intermediates.noindex/WWExpandableCell.build/Debug-watchos/WWExpandableCell-t.build/Objects-normal/arm64_32/WWExpandableCell.swiftmodule -serialize-diagnostics -dependency-scan-serialize-diagnostics-path /Users/admin/builder/spi-builder-workspace/.derivedData/Build/Intermediates.noindex/WWExpandableCell.build/Debug-watchos/WWExpandableCell-t.build/Objects-normal/arm64_32/WWExpandableCell-dependency-scan.dia -validate-clang-modules-once -clang-build-session-file /Users/admin/builder/spi-builder-workspace/.derivedData/ModuleCache.noindex/Session.modulevalidation -Xcc -fmodules-prune-interval\=86400 -Xcc -fmodules-prune-after\=345600 -emit-const-values -const-gather-protocols-list /Users/admin/builder/spi-builder-workspace/.derivedData/Build/Intermediates.noindex/WWExpandableCell.build/Debug-watchos/WWExpandableCell-t.build/Objects-normal/arm64_32/WWExpandableCell_const_extract_protocols.json -Xcc -I/Users/admin/builder/spi-builder-workspace/.derivedData/Build/Products/Debug-watchos/include -Xcc -I/Users/admin/builder/spi-builder-workspace/.derivedData/Build/Intermediates.noindex/WWExpandableCell.build/Debug-watchos/WWExpandableCell-t.build/DerivedSources-normal/arm64_32 -Xcc -I/Users/admin/builder/spi-builder-workspace/.derivedData/Build/Intermediates.noindex/WWExpandableCell.build/Debug-watchos/WWExpandableCell-t.build/DerivedSources/arm64_32 -Xcc -I/Users/admin/builder/spi-builder-workspace/.derivedData/Build/Intermediates.noindex/WWExpandableCell.build/Debug-watchos/WWExpandableCell-t.build/DerivedSources -Xcc -DSWIFT_PACKAGE -Xcc -DDEBUG\=1 -emit-objc-header -emit-objc-header-path /Users/admin/builder/spi-builder-workspace/.derivedData/Build/Intermediates.noindex/WWExpandableCell.build/Debug-watchos/WWExpandableCell-t.build/Objects-normal/arm64_32/WWExpandableCell-Swift.h -working-directory /Users/admin/builder/spi-builder-workspace/.swiftpm/xcode -experimental-emit-module-separately -disable-cmo
SwiftDriver WWExpandableCell normal arm64 com.apple.xcode.tools.swift.compiler (in target 'WWExpandableCell' from project 'WWExpandableCell')
cd /Users/admin/builder/spi-builder-workspace/.swiftpm/xcode
builtin-SwiftDriver -- /Applications/Xcode-27.0.0-Release.Candidate.app/Contents/Developer/Toolchains/XcodeDefault.xctoolchain/usr/bin/swiftc -parse-as-library -module-name WWExpandableCell -Onone @/Users/admin/builder/spi-builder-workspace/.derivedData/Build/Intermediates.noindex/WWExpandableCell.build/Debug-watchos/WWExpandableCell-t.build/Objects-normal/arm64/WWExpandableCell.SwiftFileList -DSWIFT_PACKAGE -DDEBUG -DSWIFT_MODULE_RESOURCE_BUNDLE_AVAILABLE -DXcode -plugin-path /Applications/Xcode-27.0.0-Release.Candidate.app/Contents/Developer/Toolchains/XcodeDefault.xctoolchain/usr/lib/swift/host/plugins/testing -enable-experimental-feature DebugDescriptionMacro -sdk /Applications/Xcode-27.0.0-Release.Candidate.app/Contents/Developer/Platforms/WatchOS.platform/Developer/SDKs/WatchOS27.0.sdk -target arm64-apple-watchos9.0 -g -module-cache-path /Users/admin/builder/spi-builder-workspace/.derivedData/ModuleCache.noindex -Xfrontend -serialize-debugging-options -enable-testing -index-store-path /Users/admin/builder/spi-builder-workspace/.derivedData/Index.noindex/DataStore -Xcc -D_LIBCPP_HARDENING_MODE\=_LIBCPP_HARDENING_MODE_DEBUG -swift-version 5 -I /Users/admin/builder/spi-builder-workspace/.derivedData/Build/Products/Debug-watchos -Isystem /Applications/Xcode-27.0.0-Release.Candidate.app/Contents/Developer/Platforms/WatchOS.platform/Developer/usr/lib -F /Users/admin/builder/spi-builder-workspace/.derivedData/Build/Products/Debug-watchos -F /Applications/Xcode-27.0.0-Release.Candidate.app/Contents/Developer/Platforms/WatchOS.platform/Developer/Library/Frameworks -F /Applications/Xcode-27.0.0-Release.Candidate.app/Contents/Developer/Platforms/WatchOS.platform/Developer/SDKs/WatchOS27.0.sdk/Developer/Library/Frameworks -c -j10 -enable-batch-mode -incremental -Xcc -ivfsstatcache -Xcc /Users/admin/builder/spi-builder-workspace/.derivedData/SDKStatCaches.noindex/watchos27.0-24R360-e829b21a6f8c9b70876ba0858053c04477534ef55a1706bf4c1112bbb242f0a2.sdkstatcache -output-file-map /Users/admin/builder/spi-builder-workspace/.derivedData/Build/Intermediates.noindex/WWExpandableCell.build/Debug-watchos/WWExpandableCell-t.build/Objects-normal/arm64/WWExpandableCell-OutputFileMap.json -save-temps -no-color-diagnostics -explicit-module-build -module-cache-path /Users/admin/builder/spi-builder-workspace/.derivedData/Build/Intermediates.noindex/SwiftExplicitPrecompiledModules -clang-scanner-module-cache-path /Users/admin/builder/spi-builder-workspace/.derivedData/ModuleCache.noindex -sdk-module-cache-path /Users/admin/builder/spi-builder-workspace/.derivedData/SDKExplicitPrecompiledModules -emit-dependencies -emit-module -emit-module-path /Users/admin/builder/spi-builder-workspace/.derivedData/Build/Intermediates.noindex/WWExpandableCell.build/Debug-watchos/WWExpandableCell-t.build/Objects-normal/arm64/WWExpandableCell.swiftmodule -serialize-diagnostics -dependency-scan-serialize-diagnostics-path /Users/admin/builder/spi-builder-workspace/.derivedData/Build/Intermediates.noindex/WWExpandableCell.build/Debug-watchos/WWExpandableCell-t.build/Objects-normal/arm64/WWExpandableCell-dependency-scan.dia -validate-clang-modules-once -clang-build-session-file /Users/admin/builder/spi-builder-workspace/.derivedData/ModuleCache.noindex/Session.modulevalidation -Xcc -fmodules-prune-interval\=86400 -Xcc -fmodules-prune-after\=345600 -emit-const-values -const-gather-protocols-list /Users/admin/builder/spi-builder-workspace/.derivedData/Build/Intermediates.noindex/WWExpandableCell.build/Debug-watchos/WWExpandableCell-t.build/Objects-normal/arm64/WWExpandableCell_const_extract_protocols.json -Xcc -I/Users/admin/builder/spi-builder-workspace/.derivedData/Build/Products/Debug-watchos/include -Xcc -I/Users/admin/builder/spi-builder-workspace/.derivedData/Build/Intermediates.noindex/WWExpandableCell.build/Debug-watchos/WWExpandableCell-t.build/DerivedSources-normal/arm64 -Xcc -I/Users/admin/builder/spi-builder-workspace/.derivedData/Build/Intermediates.noindex/WWExpandableCell.build/Debug-watchos/WWExpandableCell-t.build/DerivedSources/arm64 -Xcc -I/Users/admin/builder/spi-builder-workspace/.derivedData/Build/Intermediates.noindex/WWExpandableCell.build/Debug-watchos/WWExpandableCell-t.build/DerivedSources -Xcc -DSWIFT_PACKAGE -Xcc -DDEBUG\=1 -emit-objc-header -emit-objc-header-path /Users/admin/builder/spi-builder-workspace/.derivedData/Build/Intermediates.noindex/WWExpandableCell.build/Debug-watchos/WWExpandableCell-t.build/Objects-normal/arm64/WWExpandableCell-Swift.h -working-directory /Users/admin/builder/spi-builder-workspace/.swiftpm/xcode -experimental-emit-module-separately -disable-cmo
SwiftEmitModule normal arm64 Emitting\ module\ for\ WWExpandableCell (in target 'WWExpandableCell' from project 'WWExpandableCell')
/Users/admin/builder/spi-builder-workspace/Sources/WWExpandableCell/WWExpandableCell.swift:10:26: error: 'UIView' is unavailable in watchOS
8 | import UIKit
9 |
10 | open class WWExpandView: UIView {}
| `- error: 'UIView' is unavailable in watchOS
11 |
12 | // MARK: - 可以折疊使用Cell的Protocol
/Applications/Xcode-27.0.0-Release.Candidate.app/Contents/Developer/Platforms/WatchOS.platform/Developer/SDKs/WatchOS27.0.sdk/System/Library/Frameworks/UIKit.framework/Headers/UIView.h:152:12: note: 'UIView' has been explicitly marked unavailable here
150 |
151 | UIKIT_EXTERN API_AVAILABLE(ios(2.0)) API_UNAVAILABLE(watchos) NS_SWIFT_UI_ACTOR
152 | @interface UIView : UIResponder <NSCoding, UIAppearance, UIAppearanceContainer, UIDynamicItem, UITraitEnvironment, UICoordinateSpace, UIFocusItem, UIFocusItemContainer, CALayerDelegate>
| `- note: 'UIView' has been explicitly marked unavailable here
153 |
154 | @property(class, nonatomic, readonly) Class layerClass; // default is [CALayer class]. Used when creating the underlying layer for the view.
/Users/admin/builder/spi-builder-workspace/Sources/WWExpandableCell/WWExpandableCell.swift:23:50: error: 'UITableView' is unavailable in watchOS
21 | var indexPath: IndexPath { get set }
22 |
23 | static func exchangeExpandState(_ tableView: UITableView, indexPath: IndexPath, isSingle: Bool, duration: TimeInterval, delay: TimeInterval, options: UIView.AnimationOptions, batchUpdates: ((Bool) -> Void)?, completion: ((ExpandRowsListTuple) -> Void)?)
| `- error: 'UITableView' is unavailable in watchOS
24 | static func expandedCells(section: Int, rowCount: Int)
25 | static func expandedCell(section: Int, row: Int)
/Applications/Xcode-27.0.0-Release.Candidate.app/Contents/Developer/Platforms/WatchOS.platform/Developer/SDKs/WatchOS27.0.sdk/System/Library/Frameworks/UIKit.framework/Headers/UITableView.h:347:12: note: 'UITableView' has been explicitly marked unavailable here
345 |
346 | UIKIT_EXTERN API_AVAILABLE(ios(2.0)) API_UNAVAILABLE(watchos) NS_SWIFT_UI_ACTOR
347 | @interface UITableView : UIScrollView <NSCoding, UIDataSourceTranslating>
| `- note: 'UITableView' has been explicitly marked unavailable here
348 |
349 | - (instancetype)initWithFrame:(CGRect)frame style:(UITableViewStyle)style NS_DESIGNATED_INITIALIZER; // must specify style at creation. -initWithFrame: calls this with UITableViewStylePlain
/Users/admin/builder/spi-builder-workspace/Sources/WWExpandableCell/WWExpandableCell.swift:23:155: error: 'UIView' is unavailable in watchOS
21 | var indexPath: IndexPath { get set }
22 |
23 | static func exchangeExpandState(_ tableView: UITableView, indexPath: IndexPath, isSingle: Bool, duration: TimeInterval, delay: TimeInterval, options: UIView.AnimationOptions, batchUpdates: ((Bool) -> Void)?, completion: ((ExpandRowsListTuple) -> Void)?)
| `- error: 'UIView' is unavailable in watchOS
24 | static func expandedCells(section: Int, rowCount: Int)
25 | static func expandedCell(section: Int, row: Int)
/Applications/Xcode-27.0.0-Release.Candidate.app/Contents/Developer/Platforms/WatchOS.platform/Developer/SDKs/WatchOS27.0.sdk/System/Library/Frameworks/UIKit.framework/Headers/UIView.h:152:12: note: 'UIView' has been explicitly marked unavailable here
150 |
151 | UIKIT_EXTERN API_AVAILABLE(ios(2.0)) API_UNAVAILABLE(watchos) NS_SWIFT_UI_ACTOR
152 | @interface UIView : UIResponder <NSCoding, UIAppearance, UIAppearanceContainer, UIDynamicItem, UITraitEnvironment, UICoordinateSpace, UIFocusItem, UIFocusItemContainer, CALayerDelegate>
| `- note: 'UIView' has been explicitly marked unavailable here
153 |
154 | @property(class, nonatomic, readonly) Class layerClass; // default is [CALayer class]. Used when creating the underlying layer for the view.
/Users/admin/builder/spi-builder-workspace/Sources/WWExpandableCell/WWExpandableCell.swift:13:35: error: 'UITableViewCell' is unavailable in watchOS
11 |
12 | // MARK: - 可以折疊使用Cell的Protocol
13 | public protocol WWCellExpandable: UITableViewCell {
| `- error: 'UITableViewCell' is unavailable in watchOS
14 |
15 | typealias ExpandRowsList = [Int: Set<IndexPath>]
/Applications/Xcode-27.0.0-Release.Candidate.app/Contents/Developer/Platforms/WatchOS.platform/Developer/SDKs/WatchOS27.0.sdk/System/Library/Frameworks/UIKit.framework/Headers/UITableViewCell.h:81:12: note: 'UITableViewCell' has been explicitly marked unavailable here
79 |
80 | UIKIT_EXTERN API_AVAILABLE(ios(2.0)) API_UNAVAILABLE(watchos) NS_SWIFT_UI_ACTOR
81 | @interface UITableViewCell : UIView <NSCoding, UIGestureRecognizerDelegate>
| `- note: 'UITableViewCell' has been explicitly marked unavailable here
82 |
83 | // Designated initializer. If the cell can be reused, you must pass in a reuse identifier. You should use the same reuse identifier for all cells of the same form.
/Users/admin/builder/spi-builder-workspace/Sources/WWExpandableCell/WWExpandableCell.swift:74:50: error: 'UITableView' is unavailable in watchOS
72 | /// - batchUpdate: 動畫更新時狀態
73 | /// - completion: 動畫完成後的IndexPath變化
74 | static func exchangeExpandState(_ tableView: UITableView, indexPath: IndexPath, isSingle: Bool, duration: TimeInterval = 0.3, delay: TimeInterval = 0, options: UIView.AnimationOptions = [], batchUpdates: ((Bool) -> Void)? = nil, completion: ((ExpandRowsListTuple) -> Void)? = nil) {
| `- error: 'UITableView' is unavailable in watchOS
75 |
76 | let visibleCells = tableView.visibleCells.compactMap { cell -> WWCellExpandable? in
/Applications/Xcode-27.0.0-Release.Candidate.app/Contents/Developer/Platforms/WatchOS.platform/Developer/SDKs/WatchOS27.0.sdk/System/Library/Frameworks/UIKit.framework/Headers/UITableView.h:347:12: note: 'UITableView' has been explicitly marked unavailable here
345 |
346 | UIKIT_EXTERN API_AVAILABLE(ios(2.0)) API_UNAVAILABLE(watchos) NS_SWIFT_UI_ACTOR
347 | @interface UITableView : UIScrollView <NSCoding, UIDataSourceTranslating>
| `- note: 'UITableView' has been explicitly marked unavailable here
348 |
349 | - (instancetype)initWithFrame:(CGRect)frame style:(UITableViewStyle)style NS_DESIGNATED_INITIALIZER; // must specify style at creation. -initWithFrame: calls this with UITableViewStylePlain
/Users/admin/builder/spi-builder-workspace/Sources/WWExpandableCell/WWExpandableCell.swift:74:165: error: 'UIView' is unavailable in watchOS
72 | /// - batchUpdate: 動畫更新時狀態
73 | /// - completion: 動畫完成後的IndexPath變化
74 | static func exchangeExpandState(_ tableView: UITableView, indexPath: IndexPath, isSingle: Bool, duration: TimeInterval = 0.3, delay: TimeInterval = 0, options: UIView.AnimationOptions = [], batchUpdates: ((Bool) -> Void)? = nil, completion: ((ExpandRowsListTuple) -> Void)? = nil) {
| `- error: 'UIView' is unavailable in watchOS
75 |
76 | let visibleCells = tableView.visibleCells.compactMap { cell -> WWCellExpandable? in
/Applications/Xcode-27.0.0-Release.Candidate.app/Contents/Developer/Platforms/WatchOS.platform/Developer/SDKs/WatchOS27.0.sdk/System/Library/Frameworks/UIKit.framework/Headers/UIView.h:152:12: note: 'UIView' has been explicitly marked unavailable here
150 |
151 | UIKIT_EXTERN API_AVAILABLE(ios(2.0)) API_UNAVAILABLE(watchos) NS_SWIFT_UI_ACTOR
152 | @interface UIView : UIResponder <NSCoding, UIAppearance, UIAppearanceContainer, UIDynamicItem, UITraitEnvironment, UICoordinateSpace, UIFocusItem, UIFocusItemContainer, CALayerDelegate>
| `- note: 'UIView' has been explicitly marked unavailable here
153 |
154 | @property(class, nonatomic, readonly) Class layerClass; // default is [CALayer class]. Used when creating the underlying layer for the view.
/Users/admin/builder/spi-builder-workspace/Sources/WWExpandableCell/WWExpandableCell.swift:161:68: error: 'UIViewAnimatingPosition' is unavailable in watchOS
159 | /// - cell: WWCellExpandable
160 | /// - completion: ((UIViewAnimatingPosition) -> Void)?
161 | static func hiddenAction(cell: WWCellExpandable, completion: ((UIViewAnimatingPosition) -> Void)? = nil) {
| `- error: 'UIViewAnimatingPosition' is unavailable in watchOS
162 |
163 | UIViewPropertyAnimator.runningPropertyAnimator(withDuration: 0.3, delay: 0, options: [.curveEaseInOut] , animations: {
/Applications/Xcode-27.0.0-Release.Candidate.app/Contents/Developer/Platforms/WatchOS.platform/Developer/SDKs/WatchOS27.0.sdk/System/Library/Frameworks/UIKit.framework/Headers/UIViewAnimating.h:20:28: note: 'UIViewAnimatingPosition' has been explicitly marked unavailable here
18 | } API_AVAILABLE(ios(10.0)) API_UNAVAILABLE(watchos) ;
19 |
20 | typedef NS_ENUM(NSInteger, UIViewAnimatingPosition) {
| `- note: 'UIViewAnimatingPosition' has been explicitly marked unavailable here
21 | UIViewAnimatingPositionEnd,
22 | UIViewAnimatingPositionStart,
Failed frontend command:
SwiftCompile normal arm64 (in target 'WWExpandableCell' from project 'WWExpandableCell')
cd /Users/admin/builder/spi-builder-workspace/.swiftpm/xcode
/Applications/Xcode-27.0.0-Release.Candidate.app/Contents/Developer/Toolchains/XcodeDefault.xctoolchain/usr/bin/swift-frontend -frontend -emit-module -experimental-skip-non-inlinable-function-bodies-without-types /Users/admin/builder/spi-builder-workspace/.derivedData/Build/Intermediates.noindex/WWExpandableCell.build/Debug-watchos/WWExpandableCell-t.build/DerivedSources/resource_bundle_accessor.swift /Users/admin/builder/spi-builder-workspace/Sources/WWExpandableCell/WWExpandableCell.swift -target arm64-apple-watchos9.0 -disable-cross-import-overlay-search -load-resolved-plugin /Applications/Xcode-27.0.0-Release.Candidate.app/Contents/Developer/Platforms/WatchOS.platform/Developer/usr/lib/swift/host/plugins/libFoundationMacros.dylib\#/Applications/Xcode-27.0.0-Release.Candidate.app/Contents/Developer/Platforms/WatchOS.platform/Developer/usr/bin/swift-plugin-server\#FoundationMacros -load-resolved-plugin /Applications/Xcode-27.0.0-Release.Candidate.app/Contents/Developer/Platforms/WatchOS.platform/Developer/usr/lib/swift/host/plugins/libObservationMacros.dylib\#/Applications/Xcode-27.0.0-Release.Candidate.app/Contents/Developer/Platforms/WatchOS.platform/Developer/usr/bin/swift-plugin-server\#ObservationMacros -load-resolved-plugin /Applications/Xcode-27.0.0-Release.Candidate.app/Contents/Developer/Platforms/WatchOS.platform/Developer/usr/lib/swift/host/plugins/libSwiftMacros.dylib\#/Applications/Xcode-27.0.0-Release.Candidate.app/Contents/Developer/Platforms/WatchOS.platform/Developer/usr/bin/swift-plugin-server\#SwiftMacros -load-resolved-plugin /Applications/Xcode-27.0.0-Release.Candidate.app/Contents/Developer/Platforms/WatchOS.platform/Developer/usr/lib/swift/host/plugins/libSwiftUIMacros.dylib\#/Applications/Xcode-27.0.0-Release.Candidate.app/Contents/Developer/Platforms/WatchOS.platform/Developer/usr/bin/swift-plugin-server\#SwiftUIMacros -disable-implicit-swift-modules -Xcc -fno-implicit-modules -Xcc -fno-implicit-module-maps -explicit-swift-module-map-file /Users/admin/builder/spi-builder-workspace/.derivedData/Build/Intermediates.noindex/WWExpandableCell.build/Debug-watchos/WWExpandableCell-t.build/Objects-normal/arm64/WWExpandableCell-dependencies-1.json -Xllvm -aarch64-use-tbi -enable-objc-interop -stack-check -sdk /Applications/Xcode-27.0.0-Release.Candidate.app/Contents/Developer/Platforms/WatchOS.platform/Developer/SDKs/WatchOS27.0.sdk -I /Users/admin/builder/spi-builder-workspace/.derivedData/Build/Products/Debug-watchos -Isystem /Applications/Xcode-27.0.0-Release.Candidate.app/Contents/Developer/Platforms/WatchOS.platform/Developer/usr/lib -F /Users/admin/builder/spi-builder-workspace/.derivedData/Build/Products/Debug-watchos -F /Applications/Xcode-27.0.0-Release.Candidate.app/Contents/Developer/Platforms/WatchOS.platform/Developer/Library/Frameworks -F /Applications/Xcode-27.0.0-Release.Candidate.app/Contents/Developer/Platforms/WatchOS.platform/Developer/SDKs/WatchOS27.0.sdk/Developer/Library/Frameworks -module-cache-path /Users/admin/builder/spi-builder-workspace/.derivedData/Build/Intermediates.noindex/SwiftExplicitPrecompiledModules -no-color-diagnostics -Xcc -fno-color-diagnostics -enable-testing -g -debug-info-format\=dwarf -dwarf-version\=4 -swift-version 5 -Onone -D SWIFT_PACKAGE -D DEBUG -D SWIFT_MODULE_RESOURCE_BUNDLE_AVAILABLE -D Xcode -serialize-debugging-options -enable-experimental-feature DebugDescriptionMacro -empty-abi-descriptor -validate-clang-modules-once -clang-build-session-file /Users/admin/builder/spi-builder-workspace/.derivedData/ModuleCache.noindex/Session.modulevalidation -Xcc -working-directory -Xcc /Users/admin/builder/spi-builder-workspace/.swiftpm/xcode -enable-anonymous-context-mangled-names -file-compilation-dir /Users/admin/builder/spi-builder-workspace/.swiftpm/xcode -Xcc -D_LIBCPP_HARDENING_MODE\=_LIBCPP_HARDENING_MODE_DEBUG -Xcc -ivfsstatcache -Xcc /Users/admin/builder/spi-builder-workspace/.derivedData/SDKStatCaches.noindex/watchos27.0-24R360-e829b21a6f8c9b70876ba0858053c04477534ef55a1706bf4c1112bbb242f0a2.sdkstatcache -Xcc -fmodules-prune-interval\=86400 -Xcc -fmodules-prune-after\=345600 -Xcc -I/Users/admin/builder/spi-builder-workspace/.derivedData/Build/Products/Debug-watchos/include -Xcc -I/Users/admin/builder/spi-builder-workspace/.derivedData/Build/Intermediates.noindex/WWExpandableCell.build/Debug-watchos/WWExpandableCell-t.build/DerivedSources-normal/arm64 -Xcc -I/Users/admin/builder/spi-builder-workspace/.derivedData/Build/Intermediates.noindex/WWExpandableCell.build/Debug-watchos/WWExpandableCell-t.build/DerivedSources/arm64 -Xcc -I/Users/admin/builder/spi-builder-workspace/.derivedData/Build/Intermediates.noindex/WWExpandableCell.build/Debug-watchos/WWExpandableCell-t.build/DerivedSources -Xcc -DSWIFT_PACKAGE -Xcc -DDEBUG\=1 -no-auto-bridging-header-chaining -module-name WWExpandableCell -const-gather-protocols-file /Users/admin/builder/spi-builder-workspace/.derivedData/Build/Intermediates.noindex/WWExpandableCell.build/Debug-watchos/WWExpandableCell-t.build/Objects-normal/arm64/WWExpandableCell_const_extract_protocols.json -disable-clang-spi -clang-target arm64-apple-watchos27.0 -target-sdk-version 27.0 -target-sdk-name watchos27.0 -in-process-plugin-server-path /Applications/Xcode-27.0.0-Release.Candidate.app/Contents/Developer/Toolchains/XcodeDefault.xctoolchain/usr/lib/swift/host/libSwiftInProcPluginServer.dylib -emit-module-doc-path /Users/admin/builder/spi-builder-workspace/.derivedData/Build/Intermediates.noindex/WWExpandableCell.build/Debug-watchos/WWExpandableCell-t.build/Objects-normal/arm64/WWExpandableCell.swiftdoc -emit-module-source-info-path /Users/admin/builder/spi-builder-workspace/.derivedData/Build/Intermediates.noindex/WWExpandableCell.build/Debug-watchos/WWExpandableCell-t.build/Objects-normal/arm64/WWExpandableCell.swiftsourceinfo -emit-objc-header-path /Users/admin/builder/spi-builder-workspace/.derivedData/Build/Intermediates.noindex/WWExpandableCell.build/Debug-watchos/WWExpandableCell-t.build/Objects-normal/arm64/WWExpandableCell-Swift.h -serialize-diagnostics-path /Users/admin/builder/spi-builder-workspace/.derivedData/Build/Intermediates.noindex/WWExpandableCell.build/Debug-watchos/WWExpandableCell-t.build/Objects-normal/arm64/WWExpandableCell-primary-emit-module.dia -emit-dependencies-path /Users/admin/builder/spi-builder-workspace/.derivedData/Build/Intermediates.noindex/WWExpandableCell.build/Debug-watchos/WWExpandableCell-t.build/Objects-normal/arm64/WWExpandableCell-primary-emit-module.d -parse-as-library -o /Users/admin/builder/spi-builder-workspace/.derivedData/Build/Intermediates.noindex/WWExpandableCell.build/Debug-watchos/WWExpandableCell-t.build/Objects-normal/arm64/WWExpandableCell.swiftmodule -emit-abi-descriptor-path /Users/admin/builder/spi-builder-workspace/.derivedData/Build/Intermediates.noindex/WWExpandableCell.build/Debug-watchos/WWExpandableCell-t.build/Objects-normal/arm64/WWExpandableCell.abi.json
SwiftEmitModule normal arm64_32 Emitting\ module\ for\ WWExpandableCell (in target 'WWExpandableCell' from project 'WWExpandableCell')
/Users/admin/builder/spi-builder-workspace/Sources/WWExpandableCell/WWExpandableCell.swift:10:26: error: 'UIView' is unavailable in watchOS
8 | import UIKit
9 |
10 | open class WWExpandView: UIView {}
| `- error: 'UIView' is unavailable in watchOS
11 |
12 | // MARK: - 可以折疊使用Cell的Protocol
/Applications/Xcode-27.0.0-Release.Candidate.app/Contents/Developer/Platforms/WatchOS.platform/Developer/SDKs/WatchOS27.0.sdk/System/Library/Frameworks/UIKit.framework/Headers/UIView.h:152:12: note: 'UIView' has been explicitly marked unavailable here
150 |
151 | UIKIT_EXTERN API_AVAILABLE(ios(2.0)) API_UNAVAILABLE(watchos) NS_SWIFT_UI_ACTOR
152 | @interface UIView : UIResponder <NSCoding, UIAppearance, UIAppearanceContainer, UIDynamicItem, UITraitEnvironment, UICoordinateSpace, UIFocusItem, UIFocusItemContainer, CALayerDelegate>
| `- note: 'UIView' has been explicitly marked unavailable here
153 |
154 | @property(class, nonatomic, readonly) Class layerClass; // default is [CALayer class]. Used when creating the underlying layer for the view.
/Users/admin/builder/spi-builder-workspace/Sources/WWExpandableCell/WWExpandableCell.swift:23:50: error: 'UITableView' is unavailable in watchOS
21 | var indexPath: IndexPath { get set }
22 |
23 | static func exchangeExpandState(_ tableView: UITableView, indexPath: IndexPath, isSingle: Bool, duration: TimeInterval, delay: TimeInterval, options: UIView.AnimationOptions, batchUpdates: ((Bool) -> Void)?, completion: ((ExpandRowsListTuple) -> Void)?)
| `- error: 'UITableView' is unavailable in watchOS
24 | static func expandedCells(section: Int, rowCount: Int)
25 | static func expandedCell(section: Int, row: Int)
/Applications/Xcode-27.0.0-Release.Candidate.app/Contents/Developer/Platforms/WatchOS.platform/Developer/SDKs/WatchOS27.0.sdk/System/Library/Frameworks/UIKit.framework/Headers/UITableView.h:347:12: note: 'UITableView' has been explicitly marked unavailable here
345 |
346 | UIKIT_EXTERN API_AVAILABLE(ios(2.0)) API_UNAVAILABLE(watchos) NS_SWIFT_UI_ACTOR
347 | @interface UITableView : UIScrollView <NSCoding, UIDataSourceTranslating>
| `- note: 'UITableView' has been explicitly marked unavailable here
348 |
349 | - (instancetype)initWithFrame:(CGRect)frame style:(UITableViewStyle)style NS_DESIGNATED_INITIALIZER; // must specify style at creation. -initWithFrame: calls this with UITableViewStylePlain
/Users/admin/builder/spi-builder-workspace/Sources/WWExpandableCell/WWExpandableCell.swift:23:155: error: 'UIView' is unavailable in watchOS
21 | var indexPath: IndexPath { get set }
22 |
23 | static func exchangeExpandState(_ tableView: UITableView, indexPath: IndexPath, isSingle: Bool, duration: TimeInterval, delay: TimeInterval, options: UIView.AnimationOptions, batchUpdates: ((Bool) -> Void)?, completion: ((ExpandRowsListTuple) -> Void)?)
| `- error: 'UIView' is unavailable in watchOS
24 | static func expandedCells(section: Int, rowCount: Int)
25 | static func expandedCell(section: Int, row: Int)
/Applications/Xcode-27.0.0-Release.Candidate.app/Contents/Developer/Platforms/WatchOS.platform/Developer/SDKs/WatchOS27.0.sdk/System/Library/Frameworks/UIKit.framework/Headers/UIView.h:152:12: note: 'UIView' has been explicitly marked unavailable here
150 |
151 | UIKIT_EXTERN API_AVAILABLE(ios(2.0)) API_UNAVAILABLE(watchos) NS_SWIFT_UI_ACTOR
152 | @interface UIView : UIResponder <NSCoding, UIAppearance, UIAppearanceContainer, UIDynamicItem, UITraitEnvironment, UICoordinateSpace, UIFocusItem, UIFocusItemContainer, CALayerDelegate>
| `- note: 'UIView' has been explicitly marked unavailable here
153 |
154 | @property(class, nonatomic, readonly) Class layerClass; // default is [CALayer class]. Used when creating the underlying layer for the view.
/Users/admin/builder/spi-builder-workspace/Sources/WWExpandableCell/WWExpandableCell.swift:13:35: error: 'UITableViewCell' is unavailable in watchOS
11 |
12 | // MARK: - 可以折疊使用Cell的Protocol
13 | public protocol WWCellExpandable: UITableViewCell {
| `- error: 'UITableViewCell' is unavailable in watchOS
14 |
15 | typealias ExpandRowsList = [Int: Set<IndexPath>]
/Applications/Xcode-27.0.0-Release.Candidate.app/Contents/Developer/Platforms/WatchOS.platform/Developer/SDKs/WatchOS27.0.sdk/System/Library/Frameworks/UIKit.framework/Headers/UITableViewCell.h:81:12: note: 'UITableViewCell' has been explicitly marked unavailable here
79 |
80 | UIKIT_EXTERN API_AVAILABLE(ios(2.0)) API_UNAVAILABLE(watchos) NS_SWIFT_UI_ACTOR
81 | @interface UITableViewCell : UIView <NSCoding, UIGestureRecognizerDelegate>
| `- note: 'UITableViewCell' has been explicitly marked unavailable here
82 |
83 | // Designated initializer. If the cell can be reused, you must pass in a reuse identifier. You should use the same reuse identifier for all cells of the same form.
/Users/admin/builder/spi-builder-workspace/Sources/WWExpandableCell/WWExpandableCell.swift:74:50: error: 'UITableView' is unavailable in watchOS
72 | /// - batchUpdate: 動畫更新時狀態
73 | /// - completion: 動畫完成後的IndexPath變化
74 | static func exchangeExpandState(_ tableView: UITableView, indexPath: IndexPath, isSingle: Bool, duration: TimeInterval = 0.3, delay: TimeInterval = 0, options: UIView.AnimationOptions = [], batchUpdates: ((Bool) -> Void)? = nil, completion: ((ExpandRowsListTuple) -> Void)? = nil) {
| `- error: 'UITableView' is unavailable in watchOS
75 |
76 | let visibleCells = tableView.visibleCells.compactMap { cell -> WWCellExpandable? in
/Applications/Xcode-27.0.0-Release.Candidate.app/Contents/Developer/Platforms/WatchOS.platform/Developer/SDKs/WatchOS27.0.sdk/System/Library/Frameworks/UIKit.framework/Headers/UITableView.h:347:12: note: 'UITableView' has been explicitly marked unavailable here
345 |
346 | UIKIT_EXTERN API_AVAILABLE(ios(2.0)) API_UNAVAILABLE(watchos) NS_SWIFT_UI_ACTOR
347 | @interface UITableView : UIScrollView <NSCoding, UIDataSourceTranslating>
| `- note: 'UITableView' has been explicitly marked unavailable here
348 |
349 | - (instancetype)initWithFrame:(CGRect)frame style:(UITableViewStyle)style NS_DESIGNATED_INITIALIZER; // must specify style at creation. -initWithFrame: calls this with UITableViewStylePlain
/Users/admin/builder/spi-builder-workspace/Sources/WWExpandableCell/WWExpandableCell.swift:74:165: error: 'UIView' is unavailable in watchOS
72 | /// - batchUpdate: 動畫更新時狀態
73 | /// - completion: 動畫完成後的IndexPath變化
74 | static func exchangeExpandState(_ tableView: UITableView, indexPath: IndexPath, isSingle: Bool, duration: TimeInterval = 0.3, delay: TimeInterval = 0, options: UIView.AnimationOptions = [], batchUpdates: ((Bool) -> Void)? = nil, completion: ((ExpandRowsListTuple) -> Void)? = nil) {
| `- error: 'UIView' is unavailable in watchOS
75 |
76 | let visibleCells = tableView.visibleCells.compactMap { cell -> WWCellExpandable? in
/Applications/Xcode-27.0.0-Release.Candidate.app/Contents/Developer/Platforms/WatchOS.platform/Developer/SDKs/WatchOS27.0.sdk/System/Library/Frameworks/UIKit.framework/Headers/UIView.h:152:12: note: 'UIView' has been explicitly marked unavailable here
150 |
151 | UIKIT_EXTERN API_AVAILABLE(ios(2.0)) API_UNAVAILABLE(watchos) NS_SWIFT_UI_ACTOR
152 | @interface UIView : UIResponder <NSCoding, UIAppearance, UIAppearanceContainer, UIDynamicItem, UITraitEnvironment, UICoordinateSpace, UIFocusItem, UIFocusItemContainer, CALayerDelegate>
| `- note: 'UIView' has been explicitly marked unavailable here
153 |
154 | @property(class, nonatomic, readonly) Class layerClass; // default is [CALayer class]. Used when creating the underlying layer for the view.
/Users/admin/builder/spi-builder-workspace/Sources/WWExpandableCell/WWExpandableCell.swift:161:68: error: 'UIViewAnimatingPosition' is unavailable in watchOS
159 | /// - cell: WWCellExpandable
160 | /// - completion: ((UIViewAnimatingPosition) -> Void)?
161 | static func hiddenAction(cell: WWCellExpandable, completion: ((UIViewAnimatingPosition) -> Void)? = nil) {
| `- error: 'UIViewAnimatingPosition' is unavailable in watchOS
162 |
163 | UIViewPropertyAnimator.runningPropertyAnimator(withDuration: 0.3, delay: 0, options: [.curveEaseInOut] , animations: {
/Applications/Xcode-27.0.0-Release.Candidate.app/Contents/Developer/Platforms/WatchOS.platform/Developer/SDKs/WatchOS27.0.sdk/System/Library/Frameworks/UIKit.framework/Headers/UIViewAnimating.h:20:28: note: 'UIViewAnimatingPosition' has been explicitly marked unavailable here
18 | } API_AVAILABLE(ios(10.0)) API_UNAVAILABLE(watchos) ;
19 |
20 | typedef NS_ENUM(NSInteger, UIViewAnimatingPosition) {
| `- note: 'UIViewAnimatingPosition' has been explicitly marked unavailable here
21 | UIViewAnimatingPositionEnd,
22 | UIViewAnimatingPositionStart,
Failed frontend command:
/Applications/Xcode-27.0.0-Release.Candidate.app/Contents/Developer/Toolchains/XcodeDefault.xctoolchain/usr/bin/swift-frontend -frontend -emit-module -experimental-skip-non-inlinable-function-bodies-without-types /Users/admin/builder/spi-builder-workspace/.derivedData/Build/Intermediates.noindex/WWExpandableCell.build/Debug-watchos/WWExpandableCell-t.build/DerivedSources/resource_bundle_accessor.swift /Users/admin/builder/spi-builder-workspace/Sources/WWExpandableCell/WWExpandableCell.swift -target arm64_32-apple-watchos9.0 -disable-cross-import-overlay-search -load-resolved-plugin /Applications/Xcode-27.0.0-Release.Candidate.app/Contents/Developer/Platforms/WatchOS.platform/Developer/usr/lib/swift/host/plugins/libFoundationMacros.dylib\#/Applications/Xcode-27.0.0-Release.Candidate.app/Contents/Developer/Platforms/WatchOS.platform/Developer/usr/bin/swift-plugin-server\#FoundationMacros -load-resolved-plugin /Applications/Xcode-27.0.0-Release.Candidate.app/Contents/Developer/Platforms/WatchOS.platform/Developer/usr/lib/swift/host/plugins/libObservationMacros.dylib\#/Applications/Xcode-27.0.0-Release.Candidate.app/Contents/Developer/Platforms/WatchOS.platform/Developer/usr/bin/swift-plugin-server\#ObservationMacros -load-resolved-plugin /Applications/Xcode-27.0.0-Release.Candidate.app/Contents/Developer/Platforms/WatchOS.platform/Developer/usr/lib/swift/host/plugins/libSwiftMacros.dylib\#/Applications/Xcode-27.0.0-Release.Candidate.app/Contents/Developer/Platforms/WatchOS.platform/Developer/usr/bin/swift-plugin-server\#SwiftMacros -load-resolved-plugin /Applications/Xcode-27.0.0-Release.Candidate.app/Contents/Developer/Platforms/WatchOS.platform/Developer/usr/lib/swift/host/plugins/libSwiftUIMacros.dylib\#/Applications/Xcode-27.0.0-Release.Candidate.app/Contents/Developer/Platforms/WatchOS.platform/Developer/usr/bin/swift-plugin-server\#SwiftUIMacros -disable-implicit-swift-modules -Xcc -fno-implicit-modules -Xcc -fno-implicit-module-maps -explicit-swift-module-map-file /Users/admin/builder/spi-builder-workspace/.derivedData/Build/Intermediates.noindex/WWExpandableCell.build/Debug-watchos/WWExpandableCell-t.build/Objects-normal/arm64_32/WWExpandableCell-dependencies-2.json -enable-objc-interop -sdk /Applications/Xcode-27.0.0-Release.Candidate.app/Contents/Developer/Platforms/WatchOS.platform/Developer/SDKs/WatchOS27.0.sdk -I /Users/admin/builder/spi-builder-workspace/.derivedData/Build/Products/Debug-watchos -Isystem /Applications/Xcode-27.0.0-Release.Candidate.app/Contents/Developer/Platforms/WatchOS.platform/Developer/usr/lib -F /Users/admin/builder/spi-builder-workspace/.derivedData/Build/Products/Debug-watchos -F /Applications/Xcode-27.0.0-Release.Candidate.app/Contents/Developer/Platforms/WatchOS.platform/Developer/Library/Frameworks -F /Applications/Xcode-27.0.0-Release.Candidate.app/Contents/Developer/Platforms/WatchOS.platform/Developer/SDKs/WatchOS27.0.sdk/Developer/Library/Frameworks -module-cache-path /Users/admin/builder/spi-builder-workspace/.derivedData/Build/Intermediates.noindex/SwiftExplicitPrecompiledModules -no-color-diagnostics -Xcc -fno-color-diagnostics -enable-testing -g -debug-info-format\=dwarf -dwarf-version\=4 -swift-version 5 -Onone -D SWIFT_PACKAGE -D DEBUG -D SWIFT_MODULE_RESOURCE_BUNDLE_AVAILABLE -D Xcode -serialize-debugging-options -enable-experimental-feature DebugDescriptionMacro -empty-abi-descriptor -validate-clang-modules-once -clang-build-session-file /Users/admin/builder/spi-builder-workspace/.derivedData/ModuleCache.noindex/Session.modulevalidation -Xcc -working-directory -Xcc /Users/admin/builder/spi-builder-workspace/.swiftpm/xcode -enable-anonymous-context-mangled-names -file-compilation-dir /Users/admin/builder/spi-builder-workspace/.swiftpm/xcode -Xcc -D_LIBCPP_HARDENING_MODE\=_LIBCPP_HARDENING_MODE_DEBUG -Xcc -ivfsstatcache -Xcc /Users/admin/builder/spi-builder-workspace/.derivedData/SDKStatCaches.noindex/watchos27.0-24R360-e829b21a6f8c9b70876ba0858053c04477534ef55a1706bf4c1112bbb242f0a2.sdkstatcache -Xcc -fmodules-prune-interval\=86400 -Xcc -fmodules-prune-after\=345600 -Xcc -I/Users/admin/builder/spi-builder-workspace/.derivedData/Build/Products/Debug-watchos/include -Xcc -I/Users/admin/builder/spi-builder-workspace/.derivedData/Build/Intermediates.noindex/WWExpandableCell.build/Debug-watchos/WWExpandableCell-t.build/DerivedSources-normal/arm64_32 -Xcc -I/Users/admin/builder/spi-builder-workspace/.derivedData/Build/Intermediates.noindex/WWExpandableCell.build/Debug-watchos/WWExpandableCell-t.build/DerivedSources/arm64_32 -Xcc -I/Users/admin/builder/spi-builder-workspace/.derivedData/Build/Intermediates.noindex/WWExpandableCell.build/Debug-watchos/WWExpandableCell-t.build/DerivedSources -Xcc -DSWIFT_PACKAGE -Xcc -DDEBUG\=1 -no-auto-bridging-header-chaining -module-name WWExpandableCell -const-gather-protocols-file /Users/admin/builder/spi-builder-workspace/.derivedData/Build/Intermediates.noindex/WWExpandableCell.build/Debug-watchos/WWExpandableCell-t.build/Objects-normal/arm64_32/WWExpandableCell_const_extract_protocols.json -disable-clang-spi -clang-target arm64_32-apple-watchos27.0 -target-sdk-version 27.0 -target-sdk-name watchos27.0 -in-process-plugin-server-path /Applications/Xcode-27.0.0-Release.Candidate.app/Contents/Developer/Toolchains/XcodeDefault.xctoolchain/usr/lib/swift/host/libSwiftInProcPluginServer.dylib -emit-module-doc-path /Users/admin/builder/spi-builder-workspace/.derivedData/Build/Intermediates.noindex/WWExpandableCell.build/Debug-watchos/WWExpandableCell-t.build/Objects-normal/arm64_32/WWExpandableCell.swiftdoc -emit-module-source-info-path /Users/admin/builder/spi-builder-workspace/.derivedData/Build/Intermediates.noindex/WWExpandableCell.build/Debug-watchos/WWExpandableCell-t.build/Objects-normal/arm64_32/WWExpandableCell.swiftsourceinfo -emit-objc-header-path /Users/admin/builder/spi-builder-workspace/.derivedData/Build/Intermediates.noindex/WWExpandableCell.build/Debug-watchos/WWExpandableCell-t.build/Objects-normal/arm64_32/WWExpandableCell-Swift.h -serialize-diagnostics-path /Users/admin/builder/spi-builder-workspace/.derivedData/Build/Intermediates.noindex/WWExpandableCell.build/Debug-watchos/WWExpandableCell-t.build/Objects-normal/arm64_32/WWExpandableCell-primary-emit-module.dia -emit-dependencies-path /Users/admin/builder/spi-builder-workspace/.derivedData/Build/Intermediates.noindex/WWExpandableCell.build/Debug-watchos/WWExpandableCell-t.build/Objects-normal/arm64_32/WWExpandableCell-primary-emit-module.d -parse-as-library -o /Users/admin/builder/spi-builder-workspace/.derivedData/Build/Intermediates.noindex/WWExpandableCell.build/Debug-watchos/WWExpandableCell-t.build/Objects-normal/arm64_32/WWExpandableCell.swiftmodule -emit-abi-descriptor-path /Users/admin/builder/spi-builder-workspace/.derivedData/Build/Intermediates.noindex/WWExpandableCell.build/Debug-watchos/WWExpandableCell-t.build/Objects-normal/arm64_32/WWExpandableCell.abi.json
SwiftCompile normal arm64_32 (in target 'WWExpandableCell' from project 'WWExpandableCell')
cd /Users/admin/builder/spi-builder-workspace/.swiftpm/xcode
SwiftCompile normal arm64 Compiling\ resource_bundle_accessor.swift /Users/admin/builder/spi-builder-workspace/.derivedData/Build/Intermediates.noindex/WWExpandableCell.build/Debug-watchos/WWExpandableCell-t.build/DerivedSources/resource_bundle_accessor.swift (in target 'WWExpandableCell' from project 'WWExpandableCell')
SwiftCompile normal arm64 /Users/admin/builder/spi-builder-workspace/.derivedData/Build/Intermediates.noindex/WWExpandableCell.build/Debug-watchos/WWExpandableCell-t.build/DerivedSources/resource_bundle_accessor.swift (in target 'WWExpandableCell' from project 'WWExpandableCell')
cd /Users/admin/builder/spi-builder-workspace/.swiftpm/xcode
builtin-SwiftPerFileCompile resource_bundle_accessor.swift
SwiftCompile normal arm64_32 Compiling\ WWExpandableCell.swift /Users/admin/builder/spi-builder-workspace/Sources/WWExpandableCell/WWExpandableCell.swift (in target 'WWExpandableCell' from project 'WWExpandableCell')
/Users/admin/builder/spi-builder-workspace/Sources/WWExpandableCell/WWExpandableCell.swift:10:26: error: 'UIView' is unavailable in watchOS
8 | import UIKit
9 |
10 | open class WWExpandView: UIView {}
| `- error: 'UIView' is unavailable in watchOS
11 |
12 | // MARK: - 可以折疊使用Cell的Protocol
/Applications/Xcode-27.0.0-Release.Candidate.app/Contents/Developer/Platforms/WatchOS.platform/Developer/SDKs/WatchOS27.0.sdk/System/Library/Frameworks/UIKit.framework/Headers/UIView.h:152:12: note: 'UIView' has been explicitly marked unavailable here
150 |
151 | UIKIT_EXTERN API_AVAILABLE(ios(2.0)) API_UNAVAILABLE(watchos) NS_SWIFT_UI_ACTOR
152 | @interface UIView : UIResponder <NSCoding, UIAppearance, UIAppearanceContainer, UIDynamicItem, UITraitEnvironment, UICoordinateSpace, UIFocusItem, UIFocusItemContainer, CALayerDelegate>
| `- note: 'UIView' has been explicitly marked unavailable here
153 |
154 | @property(class, nonatomic, readonly) Class layerClass; // default is [CALayer class]. Used when creating the underlying layer for the view.
/Users/admin/builder/spi-builder-workspace/Sources/WWExpandableCell/WWExpandableCell.swift:23:50: error: 'UITableView' is unavailable in watchOS
21 | var indexPath: IndexPath { get set }
22 |
23 | static func exchangeExpandState(_ tableView: UITableView, indexPath: IndexPath, isSingle: Bool, duration: TimeInterval, delay: TimeInterval, options: UIView.AnimationOptions, batchUpdates: ((Bool) -> Void)?, completion: ((ExpandRowsListTuple) -> Void)?)
| `- error: 'UITableView' is unavailable in watchOS
24 | static func expandedCells(section: Int, rowCount: Int)
25 | static func expandedCell(section: Int, row: Int)
/Applications/Xcode-27.0.0-Release.Candidate.app/Contents/Developer/Platforms/WatchOS.platform/Developer/SDKs/WatchOS27.0.sdk/System/Library/Frameworks/UIKit.framework/Headers/UITableView.h:347:12: note: 'UITableView' has been explicitly marked unavailable here
345 |
346 | UIKIT_EXTERN API_AVAILABLE(ios(2.0)) API_UNAVAILABLE(watchos) NS_SWIFT_UI_ACTOR
347 | @interface UITableView : UIScrollView <NSCoding, UIDataSourceTranslating>
| `- note: 'UITableView' has been explicitly marked unavailable here
348 |
349 | - (instancetype)initWithFrame:(CGRect)frame style:(UITableViewStyle)style NS_DESIGNATED_INITIALIZER; // must specify style at creation. -initWithFrame: calls this with UITableViewStylePlain
/Users/admin/builder/spi-builder-workspace/Sources/WWExpandableCell/WWExpandableCell.swift:23:155: error: 'UIView' is unavailable in watchOS
21 | var indexPath: IndexPath { get set }
22 |
23 | static func exchangeExpandState(_ tableView: UITableView, indexPath: IndexPath, isSingle: Bool, duration: TimeInterval, delay: TimeInterval, options: UIView.AnimationOptions, batchUpdates: ((Bool) -> Void)?, completion: ((ExpandRowsListTuple) -> Void)?)
| `- error: 'UIView' is unavailable in watchOS
24 | static func expandedCells(section: Int, rowCount: Int)
25 | static func expandedCell(section: Int, row: Int)
/Applications/Xcode-27.0.0-Release.Candidate.app/Contents/Developer/Platforms/WatchOS.platform/Developer/SDKs/WatchOS27.0.sdk/System/Library/Frameworks/UIKit.framework/Headers/UIView.h:152:12: note: 'UIView' has been explicitly marked unavailable here
150 |
151 | UIKIT_EXTERN API_AVAILABLE(ios(2.0)) API_UNAVAILABLE(watchos) NS_SWIFT_UI_ACTOR
152 | @interface UIView : UIResponder <NSCoding, UIAppearance, UIAppearanceContainer, UIDynamicItem, UITraitEnvironment, UICoordinateSpace, UIFocusItem, UIFocusItemContainer, CALayerDelegate>
| `- note: 'UIView' has been explicitly marked unavailable here
153 |
154 | @property(class, nonatomic, readonly) Class layerClass; // default is [CALayer class]. Used when creating the underlying layer for the view.
/Users/admin/builder/spi-builder-workspace/Sources/WWExpandableCell/WWExpandableCell.swift:13:35: error: 'UITableViewCell' is unavailable in watchOS
11 |
12 | // MARK: - 可以折疊使用Cell的Protocol
13 | public protocol WWCellExpandable: UITableViewCell {
| `- error: 'UITableViewCell' is unavailable in watchOS
14 |
15 | typealias ExpandRowsList = [Int: Set<IndexPath>]
/Applications/Xcode-27.0.0-Release.Candidate.app/Contents/Developer/Platforms/WatchOS.platform/Developer/SDKs/WatchOS27.0.sdk/System/Library/Frameworks/UIKit.framework/Headers/UITableViewCell.h:81:12: note: 'UITableViewCell' has been explicitly marked unavailable here
79 |
80 | UIKIT_EXTERN API_AVAILABLE(ios(2.0)) API_UNAVAILABLE(watchos) NS_SWIFT_UI_ACTOR
81 | @interface UITableViewCell : UIView <NSCoding, UIGestureRecognizerDelegate>
| `- note: 'UITableViewCell' has been explicitly marked unavailable here
82 |
83 | // Designated initializer. If the cell can be reused, you must pass in a reuse identifier. You should use the same reuse identifier for all cells of the same form.
/Users/admin/builder/spi-builder-workspace/Sources/WWExpandableCell/WWExpandableCell.swift:74:50: error: 'UITableView' is unavailable in watchOS
72 | /// - batchUpdate: 動畫更新時狀態
73 | /// - completion: 動畫完成後的IndexPath變化
74 | static func exchangeExpandState(_ tableView: UITableView, indexPath: IndexPath, isSingle: Bool, duration: TimeInterval = 0.3, delay: TimeInterval = 0, options: UIView.AnimationOptions = [], batchUpdates: ((Bool) -> Void)? = nil, completion: ((ExpandRowsListTuple) -> Void)? = nil) {
| `- error: 'UITableView' is unavailable in watchOS
75 |
76 | let visibleCells = tableView.visibleCells.compactMap { cell -> WWCellExpandable? in
/Applications/Xcode-27.0.0-Release.Candidate.app/Contents/Developer/Platforms/WatchOS.platform/Developer/SDKs/WatchOS27.0.sdk/System/Library/Frameworks/UIKit.framework/Headers/UITableView.h:347:12: note: 'UITableView' has been explicitly marked unavailable here
345 |
346 | UIKIT_EXTERN API_AVAILABLE(ios(2.0)) API_UNAVAILABLE(watchos) NS_SWIFT_UI_ACTOR
347 | @interface UITableView : UIScrollView <NSCoding, UIDataSourceTranslating>
| `- note: 'UITableView' has been explicitly marked unavailable here
348 |
349 | - (instancetype)initWithFrame:(CGRect)frame style:(UITableViewStyle)style NS_DESIGNATED_INITIALIZER; // must specify style at creation. -initWithFrame: calls this with UITableViewStylePlain
/Users/admin/builder/spi-builder-workspace/Sources/WWExpandableCell/WWExpandableCell.swift:74:165: error: 'UIView' is unavailable in watchOS
72 | /// - batchUpdate: 動畫更新時狀態
73 | /// - completion: 動畫完成後的IndexPath變化
74 | static func exchangeExpandState(_ tableView: UITableView, indexPath: IndexPath, isSingle: Bool, duration: TimeInterval = 0.3, delay: TimeInterval = 0, options: UIView.AnimationOptions = [], batchUpdates: ((Bool) -> Void)? = nil, completion: ((ExpandRowsListTuple) -> Void)? = nil) {
| `- error: 'UIView' is unavailable in watchOS
75 |
76 | let visibleCells = tableView.visibleCells.compactMap { cell -> WWCellExpandable? in
/Applications/Xcode-27.0.0-Release.Candidate.app/Contents/Developer/Platforms/WatchOS.platform/Developer/SDKs/WatchOS27.0.sdk/System/Library/Frameworks/UIKit.framework/Headers/UIView.h:152:12: note: 'UIView' has been explicitly marked unavailable here
150 |
151 | UIKIT_EXTERN API_AVAILABLE(ios(2.0)) API_UNAVAILABLE(watchos) NS_SWIFT_UI_ACTOR
152 | @interface UIView : UIResponder <NSCoding, UIAppearance, UIAppearanceContainer, UIDynamicItem, UITraitEnvironment, UICoordinateSpace, UIFocusItem, UIFocusItemContainer, CALayerDelegate>
| `- note: 'UIView' has been explicitly marked unavailable here
153 |
154 | @property(class, nonatomic, readonly) Class layerClass; // default is [CALayer class]. Used when creating the underlying layer for the view.
SwiftCompile normal arm64_32 /Users/admin/builder/spi-builder-workspace/Sources/WWExpandableCell/WWExpandableCell.swift (in target 'WWExpandableCell' from project 'WWExpandableCell')
cd /Users/admin/builder/spi-builder-workspace/.swiftpm/xcode
builtin-SwiftPerFileCompile WWExpandableCell.swift
SwiftCompile normal arm64_32 Compiling\ resource_bundle_accessor.swift /Users/admin/builder/spi-builder-workspace/.derivedData/Build/Intermediates.noindex/WWExpandableCell.build/Debug-watchos/WWExpandableCell-t.build/DerivedSources/resource_bundle_accessor.swift (in target 'WWExpandableCell' from project 'WWExpandableCell')
SwiftCompile normal arm64_32 /Users/admin/builder/spi-builder-workspace/.derivedData/Build/Intermediates.noindex/WWExpandableCell.build/Debug-watchos/WWExpandableCell-t.build/DerivedSources/resource_bundle_accessor.swift (in target 'WWExpandableCell' from project 'WWExpandableCell')
cd /Users/admin/builder/spi-builder-workspace/.swiftpm/xcode
builtin-SwiftPerFileCompile resource_bundle_accessor.swift
SwiftCompile normal arm64 Compiling\ WWExpandableCell.swift /Users/admin/builder/spi-builder-workspace/Sources/WWExpandableCell/WWExpandableCell.swift (in target 'WWExpandableCell' from project 'WWExpandableCell')
/Users/admin/builder/spi-builder-workspace/Sources/WWExpandableCell/WWExpandableCell.swift:10:26: error: 'UIView' is unavailable in watchOS
8 | import UIKit
9 |
10 | open class WWExpandView: UIView {}
| `- error: 'UIView' is unavailable in watchOS
11 |
12 | // MARK: - 可以折疊使用Cell的Protocol
/Applications/Xcode-27.0.0-Release.Candidate.app/Contents/Developer/Platforms/WatchOS.platform/Developer/SDKs/WatchOS27.0.sdk/System/Library/Frameworks/UIKit.framework/Headers/UIView.h:152:12: note: 'UIView' has been explicitly marked unavailable here
150 |
151 | UIKIT_EXTERN API_AVAILABLE(ios(2.0)) API_UNAVAILABLE(watchos) NS_SWIFT_UI_ACTOR
152 | @interface UIView : UIResponder <NSCoding, UIAppearance, UIAppearanceContainer, UIDynamicItem, UITraitEnvironment, UICoordinateSpace, UIFocusItem, UIFocusItemContainer, CALayerDelegate>
| `- note: 'UIView' has been explicitly marked unavailable here
153 |
154 | @property(class, nonatomic, readonly) Class layerClass; // default is [CALayer class]. Used when creating the underlying layer for the view.
/Users/admin/builder/spi-builder-workspace/Sources/WWExpandableCell/WWExpandableCell.swift:23:50: error: 'UITableView' is unavailable in watchOS
21 | var indexPath: IndexPath { get set }
22 |
23 | static func exchangeExpandState(_ tableView: UITableView, indexPath: IndexPath, isSingle: Bool, duration: TimeInterval, delay: TimeInterval, options: UIView.AnimationOptions, batchUpdates: ((Bool) -> Void)?, completion: ((ExpandRowsListTuple) -> Void)?)
| `- error: 'UITableView' is unavailable in watchOS
24 | static func expandedCells(section: Int, rowCount: Int)
25 | static func expandedCell(section: Int, row: Int)
/Applications/Xcode-27.0.0-Release.Candidate.app/Contents/Developer/Platforms/WatchOS.platform/Developer/SDKs/WatchOS27.0.sdk/System/Library/Frameworks/UIKit.framework/Headers/UITableView.h:347:12: note: 'UITableView' has been explicitly marked unavailable here
345 |
346 | UIKIT_EXTERN API_AVAILABLE(ios(2.0)) API_UNAVAILABLE(watchos) NS_SWIFT_UI_ACTOR
347 | @interface UITableView : UIScrollView <NSCoding, UIDataSourceTranslating>
| `- note: 'UITableView' has been explicitly marked unavailable here
348 |
349 | - (instancetype)initWithFrame:(CGRect)frame style:(UITableViewStyle)style NS_DESIGNATED_INITIALIZER; // must specify style at creation. -initWithFrame: calls this with UITableViewStylePlain
/Users/admin/builder/spi-builder-workspace/Sources/WWExpandableCell/WWExpandableCell.swift:23:155: error: 'UIView' is unavailable in watchOS
21 | var indexPath: IndexPath { get set }
22 |
23 | static func exchangeExpandState(_ tableView: UITableView, indexPath: IndexPath, isSingle: Bool, duration: TimeInterval, delay: TimeInterval, options: UIView.AnimationOptions, batchUpdates: ((Bool) -> Void)?, completion: ((ExpandRowsListTuple) -> Void)?)
| `- error: 'UIView' is unavailable in watchOS
24 | static func expandedCells(section: Int, rowCount: Int)
25 | static func expandedCell(section: Int, row: Int)
/Applications/Xcode-27.0.0-Release.Candidate.app/Contents/Developer/Platforms/WatchOS.platform/Developer/SDKs/WatchOS27.0.sdk/System/Library/Frameworks/UIKit.framework/Headers/UIView.h:152:12: note: 'UIView' has been explicitly marked unavailable here
150 |
151 | UIKIT_EXTERN API_AVAILABLE(ios(2.0)) API_UNAVAILABLE(watchos) NS_SWIFT_UI_ACTOR
152 | @interface UIView : UIResponder <NSCoding, UIAppearance, UIAppearanceContainer, UIDynamicItem, UITraitEnvironment, UICoordinateSpace, UIFocusItem, UIFocusItemContainer, CALayerDelegate>
| `- note: 'UIView' has been explicitly marked unavailable here
153 |
154 | @property(class, nonatomic, readonly) Class layerClass; // default is [CALayer class]. Used when creating the underlying layer for the view.
/Users/admin/builder/spi-builder-workspace/Sources/WWExpandableCell/WWExpandableCell.swift:13:35: error: 'UITableViewCell' is unavailable in watchOS
11 |
12 | // MARK: - 可以折疊使用Cell的Protocol
13 | public protocol WWCellExpandable: UITableViewCell {
| `- error: 'UITableViewCell' is unavailable in watchOS
14 |
15 | typealias ExpandRowsList = [Int: Set<IndexPath>]
/Applications/Xcode-27.0.0-Release.Candidate.app/Contents/Developer/Platforms/WatchOS.platform/Developer/SDKs/WatchOS27.0.sdk/System/Library/Frameworks/UIKit.framework/Headers/UITableViewCell.h:81:12: note: 'UITableViewCell' has been explicitly marked unavailable here
79 |
80 | UIKIT_EXTERN API_AVAILABLE(ios(2.0)) API_UNAVAILABLE(watchos) NS_SWIFT_UI_ACTOR
81 | @interface UITableViewCell : UIView <NSCoding, UIGestureRecognizerDelegate>
| `- note: 'UITableViewCell' has been explicitly marked unavailable here
82 |
83 | // Designated initializer. If the cell can be reused, you must pass in a reuse identifier. You should use the same reuse identifier for all cells of the same form.
/Users/admin/builder/spi-builder-workspace/Sources/WWExpandableCell/WWExpandableCell.swift:74:50: error: 'UITableView' is unavailable in watchOS
72 | /// - batchUpdate: 動畫更新時狀態
73 | /// - completion: 動畫完成後的IndexPath變化
74 | static func exchangeExpandState(_ tableView: UITableView, indexPath: IndexPath, isSingle: Bool, duration: TimeInterval = 0.3, delay: TimeInterval = 0, options: UIView.AnimationOptions = [], batchUpdates: ((Bool) -> Void)? = nil, completion: ((ExpandRowsListTuple) -> Void)? = nil) {
| `- error: 'UITableView' is unavailable in watchOS
75 |
76 | let visibleCells = tableView.visibleCells.compactMap { cell -> WWCellExpandable? in
/Applications/Xcode-27.0.0-Release.Candidate.app/Contents/Developer/Platforms/WatchOS.platform/Developer/SDKs/WatchOS27.0.sdk/System/Library/Frameworks/UIKit.framework/Headers/UITableView.h:347:12: note: 'UITableView' has been explicitly marked unavailable here
345 |
346 | UIKIT_EXTERN API_AVAILABLE(ios(2.0)) API_UNAVAILABLE(watchos) NS_SWIFT_UI_ACTOR
347 | @interface UITableView : UIScrollView <NSCoding, UIDataSourceTranslating>
| `- note: 'UITableView' has been explicitly marked unavailable here
348 |
349 | - (instancetype)initWithFrame:(CGRect)frame style:(UITableViewStyle)style NS_DESIGNATED_INITIALIZER; // must specify style at creation. -initWithFrame: calls this with UITableViewStylePlain
/Users/admin/builder/spi-builder-workspace/Sources/WWExpandableCell/WWExpandableCell.swift:74:165: error: 'UIView' is unavailable in watchOS
72 | /// - batchUpdate: 動畫更新時狀態
73 | /// - completion: 動畫完成後的IndexPath變化
74 | static func exchangeExpandState(_ tableView: UITableView, indexPath: IndexPath, isSingle: Bool, duration: TimeInterval = 0.3, delay: TimeInterval = 0, options: UIView.AnimationOptions = [], batchUpdates: ((Bool) -> Void)? = nil, completion: ((ExpandRowsListTuple) -> Void)? = nil) {
| `- error: 'UIView' is unavailable in watchOS
75 |
76 | let visibleCells = tableView.visibleCells.compactMap { cell -> WWCellExpandable? in
/Applications/Xcode-27.0.0-Release.Candidate.app/Contents/Developer/Platforms/WatchOS.platform/Developer/SDKs/WatchOS27.0.sdk/System/Library/Frameworks/UIKit.framework/Headers/UIView.h:152:12: note: 'UIView' has been explicitly marked unavailable here
150 |
151 | UIKIT_EXTERN API_AVAILABLE(ios(2.0)) API_UNAVAILABLE(watchos) NS_SWIFT_UI_ACTOR
152 | @interface UIView : UIResponder <NSCoding, UIAppearance, UIAppearanceContainer, UIDynamicItem, UITraitEnvironment, UICoordinateSpace, UIFocusItem, UIFocusItemContainer, CALayerDelegate>
| `- note: 'UIView' has been explicitly marked unavailable here
153 |
154 | @property(class, nonatomic, readonly) Class layerClass; // default is [CALayer class]. Used when creating the underlying layer for the view.
SwiftCompile normal arm64 /Users/admin/builder/spi-builder-workspace/Sources/WWExpandableCell/WWExpandableCell.swift (in target 'WWExpandableCell' from project 'WWExpandableCell')
cd /Users/admin/builder/spi-builder-workspace/.swiftpm/xcode
builtin-SwiftPerFileCompile WWExpandableCell.swift
PruneExplicitPrecompiledModules /Users/admin/builder/spi-builder-workspace/.derivedData/SDKExplicitPrecompiledModules
PruneExplicitPrecompiledModules /Users/admin/builder/spi-builder-workspace/.derivedData/Build/Intermediates.noindex/ExplicitPrecompiledModules
PruneExplicitPrecompiledModules /Users/admin/builder/spi-builder-workspace/.derivedData/Build/Intermediates.noindex/SwiftExplicitPrecompiledModules
2026-09-24 05:23:24.088 xcodebuild[789:4781] [MT] IDERunDestination: Supported platforms for the buildables in the current scheme is empty.
** BUILD FAILED **
The following build commands failed:
SwiftCompile normal arm64 (in target 'WWExpandableCell' from project 'WWExpandableCell')
SwiftEmitModule normal arm64 Emitting\ module\ for\ WWExpandableCell (in target 'WWExpandableCell' from project 'WWExpandableCell')
SwiftEmitModule normal arm64_32 Emitting\ module\ for\ WWExpandableCell (in target 'WWExpandableCell' from project 'WWExpandableCell')
SwiftCompile normal arm64_32 (in target 'WWExpandableCell' from project 'WWExpandableCell')
Building workspace WWExpandableCell with scheme WWExpandableCell
(5 failures)
BUILD FAILURE 6.4 watchOS