The Swift Package Index logo.Swift Package Index

Build Information

Failed to build SwiftMVI, reference 0.2.0 (8c2837), with Swift 6.4 for watchOS using Xcode 27.0 on 18 Sep 2026 22:09:38 UTC.

Build Command

env DEVELOPER_DIR=/Applications/Xcode-27.0.0-Release.Candidate.app xcrun xcodebuild -IDEClonedSourcePackagesDirPathOverride=$PWD/.dependencies -skipMacroValidation -skipPackagePluginValidation -derivedDataPath $PWD/.derivedData build -scheme SwiftMVI -destination generic/platform=watchOS

Build Log

SwiftDriver SwiftUseCase normal arm64_32 com.apple.xcode.tools.swift.compiler (in target 'SwiftUseCase' from project 'SwiftUseCase')
    cd /Users/admin/builder/spi-builder-workspace/.swiftpm/xcode
    builtin-SwiftDriver -- /Applications/Xcode-27.0.0-Release.Candidate.app/Contents/Developer/Toolchains/XcodeDefault.xctoolchain/usr/bin/swiftc -parse-as-library -module-name SwiftUseCase -Onone @/Users/admin/builder/spi-builder-workspace/.derivedData/Build/Intermediates.noindex/SwiftUseCase.build/Debug-watchos/SwiftUseCase-t.build/Objects-normal/arm64_32/SwiftUseCase.SwiftFileList -DSWIFT_PACKAGE -DDEBUG -DSWIFT_MODULE_RESOURCE_BUNDLE_UNAVAILABLE -DXcode -plugin-path /Applications/Xcode-27.0.0-Release.Candidate.app/Contents/Developer/Toolchains/XcodeDefault.xctoolchain/usr/lib/swift/host/plugins/testing -enable-experimental-feature DebugDescriptionMacro -sdk /Applications/Xcode-27.0.0-Release.Candidate.app/Contents/Developer/Platforms/WatchOS.platform/Developer/SDKs/WatchOS27.0.sdk -target arm64_32-apple-watchos9.0 -g -module-cache-path /Users/admin/builder/spi-builder-workspace/.derivedData/ModuleCache.noindex -Xfrontend -serialize-debugging-options -profile-coverage-mapping -profile-generate -enable-testing -suppress-warnings -index-store-path /Users/admin/builder/spi-builder-workspace/.derivedData/Index.noindex/DataStore -Xcc -D_LIBCPP_HARDENING_MODE\=_LIBCPP_HARDENING_MODE_DEBUG -swift-version 5 -I /Users/admin/builder/spi-builder-workspace/.derivedData/Build/Products/Debug-watchos -Isystem /Applications/Xcode-27.0.0-Release.Candidate.app/Contents/Developer/Platforms/WatchOS.platform/Developer/usr/lib -F /Users/admin/builder/spi-builder-workspace/.derivedData/Build/Products/Debug-watchos/PackageFrameworks -F /Users/admin/builder/spi-builder-workspace/.derivedData/Build/Products/Debug-watchos -F /Applications/Xcode-27.0.0-Release.Candidate.app/Contents/Developer/Platforms/WatchOS.platform/Developer/Library/Frameworks -F /Applications/Xcode-27.0.0-Release.Candidate.app/Contents/Developer/Platforms/WatchOS.platform/Developer/SDKs/WatchOS27.0.sdk/Developer/Library/Frameworks -Xfrontend -load-plugin-executable -Xfrontend /Users/admin/builder/spi-builder-workspace/.derivedData/Build/Products/Debug/SwiftUseCaseMacros\#SwiftUseCaseMacros -c -j10 -enable-batch-mode -incremental -Xcc -ivfsstatcache -Xcc /Users/admin/builder/spi-builder-workspace/.derivedData/SDKStatCaches.noindex/watchos27.0-24R360-e829b21a6f8c9b70876ba0858053c04477534ef55a1706bf4c1112bbb242f0a2.sdkstatcache -output-file-map /Users/admin/builder/spi-builder-workspace/.derivedData/Build/Intermediates.noindex/SwiftUseCase.build/Debug-watchos/SwiftUseCase-t.build/Objects-normal/arm64_32/SwiftUseCase-OutputFileMap.json -save-temps -no-color-diagnostics -explicit-module-build -module-cache-path /Users/admin/builder/spi-builder-workspace/.derivedData/Build/Intermediates.noindex/SwiftExplicitPrecompiledModules -clang-scanner-module-cache-path /Users/admin/builder/spi-builder-workspace/.derivedData/ModuleCache.noindex -sdk-module-cache-path /Users/admin/builder/spi-builder-workspace/.derivedData/SDKExplicitPrecompiledModules -emit-dependencies -emit-module -emit-module-path /Users/admin/builder/spi-builder-workspace/.derivedData/Build/Intermediates.noindex/SwiftUseCase.build/Debug-watchos/SwiftUseCase-t.build/Objects-normal/arm64_32/SwiftUseCase.swiftmodule -serialize-diagnostics -dependency-scan-serialize-diagnostics-path /Users/admin/builder/spi-builder-workspace/.derivedData/Build/Intermediates.noindex/SwiftUseCase.build/Debug-watchos/SwiftUseCase-t.build/Objects-normal/arm64_32/SwiftUseCase-dependency-scan.dia -validate-clang-modules-once -clang-build-session-file /Users/admin/builder/spi-builder-workspace/.derivedData/ModuleCache.noindex/Session.modulevalidation -Xcc -fmodules-prune-interval\=86400 -Xcc -fmodules-prune-after\=345600 -package-name swiftusecase -emit-const-values -const-gather-protocols-list /Users/admin/builder/spi-builder-workspace/.derivedData/Build/Intermediates.noindex/SwiftUseCase.build/Debug-watchos/SwiftUseCase-t.build/Objects-normal/arm64_32/SwiftUseCase_const_extract_protocols.json -Xcc -I/Users/admin/builder/spi-builder-workspace/.derivedData/Build/Products/Debug-watchos/include -Xcc -I/Users/admin/builder/spi-builder-workspace/.derivedData/Build/Intermediates.noindex/SwiftUseCase.build/Debug-watchos/SwiftUseCase-t.build/DerivedSources-normal/arm64_32 -Xcc -I/Users/admin/builder/spi-builder-workspace/.derivedData/Build/Intermediates.noindex/SwiftUseCase.build/Debug-watchos/SwiftUseCase-t.build/DerivedSources/arm64_32 -Xcc -I/Users/admin/builder/spi-builder-workspace/.derivedData/Build/Intermediates.noindex/SwiftUseCase.build/Debug-watchos/SwiftUseCase-t.build/DerivedSources -Xcc -DSWIFT_PACKAGE -Xcc -DDEBUG\=1 -emit-objc-header -emit-objc-header-path /Users/admin/builder/spi-builder-workspace/.derivedData/Build/Intermediates.noindex/SwiftUseCase.build/Debug-watchos/SwiftUseCase-t.build/Objects-normal/arm64_32/SwiftUseCase-Swift.h -working-directory /Users/admin/builder/spi-builder-workspace/.swiftpm/xcode -experimental-emit-module-separately -disable-cmo
CreateUniversalBinary /Users/admin/builder/spi-builder-workspace/.derivedData/Build/Products/Debug-watchos/SwiftUseCaseMacro.o normal arm64\ arm64_32 (in target 'SwiftUseCaseMacro' from project 'SwiftUseCase')
    cd /Users/admin/builder/spi-builder-workspace/.dependencies/checkouts/SwiftUseCase
    /Applications/Xcode-27.0.0-Release.Candidate.app/Contents/Developer/Toolchains/XcodeDefault.xctoolchain/usr/bin/lipo -create /Users/admin/builder/spi-builder-workspace/.derivedData/Build/Intermediates.noindex/SwiftUseCase.build/Debug-watchos/SwiftUseCaseMacro-t.build/Objects-normal/arm64/Binary/SwiftUseCaseMacro.o /Users/admin/builder/spi-builder-workspace/.derivedData/Build/Intermediates.noindex/SwiftUseCase.build/Debug-watchos/SwiftUseCaseMacro-t.build/Objects-normal/arm64_32/Binary/SwiftUseCaseMacro.o -output /Users/admin/builder/spi-builder-workspace/.derivedData/Build/Products/Debug-watchos/SwiftUseCaseMacro.o
ExtractAppIntentsMetadata (in target 'SwiftUseCaseMacro' from project 'SwiftUseCase')
    cd /Users/admin/builder/spi-builder-workspace/.dependencies/checkouts/SwiftUseCase
    /Applications/Xcode-27.0.0-Release.Candidate.app/Contents/Developer/Toolchains/XcodeDefault.xctoolchain/usr/bin/appintentsmetadataprocessor --toolchain-dir /var/run/com.apple.security.cryptexd/mnt/com.apple.MobileAsset.MetalToolchain-v27.1.266.1.f6lXNA/Metal.xctoolchain --module-name SwiftUseCaseMacro --sdk-root /Applications/Xcode-27.0.0-Release.Candidate.app/Contents/Developer/Platforms/WatchOS.platform/Developer/SDKs/WatchOS27.0.sdk --xcode-version 27A266a --platform-family watchOS --deployment-target 9.0 --bundle-identifier swiftusecase.SwiftUseCaseMacro --output /Users/admin/builder/spi-builder-workspace/.derivedData/Build/Products/Debug-watchos/SwiftUseCaseMacro.appintents --target-triple arm64-apple-watchos9.0 --target-triple arm64_32-apple-watchos9.0 --binary-file /Users/admin/builder/spi-builder-workspace/.derivedData/Build/Products/Debug-watchos/SwiftUseCaseMacro.o --dependency-file /Users/admin/builder/spi-builder-workspace/.derivedData/Build/Intermediates.noindex/SwiftUseCase.build/Debug-watchos/SwiftUseCaseMacro-t.build/Objects-normal/arm64/SwiftUseCaseMacro_dependency_info.dat --dependency-file /Users/admin/builder/spi-builder-workspace/.derivedData/Build/Intermediates.noindex/SwiftUseCase.build/Debug-watchos/SwiftUseCaseMacro-t.build/Objects-normal/arm64_32/SwiftUseCaseMacro_dependency_info.dat --stringsdata-file /Users/admin/builder/spi-builder-workspace/.derivedData/Build/Intermediates.noindex/SwiftUseCase.build/Debug-watchos/SwiftUseCaseMacro-t.build/Objects-normal/arm64/ExtractedAppShortcutsMetadata.stringsdata --stringsdata-file /Users/admin/builder/spi-builder-workspace/.derivedData/Build/Intermediates.noindex/SwiftUseCase.build/Debug-watchos/SwiftUseCaseMacro-t.build/Objects-normal/arm64_32/ExtractedAppShortcutsMetadata.stringsdata --source-file-list /Users/admin/builder/spi-builder-workspace/.derivedData/Build/Intermediates.noindex/SwiftUseCase.build/Debug-watchos/SwiftUseCaseMacro-t.build/Objects-normal/arm64/SwiftUseCaseMacro.SwiftFileList --source-file-list /Users/admin/builder/spi-builder-workspace/.derivedData/Build/Intermediates.noindex/SwiftUseCase.build/Debug-watchos/SwiftUseCaseMacro-t.build/Objects-normal/arm64_32/SwiftUseCaseMacro.SwiftFileList --metadata-file-list /Users/admin/builder/spi-builder-workspace/.derivedData/Build/Intermediates.noindex/SwiftUseCase.build/Debug-watchos/SwiftUseCaseMacro-t.build/SwiftUseCaseMacro.DependencyMetadataFileList --static-metadata-file-list /Users/admin/builder/spi-builder-workspace/.derivedData/Build/Intermediates.noindex/SwiftUseCase.build/Debug-watchos/SwiftUseCaseMacro-t.build/SwiftUseCaseMacro.DependencyStaticMetadataFileList --swift-const-vals-list /Users/admin/builder/spi-builder-workspace/.derivedData/Build/Intermediates.noindex/SwiftUseCase.build/Debug-watchos/SwiftUseCaseMacro-t.build/Objects-normal/arm64/SwiftUseCaseMacro.SwiftConstValuesFileList --swift-const-vals-list /Users/admin/builder/spi-builder-workspace/.derivedData/Build/Intermediates.noindex/SwiftUseCase.build/Debug-watchos/SwiftUseCaseMacro-t.build/Objects-normal/arm64_32/SwiftUseCaseMacro.SwiftConstValuesFileList --force --compile-time-extraction --deployment-aware-processing --no-app-shortcuts-localization
2026-09-18 18:09:29.046 appintentsmetadataprocessor[1355:7889] Starting appintentsmetadataprocessor export
2026-09-18 18:09:29.112 appintentsmetadataprocessor[1355:7889] Extracted no relevant App Intents symbols, skipping writing output
SwiftEmitModule normal arm64_32 Emitting\ module\ for\ SwiftUseCase (in target 'SwiftUseCase' from project 'SwiftUseCase')
SwiftCompile normal arm64_32 (in target 'SwiftUseCase' from project 'SwiftUseCase')
    cd /Users/admin/builder/spi-builder-workspace/.swiftpm/xcode

SwiftCompile normal arm64_32 Compiling\ AnyUseCase+Callbacks.swift,\ AnyUseCase+Combine.swift,\ AnyUseCase+Resolve.swift /Users/admin/builder/spi-builder-workspace/.dependencies/checkouts/SwiftUseCase/Sources/Usecases/AnyUseCase+Callbacks.swift /Users/admin/builder/spi-builder-workspace/.dependencies/checkouts/SwiftUseCase/Sources/Usecases/AnyUseCase+Combine.swift /Users/admin/builder/spi-builder-workspace/.dependencies/checkouts/SwiftUseCase/Sources/Usecases/AnyUseCase+Resolve.swift (in target 'SwiftUseCase' from project 'SwiftUseCase')
SwiftCompile normal arm64_32 /Users/admin/builder/spi-builder-workspace/.dependencies/checkouts/SwiftUseCase/Sources/Usecases/AnyUseCase+Callbacks.swift (in target 'SwiftUseCase' from project 'SwiftUseCase')
    cd /Users/admin/builder/spi-builder-workspace/.swiftpm/xcode
    builtin-SwiftPerFileCompile AnyUseCase+Callbacks.swift
SwiftCompile normal arm64_32 /Users/admin/builder/spi-builder-workspace/.dependencies/checkouts/SwiftUseCase/Sources/Usecases/AnyUseCase+Combine.swift (in target 'SwiftUseCase' from project 'SwiftUseCase')
    cd /Users/admin/builder/spi-builder-workspace/.swiftpm/xcode
    builtin-SwiftPerFileCompile AnyUseCase+Combine.swift
SwiftCompile normal arm64_32 /Users/admin/builder/spi-builder-workspace/.dependencies/checkouts/SwiftUseCase/Sources/Usecases/AnyUseCase+Resolve.swift (in target 'SwiftUseCase' from project 'SwiftUseCase')
    cd /Users/admin/builder/spi-builder-workspace/.swiftpm/xcode
    builtin-SwiftPerFileCompile AnyUseCase+Resolve.swift
SwiftCompile normal arm64_32 Compiling\ AsyncThrowingUseCase+Callbacks.swift,\ AsyncThrowingUseCase+Publisher.swift /Users/admin/builder/spi-builder-workspace/.dependencies/checkouts/SwiftUseCase/Sources/Usecases/AsyncThrowingUseCase+Callbacks.swift /Users/admin/builder/spi-builder-workspace/.dependencies/checkouts/SwiftUseCase/Sources/Usecases/AsyncThrowingUseCase+Publisher.swift (in target 'SwiftUseCase' from project 'SwiftUseCase')
SwiftCompile normal arm64_32 /Users/admin/builder/spi-builder-workspace/.dependencies/checkouts/SwiftUseCase/Sources/Usecases/AsyncThrowingUseCase+Callbacks.swift (in target 'SwiftUseCase' from project 'SwiftUseCase')
    cd /Users/admin/builder/spi-builder-workspace/.swiftpm/xcode
    builtin-SwiftPerFileCompile AsyncThrowingUseCase+Callbacks.swift
SwiftCompile normal arm64_32 /Users/admin/builder/spi-builder-workspace/.dependencies/checkouts/SwiftUseCase/Sources/Usecases/AsyncThrowingUseCase+Publisher.swift (in target 'SwiftUseCase' from project 'SwiftUseCase')
    cd /Users/admin/builder/spi-builder-workspace/.swiftpm/xcode
    builtin-SwiftPerFileCompile AsyncThrowingUseCase+Publisher.swift
SwiftCompile normal arm64_32 Compiling\ AnyUseCase.swift,\ AsyncExecutables.swift /Users/admin/builder/spi-builder-workspace/.dependencies/checkouts/SwiftUseCase/Sources/Usecases/AnyUseCase.swift /Users/admin/builder/spi-builder-workspace/.dependencies/checkouts/SwiftUseCase/Sources/Usecases/AsyncExecutables.swift (in target 'SwiftUseCase' from project 'SwiftUseCase')
SwiftCompile normal arm64_32 /Users/admin/builder/spi-builder-workspace/.dependencies/checkouts/SwiftUseCase/Sources/Usecases/AnyUseCase.swift (in target 'SwiftUseCase' from project 'SwiftUseCase')
    cd /Users/admin/builder/spi-builder-workspace/.swiftpm/xcode
    builtin-SwiftPerFileCompile AnyUseCase.swift
SwiftCompile normal arm64_32 /Users/admin/builder/spi-builder-workspace/.dependencies/checkouts/SwiftUseCase/Sources/Usecases/AsyncExecutables.swift (in target 'SwiftUseCase' from project 'SwiftUseCase')
    cd /Users/admin/builder/spi-builder-workspace/.swiftpm/xcode
    builtin-SwiftPerFileCompile AsyncExecutables.swift
SwiftCompile normal arm64_32 Compiling\ AsyncThrowingUseCase.swift,\ AsyncUseCase+Callbacks.swift /Users/admin/builder/spi-builder-workspace/.dependencies/checkouts/SwiftUseCase/Sources/Usecases/AsyncThrowingUseCase.swift /Users/admin/builder/spi-builder-workspace/.dependencies/checkouts/SwiftUseCase/Sources/Usecases/AsyncUseCase+Callbacks.swift (in target 'SwiftUseCase' from project 'SwiftUseCase')
SwiftCompile normal arm64_32 /Users/admin/builder/spi-builder-workspace/.dependencies/checkouts/SwiftUseCase/Sources/Usecases/AsyncThrowingUseCase.swift (in target 'SwiftUseCase' from project 'SwiftUseCase')
    cd /Users/admin/builder/spi-builder-workspace/.swiftpm/xcode
    builtin-SwiftPerFileCompile AsyncThrowingUseCase.swift
SwiftCompile normal arm64_32 /Users/admin/builder/spi-builder-workspace/.dependencies/checkouts/SwiftUseCase/Sources/Usecases/AsyncUseCase+Callbacks.swift (in target 'SwiftUseCase' from project 'SwiftUseCase')
    cd /Users/admin/builder/spi-builder-workspace/.swiftpm/xcode
    builtin-SwiftPerFileCompile AsyncUseCase+Callbacks.swift
SwiftCompile normal arm64_32 Compiling\ AsyncUsecaseable.swift,\ CombineUseCase.swift /Users/admin/builder/spi-builder-workspace/.dependencies/checkouts/SwiftUseCase/Sources/Usecases/AsyncUsecaseable.swift /Users/admin/builder/spi-builder-workspace/.dependencies/checkouts/SwiftUseCase/Sources/Usecases/CombineUseCase.swift (in target 'SwiftUseCase' from project 'SwiftUseCase')
SwiftCompile normal arm64_32 /Users/admin/builder/spi-builder-workspace/.dependencies/checkouts/SwiftUseCase/Sources/Usecases/AsyncUsecaseable.swift (in target 'SwiftUseCase' from project 'SwiftUseCase')
    cd /Users/admin/builder/spi-builder-workspace/.swiftpm/xcode
    builtin-SwiftPerFileCompile AsyncUsecaseable.swift
SwiftCompile normal arm64_32 /Users/admin/builder/spi-builder-workspace/.dependencies/checkouts/SwiftUseCase/Sources/Usecases/CombineUseCase.swift (in target 'SwiftUseCase' from project 'SwiftUseCase')
    cd /Users/admin/builder/spi-builder-workspace/.swiftpm/xcode
    builtin-SwiftPerFileCompile CombineUseCase.swift
SwiftCompile normal arm64_32 Compiling\ Executables.swift,\ ThrowingUseCase+Callbacks.swift /Users/admin/builder/spi-builder-workspace/.dependencies/checkouts/SwiftUseCase/Sources/Usecases/Executables.swift /Users/admin/builder/spi-builder-workspace/.dependencies/checkouts/SwiftUseCase/Sources/Usecases/ThrowingUseCase+Callbacks.swift (in target 'SwiftUseCase' from project 'SwiftUseCase')
SwiftCompile normal arm64_32 /Users/admin/builder/spi-builder-workspace/.dependencies/checkouts/SwiftUseCase/Sources/Usecases/Executables.swift (in target 'SwiftUseCase' from project 'SwiftUseCase')
    cd /Users/admin/builder/spi-builder-workspace/.swiftpm/xcode
    builtin-SwiftPerFileCompile Executables.swift
SwiftCompile normal arm64_32 /Users/admin/builder/spi-builder-workspace/.dependencies/checkouts/SwiftUseCase/Sources/Usecases/ThrowingUseCase+Callbacks.swift (in target 'SwiftUseCase' from project 'SwiftUseCase')
    cd /Users/admin/builder/spi-builder-workspace/.swiftpm/xcode
    builtin-SwiftPerFileCompile ThrowingUseCase+Callbacks.swift
SwiftCompile normal arm64_32 Compiling\ AsyncUseCase+Publisher.swift,\ AsyncUseCase.swift /Users/admin/builder/spi-builder-workspace/.dependencies/checkouts/SwiftUseCase/Sources/Usecases/AsyncUseCase+Publisher.swift /Users/admin/builder/spi-builder-workspace/.dependencies/checkouts/SwiftUseCase/Sources/Usecases/AsyncUseCase.swift (in target 'SwiftUseCase' from project 'SwiftUseCase')
SwiftCompile normal arm64_32 /Users/admin/builder/spi-builder-workspace/.dependencies/checkouts/SwiftUseCase/Sources/Usecases/AsyncUseCase+Publisher.swift (in target 'SwiftUseCase' from project 'SwiftUseCase')
    cd /Users/admin/builder/spi-builder-workspace/.swiftpm/xcode
    builtin-SwiftPerFileCompile AsyncUseCase+Publisher.swift
SwiftCompile normal arm64_32 /Users/admin/builder/spi-builder-workspace/.dependencies/checkouts/SwiftUseCase/Sources/Usecases/AsyncUseCase.swift (in target 'SwiftUseCase' from project 'SwiftUseCase')
    cd /Users/admin/builder/spi-builder-workspace/.swiftpm/xcode
    builtin-SwiftPerFileCompile AsyncUseCase.swift
SwiftCompile normal arm64_32 Compiling\ UseCase.swift,\ UseCaseable.swift /Users/admin/builder/spi-builder-workspace/.dependencies/checkouts/SwiftUseCase/Sources/Usecases/UseCase.swift /Users/admin/builder/spi-builder-workspace/.dependencies/checkouts/SwiftUseCase/Sources/Usecases/UseCaseable.swift (in target 'SwiftUseCase' from project 'SwiftUseCase')
SwiftCompile normal arm64_32 /Users/admin/builder/spi-builder-workspace/.dependencies/checkouts/SwiftUseCase/Sources/Usecases/UseCase.swift (in target 'SwiftUseCase' from project 'SwiftUseCase')
    cd /Users/admin/builder/spi-builder-workspace/.swiftpm/xcode
    builtin-SwiftPerFileCompile UseCase.swift
SwiftCompile normal arm64_32 /Users/admin/builder/spi-builder-workspace/.dependencies/checkouts/SwiftUseCase/Sources/Usecases/UseCaseable.swift (in target 'SwiftUseCase' from project 'SwiftUseCase')
    cd /Users/admin/builder/spi-builder-workspace/.swiftpm/xcode
    builtin-SwiftPerFileCompile UseCaseable.swift
SwiftCompile normal arm64_32 Compiling\ UseCase+Callbacks.swift,\ UseCase+Publisher.swift /Users/admin/builder/spi-builder-workspace/.dependencies/checkouts/SwiftUseCase/Sources/Usecases/UseCase+Callbacks.swift /Users/admin/builder/spi-builder-workspace/.dependencies/checkouts/SwiftUseCase/Sources/Usecases/UseCase+Publisher.swift (in target 'SwiftUseCase' from project 'SwiftUseCase')
SwiftCompile normal arm64_32 /Users/admin/builder/spi-builder-workspace/.dependencies/checkouts/SwiftUseCase/Sources/Usecases/UseCase+Callbacks.swift (in target 'SwiftUseCase' from project 'SwiftUseCase')
    cd /Users/admin/builder/spi-builder-workspace/.swiftpm/xcode
    builtin-SwiftPerFileCompile UseCase+Callbacks.swift
SwiftCompile normal arm64_32 /Users/admin/builder/spi-builder-workspace/.dependencies/checkouts/SwiftUseCase/Sources/Usecases/UseCase+Publisher.swift (in target 'SwiftUseCase' from project 'SwiftUseCase')
    cd /Users/admin/builder/spi-builder-workspace/.swiftpm/xcode
    builtin-SwiftPerFileCompile UseCase+Publisher.swift
SwiftEmitModule normal arm64 Emitting\ module\ for\ SwiftUseCase (in target 'SwiftUseCase' from project 'SwiftUseCase')
SwiftCompile normal arm64 (in target 'SwiftUseCase' from project 'SwiftUseCase')
    cd /Users/admin/builder/spi-builder-workspace/.swiftpm/xcode

SwiftDriverJobDiscovery normal arm64_32 Compiling UseCase.swift, UseCaseable.swift (in target 'SwiftUseCase' from project 'SwiftUseCase')
SwiftCompile normal arm64 Compiling\ AsyncThrowingUseCase.swift,\ AsyncUseCase+Callbacks.swift /Users/admin/builder/spi-builder-workspace/.dependencies/checkouts/SwiftUseCase/Sources/Usecases/AsyncThrowingUseCase.swift /Users/admin/builder/spi-builder-workspace/.dependencies/checkouts/SwiftUseCase/Sources/Usecases/AsyncUseCase+Callbacks.swift (in target 'SwiftUseCase' from project 'SwiftUseCase')
SwiftCompile normal arm64 /Users/admin/builder/spi-builder-workspace/.dependencies/checkouts/SwiftUseCase/Sources/Usecases/AsyncThrowingUseCase.swift (in target 'SwiftUseCase' from project 'SwiftUseCase')
    cd /Users/admin/builder/spi-builder-workspace/.swiftpm/xcode
    builtin-SwiftPerFileCompile AsyncThrowingUseCase.swift
SwiftCompile normal arm64 /Users/admin/builder/spi-builder-workspace/.dependencies/checkouts/SwiftUseCase/Sources/Usecases/AsyncUseCase+Callbacks.swift (in target 'SwiftUseCase' from project 'SwiftUseCase')
    cd /Users/admin/builder/spi-builder-workspace/.swiftpm/xcode
    builtin-SwiftPerFileCompile AsyncUseCase+Callbacks.swift
SwiftDriverJobDiscovery normal arm64_32 Compiling Executables.swift, ThrowingUseCase+Callbacks.swift (in target 'SwiftUseCase' from project 'SwiftUseCase')
SwiftCompile normal arm64 Compiling\ AnyUseCase.swift,\ AsyncExecutables.swift /Users/admin/builder/spi-builder-workspace/.dependencies/checkouts/SwiftUseCase/Sources/Usecases/AnyUseCase.swift /Users/admin/builder/spi-builder-workspace/.dependencies/checkouts/SwiftUseCase/Sources/Usecases/AsyncExecutables.swift (in target 'SwiftUseCase' from project 'SwiftUseCase')
SwiftCompile normal arm64 /Users/admin/builder/spi-builder-workspace/.dependencies/checkouts/SwiftUseCase/Sources/Usecases/AnyUseCase.swift (in target 'SwiftUseCase' from project 'SwiftUseCase')
    cd /Users/admin/builder/spi-builder-workspace/.swiftpm/xcode
    builtin-SwiftPerFileCompile AnyUseCase.swift
SwiftCompile normal arm64 /Users/admin/builder/spi-builder-workspace/.dependencies/checkouts/SwiftUseCase/Sources/Usecases/AsyncExecutables.swift (in target 'SwiftUseCase' from project 'SwiftUseCase')
    cd /Users/admin/builder/spi-builder-workspace/.swiftpm/xcode
    builtin-SwiftPerFileCompile AsyncExecutables.swift
SwiftDriverJobDiscovery normal arm64_32 Compiling UseCase+Callbacks.swift, UseCase+Publisher.swift (in target 'SwiftUseCase' from project 'SwiftUseCase')
SwiftCompile normal arm64 Compiling\ AsyncThrowingUseCase+Callbacks.swift,\ AsyncThrowingUseCase+Publisher.swift /Users/admin/builder/spi-builder-workspace/.dependencies/checkouts/SwiftUseCase/Sources/Usecases/AsyncThrowingUseCase+Callbacks.swift /Users/admin/builder/spi-builder-workspace/.dependencies/checkouts/SwiftUseCase/Sources/Usecases/AsyncThrowingUseCase+Publisher.swift (in target 'SwiftUseCase' from project 'SwiftUseCase')
SwiftCompile normal arm64 /Users/admin/builder/spi-builder-workspace/.dependencies/checkouts/SwiftUseCase/Sources/Usecases/AsyncThrowingUseCase+Callbacks.swift (in target 'SwiftUseCase' from project 'SwiftUseCase')
    cd /Users/admin/builder/spi-builder-workspace/.swiftpm/xcode
    builtin-SwiftPerFileCompile AsyncThrowingUseCase+Callbacks.swift
SwiftCompile normal arm64 /Users/admin/builder/spi-builder-workspace/.dependencies/checkouts/SwiftUseCase/Sources/Usecases/AsyncThrowingUseCase+Publisher.swift (in target 'SwiftUseCase' from project 'SwiftUseCase')
    cd /Users/admin/builder/spi-builder-workspace/.swiftpm/xcode
    builtin-SwiftPerFileCompile AsyncThrowingUseCase+Publisher.swift
SwiftDriverJobDiscovery normal arm64_32 Compiling AsyncThrowingUseCase.swift, AsyncUseCase+Callbacks.swift (in target 'SwiftUseCase' from project 'SwiftUseCase')
SwiftCompile normal arm64 Compiling\ UseCase+Callbacks.swift,\ UseCase+Publisher.swift /Users/admin/builder/spi-builder-workspace/.dependencies/checkouts/SwiftUseCase/Sources/Usecases/UseCase+Callbacks.swift /Users/admin/builder/spi-builder-workspace/.dependencies/checkouts/SwiftUseCase/Sources/Usecases/UseCase+Publisher.swift (in target 'SwiftUseCase' from project 'SwiftUseCase')
SwiftCompile normal arm64 /Users/admin/builder/spi-builder-workspace/.dependencies/checkouts/SwiftUseCase/Sources/Usecases/UseCase+Callbacks.swift (in target 'SwiftUseCase' from project 'SwiftUseCase')
    cd /Users/admin/builder/spi-builder-workspace/.swiftpm/xcode
    builtin-SwiftPerFileCompile UseCase+Callbacks.swift
SwiftCompile normal arm64 /Users/admin/builder/spi-builder-workspace/.dependencies/checkouts/SwiftUseCase/Sources/Usecases/UseCase+Publisher.swift (in target 'SwiftUseCase' from project 'SwiftUseCase')
    cd /Users/admin/builder/spi-builder-workspace/.swiftpm/xcode
    builtin-SwiftPerFileCompile UseCase+Publisher.swift
SwiftDriverJobDiscovery normal arm64_32 Emitting module for SwiftUseCase (in target 'SwiftUseCase' from project 'SwiftUseCase')
SwiftDriver\ Compilation\ Requirements SwiftUseCase normal arm64_32 com.apple.xcode.tools.swift.compiler (in target 'SwiftUseCase' from project 'SwiftUseCase')
    cd /Users/admin/builder/spi-builder-workspace/.swiftpm/xcode
    builtin-Swift-Compilation-Requirements -- /Applications/Xcode-27.0.0-Release.Candidate.app/Contents/Developer/Toolchains/XcodeDefault.xctoolchain/usr/bin/swiftc -parse-as-library -module-name SwiftUseCase -Onone @/Users/admin/builder/spi-builder-workspace/.derivedData/Build/Intermediates.noindex/SwiftUseCase.build/Debug-watchos/SwiftUseCase-t.build/Objects-normal/arm64_32/SwiftUseCase.SwiftFileList -DSWIFT_PACKAGE -DDEBUG -DSWIFT_MODULE_RESOURCE_BUNDLE_UNAVAILABLE -DXcode -plugin-path /Applications/Xcode-27.0.0-Release.Candidate.app/Contents/Developer/Toolchains/XcodeDefault.xctoolchain/usr/lib/swift/host/plugins/testing -enable-experimental-feature DebugDescriptionMacro -sdk /Applications/Xcode-27.0.0-Release.Candidate.app/Contents/Developer/Platforms/WatchOS.platform/Developer/SDKs/WatchOS27.0.sdk -target arm64_32-apple-watchos9.0 -g -module-cache-path /Users/admin/builder/spi-builder-workspace/.derivedData/ModuleCache.noindex -Xfrontend -serialize-debugging-options -profile-coverage-mapping -profile-generate -enable-testing -suppress-warnings -index-store-path /Users/admin/builder/spi-builder-workspace/.derivedData/Index.noindex/DataStore -Xcc -D_LIBCPP_HARDENING_MODE\=_LIBCPP_HARDENING_MODE_DEBUG -swift-version 5 -I /Users/admin/builder/spi-builder-workspace/.derivedData/Build/Products/Debug-watchos -Isystem /Applications/Xcode-27.0.0-Release.Candidate.app/Contents/Developer/Platforms/WatchOS.platform/Developer/usr/lib -F /Users/admin/builder/spi-builder-workspace/.derivedData/Build/Products/Debug-watchos/PackageFrameworks -F /Users/admin/builder/spi-builder-workspace/.derivedData/Build/Products/Debug-watchos -F /Applications/Xcode-27.0.0-Release.Candidate.app/Contents/Developer/Platforms/WatchOS.platform/Developer/Library/Frameworks -F /Applications/Xcode-27.0.0-Release.Candidate.app/Contents/Developer/Platforms/WatchOS.platform/Developer/SDKs/WatchOS27.0.sdk/Developer/Library/Frameworks -Xfrontend -load-plugin-executable -Xfrontend /Users/admin/builder/spi-builder-workspace/.derivedData/Build/Products/Debug/SwiftUseCaseMacros\#SwiftUseCaseMacros -c -j10 -enable-batch-mode -incremental -Xcc -ivfsstatcache -Xcc /Users/admin/builder/spi-builder-workspace/.derivedData/SDKStatCaches.noindex/watchos27.0-24R360-e829b21a6f8c9b70876ba0858053c04477534ef55a1706bf4c1112bbb242f0a2.sdkstatcache -output-file-map /Users/admin/builder/spi-builder-workspace/.derivedData/Build/Intermediates.noindex/SwiftUseCase.build/Debug-watchos/SwiftUseCase-t.build/Objects-normal/arm64_32/SwiftUseCase-OutputFileMap.json -save-temps -no-color-diagnostics -explicit-module-build -module-cache-path /Users/admin/builder/spi-builder-workspace/.derivedData/Build/Intermediates.noindex/SwiftExplicitPrecompiledModules -clang-scanner-module-cache-path /Users/admin/builder/spi-builder-workspace/.derivedData/ModuleCache.noindex -sdk-module-cache-path /Users/admin/builder/spi-builder-workspace/.derivedData/SDKExplicitPrecompiledModules -emit-dependencies -emit-module -emit-module-path /Users/admin/builder/spi-builder-workspace/.derivedData/Build/Intermediates.noindex/SwiftUseCase.build/Debug-watchos/SwiftUseCase-t.build/Objects-normal/arm64_32/SwiftUseCase.swiftmodule -serialize-diagnostics -dependency-scan-serialize-diagnostics-path /Users/admin/builder/spi-builder-workspace/.derivedData/Build/Intermediates.noindex/SwiftUseCase.build/Debug-watchos/SwiftUseCase-t.build/Objects-normal/arm64_32/SwiftUseCase-dependency-scan.dia -validate-clang-modules-once -clang-build-session-file /Users/admin/builder/spi-builder-workspace/.derivedData/ModuleCache.noindex/Session.modulevalidation -Xcc -fmodules-prune-interval\=86400 -Xcc -fmodules-prune-after\=345600 -package-name swiftusecase -emit-const-values -const-gather-protocols-list /Users/admin/builder/spi-builder-workspace/.derivedData/Build/Intermediates.noindex/SwiftUseCase.build/Debug-watchos/SwiftUseCase-t.build/Objects-normal/arm64_32/SwiftUseCase_const_extract_protocols.json -Xcc -I/Users/admin/builder/spi-builder-workspace/.derivedData/Build/Products/Debug-watchos/include -Xcc -I/Users/admin/builder/spi-builder-workspace/.derivedData/Build/Intermediates.noindex/SwiftUseCase.build/Debug-watchos/SwiftUseCase-t.build/DerivedSources-normal/arm64_32 -Xcc -I/Users/admin/builder/spi-builder-workspace/.derivedData/Build/Intermediates.noindex/SwiftUseCase.build/Debug-watchos/SwiftUseCase-t.build/DerivedSources/arm64_32 -Xcc -I/Users/admin/builder/spi-builder-workspace/.derivedData/Build/Intermediates.noindex/SwiftUseCase.build/Debug-watchos/SwiftUseCase-t.build/DerivedSources -Xcc -DSWIFT_PACKAGE -Xcc -DDEBUG\=1 -emit-objc-header -emit-objc-header-path /Users/admin/builder/spi-builder-workspace/.derivedData/Build/Intermediates.noindex/SwiftUseCase.build/Debug-watchos/SwiftUseCase-t.build/Objects-normal/arm64_32/SwiftUseCase-Swift.h -working-directory /Users/admin/builder/spi-builder-workspace/.swiftpm/xcode -experimental-emit-module-separately -disable-cmo
SwiftDriverJobDiscovery normal arm64_32 Compiling AsyncUseCase+Publisher.swift, AsyncUseCase.swift (in target 'SwiftUseCase' from project 'SwiftUseCase')
SwiftCompile normal arm64 Compiling\ AnyUseCase+Callbacks.swift,\ AnyUseCase+Combine.swift,\ AnyUseCase+Resolve.swift /Users/admin/builder/spi-builder-workspace/.dependencies/checkouts/SwiftUseCase/Sources/Usecases/AnyUseCase+Callbacks.swift /Users/admin/builder/spi-builder-workspace/.dependencies/checkouts/SwiftUseCase/Sources/Usecases/AnyUseCase+Combine.swift /Users/admin/builder/spi-builder-workspace/.dependencies/checkouts/SwiftUseCase/Sources/Usecases/AnyUseCase+Resolve.swift (in target 'SwiftUseCase' from project 'SwiftUseCase')
SwiftCompile normal arm64 /Users/admin/builder/spi-builder-workspace/.dependencies/checkouts/SwiftUseCase/Sources/Usecases/AnyUseCase+Callbacks.swift (in target 'SwiftUseCase' from project 'SwiftUseCase')
    cd /Users/admin/builder/spi-builder-workspace/.swiftpm/xcode
    builtin-SwiftPerFileCompile AnyUseCase+Callbacks.swift
SwiftCompile normal arm64 /Users/admin/builder/spi-builder-workspace/.dependencies/checkouts/SwiftUseCase/Sources/Usecases/AnyUseCase+Combine.swift (in target 'SwiftUseCase' from project 'SwiftUseCase')
    cd /Users/admin/builder/spi-builder-workspace/.swiftpm/xcode
    builtin-SwiftPerFileCompile AnyUseCase+Combine.swift
SwiftCompile normal arm64 /Users/admin/builder/spi-builder-workspace/.dependencies/checkouts/SwiftUseCase/Sources/Usecases/AnyUseCase+Resolve.swift (in target 'SwiftUseCase' from project 'SwiftUseCase')
    cd /Users/admin/builder/spi-builder-workspace/.swiftpm/xcode
    builtin-SwiftPerFileCompile AnyUseCase+Resolve.swift
SwiftCompile normal arm64 Compiling\ Executables.swift,\ ThrowingUseCase+Callbacks.swift /Users/admin/builder/spi-builder-workspace/.dependencies/checkouts/SwiftUseCase/Sources/Usecases/Executables.swift /Users/admin/builder/spi-builder-workspace/.dependencies/checkouts/SwiftUseCase/Sources/Usecases/ThrowingUseCase+Callbacks.swift (in target 'SwiftUseCase' from project 'SwiftUseCase')
SwiftCompile normal arm64 /Users/admin/builder/spi-builder-workspace/.dependencies/checkouts/SwiftUseCase/Sources/Usecases/Executables.swift (in target 'SwiftUseCase' from project 'SwiftUseCase')
    cd /Users/admin/builder/spi-builder-workspace/.swiftpm/xcode
    builtin-SwiftPerFileCompile Executables.swift
SwiftCompile normal arm64 /Users/admin/builder/spi-builder-workspace/.dependencies/checkouts/SwiftUseCase/Sources/Usecases/ThrowingUseCase+Callbacks.swift (in target 'SwiftUseCase' from project 'SwiftUseCase')
    cd /Users/admin/builder/spi-builder-workspace/.swiftpm/xcode
    builtin-SwiftPerFileCompile ThrowingUseCase+Callbacks.swift
SwiftDriverJobDiscovery normal arm64_32 Compiling AsyncUsecaseable.swift, CombineUseCase.swift (in target 'SwiftUseCase' from project 'SwiftUseCase')
SwiftDriverJobDiscovery normal arm64_32 Compiling AnyUseCase.swift, AsyncExecutables.swift (in target 'SwiftUseCase' from project 'SwiftUseCase')
Copy /Users/admin/builder/spi-builder-workspace/.derivedData/Build/Products/Debug-watchos/SwiftUseCase.swiftmodule/arm64_32-apple-watchos.swiftmodule /Users/admin/builder/spi-builder-workspace/.derivedData/Build/Intermediates.noindex/SwiftUseCase.build/Debug-watchos/SwiftUseCase-t.build/Objects-normal/arm64_32/SwiftUseCase.swiftmodule (in target 'SwiftUseCase' from project 'SwiftUseCase')
    cd /Users/admin/builder/spi-builder-workspace/.dependencies/checkouts/SwiftUseCase
    builtin-copy -exclude .DS_Store -exclude CVS -exclude .svn -exclude .git -exclude .hg -resolve-src-symlinks -rename /Users/admin/builder/spi-builder-workspace/.derivedData/Build/Intermediates.noindex/SwiftUseCase.build/Debug-watchos/SwiftUseCase-t.build/Objects-normal/arm64_32/SwiftUseCase.swiftmodule /Users/admin/builder/spi-builder-workspace/.derivedData/Build/Products/Debug-watchos/SwiftUseCase.swiftmodule/arm64_32-apple-watchos.swiftmodule
Copy /Users/admin/builder/spi-builder-workspace/.derivedData/Build/Products/Debug-watchos/SwiftUseCase.swiftmodule/arm64_32-apple-watchos.swiftdoc /Users/admin/builder/spi-builder-workspace/.derivedData/Build/Intermediates.noindex/SwiftUseCase.build/Debug-watchos/SwiftUseCase-t.build/Objects-normal/arm64_32/SwiftUseCase.swiftdoc (in target 'SwiftUseCase' from project 'SwiftUseCase')
    cd /Users/admin/builder/spi-builder-workspace/.dependencies/checkouts/SwiftUseCase
    builtin-copy -exclude .DS_Store -exclude CVS -exclude .svn -exclude .git -exclude .hg -resolve-src-symlinks -rename /Users/admin/builder/spi-builder-workspace/.derivedData/Build/Intermediates.noindex/SwiftUseCase.build/Debug-watchos/SwiftUseCase-t.build/Objects-normal/arm64_32/SwiftUseCase.swiftdoc /Users/admin/builder/spi-builder-workspace/.derivedData/Build/Products/Debug-watchos/SwiftUseCase.swiftmodule/arm64_32-apple-watchos.swiftdoc
Copy /Users/admin/builder/spi-builder-workspace/.derivedData/Build/Products/Debug-watchos/SwiftUseCase.swiftmodule/arm64_32-apple-watchos.abi.json /Users/admin/builder/spi-builder-workspace/.derivedData/Build/Intermediates.noindex/SwiftUseCase.build/Debug-watchos/SwiftUseCase-t.build/Objects-normal/arm64_32/SwiftUseCase.abi.json (in target 'SwiftUseCase' from project 'SwiftUseCase')
    cd /Users/admin/builder/spi-builder-workspace/.dependencies/checkouts/SwiftUseCase
    builtin-copy -exclude .DS_Store -exclude CVS -exclude .svn -exclude .git -exclude .hg -resolve-src-symlinks -rename /Users/admin/builder/spi-builder-workspace/.derivedData/Build/Intermediates.noindex/SwiftUseCase.build/Debug-watchos/SwiftUseCase-t.build/Objects-normal/arm64_32/SwiftUseCase.abi.json /Users/admin/builder/spi-builder-workspace/.derivedData/Build/Products/Debug-watchos/SwiftUseCase.swiftmodule/arm64_32-apple-watchos.abi.json
Copy /Users/admin/builder/spi-builder-workspace/.derivedData/Build/Products/Debug-watchos/SwiftUseCase.swiftmodule/Project/arm64_32-apple-watchos.swiftsourceinfo /Users/admin/builder/spi-builder-workspace/.derivedData/Build/Intermediates.noindex/SwiftUseCase.build/Debug-watchos/SwiftUseCase-t.build/Objects-normal/arm64_32/SwiftUseCase.swiftsourceinfo (in target 'SwiftUseCase' from project 'SwiftUseCase')
    cd /Users/admin/builder/spi-builder-workspace/.dependencies/checkouts/SwiftUseCase
    builtin-copy -exclude .DS_Store -exclude CVS -exclude .svn -exclude .git -exclude .hg -resolve-src-symlinks -rename /Users/admin/builder/spi-builder-workspace/.derivedData/Build/Intermediates.noindex/SwiftUseCase.build/Debug-watchos/SwiftUseCase-t.build/Objects-normal/arm64_32/SwiftUseCase.swiftsourceinfo /Users/admin/builder/spi-builder-workspace/.derivedData/Build/Products/Debug-watchos/SwiftUseCase.swiftmodule/Project/arm64_32-apple-watchos.swiftsourceinfo
SwiftCompile normal arm64 Compiling\ UseCase.swift,\ UseCaseable.swift /Users/admin/builder/spi-builder-workspace/.dependencies/checkouts/SwiftUseCase/Sources/Usecases/UseCase.swift /Users/admin/builder/spi-builder-workspace/.dependencies/checkouts/SwiftUseCase/Sources/Usecases/UseCaseable.swift (in target 'SwiftUseCase' from project 'SwiftUseCase')
SwiftCompile normal arm64 /Users/admin/builder/spi-builder-workspace/.dependencies/checkouts/SwiftUseCase/Sources/Usecases/UseCase.swift (in target 'SwiftUseCase' from project 'SwiftUseCase')
    cd /Users/admin/builder/spi-builder-workspace/.swiftpm/xcode
    builtin-SwiftPerFileCompile UseCase.swift
SwiftCompile normal arm64 /Users/admin/builder/spi-builder-workspace/.dependencies/checkouts/SwiftUseCase/Sources/Usecases/UseCaseable.swift (in target 'SwiftUseCase' from project 'SwiftUseCase')
    cd /Users/admin/builder/spi-builder-workspace/.swiftpm/xcode
    builtin-SwiftPerFileCompile UseCaseable.swift
SwiftCompile normal arm64 Compiling\ AsyncUseCase+Publisher.swift,\ AsyncUseCase.swift /Users/admin/builder/spi-builder-workspace/.dependencies/checkouts/SwiftUseCase/Sources/Usecases/AsyncUseCase+Publisher.swift /Users/admin/builder/spi-builder-workspace/.dependencies/checkouts/SwiftUseCase/Sources/Usecases/AsyncUseCase.swift (in target 'SwiftUseCase' from project 'SwiftUseCase')
SwiftCompile normal arm64 /Users/admin/builder/spi-builder-workspace/.dependencies/checkouts/SwiftUseCase/Sources/Usecases/AsyncUseCase+Publisher.swift (in target 'SwiftUseCase' from project 'SwiftUseCase')
    cd /Users/admin/builder/spi-builder-workspace/.swiftpm/xcode
    builtin-SwiftPerFileCompile AsyncUseCase+Publisher.swift
SwiftCompile normal arm64 /Users/admin/builder/spi-builder-workspace/.dependencies/checkouts/SwiftUseCase/Sources/Usecases/AsyncUseCase.swift (in target 'SwiftUseCase' from project 'SwiftUseCase')
    cd /Users/admin/builder/spi-builder-workspace/.swiftpm/xcode
    builtin-SwiftPerFileCompile AsyncUseCase.swift
SwiftDriverJobDiscovery normal arm64_32 Compiling AsyncThrowingUseCase+Callbacks.swift, AsyncThrowingUseCase+Publisher.swift (in target 'SwiftUseCase' from project 'SwiftUseCase')
SwiftCompile normal arm64 Compiling\ ThrowingUseCase+Publisher.swift,\ ThrowingUseCase.swift /Users/admin/builder/spi-builder-workspace/.dependencies/checkouts/SwiftUseCase/Sources/Usecases/ThrowingUseCase+Publisher.swift /Users/admin/builder/spi-builder-workspace/.dependencies/checkouts/SwiftUseCase/Sources/Usecases/ThrowingUseCase.swift (in target 'SwiftUseCase' from project 'SwiftUseCase')
SwiftCompile normal arm64 /Users/admin/builder/spi-builder-workspace/.dependencies/checkouts/SwiftUseCase/Sources/Usecases/ThrowingUseCase+Publisher.swift (in target 'SwiftUseCase' from project 'SwiftUseCase')
    cd /Users/admin/builder/spi-builder-workspace/.swiftpm/xcode
    builtin-SwiftPerFileCompile ThrowingUseCase+Publisher.swift
SwiftCompile normal arm64 /Users/admin/builder/spi-builder-workspace/.dependencies/checkouts/SwiftUseCase/Sources/Usecases/ThrowingUseCase.swift (in target 'SwiftUseCase' from project 'SwiftUseCase')
    cd /Users/admin/builder/spi-builder-workspace/.swiftpm/xcode
    builtin-SwiftPerFileCompile ThrowingUseCase.swift
SwiftDriverJobDiscovery normal arm64_32 Compiling AnyUseCase+Callbacks.swift, AnyUseCase+Combine.swift, AnyUseCase+Resolve.swift (in target 'SwiftUseCase' from project 'SwiftUseCase')
SwiftCompile normal arm64 Compiling\ AsyncUsecaseable.swift,\ CombineUseCase.swift /Users/admin/builder/spi-builder-workspace/.dependencies/checkouts/SwiftUseCase/Sources/Usecases/AsyncUsecaseable.swift /Users/admin/builder/spi-builder-workspace/.dependencies/checkouts/SwiftUseCase/Sources/Usecases/CombineUseCase.swift (in target 'SwiftUseCase' from project 'SwiftUseCase')
SwiftCompile normal arm64 /Users/admin/builder/spi-builder-workspace/.dependencies/checkouts/SwiftUseCase/Sources/Usecases/AsyncUsecaseable.swift (in target 'SwiftUseCase' from project 'SwiftUseCase')
    cd /Users/admin/builder/spi-builder-workspace/.swiftpm/xcode
    builtin-SwiftPerFileCompile AsyncUsecaseable.swift
SwiftCompile normal arm64 /Users/admin/builder/spi-builder-workspace/.dependencies/checkouts/SwiftUseCase/Sources/Usecases/CombineUseCase.swift (in target 'SwiftUseCase' from project 'SwiftUseCase')
    cd /Users/admin/builder/spi-builder-workspace/.swiftpm/xcode
    builtin-SwiftPerFileCompile CombineUseCase.swift
SwiftDriverJobDiscovery normal arm64 Compiling AsyncThrowingUseCase.swift, AsyncUseCase+Callbacks.swift (in target 'SwiftUseCase' from project 'SwiftUseCase')
SwiftCompile normal arm64_32 Compiling\ ThrowingUseCase+Publisher.swift,\ ThrowingUseCase.swift /Users/admin/builder/spi-builder-workspace/.dependencies/checkouts/SwiftUseCase/Sources/Usecases/ThrowingUseCase+Publisher.swift /Users/admin/builder/spi-builder-workspace/.dependencies/checkouts/SwiftUseCase/Sources/Usecases/ThrowingUseCase.swift (in target 'SwiftUseCase' from project 'SwiftUseCase')
SwiftCompile normal arm64_32 /Users/admin/builder/spi-builder-workspace/.dependencies/checkouts/SwiftUseCase/Sources/Usecases/ThrowingUseCase+Publisher.swift (in target 'SwiftUseCase' from project 'SwiftUseCase')
    cd /Users/admin/builder/spi-builder-workspace/.swiftpm/xcode
    builtin-SwiftPerFileCompile ThrowingUseCase+Publisher.swift
SwiftCompile normal arm64_32 /Users/admin/builder/spi-builder-workspace/.dependencies/checkouts/SwiftUseCase/Sources/Usecases/ThrowingUseCase.swift (in target 'SwiftUseCase' from project 'SwiftUseCase')
    cd /Users/admin/builder/spi-builder-workspace/.swiftpm/xcode
    builtin-SwiftPerFileCompile ThrowingUseCase.swift
SwiftDriverJobDiscovery normal arm64 Emitting module for SwiftUseCase (in target 'SwiftUseCase' from project 'SwiftUseCase')
SwiftDriver\ Compilation\ Requirements SwiftUseCase normal arm64 com.apple.xcode.tools.swift.compiler (in target 'SwiftUseCase' from project 'SwiftUseCase')
    cd /Users/admin/builder/spi-builder-workspace/.swiftpm/xcode
    builtin-Swift-Compilation-Requirements -- /Applications/Xcode-27.0.0-Release.Candidate.app/Contents/Developer/Toolchains/XcodeDefault.xctoolchain/usr/bin/swiftc -parse-as-library -module-name SwiftUseCase -Onone @/Users/admin/builder/spi-builder-workspace/.derivedData/Build/Intermediates.noindex/SwiftUseCase.build/Debug-watchos/SwiftUseCase-t.build/Objects-normal/arm64/SwiftUseCase.SwiftFileList -DSWIFT_PACKAGE -DDEBUG -DSWIFT_MODULE_RESOURCE_BUNDLE_UNAVAILABLE -DXcode -plugin-path /Applications/Xcode-27.0.0-Release.Candidate.app/Contents/Developer/Toolchains/XcodeDefault.xctoolchain/usr/lib/swift/host/plugins/testing -enable-experimental-feature DebugDescriptionMacro -sdk /Applications/Xcode-27.0.0-Release.Candidate.app/Contents/Developer/Platforms/WatchOS.platform/Developer/SDKs/WatchOS27.0.sdk -target arm64-apple-watchos9.0 -g -module-cache-path /Users/admin/builder/spi-builder-workspace/.derivedData/ModuleCache.noindex -Xfrontend -serialize-debugging-options -profile-coverage-mapping -profile-generate -enable-testing -suppress-warnings -index-store-path /Users/admin/builder/spi-builder-workspace/.derivedData/Index.noindex/DataStore -Xcc -D_LIBCPP_HARDENING_MODE\=_LIBCPP_HARDENING_MODE_DEBUG -swift-version 5 -I /Users/admin/builder/spi-builder-workspace/.derivedData/Build/Products/Debug-watchos -Isystem /Applications/Xcode-27.0.0-Release.Candidate.app/Contents/Developer/Platforms/WatchOS.platform/Developer/usr/lib -F /Users/admin/builder/spi-builder-workspace/.derivedData/Build/Products/Debug-watchos/PackageFrameworks -F /Users/admin/builder/spi-builder-workspace/.derivedData/Build/Products/Debug-watchos -F /Applications/Xcode-27.0.0-Release.Candidate.app/Contents/Developer/Platforms/WatchOS.platform/Developer/Library/Frameworks -F /Applications/Xcode-27.0.0-Release.Candidate.app/Contents/Developer/Platforms/WatchOS.platform/Developer/SDKs/WatchOS27.0.sdk/Developer/Library/Frameworks -Xfrontend -load-plugin-executable -Xfrontend /Users/admin/builder/spi-builder-workspace/.derivedData/Build/Products/Debug/SwiftUseCaseMacros\#SwiftUseCaseMacros -c -j10 -enable-batch-mode -incremental -Xcc -ivfsstatcache -Xcc /Users/admin/builder/spi-builder-workspace/.derivedData/SDKStatCaches.noindex/watchos27.0-24R360-e829b21a6f8c9b70876ba0858053c04477534ef55a1706bf4c1112bbb242f0a2.sdkstatcache -output-file-map /Users/admin/builder/spi-builder-workspace/.derivedData/Build/Intermediates.noindex/SwiftUseCase.build/Debug-watchos/SwiftUseCase-t.build/Objects-normal/arm64/SwiftUseCase-OutputFileMap.json -save-temps -no-color-diagnostics -explicit-module-build -module-cache-path /Users/admin/builder/spi-builder-workspace/.derivedData/Build/Intermediates.noindex/SwiftExplicitPrecompiledModules -clang-scanner-module-cache-path /Users/admin/builder/spi-builder-workspace/.derivedData/ModuleCache.noindex -sdk-module-cache-path /Users/admin/builder/spi-builder-workspace/.derivedData/SDKExplicitPrecompiledModules -emit-dependencies -emit-module -emit-module-path /Users/admin/builder/spi-builder-workspace/.derivedData/Build/Intermediates.noindex/SwiftUseCase.build/Debug-watchos/SwiftUseCase-t.build/Objects-normal/arm64/SwiftUseCase.swiftmodule -serialize-diagnostics -dependency-scan-serialize-diagnostics-path /Users/admin/builder/spi-builder-workspace/.derivedData/Build/Intermediates.noindex/SwiftUseCase.build/Debug-watchos/SwiftUseCase-t.build/Objects-normal/arm64/SwiftUseCase-dependency-scan.dia -validate-clang-modules-once -clang-build-session-file /Users/admin/builder/spi-builder-workspace/.derivedData/ModuleCache.noindex/Session.modulevalidation -Xcc -fmodules-prune-interval\=86400 -Xcc -fmodules-prune-after\=345600 -package-name swiftusecase -emit-const-values -const-gather-protocols-list /Users/admin/builder/spi-builder-workspace/.derivedData/Build/Intermediates.noindex/SwiftUseCase.build/Debug-watchos/SwiftUseCase-t.build/Objects-normal/arm64/SwiftUseCase_const_extract_protocols.json -Xcc -I/Users/admin/builder/spi-builder-workspace/.derivedData/Build/Products/Debug-watchos/include -Xcc -I/Users/admin/builder/spi-builder-workspace/.derivedData/Build/Intermediates.noindex/SwiftUseCase.build/Debug-watchos/SwiftUseCase-t.build/DerivedSources-normal/arm64 -Xcc -I/Users/admin/builder/spi-builder-workspace/.derivedData/Build/Intermediates.noindex/SwiftUseCase.build/Debug-watchos/SwiftUseCase-t.build/DerivedSources/arm64 -Xcc -I/Users/admin/builder/spi-builder-workspace/.derivedData/Build/Intermediates.noindex/SwiftUseCase.build/Debug-watchos/SwiftUseCase-t.build/DerivedSources -Xcc -DSWIFT_PACKAGE -Xcc -DDEBUG\=1 -emit-objc-header -emit-objc-header-path /Users/admin/builder/spi-builder-workspace/.derivedData/Build/Intermediates.noindex/SwiftUseCase.build/Debug-watchos/SwiftUseCase-t.build/Objects-normal/arm64/SwiftUseCase-Swift.h -working-directory /Users/admin/builder/spi-builder-workspace/.swiftpm/xcode -experimental-emit-module-separately -disable-cmo
SwiftDriverJobDiscovery normal arm64 Compiling UseCase+Callbacks.swift, UseCase+Publisher.swift (in target 'SwiftUseCase' from project 'SwiftUseCase')
SwiftMergeGeneratedHeaders /Users/admin/builder/spi-builder-workspace/.derivedData/Build/Intermediates.noindex/GeneratedModuleMaps-watchos/SwiftUseCase-Swift.h /Users/admin/builder/spi-builder-workspace/.derivedData/Build/Intermediates.noindex/SwiftUseCase.build/Debug-watchos/SwiftUseCase-t.build/Objects-normal/arm64/SwiftUseCase-Swift.h /Users/admin/builder/spi-builder-workspace/.derivedData/Build/Intermediates.noindex/SwiftUseCase.build/Debug-watchos/SwiftUseCase-t.build/Objects-normal/arm64_32/SwiftUseCase-Swift.h (in target 'SwiftUseCase' from project 'SwiftUseCase')
    cd /Users/admin/builder/spi-builder-workspace/.dependencies/checkouts/SwiftUseCase
    builtin-swiftHeaderTool -arch arm64 /Users/admin/builder/spi-builder-workspace/.derivedData/Build/Intermediates.noindex/SwiftUseCase.build/Debug-watchos/SwiftUseCase-t.build/Objects-normal/arm64/SwiftUseCase-Swift.h -arch arm64_32 /Users/admin/builder/spi-builder-workspace/.derivedData/Build/Intermediates.noindex/SwiftUseCase.build/Debug-watchos/SwiftUseCase-t.build/Objects-normal/arm64_32/SwiftUseCase-Swift.h -o /Users/admin/builder/spi-builder-workspace/.derivedData/Build/Intermediates.noindex/GeneratedModuleMaps-watchos/SwiftUseCase-Swift.h
Copy /Users/admin/builder/spi-builder-workspace/.derivedData/Build/Products/Debug-watchos/SwiftUseCase.swiftmodule/arm64-apple-watchos.swiftmodule /Users/admin/builder/spi-builder-workspace/.derivedData/Build/Intermediates.noindex/SwiftUseCase.build/Debug-watchos/SwiftUseCase-t.build/Objects-normal/arm64/SwiftUseCase.swiftmodule (in target 'SwiftUseCase' from project 'SwiftUseCase')
    cd /Users/admin/builder/spi-builder-workspace/.dependencies/checkouts/SwiftUseCase
    builtin-copy -exclude .DS_Store -exclude CVS -exclude .svn -exclude .git -exclude .hg -resolve-src-symlinks -rename /Users/admin/builder/spi-builder-workspace/.derivedData/Build/Intermediates.noindex/SwiftUseCase.build/Debug-watchos/SwiftUseCase-t.build/Objects-normal/arm64/SwiftUseCase.swiftmodule /Users/admin/builder/spi-builder-workspace/.derivedData/Build/Products/Debug-watchos/SwiftUseCase.swiftmodule/arm64-apple-watchos.swiftmodule
SwiftDriverJobDiscovery normal arm64 Compiling UseCase.swift, UseCaseable.swift (in target 'SwiftUseCase' from project 'SwiftUseCase')
Copy /Users/admin/builder/spi-builder-workspace/.derivedData/Build/Products/Debug-watchos/SwiftUseCase.swiftmodule/arm64-apple-watchos.swiftdoc /Users/admin/builder/spi-builder-workspace/.derivedData/Build/Intermediates.noindex/SwiftUseCase.build/Debug-watchos/SwiftUseCase-t.build/Objects-normal/arm64/SwiftUseCase.swiftdoc (in target 'SwiftUseCase' from project 'SwiftUseCase')
    cd /Users/admin/builder/spi-builder-workspace/.dependencies/checkouts/SwiftUseCase
    builtin-copy -exclude .DS_Store -exclude CVS -exclude .svn -exclude .git -exclude .hg -resolve-src-symlinks -rename /Users/admin/builder/spi-builder-workspace/.derivedData/Build/Intermediates.noindex/SwiftUseCase.build/Debug-watchos/SwiftUseCase-t.build/Objects-normal/arm64/SwiftUseCase.swiftdoc /Users/admin/builder/spi-builder-workspace/.derivedData/Build/Products/Debug-watchos/SwiftUseCase.swiftmodule/arm64-apple-watchos.swiftdoc
SwiftDriverJobDiscovery normal arm64 Compiling Executables.swift, ThrowingUseCase+Callbacks.swift (in target 'SwiftUseCase' from project 'SwiftUseCase')
Copy /Users/admin/builder/spi-builder-workspace/.derivedData/Build/Products/Debug-watchos/SwiftUseCase.swiftmodule/arm64-apple-watchos.abi.json /Users/admin/builder/spi-builder-workspace/.derivedData/Build/Intermediates.noindex/SwiftUseCase.build/Debug-watchos/SwiftUseCase-t.build/Objects-normal/arm64/SwiftUseCase.abi.json (in target 'SwiftUseCase' from project 'SwiftUseCase')
    cd /Users/admin/builder/spi-builder-workspace/.dependencies/checkouts/SwiftUseCase
    builtin-copy -exclude .DS_Store -exclude CVS -exclude .svn -exclude .git -exclude .hg -resolve-src-symlinks -rename /Users/admin/builder/spi-builder-workspace/.derivedData/Build/Intermediates.noindex/SwiftUseCase.build/Debug-watchos/SwiftUseCase-t.build/Objects-normal/arm64/SwiftUseCase.abi.json /Users/admin/builder/spi-builder-workspace/.derivedData/Build/Products/Debug-watchos/SwiftUseCase.swiftmodule/arm64-apple-watchos.abi.json
Copy /Users/admin/builder/spi-builder-workspace/.derivedData/Build/Products/Debug-watchos/SwiftUseCase.swiftmodule/Project/arm64-apple-watchos.swiftsourceinfo /Users/admin/builder/spi-builder-workspace/.derivedData/Build/Intermediates.noindex/SwiftUseCase.build/Debug-watchos/SwiftUseCase-t.build/Objects-normal/arm64/SwiftUseCase.swiftsourceinfo (in target 'SwiftUseCase' from project 'SwiftUseCase')
    cd /Users/admin/builder/spi-builder-workspace/.dependencies/checkouts/SwiftUseCase
    builtin-copy -exclude .DS_Store -exclude CVS -exclude .svn -exclude .git -exclude .hg -resolve-src-symlinks -rename /Users/admin/builder/spi-builder-workspace/.derivedData/Build/Intermediates.noindex/SwiftUseCase.build/Debug-watchos/SwiftUseCase-t.build/Objects-normal/arm64/SwiftUseCase.swiftsourceinfo /Users/admin/builder/spi-builder-workspace/.derivedData/Build/Products/Debug-watchos/SwiftUseCase.swiftmodule/Project/arm64-apple-watchos.swiftsourceinfo
SwiftDriver SwiftMVI normal arm64_32 com.apple.xcode.tools.swift.compiler (in target 'SwiftMVI' from project 'SwiftMVI')
    cd /Users/admin/builder/spi-builder-workspace/.swiftpm/xcode
    builtin-SwiftDriver -- /Applications/Xcode-27.0.0-Release.Candidate.app/Contents/Developer/Toolchains/XcodeDefault.xctoolchain/usr/bin/swiftc -parse-as-library -module-name SwiftMVI -Onone @/Users/admin/builder/spi-builder-workspace/.derivedData/Build/Intermediates.noindex/SwiftMVI.build/Debug-watchos/SwiftMVI-t.build/Objects-normal/arm64_32/SwiftMVI.SwiftFileList -DSWIFT_PACKAGE -DDEBUG -DSWIFT_MODULE_RESOURCE_BUNDLE_UNAVAILABLE -DXcode -plugin-path /Applications/Xcode-27.0.0-Release.Candidate.app/Contents/Developer/Toolchains/XcodeDefault.xctoolchain/usr/lib/swift/host/plugins/testing -enable-experimental-feature DebugDescriptionMacro -sdk /Applications/Xcode-27.0.0-Release.Candidate.app/Contents/Developer/Platforms/WatchOS.platform/Developer/SDKs/WatchOS27.0.sdk -target arm64_32-apple-watchos9.0 -g -module-cache-path /Users/admin/builder/spi-builder-workspace/.derivedData/ModuleCache.noindex -Xfrontend -serialize-debugging-options -profile-coverage-mapping -profile-generate -enable-testing -index-store-path /Users/admin/builder/spi-builder-workspace/.derivedData/Index.noindex/DataStore -Xcc -D_LIBCPP_HARDENING_MODE\=_LIBCPP_HARDENING_MODE_DEBUG -swift-version 5 -I /Users/admin/builder/spi-builder-workspace/.derivedData/Build/Products/Debug-watchos -Isystem /Applications/Xcode-27.0.0-Release.Candidate.app/Contents/Developer/Platforms/WatchOS.platform/Developer/usr/lib -F /Users/admin/builder/spi-builder-workspace/.derivedData/Build/Products/Debug-watchos/PackageFrameworks -F /Users/admin/builder/spi-builder-workspace/.derivedData/Build/Products/Debug-watchos -F /Applications/Xcode-27.0.0-Release.Candidate.app/Contents/Developer/Platforms/WatchOS.platform/Developer/Library/Frameworks -F /Applications/Xcode-27.0.0-Release.Candidate.app/Contents/Developer/Platforms/WatchOS.platform/Developer/SDKs/WatchOS27.0.sdk/Developer/Library/Frameworks -Xfrontend -load-plugin-executable -Xfrontend /Users/admin/builder/spi-builder-workspace/.derivedData/Build/Products/Debug/SwiftUseCaseMacros\#SwiftUseCaseMacros -c -j10 -enable-batch-mode -incremental -Xcc -ivfsstatcache -Xcc /Users/admin/builder/spi-builder-workspace/.derivedData/SDKStatCaches.noindex/watchos27.0-24R360-e829b21a6f8c9b70876ba0858053c04477534ef55a1706bf4c1112bbb242f0a2.sdkstatcache -output-file-map /Users/admin/builder/spi-builder-workspace/.derivedData/Build/Intermediates.noindex/SwiftMVI.build/Debug-watchos/SwiftMVI-t.build/Objects-normal/arm64_32/SwiftMVI-OutputFileMap.json -save-temps -no-color-diagnostics -explicit-module-build -module-cache-path /Users/admin/builder/spi-builder-workspace/.derivedData/Build/Intermediates.noindex/SwiftExplicitPrecompiledModules -clang-scanner-module-cache-path /Users/admin/builder/spi-builder-workspace/.derivedData/ModuleCache.noindex -sdk-module-cache-path /Users/admin/builder/spi-builder-workspace/.derivedData/SDKExplicitPrecompiledModules -emit-dependencies -emit-module -emit-module-path /Users/admin/builder/spi-builder-workspace/.derivedData/Build/Intermediates.noindex/SwiftMVI.build/Debug-watchos/SwiftMVI-t.build/Objects-normal/arm64_32/SwiftMVI.swiftmodule -serialize-diagnostics -dependency-scan-serialize-diagnostics-path /Users/admin/builder/spi-builder-workspace/.derivedData/Build/Intermediates.noindex/SwiftMVI.build/Debug-watchos/SwiftMVI-t.build/Objects-normal/arm64_32/SwiftMVI-dependency-scan.dia -validate-clang-modules-once -clang-build-session-file /Users/admin/builder/spi-builder-workspace/.derivedData/ModuleCache.noindex/Session.modulevalidation -Xcc -fmodules-prune-interval\=86400 -Xcc -fmodules-prune-after\=345600 -emit-const-values -const-gather-protocols-list /Users/admin/builder/spi-builder-workspace/.derivedData/Build/Intermediates.noindex/SwiftMVI.build/Debug-watchos/SwiftMVI-t.build/Objects-normal/arm64_32/SwiftMVI_const_extract_protocols.json -Xcc -I/Users/admin/builder/spi-builder-workspace/.derivedData/Build/Products/Debug-watchos/include -Xcc -I/Users/admin/builder/spi-builder-workspace/.derivedData/Build/Intermediates.noindex/SwiftMVI.build/Debug-watchos/SwiftMVI-t.build/DerivedSources-normal/arm64_32 -Xcc -I/Users/admin/builder/spi-builder-workspace/.derivedData/Build/Intermediates.noindex/SwiftMVI.build/Debug-watchos/SwiftMVI-t.build/DerivedSources/arm64_32 -Xcc -I/Users/admin/builder/spi-builder-workspace/.derivedData/Build/Intermediates.noindex/SwiftMVI.build/Debug-watchos/SwiftMVI-t.build/DerivedSources -Xcc -DSWIFT_PACKAGE -Xcc -DDEBUG\=1 -emit-objc-header -emit-objc-header-path /Users/admin/builder/spi-builder-workspace/.derivedData/Build/Intermediates.noindex/SwiftMVI.build/Debug-watchos/SwiftMVI-t.build/Objects-normal/arm64_32/SwiftMVI-Swift.h -working-directory /Users/admin/builder/spi-builder-workspace/.swiftpm/xcode -experimental-emit-module-separately -disable-cmo
SwiftDriver SwiftMVI normal arm64 com.apple.xcode.tools.swift.compiler (in target 'SwiftMVI' from project 'SwiftMVI')
    cd /Users/admin/builder/spi-builder-workspace/.swiftpm/xcode
    builtin-SwiftDriver -- /Applications/Xcode-27.0.0-Release.Candidate.app/Contents/Developer/Toolchains/XcodeDefault.xctoolchain/usr/bin/swiftc -parse-as-library -module-name SwiftMVI -Onone @/Users/admin/builder/spi-builder-workspace/.derivedData/Build/Intermediates.noindex/SwiftMVI.build/Debug-watchos/SwiftMVI-t.build/Objects-normal/arm64/SwiftMVI.SwiftFileList -DSWIFT_PACKAGE -DDEBUG -DSWIFT_MODULE_RESOURCE_BUNDLE_UNAVAILABLE -DXcode -plugin-path /Applications/Xcode-27.0.0-Release.Candidate.app/Contents/Developer/Toolchains/XcodeDefault.xctoolchain/usr/lib/swift/host/plugins/testing -enable-experimental-feature DebugDescriptionMacro -sdk /Applications/Xcode-27.0.0-Release.Candidate.app/Contents/Developer/Platforms/WatchOS.platform/Developer/SDKs/WatchOS27.0.sdk -target arm64-apple-watchos9.0 -g -module-cache-path /Users/admin/builder/spi-builder-workspace/.derivedData/ModuleCache.noindex -Xfrontend -serialize-debugging-options -profile-coverage-mapping -profile-generate -enable-testing -index-store-path /Users/admin/builder/spi-builder-workspace/.derivedData/Index.noindex/DataStore -Xcc -D_LIBCPP_HARDENING_MODE\=_LIBCPP_HARDENING_MODE_DEBUG -swift-version 5 -I /Users/admin/builder/spi-builder-workspace/.derivedData/Build/Products/Debug-watchos -Isystem /Applications/Xcode-27.0.0-Release.Candidate.app/Contents/Developer/Platforms/WatchOS.platform/Developer/usr/lib -F /Users/admin/builder/spi-builder-workspace/.derivedData/Build/Products/Debug-watchos/PackageFrameworks -F /Users/admin/builder/spi-builder-workspace/.derivedData/Build/Products/Debug-watchos -F /Applications/Xcode-27.0.0-Release.Candidate.app/Contents/Developer/Platforms/WatchOS.platform/Developer/Library/Frameworks -F /Applications/Xcode-27.0.0-Release.Candidate.app/Contents/Developer/Platforms/WatchOS.platform/Developer/SDKs/WatchOS27.0.sdk/Developer/Library/Frameworks -Xfrontend -load-plugin-executable -Xfrontend /Users/admin/builder/spi-builder-workspace/.derivedData/Build/Products/Debug/SwiftUseCaseMacros\#SwiftUseCaseMacros -c -j10 -enable-batch-mode -incremental -Xcc -ivfsstatcache -Xcc /Users/admin/builder/spi-builder-workspace/.derivedData/SDKStatCaches.noindex/watchos27.0-24R360-e829b21a6f8c9b70876ba0858053c04477534ef55a1706bf4c1112bbb242f0a2.sdkstatcache -output-file-map /Users/admin/builder/spi-builder-workspace/.derivedData/Build/Intermediates.noindex/SwiftMVI.build/Debug-watchos/SwiftMVI-t.build/Objects-normal/arm64/SwiftMVI-OutputFileMap.json -save-temps -no-color-diagnostics -explicit-module-build -module-cache-path /Users/admin/builder/spi-builder-workspace/.derivedData/Build/Intermediates.noindex/SwiftExplicitPrecompiledModules -clang-scanner-module-cache-path /Users/admin/builder/spi-builder-workspace/.derivedData/ModuleCache.noindex -sdk-module-cache-path /Users/admin/builder/spi-builder-workspace/.derivedData/SDKExplicitPrecompiledModules -emit-dependencies -emit-module -emit-module-path /Users/admin/builder/spi-builder-workspace/.derivedData/Build/Intermediates.noindex/SwiftMVI.build/Debug-watchos/SwiftMVI-t.build/Objects-normal/arm64/SwiftMVI.swiftmodule -serialize-diagnostics -dependency-scan-serialize-diagnostics-path /Users/admin/builder/spi-builder-workspace/.derivedData/Build/Intermediates.noindex/SwiftMVI.build/Debug-watchos/SwiftMVI-t.build/Objects-normal/arm64/SwiftMVI-dependency-scan.dia -validate-clang-modules-once -clang-build-session-file /Users/admin/builder/spi-builder-workspace/.derivedData/ModuleCache.noindex/Session.modulevalidation -Xcc -fmodules-prune-interval\=86400 -Xcc -fmodules-prune-after\=345600 -emit-const-values -const-gather-protocols-list /Users/admin/builder/spi-builder-workspace/.derivedData/Build/Intermediates.noindex/SwiftMVI.build/Debug-watchos/SwiftMVI-t.build/Objects-normal/arm64/SwiftMVI_const_extract_protocols.json -Xcc -I/Users/admin/builder/spi-builder-workspace/.derivedData/Build/Products/Debug-watchos/include -Xcc -I/Users/admin/builder/spi-builder-workspace/.derivedData/Build/Intermediates.noindex/SwiftMVI.build/Debug-watchos/SwiftMVI-t.build/DerivedSources-normal/arm64 -Xcc -I/Users/admin/builder/spi-builder-workspace/.derivedData/Build/Intermediates.noindex/SwiftMVI.build/Debug-watchos/SwiftMVI-t.build/DerivedSources/arm64 -Xcc -I/Users/admin/builder/spi-builder-workspace/.derivedData/Build/Intermediates.noindex/SwiftMVI.build/Debug-watchos/SwiftMVI-t.build/DerivedSources -Xcc -DSWIFT_PACKAGE -Xcc -DDEBUG\=1 -emit-objc-header -emit-objc-header-path /Users/admin/builder/spi-builder-workspace/.derivedData/Build/Intermediates.noindex/SwiftMVI.build/Debug-watchos/SwiftMVI-t.build/Objects-normal/arm64/SwiftMVI-Swift.h -working-directory /Users/admin/builder/spi-builder-workspace/.swiftpm/xcode -experimental-emit-module-separately -disable-cmo
SwiftDriverJobDiscovery normal arm64 Compiling AnyUseCase.swift, AsyncExecutables.swift (in target 'SwiftUseCase' from project 'SwiftUseCase')
SwiftDriverJobDiscovery normal arm64 Compiling AsyncThrowingUseCase+Callbacks.swift, AsyncThrowingUseCase+Publisher.swift (in target 'SwiftUseCase' from project 'SwiftUseCase')
SwiftDriverJobDiscovery normal arm64 Compiling AsyncUseCase+Publisher.swift, AsyncUseCase.swift (in target 'SwiftUseCase' from project 'SwiftUseCase')
SwiftDriverJobDiscovery normal arm64 Compiling ThrowingUseCase+Publisher.swift, ThrowingUseCase.swift (in target 'SwiftUseCase' from project 'SwiftUseCase')
SwiftDriverJobDiscovery normal arm64 Compiling AnyUseCase+Callbacks.swift, AnyUseCase+Combine.swift, AnyUseCase+Resolve.swift (in target 'SwiftUseCase' from project 'SwiftUseCase')
SwiftDriverJobDiscovery normal arm64_32 Compiling ThrowingUseCase+Publisher.swift, ThrowingUseCase.swift (in target 'SwiftUseCase' from project 'SwiftUseCase')
SwiftDriver\ Compilation SwiftUseCase normal arm64_32 com.apple.xcode.tools.swift.compiler (in target 'SwiftUseCase' from project 'SwiftUseCase')
    cd /Users/admin/builder/spi-builder-workspace/.swiftpm/xcode
    builtin-Swift-Compilation -- /Applications/Xcode-27.0.0-Release.Candidate.app/Contents/Developer/Toolchains/XcodeDefault.xctoolchain/usr/bin/swiftc -parse-as-library -module-name SwiftUseCase -Onone @/Users/admin/builder/spi-builder-workspace/.derivedData/Build/Intermediates.noindex/SwiftUseCase.build/Debug-watchos/SwiftUseCase-t.build/Objects-normal/arm64_32/SwiftUseCase.SwiftFileList -DSWIFT_PACKAGE -DDEBUG -DSWIFT_MODULE_RESOURCE_BUNDLE_UNAVAILABLE -DXcode -plugin-path /Applications/Xcode-27.0.0-Release.Candidate.app/Contents/Developer/Toolchains/XcodeDefault.xctoolchain/usr/lib/swift/host/plugins/testing -enable-experimental-feature DebugDescriptionMacro -sdk /Applications/Xcode-27.0.0-Release.Candidate.app/Contents/Developer/Platforms/WatchOS.platform/Developer/SDKs/WatchOS27.0.sdk -target arm64_32-apple-watchos9.0 -g -module-cache-path /Users/admin/builder/spi-builder-workspace/.derivedData/ModuleCache.noindex -Xfrontend -serialize-debugging-options -profile-coverage-mapping -profile-generate -enable-testing -suppress-warnings -index-store-path /Users/admin/builder/spi-builder-workspace/.derivedData/Index.noindex/DataStore -Xcc -D_LIBCPP_HARDENING_MODE\=_LIBCPP_HARDENING_MODE_DEBUG -swift-version 5 -I /Users/admin/builder/spi-builder-workspace/.derivedData/Build/Products/Debug-watchos -Isystem /Applications/Xcode-27.0.0-Release.Candidate.app/Contents/Developer/Platforms/WatchOS.platform/Developer/usr/lib -F /Users/admin/builder/spi-builder-workspace/.derivedData/Build/Products/Debug-watchos/PackageFrameworks -F /Users/admin/builder/spi-builder-workspace/.derivedData/Build/Products/Debug-watchos -F /Applications/Xcode-27.0.0-Release.Candidate.app/Contents/Developer/Platforms/WatchOS.platform/Developer/Library/Frameworks -F /Applications/Xcode-27.0.0-Release.Candidate.app/Contents/Developer/Platforms/WatchOS.platform/Developer/SDKs/WatchOS27.0.sdk/Developer/Library/Frameworks -Xfrontend -load-plugin-executable -Xfrontend /Users/admin/builder/spi-builder-workspace/.derivedData/Build/Products/Debug/SwiftUseCaseMacros\#SwiftUseCaseMacros -c -j10 -enable-batch-mode -incremental -Xcc -ivfsstatcache -Xcc /Users/admin/builder/spi-builder-workspace/.derivedData/SDKStatCaches.noindex/watchos27.0-24R360-e829b21a6f8c9b70876ba0858053c04477534ef55a1706bf4c1112bbb242f0a2.sdkstatcache -output-file-map /Users/admin/builder/spi-builder-workspace/.derivedData/Build/Intermediates.noindex/SwiftUseCase.build/Debug-watchos/SwiftUseCase-t.build/Objects-normal/arm64_32/SwiftUseCase-OutputFileMap.json -save-temps -no-color-diagnostics -explicit-module-build -module-cache-path /Users/admin/builder/spi-builder-workspace/.derivedData/Build/Intermediates.noindex/SwiftExplicitPrecompiledModules -clang-scanner-module-cache-path /Users/admin/builder/spi-builder-workspace/.derivedData/ModuleCache.noindex -sdk-module-cache-path /Users/admin/builder/spi-builder-workspace/.derivedData/SDKExplicitPrecompiledModules -emit-dependencies -emit-module -emit-module-path /Users/admin/builder/spi-builder-workspace/.derivedData/Build/Intermediates.noindex/SwiftUseCase.build/Debug-watchos/SwiftUseCase-t.build/Objects-normal/arm64_32/SwiftUseCase.swiftmodule -serialize-diagnostics -dependency-scan-serialize-diagnostics-path /Users/admin/builder/spi-builder-workspace/.derivedData/Build/Intermediates.noindex/SwiftUseCase.build/Debug-watchos/SwiftUseCase-t.build/Objects-normal/arm64_32/SwiftUseCase-dependency-scan.dia -validate-clang-modules-once -clang-build-session-file /Users/admin/builder/spi-builder-workspace/.derivedData/ModuleCache.noindex/Session.modulevalidation -Xcc -fmodules-prune-interval\=86400 -Xcc -fmodules-prune-after\=345600 -package-name swiftusecase -emit-const-values -const-gather-protocols-list /Users/admin/builder/spi-builder-workspace/.derivedData/Build/Intermediates.noindex/SwiftUseCase.build/Debug-watchos/SwiftUseCase-t.build/Objects-normal/arm64_32/SwiftUseCase_const_extract_protocols.json -Xcc -I/Users/admin/builder/spi-builder-workspace/.derivedData/Build/Products/Debug-watchos/include -Xcc -I/Users/admin/builder/spi-builder-workspace/.derivedData/Build/Intermediates.noindex/SwiftUseCase.build/Debug-watchos/SwiftUseCase-t.build/DerivedSources-normal/arm64_32 -Xcc -I/Users/admin/builder/spi-builder-workspace/.derivedData/Build/Intermediates.noindex/SwiftUseCase.build/Debug-watchos/SwiftUseCase-t.build/DerivedSources/arm64_32 -Xcc -I/Users/admin/builder/spi-builder-workspace/.derivedData/Build/Intermediates.noindex/SwiftUseCase.build/Debug-watchos/SwiftUseCase-t.build/DerivedSources -Xcc -DSWIFT_PACKAGE -Xcc -DDEBUG\=1 -emit-objc-header -emit-objc-header-path /Users/admin/builder/spi-builder-workspace/.derivedData/Build/Intermediates.noindex/SwiftUseCase.build/Debug-watchos/SwiftUseCase-t.build/Objects-normal/arm64_32/SwiftUseCase-Swift.h -working-directory /Users/admin/builder/spi-builder-workspace/.swiftpm/xcode -experimental-emit-module-separately -disable-cmo
Ld /Users/admin/builder/spi-builder-workspace/.derivedData/Build/Intermediates.noindex/SwiftUseCase.build/Debug-watchos/SwiftUseCase-t.build/Objects-normal/arm64_32/Binary/SwiftUseCase.o normal arm64_32 (in target 'SwiftUseCase' from project 'SwiftUseCase')
    cd /Users/admin/builder/spi-builder-workspace/.dependencies/checkouts/SwiftUseCase
    /Applications/Xcode-27.0.0-Release.Candidate.app/Contents/Developer/Toolchains/XcodeDefault.xctoolchain/usr/bin/clang -Xlinker -reproducible -target arm64_32-apple-watchos9.0 -r -isysroot /Applications/Xcode-27.0.0-Release.Candidate.app/Contents/Developer/Platforms/WatchOS.platform/Developer/SDKs/WatchOS27.0.sdk -O0 -w -Xlinker -no_warn_duplicate_libraries -F/Users/admin/builder/spi-builder-workspace/.derivedData/Build/Intermediates.noindex/EagerLinkingTBDs/Debug-watchos -F/Users/admin/builder/spi-builder-workspace/.derivedData/Build/Products/Debug-watchos/PackageFrameworks -F/Users/admin/builder/spi-builder-workspace/.derivedData/Build/Products/Debug-watchos -iframework /Applications/Xcode-27.0.0-Release.Candidate.app/Contents/Developer/Platforms/WatchOS.platform/Developer/Library/Frameworks -iframework /Applications/Xcode-27.0.0-Release.Candidate.app/Contents/Developer/Platforms/WatchOS.platform/Developer/SDKs/WatchOS27.0.sdk/Developer/Library/Frameworks -filelist /Users/admin/builder/spi-builder-workspace/.derivedData/Build/Intermediates.noindex/SwiftUseCase.build/Debug-watchos/SwiftUseCase-t.build/Objects-normal/arm64_32/SwiftUseCase.LinkFileList -nostdlib -Xlinker -object_path_lto -Xlinker /Users/admin/builder/spi-builder-workspace/.derivedData/Build/Intermediates.noindex/SwiftUseCase.build/Debug-watchos/SwiftUseCase-t.build/Objects-normal/arm64_32/SwiftUseCase_lto.o -Xlinker -no_deduplicate -Xlinker -debug_variant -Xlinker -dependency_info -Xlinker /Users/admin/builder/spi-builder-workspace/.derivedData/Build/Intermediates.noindex/SwiftUseCase.build/Debug-watchos/SwiftUseCase-t.build/Objects-normal/arm64_32/SwiftUseCase_dependency_info.dat -fobjc-link-runtime -L/Applications/Xcode-27.0.0-Release.Candidate.app/Contents/Developer/Toolchains/XcodeDefault.xctoolchain/usr/lib/swift/watchos -L/usr/lib/swift -Xlinker -add_ast_path -Xlinker /Users/admin/builder/spi-builder-workspace/.derivedData/Build/Intermediates.noindex/SwiftUseCase.build/Debug-watchos/SwiftUseCase-t.build/Objects-normal/arm64_32/SwiftUseCase.swiftmodule -o /Users/admin/builder/spi-builder-workspace/.derivedData/Build/Intermediates.noindex/SwiftUseCase.build/Debug-watchos/SwiftUseCase-t.build/Objects-normal/arm64_32/Binary/SwiftUseCase.o
SwiftDriverJobDiscovery normal arm64 Compiling AsyncUsecaseable.swift, CombineUseCase.swift (in target 'SwiftUseCase' from project 'SwiftUseCase')
SwiftDriver\ Compilation SwiftUseCase normal arm64 com.apple.xcode.tools.swift.compiler (in target 'SwiftUseCase' from project 'SwiftUseCase')
    cd /Users/admin/builder/spi-builder-workspace/.swiftpm/xcode
    builtin-Swift-Compilation -- /Applications/Xcode-27.0.0-Release.Candidate.app/Contents/Developer/Toolchains/XcodeDefault.xctoolchain/usr/bin/swiftc -parse-as-library -module-name SwiftUseCase -Onone @/Users/admin/builder/spi-builder-workspace/.derivedData/Build/Intermediates.noindex/SwiftUseCase.build/Debug-watchos/SwiftUseCase-t.build/Objects-normal/arm64/SwiftUseCase.SwiftFileList -DSWIFT_PACKAGE -DDEBUG -DSWIFT_MODULE_RESOURCE_BUNDLE_UNAVAILABLE -DXcode -plugin-path /Applications/Xcode-27.0.0-Release.Candidate.app/Contents/Developer/Toolchains/XcodeDefault.xctoolchain/usr/lib/swift/host/plugins/testing -enable-experimental-feature DebugDescriptionMacro -sdk /Applications/Xcode-27.0.0-Release.Candidate.app/Contents/Developer/Platforms/WatchOS.platform/Developer/SDKs/WatchOS27.0.sdk -target arm64-apple-watchos9.0 -g -module-cache-path /Users/admin/builder/spi-builder-workspace/.derivedData/ModuleCache.noindex -Xfrontend -serialize-debugging-options -profile-coverage-mapping -profile-generate -enable-testing -suppress-warnings -index-store-path /Users/admin/builder/spi-builder-workspace/.derivedData/Index.noindex/DataStore -Xcc -D_LIBCPP_HARDENING_MODE\=_LIBCPP_HARDENING_MODE_DEBUG -swift-version 5 -I /Users/admin/builder/spi-builder-workspace/.derivedData/Build/Products/Debug-watchos -Isystem /Applications/Xcode-27.0.0-Release.Candidate.app/Contents/Developer/Platforms/WatchOS.platform/Developer/usr/lib -F /Users/admin/builder/spi-builder-workspace/.derivedData/Build/Products/Debug-watchos/PackageFrameworks -F /Users/admin/builder/spi-builder-workspace/.derivedData/Build/Products/Debug-watchos -F /Applications/Xcode-27.0.0-Release.Candidate.app/Contents/Developer/Platforms/WatchOS.platform/Developer/Library/Frameworks -F /Applications/Xcode-27.0.0-Release.Candidate.app/Contents/Developer/Platforms/WatchOS.platform/Developer/SDKs/WatchOS27.0.sdk/Developer/Library/Frameworks -Xfrontend -load-plugin-executable -Xfrontend /Users/admin/builder/spi-builder-workspace/.derivedData/Build/Products/Debug/SwiftUseCaseMacros\#SwiftUseCaseMacros -c -j10 -enable-batch-mode -incremental -Xcc -ivfsstatcache -Xcc /Users/admin/builder/spi-builder-workspace/.derivedData/SDKStatCaches.noindex/watchos27.0-24R360-e829b21a6f8c9b70876ba0858053c04477534ef55a1706bf4c1112bbb242f0a2.sdkstatcache -output-file-map /Users/admin/builder/spi-builder-workspace/.derivedData/Build/Intermediates.noindex/SwiftUseCase.build/Debug-watchos/SwiftUseCase-t.build/Objects-normal/arm64/SwiftUseCase-OutputFileMap.json -save-temps -no-color-diagnostics -explicit-module-build -module-cache-path /Users/admin/builder/spi-builder-workspace/.derivedData/Build/Intermediates.noindex/SwiftExplicitPrecompiledModules -clang-scanner-module-cache-path /Users/admin/builder/spi-builder-workspace/.derivedData/ModuleCache.noindex -sdk-module-cache-path /Users/admin/builder/spi-builder-workspace/.derivedData/SDKExplicitPrecompiledModules -emit-dependencies -emit-module -emit-module-path /Users/admin/builder/spi-builder-workspace/.derivedData/Build/Intermediates.noindex/SwiftUseCase.build/Debug-watchos/SwiftUseCase-t.build/Objects-normal/arm64/SwiftUseCase.swiftmodule -serialize-diagnostics -dependency-scan-serialize-diagnostics-path /Users/admin/builder/spi-builder-workspace/.derivedData/Build/Intermediates.noindex/SwiftUseCase.build/Debug-watchos/SwiftUseCase-t.build/Objects-normal/arm64/SwiftUseCase-dependency-scan.dia -validate-clang-modules-once -clang-build-session-file /Users/admin/builder/spi-builder-workspace/.derivedData/ModuleCache.noindex/Session.modulevalidation -Xcc -fmodules-prune-interval\=86400 -Xcc -fmodules-prune-after\=345600 -package-name swiftusecase -emit-const-values -const-gather-protocols-list /Users/admin/builder/spi-builder-workspace/.derivedData/Build/Intermediates.noindex/SwiftUseCase.build/Debug-watchos/SwiftUseCase-t.build/Objects-normal/arm64/SwiftUseCase_const_extract_protocols.json -Xcc -I/Users/admin/builder/spi-builder-workspace/.derivedData/Build/Products/Debug-watchos/include -Xcc -I/Users/admin/builder/spi-builder-workspace/.derivedData/Build/Intermediates.noindex/SwiftUseCase.build/Debug-watchos/SwiftUseCase-t.build/DerivedSources-normal/arm64 -Xcc -I/Users/admin/builder/spi-builder-workspace/.derivedData/Build/Intermediates.noindex/SwiftUseCase.build/Debug-watchos/SwiftUseCase-t.build/DerivedSources/arm64 -Xcc -I/Users/admin/builder/spi-builder-workspace/.derivedData/Build/Intermediates.noindex/SwiftUseCase.build/Debug-watchos/SwiftUseCase-t.build/DerivedSources -Xcc -DSWIFT_PACKAGE -Xcc -DDEBUG\=1 -emit-objc-header -emit-objc-header-path /Users/admin/builder/spi-builder-workspace/.derivedData/Build/Intermediates.noindex/SwiftUseCase.build/Debug-watchos/SwiftUseCase-t.build/Objects-normal/arm64/SwiftUseCase-Swift.h -working-directory /Users/admin/builder/spi-builder-workspace/.swiftpm/xcode -experimental-emit-module-separately -disable-cmo
Ld /Users/admin/builder/spi-builder-workspace/.derivedData/Build/Intermediates.noindex/SwiftUseCase.build/Debug-watchos/SwiftUseCase-t.build/Objects-normal/arm64/Binary/SwiftUseCase.o normal arm64 (in target 'SwiftUseCase' from project 'SwiftUseCase')
    cd /Users/admin/builder/spi-builder-workspace/.dependencies/checkouts/SwiftUseCase
    /Applications/Xcode-27.0.0-Release.Candidate.app/Contents/Developer/Toolchains/XcodeDefault.xctoolchain/usr/bin/clang -Xlinker -reproducible -target arm64-apple-watchos9.0 -r -isysroot /Applications/Xcode-27.0.0-Release.Candidate.app/Contents/Developer/Platforms/WatchOS.platform/Developer/SDKs/WatchOS27.0.sdk -O0 -w -Xlinker -no_warn_duplicate_libraries -F/Users/admin/builder/spi-builder-workspace/.derivedData/Build/Intermediates.noindex/EagerLinkingTBDs/Debug-watchos -F/Users/admin/builder/spi-builder-workspace/.derivedData/Build/Products/Debug-watchos/PackageFrameworks -F/Users/admin/builder/spi-builder-workspace/.derivedData/Build/Products/Debug-watchos -iframework /Applications/Xcode-27.0.0-Release.Candidate.app/Contents/Developer/Platforms/WatchOS.platform/Developer/Library/Frameworks -iframework /Applications/Xcode-27.0.0-Release.Candidate.app/Contents/Developer/Platforms/WatchOS.platform/Developer/SDKs/WatchOS27.0.sdk/Developer/Library/Frameworks -filelist /Users/admin/builder/spi-builder-workspace/.derivedData/Build/Intermediates.noindex/SwiftUseCase.build/Debug-watchos/SwiftUseCase-t.build/Objects-normal/arm64/SwiftUseCase.LinkFileList -nostdlib -Xlinker -object_path_lto -Xlinker /Users/admin/builder/spi-builder-workspace/.derivedData/Build/Intermediates.noindex/SwiftUseCase.build/Debug-watchos/SwiftUseCase-t.build/Objects-normal/arm64/SwiftUseCase_lto.o -Xlinker -no_deduplicate -Xlinker -debug_variant -Xlinker -dependency_info -Xlinker /Users/admin/builder/spi-builder-workspace/.derivedData/Build/Intermediates.noindex/SwiftUseCase.build/Debug-watchos/SwiftUseCase-t.build/Objects-normal/arm64/SwiftUseCase_dependency_info.dat -fobjc-link-runtime -L/Applications/Xcode-27.0.0-Release.Candidate.app/Contents/Developer/Toolchains/XcodeDefault.xctoolchain/usr/lib/swift/watchos -L/usr/lib/swift -Xlinker -add_ast_path -Xlinker /Users/admin/builder/spi-builder-workspace/.derivedData/Build/Intermediates.noindex/SwiftUseCase.build/Debug-watchos/SwiftUseCase-t.build/Objects-normal/arm64/SwiftUseCase.swiftmodule -o /Users/admin/builder/spi-builder-workspace/.derivedData/Build/Intermediates.noindex/SwiftUseCase.build/Debug-watchos/SwiftUseCase-t.build/Objects-normal/arm64/Binary/SwiftUseCase.o
CreateUniversalBinary /Users/admin/builder/spi-builder-workspace/.derivedData/Build/Products/Debug-watchos/SwiftUseCase.o normal arm64\ arm64_32 (in target 'SwiftUseCase' from project 'SwiftUseCase')
    cd /Users/admin/builder/spi-builder-workspace/.dependencies/checkouts/SwiftUseCase
    /Applications/Xcode-27.0.0-Release.Candidate.app/Contents/Developer/Toolchains/XcodeDefault.xctoolchain/usr/bin/lipo -create /Users/admin/builder/spi-builder-workspace/.derivedData/Build/Intermediates.noindex/SwiftUseCase.build/Debug-watchos/SwiftUseCase-t.build/Objects-normal/arm64/Binary/SwiftUseCase.o /Users/admin/builder/spi-builder-workspace/.derivedData/Build/Intermediates.noindex/SwiftUseCase.build/Debug-watchos/SwiftUseCase-t.build/Objects-normal/arm64_32/Binary/SwiftUseCase.o -output /Users/admin/builder/spi-builder-workspace/.derivedData/Build/Products/Debug-watchos/SwiftUseCase.o
ExtractAppIntentsMetadata (in target 'SwiftUseCase' from project 'SwiftUseCase')
    cd /Users/admin/builder/spi-builder-workspace/.dependencies/checkouts/SwiftUseCase
    /Applications/Xcode-27.0.0-Release.Candidate.app/Contents/Developer/Toolchains/XcodeDefault.xctoolchain/usr/bin/appintentsmetadataprocessor --toolchain-dir /var/run/com.apple.security.cryptexd/mnt/com.apple.MobileAsset.MetalToolchain-v27.1.266.1.f6lXNA/Metal.xctoolchain --module-name SwiftUseCase --sdk-root /Applications/Xcode-27.0.0-Release.Candidate.app/Contents/Developer/Platforms/WatchOS.platform/Developer/SDKs/WatchOS27.0.sdk --xcode-version 27A266a --platform-family watchOS --deployment-target 9.0 --bundle-identifier swiftusecase.SwiftUseCase --output /Users/admin/builder/spi-builder-workspace/.derivedData/Build/Products/Debug-watchos/SwiftUseCase.appintents --target-triple arm64-apple-watchos9.0 --target-triple arm64_32-apple-watchos9.0 --binary-file /Users/admin/builder/spi-builder-workspace/.derivedData/Build/Products/Debug-watchos/SwiftUseCase.o --dependency-file /Users/admin/builder/spi-builder-workspace/.derivedData/Build/Intermediates.noindex/SwiftUseCase.build/Debug-watchos/SwiftUseCase-t.build/Objects-normal/arm64/SwiftUseCase_dependency_info.dat --dependency-file /Users/admin/builder/spi-builder-workspace/.derivedData/Build/Intermediates.noindex/SwiftUseCase.build/Debug-watchos/SwiftUseCase-t.build/Objects-normal/arm64_32/SwiftUseCase_dependency_info.dat --stringsdata-file /Users/admin/builder/spi-builder-workspace/.derivedData/Build/Intermediates.noindex/SwiftUseCase.build/Debug-watchos/SwiftUseCase-t.build/Objects-normal/arm64/ExtractedAppShortcutsMetadata.stringsdata --stringsdata-file /Users/admin/builder/spi-builder-workspace/.derivedData/Build/Intermediates.noindex/SwiftUseCase.build/Debug-watchos/SwiftUseCase-t.build/Objects-normal/arm64_32/ExtractedAppShortcutsMetadata.stringsdata --source-file-list /Users/admin/builder/spi-builder-workspace/.derivedData/Build/Intermediates.noindex/SwiftUseCase.build/Debug-watchos/SwiftUseCase-t.build/Objects-normal/arm64/SwiftUseCase.SwiftFileList --source-file-list /Users/admin/builder/spi-builder-workspace/.derivedData/Build/Intermediates.noindex/SwiftUseCase.build/Debug-watchos/SwiftUseCase-t.build/Objects-normal/arm64_32/SwiftUseCase.SwiftFileList --metadata-file-list /Users/admin/builder/spi-builder-workspace/.derivedData/Build/Intermediates.noindex/SwiftUseCase.build/Debug-watchos/SwiftUseCase-t.build/SwiftUseCase.DependencyMetadataFileList --static-metadata-file-list /Users/admin/builder/spi-builder-workspace/.derivedData/Build/Intermediates.noindex/SwiftUseCase.build/Debug-watchos/SwiftUseCase-t.build/SwiftUseCase.DependencyStaticMetadataFileList --swift-const-vals-list /Users/admin/builder/spi-builder-workspace/.derivedData/Build/Intermediates.noindex/SwiftUseCase.build/Debug-watchos/SwiftUseCase-t.build/Objects-normal/arm64/SwiftUseCase.SwiftConstValuesFileList --swift-const-vals-list /Users/admin/builder/spi-builder-workspace/.derivedData/Build/Intermediates.noindex/SwiftUseCase.build/Debug-watchos/SwiftUseCase-t.build/Objects-normal/arm64_32/SwiftUseCase.SwiftConstValuesFileList --force --compile-time-extraction --deployment-aware-processing --no-app-shortcuts-localization
2026-09-18 18:09:29.781 appintentsmetadataprocessor[1383:8135] Starting appintentsmetadataprocessor export
2026-09-18 18:09:29.845 appintentsmetadataprocessor[1383:8135] Extracted no relevant App Intents symbols, skipping writing output
SwiftExplicitDependencyGeneratePcm arm64 /Users/admin/builder/spi-builder-workspace/.derivedData/SDKExplicitPrecompiledModules/UserNotifications-ARAH8MEQ0C2L0FBO39HITJMAO.pcm
SwiftExplicitDependencyGeneratePcm arm64 /Users/admin/builder/spi-builder-workspace/.derivedData/SDKExplicitPrecompiledModules/OSLog-B7VGO357Y3GJG35TST7DKDSI3.pcm
SwiftExplicitDependencyGeneratePcm arm64 /Users/admin/builder/spi-builder-workspace/.derivedData/SDKExplicitPrecompiledModules/_LocationEssentials-5ZZDGDXB6HLQUC72SJW7YJ7MK.pcm
SwiftExplicitDependencyGeneratePcm arm64 /Users/admin/builder/spi-builder-workspace/.derivedData/SDKExplicitPrecompiledModules/_Builtin_tgmath-8NQ96OZ0YHXEC24JI95P01UF8.pcm
SwiftExplicitDependencyGeneratePcm arm64 /Users/admin/builder/spi-builder-workspace/.derivedData/SDKExplicitPrecompiledModules/CoreTransferable-9PPG3SLJ55T4LITIFYX2M0NOZ.pcm
SwiftExplicitDependencyGeneratePcm arm64 /Users/admin/builder/spi-builder-workspace/.derivedData/SDKExplicitPrecompiledModules/DataDetection-7BNVI1SZW5ISQL5SX4WL2X7I5.pcm
SwiftExplicitDependencyGeneratePcm arm64 /Users/admin/builder/spi-builder-workspace/.derivedData/SDKExplicitPrecompiledModules/UIUtilities-IR7RNW23VAUKYI9MLCS9NL9A.pcm
SwiftExplicitDependencyGeneratePcm arm64 /Users/admin/builder/spi-builder-workspace/.derivedData/SDKExplicitPrecompiledModules/DeveloperToolsSupport-E7CNISCB36UE8XQ9IOHK9XDX1.pcm
SwiftExplicitDependencyGeneratePcm arm64 /Users/admin/builder/spi-builder-workspace/.derivedData/SDKExplicitPrecompiledModules/UniformTypeIdentifiers-8L08Q8DQJV8C4AW84YVGFGTRN.pcm
SwiftExplicitDependencyGeneratePcm arm64 /Users/admin/builder/spi-builder-workspace/.derivedData/SDKExplicitPrecompiledModules/Symbols-3EFABTJ9L5PQDJ7RQCYQWEJMM.pcm
SwiftExplicitDependencyGeneratePcm arm64_32 /Users/admin/builder/spi-builder-workspace/.derivedData/SDKExplicitPrecompiledModules/UIUtilities-9YFVNIMRC5HRVOIARNWHP1E3H.pcm
SwiftExplicitDependencyGeneratePcm arm64_32 /Users/admin/builder/spi-builder-workspace/.derivedData/SDKExplicitPrecompiledModules/Symbols-1H97WMG76HU94F5VGJR19PXFY.pcm
SwiftExplicitDependencyGeneratePcm arm64_32 /Users/admin/builder/spi-builder-workspace/.derivedData/SDKExplicitPrecompiledModules/CoreAudioTypes-9GVB1DHA32M46R4A9NWSI3I2K.pcm
SwiftExplicitDependencyGeneratePcm arm64_32 /Users/admin/builder/spi-builder-workspace/.derivedData/SDKExplicitPrecompiledModules/CoreGraphics-9FDXYX6BKBUT6TJ2VF819E7T5.pcm
SwiftExplicitDependencyGeneratePcm arm64 /Users/admin/builder/spi-builder-workspace/.derivedData/SDKExplicitPrecompiledModules/CoreLocation-ACKJ9K7ABI14F97Y46Y6SRR17.pcm
SwiftExplicitDependencyGeneratePcm arm64_32 /Users/admin/builder/spi-builder-workspace/.derivedData/SDKExplicitPrecompiledModules/_LocationEssentials-AQ1OL9QKC3LQLY5CNSRM1HB53.pcm
SwiftExplicitDependencyGeneratePcm arm64_32 /Users/admin/builder/spi-builder-workspace/.derivedData/SDKExplicitPrecompiledModules/CoreTransferable-5D4IR6X37682FPHJ5CBPTKQV6.pcm
SwiftExplicitDependencyGeneratePcm arm64_32 /Users/admin/builder/spi-builder-workspace/.derivedData/SDKExplicitPrecompiledModules/OSLog-D9AVFY0KWO7RVBIQ73CBIJVCN.pcm
SwiftExplicitDependencyGeneratePcm arm64_32 /Users/admin/builder/spi-builder-workspace/.derivedData/SDKExplicitPrecompiledModules/CoreData-7AU1AFQWUH88EAPDKVMLJPKVD.pcm
SwiftExplicitDependencyGeneratePcm arm64_32 /Users/admin/builder/spi-builder-workspace/.derivedData/SDKExplicitPrecompiledModules/UserNotifications-6TBN8TEAKO014N1T2QD926XED.pcm
SwiftExplicitDependencyGeneratePcm arm64_32 /Users/admin/builder/spi-builder-workspace/.derivedData/SDKExplicitPrecompiledModules/DeveloperToolsSupport-DZU5G1OCMNWU0AQRULIFHUJ1Z.pcm
SwiftExplicitDependencyGeneratePcm arm64 /Users/admin/builder/spi-builder-workspace/.derivedData/SDKExplicitPrecompiledModules/_Builtin_intrinsics-75960HIPCIYA06IUW8FIIPQT.pcm
SwiftExplicitDependencyGeneratePcm arm64_32 /Users/admin/builder/spi-builder-workspace/.derivedData/SDKExplicitPrecompiledModules/_Builtin_tgmath-23PGCKURCQILXMK0MYZRYDCOU.pcm
SwiftExplicitDependencyGeneratePcm arm64_32 /Users/admin/builder/spi-builder-workspace/.derivedData/SDKExplicitPrecompiledModules/CoreAudio-5W6MX6OUPWBMUR8VD5LHT1PZF.pcm
SwiftExplicitDependencyGeneratePcm arm64 /Users/admin/builder/spi-builder-workspace/.derivedData/SDKExplicitPrecompiledModules/CoreData-9JFJC4UET8BAO5IPV2JU6W9V8.pcm
SwiftExplicitDependencyGeneratePcm arm64_32 /Users/admin/builder/spi-builder-workspace/.derivedData/SDKExplicitPrecompiledModules/CoreLocation-8XU5YMYM4P11RQMYCQAG65ITK.pcm
SwiftExplicitDependencyGeneratePcm arm64_32 /Users/admin/builder/spi-builder-workspace/.derivedData/SDKExplicitPrecompiledModules/DataDetection-U9BF7WHFVA6BZGFXXXP272PS.pcm
SwiftExplicitDependencyGeneratePcm arm64 /Users/admin/builder/spi-builder-workspace/.derivedData/SDKExplicitPrecompiledModules/CoreAudioTypes-A9MF7N5LT63G21HNFVM6BT14B.pcm
SwiftExplicitDependencyGeneratePcm arm64 /Users/admin/builder/spi-builder-workspace/.derivedData/SDKExplicitPrecompiledModules/CoreMotion-6RD5K48QT1F4L9CATNFD2O7YB.pcm
SwiftExplicitDependencyGeneratePcm arm64 /Users/admin/builder/spi-builder-workspace/.derivedData/SDKExplicitPrecompiledModules/CoreGraphics-DWNZ73GEH98SBJXZ7DEXB420K.pcm
SwiftExplicitDependencyGeneratePcm arm64_32 /Users/admin/builder/spi-builder-workspace/.derivedData/SDKExplicitPrecompiledModules/_Builtin_intrinsics-196IIAKDQVU42DLOZP9OQCV76.pcm
SwiftExplicitDependencyGeneratePcm arm64_32 /Users/admin/builder/spi-builder-workspace/.derivedData/SDKExplicitPrecompiledModules/UniformTypeIdentifiers-CJZ3NTHPSBH4XWX5EVOG56UZS.pcm
SwiftExplicitDependencyGeneratePcm arm64_32 /Users/admin/builder/spi-builder-workspace/.derivedData/SDKExplicitPrecompiledModules/CoreText-C9X2REPZN2V5BSU4G80FCETDR.pcm
SwiftExplicitDependencyGeneratePcm arm64_32 /Users/admin/builder/spi-builder-workspace/.derivedData/SDKExplicitPrecompiledModules/CoreVideo-2P8HI0403J99LBDPKNFJ5D4DL.pcm
SwiftExplicitDependencyGeneratePcm arm64_32 /Users/admin/builder/spi-builder-workspace/.derivedData/SDKExplicitPrecompiledModules/Accessibility-F385OMZ5GYBUY5O4QAJB4NRII.pcm
SwiftExplicitDependencyGeneratePcm arm64 /Users/admin/builder/spi-builder-workspace/.derivedData/SDKExplicitPrecompiledModules/CoreAudio-1B79RJJTP71GE6UY9WLESAN3C.pcm
SwiftExplicitDependencyGeneratePcm arm64_32 /Users/admin/builder/spi-builder-workspace/.derivedData/SDKExplicitPrecompiledModules/CoreMotion-1XGTVTE5PP32UHME8AC63TL6.pcm
SwiftExplicitDependencyGeneratePcm arm64 /Users/admin/builder/spi-builder-workspace/.derivedData/SDKExplicitPrecompiledModules/CoreVideo-8MRR5MNWUOAW2DBPGUQ8FKK4.pcm
SwiftExplicitDependencyGeneratePcm arm64 /Users/admin/builder/spi-builder-workspace/.derivedData/SDKExplicitPrecompiledModules/CoreText-970YJN6NIYGK1316L35Z0O8QT.pcm
SwiftExplicitDependencyGeneratePcm arm64 /Users/admin/builder/spi-builder-workspace/.derivedData/SDKExplicitPrecompiledModules/Accessibility-27QMG6ZQ1NKYTNBYFPM1XKNFC.pcm
SwiftExplicitDependencyGeneratePcm arm64_32 /Users/admin/builder/spi-builder-workspace/.derivedData/SDKExplicitPrecompiledModules/CoreMedia-AO387T8CHWTTZODD1DGT0UAFA.pcm
SwiftExplicitDependencyGeneratePcm arm64_32 /Users/admin/builder/spi-builder-workspace/.derivedData/SDKExplicitPrecompiledModules/QuartzCore-6375NPYACK5NYVHPMC1QQ8MC2.pcm
SwiftExplicitDependencyGeneratePcm arm64 /Users/admin/builder/spi-builder-workspace/.derivedData/SDKExplicitPrecompiledModules/simd-EH08NODU6574T74ZKU61VP9BW.pcm
SwiftExplicitDependencyGeneratePcm arm64 /Users/admin/builder/spi-builder-workspace/.derivedData/SDKExplicitPrecompiledModules/CoreMedia-1AJVCUZNAO74KIKMFVFUUHWDI.pcm
SwiftExplicitDependencyGeneratePcm arm64 /Users/admin/builder/spi-builder-workspace/.derivedData/SDKExplicitPrecompiledModules/QuartzCore-94KFMWNOU7ZLUZNB4T5DLZC9D.pcm
SwiftExplicitDependencyGeneratePcm arm64_32 /Users/admin/builder/spi-builder-workspace/.derivedData/SDKExplicitPrecompiledModules/SwiftUICore-3Q7WLRD8MR9R3NGIPUBQCP6F6.pcm
SwiftExplicitDependencyGeneratePcm arm64_32 /Users/admin/builder/spi-builder-workspace/.derivedData/SDKExplicitPrecompiledModules/UIKit-6PPV7YPZ89CZPHYAP072QH8B6.pcm
SwiftExplicitDependencyGeneratePcm arm64_32 /Users/admin/builder/spi-builder-workspace/.derivedData/SDKExplicitPrecompiledModules/simd-21UNWYOBUZI1LVSQ99S1XBLMO.pcm
SwiftExplicitDependencyGeneratePcm arm64 /Users/admin/builder/spi-builder-workspace/.derivedData/SDKExplicitPrecompiledModules/SwiftUICore-C1DST1IX2Z0PTH5SJJZ1IULRB.pcm
SwiftExplicitDependencyGeneratePcm arm64 /Users/admin/builder/spi-builder-workspace/.derivedData/SDKExplicitPrecompiledModules/UIKit-27R3P1YMV4C6JLDT661G3MRIA.pcm
SwiftExplicitDependencyGeneratePcm arm64 /Users/admin/builder/spi-builder-workspace/.derivedData/SDKExplicitPrecompiledModules/SceneKit-5HZKIL7XETTTD8TOHYPN8JKRJ.pcm
SwiftExplicitDependencyGeneratePcm arm64 /Users/admin/builder/spi-builder-workspace/.derivedData/SDKExplicitPrecompiledModules/Spatial-44FJGYXFAT2AQAW9Z6T7YS02U.pcm
SwiftExplicitDependencyGeneratePcm arm64_32 /Users/admin/builder/spi-builder-workspace/.derivedData/SDKExplicitPrecompiledModules/SceneKit-DKNLHKM5FJBQ79LSNMSSMBUBR.pcm
SwiftExplicitDependencyGeneratePcm arm64_32 /Users/admin/builder/spi-builder-workspace/.derivedData/SDKExplicitPrecompiledModules/Spatial-CWVWNML3T0NXVHZDKVLD3X1YZ.pcm
SwiftExplicitDependencyGeneratePcm arm64_32 /Users/admin/builder/spi-builder-workspace/.derivedData/SDKExplicitPrecompiledModules/MapKit-CWGB4YMP1VX1NYQN5FULFD5DR.pcm
SwiftExplicitDependencyGeneratePcm arm64_32 /Users/admin/builder/spi-builder-workspace/.derivedData/SDKExplicitPrecompiledModules/HomeKit-DUDZOMSN3UK8GNTNBNMPIWJRN.pcm
SwiftExplicitDependencyGeneratePcm arm64 /Users/admin/builder/spi-builder-workspace/.derivedData/SDKExplicitPrecompiledModules/MapKit-EJJWC7IL56MPLQMI93GJRE5OG.pcm
SwiftExplicitDependencyGeneratePcm arm64 /Users/admin/builder/spi-builder-workspace/.derivedData/SDKExplicitPrecompiledModules/HomeKit-DTS1N4AWILAL1URZ5IOXV5221.pcm
SwiftExplicitDependencyGeneratePcm arm64_32 /Users/admin/builder/spi-builder-workspace/.derivedData/SDKExplicitPrecompiledModules/WatchKit-FHF6WTKLC2APGK3LA2XJ6516.pcm
SwiftExplicitDependencyGeneratePcm arm64 /Users/admin/builder/spi-builder-workspace/.derivedData/SDKExplicitPrecompiledModules/WatchKit-3VT3K8YON6FJ6OWSUFJMFMP8J.pcm
SwiftExplicitDependencyGeneratePcm arm64_32 /Users/admin/builder/spi-builder-workspace/.derivedData/SDKExplicitPrecompiledModules/SwiftUI-9AYG9OCT5VOJK7V4MX1WYR86T.pcm
SwiftCompile normal arm64_32 Compiling\ IntentReducer.swift,\ ReactionReducer.swift,\ OptionalReducibleState.swift /Users/admin/builder/spi-builder-workspace/Sources/Reducers/IntentReducer.swift /Users/admin/builder/spi-builder-workspace/Sources/Reducers/ReactionReducer.swift /Users/admin/builder/spi-builder-workspace/Sources/Reducibles/OptionalReducibleState.swift (in target 'SwiftMVI' from project 'SwiftMVI')
SwiftCompile normal arm64_32 /Users/admin/builder/spi-builder-workspace/Sources/Reducers/IntentReducer.swift (in target 'SwiftMVI' from project 'SwiftMVI')
    cd /Users/admin/builder/spi-builder-workspace/.swiftpm/xcode
    builtin-SwiftPerFileCompile IntentReducer.swift
SwiftCompile normal arm64_32 /Users/admin/builder/spi-builder-workspace/Sources/Reducers/ReactionReducer.swift (in target 'SwiftMVI' from project 'SwiftMVI')
    cd /Users/admin/builder/spi-builder-workspace/.swiftpm/xcode
    builtin-SwiftPerFileCompile ReactionReducer.swift
SwiftCompile normal arm64_32 /Users/admin/builder/spi-builder-workspace/Sources/Reducibles/OptionalReducibleState.swift (in target 'SwiftMVI' from project 'SwiftMVI')
    cd /Users/admin/builder/spi-builder-workspace/.swiftpm/xcode
    builtin-SwiftPerFileCompile OptionalReducibleState.swift
SwiftCompile normal arm64_32 Compiling\ FeatureView.swift,\ PublishedPathView.swift,\ StateReducerView.swift /Users/admin/builder/spi-builder-workspace/Sources/Views/FeatureView.swift /Users/admin/builder/spi-builder-workspace/Sources/Views/PublishedPathView.swift /Users/admin/builder/spi-builder-workspace/Sources/Views/StateReducerView.swift (in target 'SwiftMVI' from project 'SwiftMVI')
SwiftCompile normal arm64_32 /Users/admin/builder/spi-builder-workspace/Sources/Views/FeatureView.swift (in target 'SwiftMVI' from project 'SwiftMVI')
    cd /Users/admin/builder/spi-builder-workspace/.swiftpm/xcode
    builtin-SwiftPerFileCompile FeatureView.swift
SwiftCompile normal arm64_32 /Users/admin/builder/spi-builder-workspace/Sources/Views/PublishedPathView.swift (in target 'SwiftMVI' from project 'SwiftMVI')
    cd /Users/admin/builder/spi-builder-workspace/.swiftpm/xcode
    builtin-SwiftPerFileCompile PublishedPathView.swift
SwiftCompile normal arm64_32 /Users/admin/builder/spi-builder-workspace/Sources/Views/StateReducerView.swift (in target 'SwiftMVI' from project 'SwiftMVI')
    cd /Users/admin/builder/spi-builder-workspace/.swiftpm/xcode
    builtin-SwiftPerFileCompile StateReducerView.swift
SwiftCompile normal arm64_32 Compiling\ AsyncActionReducer.swift,\ AsyncEffectReducer.swift,\ AsyncIntentReducer.swift /Users/admin/builder/spi-builder-workspace/Sources/Reducers/AsyncActionReducer.swift /Users/admin/builder/spi-builder-workspace/Sources/Reducers/AsyncEffectReducer.swift /Users/admin/builder/spi-builder-workspace/Sources/Reducers/AsyncIntentReducer.swift (in target 'SwiftMVI' from project 'SwiftMVI')
SwiftCompile normal arm64_32 /Users/admin/builder/spi-builder-workspace/Sources/Reducers/AsyncActionReducer.swift (in target 'SwiftMVI' from project 'SwiftMVI')
    cd /Users/admin/builder/spi-builder-workspace/.swiftpm/xcode
    builtin-SwiftPerFileCompile AsyncActionReducer.swift
SwiftCompile normal arm64_32 /Users/admin/builder/spi-builder-workspace/Sources/Reducers/AsyncEffectReducer.swift (in target 'SwiftMVI' from project 'SwiftMVI')
    cd /Users/admin/builder/spi-builder-workspace/.swiftpm/xcode
    builtin-SwiftPerFileCompile AsyncEffectReducer.swift
SwiftCompile normal arm64_32 /Users/admin/builder/spi-builder-workspace/Sources/Reducers/AsyncIntentReducer.swift (in target 'SwiftMVI' from project 'SwiftMVI')
    cd /Users/admin/builder/spi-builder-workspace/.swiftpm/xcode
    builtin-SwiftPerFileCompile AsyncIntentReducer.swift
SwiftCompile normal arm64_32 Compiling\ ValueFeature+ViewLifecycle.swift,\ ValueFeature.swift,\ ActionReducer.swift /Users/admin/builder/spi-builder-workspace/Sources/Modules/ValueFeature+ViewLifecycle.swift /Users/admin/builder/spi-builder-workspace/Sources/Modules/ValueFeature.swift /Users/admin/builder/spi-builder-workspace/Sources/Reducers/ActionReducer.swift (in target 'SwiftMVI' from project 'SwiftMVI')
SwiftCompile normal arm64_32 /Users/admin/builder/spi-builder-workspace/Sources/Modules/ValueFeature+ViewLifecycle.swift (in target 'SwiftMVI' from project 'SwiftMVI')
    cd /Users/admin/builder/spi-builder-workspace/.swiftpm/xcode
    builtin-SwiftPerFileCompile ValueFeature+ViewLifecycle.swift
SwiftCompile normal arm64_32 /Users/admin/builder/spi-builder-workspace/Sources/Modules/ValueFeature.swift (in target 'SwiftMVI' from project 'SwiftMVI')
    cd /Users/admin/builder/spi-builder-workspace/.swiftpm/xcode
    builtin-SwiftPerFileCompile ValueFeature.swift
SwiftCompile normal arm64_32 /Users/admin/builder/spi-builder-workspace/Sources/Reducers/ActionReducer.swift (in target 'SwiftMVI' from project 'SwiftMVI')
    cd /Users/admin/builder/spi-builder-workspace/.swiftpm/xcode
    builtin-SwiftPerFileCompile ActionReducer.swift
SwiftCompile normal arm64_32 Compiling\ AsyncReactionReducer.swift,\ EffectReducer.swift,\ EventReducer.swift /Users/admin/builder/spi-builder-workspace/Sources/Reducers/AsyncReactionReducer.swift /Users/admin/builder/spi-builder-workspace/Sources/Reducers/EffectReducer.swift /Users/admin/builder/spi-builder-workspace/Sources/Reducers/EventReducer.swift (in target 'SwiftMVI' from project 'SwiftMVI')
SwiftCompile normal arm64_32 /Users/admin/builder/spi-builder-workspace/Sources/Reducers/AsyncReactionReducer.swift (in target 'SwiftMVI' from project 'SwiftMVI')
    cd /Users/admin/builder/spi-builder-workspace/.swiftpm/xcode
    builtin-SwiftPerFileCompile AsyncReactionReducer.swift
SwiftCompile normal arm64_32 /Users/admin/builder/spi-builder-workspace/Sources/Reducers/EffectReducer.swift (in target 'SwiftMVI' from project 'SwiftMVI')
    cd /Users/admin/builder/spi-builder-workspace/.swiftpm/xcode
    builtin-SwiftPerFileCompile EffectReducer.swift
SwiftCompile normal arm64_32 /Users/admin/builder/spi-builder-workspace/Sources/Reducers/EventReducer.swift (in target 'SwiftMVI' from project 'SwiftMVI')
    cd /Users/admin/builder/spi-builder-workspace/.swiftpm/xcode
    builtin-SwiftPerFileCompile EventReducer.swift
SwiftCompile normal arm64_32 Compiling\ ReducibleState.swift,\ Network.swift,\ NetworkDataTask.swift /Users/admin/builder/spi-builder-workspace/Sources/Reducibles/ReducibleState.swift /Users/admin/builder/spi-builder-workspace/Sources/Use\ Cases/Network.swift /Users/admin/builder/spi-builder-workspace/Sources/Use\ Cases/Network/NetworkDataTask.swift (in target 'SwiftMVI' from project 'SwiftMVI')
SwiftCompile normal arm64_32 /Users/admin/builder/spi-builder-workspace/Sources/Reducibles/ReducibleState.swift (in target 'SwiftMVI' from project 'SwiftMVI')
    cd /Users/admin/builder/spi-builder-workspace/.swiftpm/xcode
    builtin-SwiftPerFileCompile ReducibleState.swift
SwiftCompile normal arm64_32 /Users/admin/builder/spi-builder-workspace/Sources/Use\ Cases/Network.swift (in target 'SwiftMVI' from project 'SwiftMVI')
    cd /Users/admin/builder/spi-builder-workspace/.swiftpm/xcode
    builtin-SwiftPerFileCompile Network.swift
SwiftCompile normal arm64_32 /Users/admin/builder/spi-builder-workspace/Sources/Use\ Cases/Network/NetworkDataTask.swift (in target 'SwiftMVI' from project 'SwiftMVI')
    cd /Users/admin/builder/spi-builder-workspace/.swiftpm/xcode
    builtin-SwiftPerFileCompile NetworkDataTask.swift
SwiftCompile normal arm64_32 Compiling\ Alert+EventReducer.swift,\ Alert+StateReducer.swift,\ EventReducerView.swift /Users/admin/builder/spi-builder-workspace/Sources/Views/Alert+EventReducer.swift /Users/admin/builder/spi-builder-workspace/Sources/Views/Alert+StateReducer.swift /Users/admin/builder/spi-builder-workspace/Sources/Views/EventReducerView.swift (in target 'SwiftMVI' from project 'SwiftMVI')
SwiftCompile normal arm64_32 /Users/admin/builder/spi-builder-workspace/Sources/Views/Alert+EventReducer.swift (in target 'SwiftMVI' from project 'SwiftMVI')
    cd /Users/admin/builder/spi-builder-workspace/.swiftpm/xcode
    builtin-SwiftPerFileCompile Alert+EventReducer.swift
SwiftCompile normal arm64_32 /Users/admin/builder/spi-builder-workspace/Sources/Views/Alert+StateReducer.swift (in target 'SwiftMVI' from project 'SwiftMVI')
    cd /Users/admin/builder/spi-builder-workspace/.swiftpm/xcode
    builtin-SwiftPerFileCompile Alert+StateReducer.swift
SwiftCompile normal arm64_32 /Users/admin/builder/spi-builder-workspace/Sources/Views/EventReducerView.swift (in target 'SwiftMVI' from project 'SwiftMVI')
    cd /Users/admin/builder/spi-builder-workspace/.swiftpm/xcode
    builtin-SwiftPerFileCompile EventReducerView.swift
SwiftEmitModule normal arm64_32 Emitting\ module\ for\ SwiftMVI (in target 'SwiftMVI' from project 'SwiftMVI')
/Users/admin/builder/spi-builder-workspace/Sources/Core/Processing+UseCase.swift:15:17: error: cannot find type 'SyncUseCase' in scope
 13 |     ///   - usecase: An executable UseCase
 14 |     /// - Returns: Result of the executed usecase
 15 |     func run<U: SyncUseCase>(_ usecase: U) -> U.Result where U.Parameter == Void {
    |                 `- error: cannot find type 'SyncUseCase' in scope
 16 |         return run(usecase, ())
 17 |     }
/Users/admin/builder/spi-builder-workspace/Sources/Core/Processing+UseCase.swift:15:49: error: 'Result' is not a member type of type 'U'
 13 |     ///   - usecase: An executable UseCase
 14 |     /// - Returns: Result of the executed usecase
 15 |     func run<U: SyncUseCase>(_ usecase: U) -> U.Result where U.Parameter == Void {
    |                                                 `- error: 'Result' is not a member type of type 'U'
 16 |         return run(usecase, ())
 17 |     }
/Users/admin/builder/spi-builder-workspace/Sources/Core/Processing+UseCase.swift:15:64: error: 'Parameter' is not a member type of type 'U'
 13 |     ///   - usecase: An executable UseCase
 14 |     /// - Returns: Result of the executed usecase
 15 |     func run<U: SyncUseCase>(_ usecase: U) -> U.Result where U.Parameter == Void {
    |                                                                `- error: 'Parameter' is not a member type of type 'U'
 16 |         return run(usecase, ())
 17 |     }
/Users/admin/builder/spi-builder-workspace/Sources/Core/Processing+UseCase.swift:24:17: error: cannot find type 'SyncUseCase' in scope
 22 |     ///   - usecase: An executable UseCase
 23 |     /// - Returns: Result of the executed usecase
 24 |     func run<U: SyncUseCase>(_ usecase: U, _ parameters: U.Parameter) -> U.Result {
    |                 `- error: cannot find type 'SyncUseCase' in scope
 25 |         usecase(parameters)
 26 |     }
/Users/admin/builder/spi-builder-workspace/Sources/Core/Processing+UseCase.swift:24:76: error: 'Result' is not a member type of type 'U'
 22 |     ///   - usecase: An executable UseCase
 23 |     /// - Returns: Result of the executed usecase
 24 |     func run<U: SyncUseCase>(_ usecase: U, _ parameters: U.Parameter) -> U.Result {
    |                                                                            `- error: 'Result' is not a member type of type 'U'
 25 |         usecase(parameters)
 26 |     }
/Users/admin/builder/spi-builder-workspace/Sources/Core/Processing+UseCase.swift:24:60: error: 'Parameter' is not a member type of type 'U'
 22 |     ///   - usecase: An executable UseCase
 23 |     /// - Returns: Result of the executed usecase
 24 |     func run<U: SyncUseCase>(_ usecase: U, _ parameters: U.Parameter) -> U.Result {
    |                                                            `- error: 'Parameter' is not a member type of type 'U'
 25 |         usecase(parameters)
 26 |     }
/Users/admin/builder/spi-builder-workspace/Sources/Core/Processing+UseCase.swift:35:17: error: cannot find type 'SyncThrowingUseCase' in scope
 33 |     ///   - usecase: An executable UseCase
 34 |     /// - Returns: Result of the executed usecase
 35 |     func run<U: SyncThrowingUseCase>(_ usecase: U) throws -> U.Result where U.Parameter == Void {
    |                 `- error: cannot find type 'SyncThrowingUseCase' in scope
 36 |         return try run(usecase, ())
 37 |     }
/Users/admin/builder/spi-builder-workspace/Sources/Core/Processing+UseCase.swift:35:64: error: 'Result' is not a member type of type 'U'
 33 |     ///   - usecase: An executable UseCase
 34 |     /// - Returns: Result of the executed usecase
 35 |     func run<U: SyncThrowingUseCase>(_ usecase: U) throws -> U.Result where U.Parameter == Void {
    |                                                                `- error: 'Result' is not a member type of type 'U'
 36 |         return try run(usecase, ())
 37 |     }
/Users/admin/builder/spi-builder-workspace/Sources/Core/Processing+UseCase.swift:35:79: error: 'Parameter' is not a member type of type 'U'
 33 |     ///   - usecase: An executable UseCase
 34 |     /// - Returns: Result of the executed usecase
 35 |     func run<U: SyncThrowingUseCase>(_ usecase: U) throws -> U.Result where U.Parameter == Void {
    |                                                                               `- error: 'Parameter' is not a member type of type 'U'
 36 |         return try run(usecase, ())
 37 |     }
/Users/admin/builder/spi-builder-workspace/Sources/Core/Processing+UseCase.swift:44:17: error: cannot find type 'SyncThrowingUseCase' in scope
 42 |     ///   - usecase: An executable UseCase
 43 |     /// - Returns: Result of the executed usecase
 44 |     func run<U: SyncThrowingUseCase>(_ usecase: U, _ parameters: U.Parameter) throws -> U.Result {
    |                 `- error: cannot find type 'SyncThrowingUseCase' in scope
 45 |         try usecase(parameters)
 46 |     }
/Users/admin/builder/spi-builder-workspace/Sources/Core/Processing+UseCase.swift:44:91: error: 'Result' is not a member type of type 'U'
 42 |     ///   - usecase: An executable UseCase
 43 |     /// - Returns: Result of the executed usecase
 44 |     func run<U: SyncThrowingUseCase>(_ usecase: U, _ parameters: U.Parameter) throws -> U.Result {
    |                                                                                           `- error: 'Result' is not a member type of type 'U'
 45 |         try usecase(parameters)
 46 |     }
/Users/admin/builder/spi-builder-workspace/Sources/Core/Processing+UseCase.swift:44:68: error: 'Parameter' is not a member type of type 'U'
 42 |     ///   - usecase: An executable UseCase
 43 |     /// - Returns: Result of the executed usecase
 44 |     func run<U: SyncThrowingUseCase>(_ usecase: U, _ parameters: U.Parameter) throws -> U.Result {
    |                                                                    `- error: 'Parameter' is not a member type of type 'U'
 45 |         try usecase(parameters)
 46 |     }
Failed frontend command:
/Applications/Xcode-27.0.0-Release.Candidate.app/Contents/Developer/Toolchains/XcodeDefault.xctoolchain/usr/bin/swift-frontend -frontend -emit-module -experimental-skip-non-inlinable-function-bodies-without-types /Users/admin/builder/spi-builder-workspace/Sources/Core/AnyPath.swift /Users/admin/builder/spi-builder-workspace/Sources/Core/Binding.swift /Users/admin/builder/spi-builder-workspace/Sources/Core/FeatureModule.swift /Users/admin/builder/spi-builder-workspace/Sources/Core/Modulable.swift /Users/admin/builder/spi-builder-workspace/Sources/Core/Observer.swift /Users/admin/builder/spi-builder-workspace/Sources/Core/Processing+UseCase.swift /Users/admin/builder/spi-builder-workspace/Sources/Core/Processing.swift /Users/admin/builder/spi-builder-workspace/Sources/Core/Property.swift /Users/admin/builder/spi-builder-workspace/Sources/Core/Transformer.swift /Users/admin/builder/spi-builder-workspace/Sources/Core/ValuePublisher.swift /Users/admin/builder/spi-builder-workspace/Sources/Modules/ListFeature.swift /Users/admin/builder/spi-builder-workspace/Sources/Modules/OptionalValueFeature.swift /Users/admin/builder/spi-builder-workspace/Sources/Modules/ValueFeature+ViewLifecycle.swift /Users/admin/builder/spi-builder-workspace/Sources/Modules/ValueFeature.swift /Users/admin/builder/spi-builder-workspace/Sources/Reducers/ActionReducer.swift /Users/admin/builder/spi-builder-workspace/Sources/Reducers/AsyncActionReducer.swift /Users/admin/builder/spi-builder-workspace/Sources/Reducers/AsyncEffectReducer.swift /Users/admin/builder/spi-builder-workspace/Sources/Reducers/AsyncIntentReducer.swift /Users/admin/builder/spi-builder-workspace/Sources/Reducers/AsyncReactionReducer.swift /Users/admin/builder/spi-builder-workspace/Sources/Reducers/EffectReducer.swift /Users/admin/builder/spi-builder-workspace/Sources/Reducers/EventReducer.swift /Users/admin/builder/spi-builder-workspace/Sources/Reducers/IntentReducer.swift /Users/admin/builder/spi-builder-workspace/Sources/Reducers/ReactionReducer.swift /Users/admin/builder/spi-builder-workspace/Sources/Reducibles/OptionalReducibleState.swift /Users/admin/builder/spi-builder-workspace/Sources/Reducibles/ReducibleState.swift /Users/admin/builder/spi-builder-workspace/Sources/Use\ Cases/Network.swift /Users/admin/builder/spi-builder-workspace/Sources/Use\ Cases/Network/NetworkDataTask.swift /Users/admin/builder/spi-builder-workspace/Sources/Views/Alert+EventReducer.swift /Users/admin/builder/spi-builder-workspace/Sources/Views/Alert+StateReducer.swift /Users/admin/builder/spi-builder-workspace/Sources/Views/EventReducerView.swift /Users/admin/builder/spi-builder-workspace/Sources/Views/FeatureView.swift /Users/admin/builder/spi-builder-workspace/Sources/Views/PublishedPathView.swift /Users/admin/builder/spi-builder-workspace/Sources/Views/StateReducerView.swift -target arm64_32-apple-watchos9.0 -disable-cross-import-overlay-search -load-resolved-plugin /Applications/Xcode-27.0.0-Release.Candidate.app/Contents/Developer/Platforms/WatchOS.platform/Developer/usr/lib/swift/host/plugins/libFoundationMacros.dylib\#/Applications/Xcode-27.0.0-Release.Candidate.app/Contents/Developer/Platforms/WatchOS.platform/Developer/usr/bin/swift-plugin-server\#FoundationMacros -load-resolved-plugin /Applications/Xcode-27.0.0-Release.Candidate.app/Contents/Developer/Platforms/WatchOS.platform/Developer/usr/lib/swift/host/plugins/libObservationMacros.dylib\#/Applications/Xcode-27.0.0-Release.Candidate.app/Contents/Developer/Platforms/WatchOS.platform/Developer/usr/bin/swift-plugin-server\#ObservationMacros -load-resolved-plugin /Applications/Xcode-27.0.0-Release.Candidate.app/Contents/Developer/Platforms/WatchOS.platform/Developer/usr/lib/swift/host/plugins/libPreviewsMacros.dylib\#/Applications/Xcode-27.0.0-Release.Candidate.app/Contents/Developer/Platforms/WatchOS.platform/Developer/usr/bin/swift-plugin-server\#PreviewsMacros -load-resolved-plugin /Applications/Xcode-27.0.0-Release.Candidate.app/Contents/Developer/Platforms/WatchOS.platform/Developer/usr/lib/swift/host/plugins/libSwiftMacros.dylib\#/Applications/Xcode-27.0.0-Release.Candidate.app/Contents/Developer/Platforms/WatchOS.platform/Developer/usr/bin/swift-plugin-server\#SwiftMacros -load-resolved-plugin /Applications/Xcode-27.0.0-Release.Candidate.app/Contents/Developer/Platforms/WatchOS.platform/Developer/usr/lib/swift/host/plugins/libSwiftUIMacros.dylib\#/Applications/Xcode-27.0.0-Release.Candidate.app/Contents/Developer/Platforms/WatchOS.platform/Developer/usr/bin/swift-plugin-server\#SwiftUIMacros -disable-implicit-swift-modules -Xcc -fno-implicit-modules -Xcc -fno-implicit-module-maps -explicit-swift-module-map-file /Users/admin/builder/spi-builder-workspace/.derivedData/Build/Intermediates.noindex/SwiftMVI.build/Debug-watchos/SwiftMVI-t.build/Objects-normal/arm64_32/SwiftMVI-dependencies-2.json -enable-objc-interop -sdk /Applications/Xcode-27.0.0-Release.Candidate.app/Contents/Developer/Platforms/WatchOS.platform/Developer/SDKs/WatchOS27.0.sdk -I /Users/admin/builder/spi-builder-workspace/.derivedData/Build/Products/Debug-watchos -Isystem /Applications/Xcode-27.0.0-Release.Candidate.app/Contents/Developer/Platforms/WatchOS.platform/Developer/usr/lib -F /Users/admin/builder/spi-builder-workspace/.derivedData/Build/Products/Debug-watchos/PackageFrameworks -F /Users/admin/builder/spi-builder-workspace/.derivedData/Build/Products/Debug-watchos -F /Applications/Xcode-27.0.0-Release.Candidate.app/Contents/Developer/Platforms/WatchOS.platform/Developer/Library/Frameworks -F /Applications/Xcode-27.0.0-Release.Candidate.app/Contents/Developer/Platforms/WatchOS.platform/Developer/SDKs/WatchOS27.0.sdk/Developer/Library/Frameworks -module-cache-path /Users/admin/builder/spi-builder-workspace/.derivedData/Build/Intermediates.noindex/SwiftExplicitPrecompiledModules -no-color-diagnostics -Xcc -fno-color-diagnostics -enable-testing -g -debug-info-format\=dwarf -dwarf-version\=4 -profile-generate -profile-coverage-mapping -swift-version 5 -Onone -D SWIFT_PACKAGE -D DEBUG -D SWIFT_MODULE_RESOURCE_BUNDLE_UNAVAILABLE -D Xcode -serialize-debugging-options -load-plugin-executable /Users/admin/builder/spi-builder-workspace/.derivedData/Build/Products/Debug/SwiftUseCaseMacros\#SwiftUseCaseMacros -enable-experimental-feature DebugDescriptionMacro -empty-abi-descriptor -validate-clang-modules-once -clang-build-session-file /Users/admin/builder/spi-builder-workspace/.derivedData/ModuleCache.noindex/Session.modulevalidation -Xcc -working-directory -Xcc /Users/admin/builder/spi-builder-workspace/.swiftpm/xcode -enable-anonymous-context-mangled-names -file-compilation-dir /Users/admin/builder/spi-builder-workspace/.swiftpm/xcode -Xcc -D_LIBCPP_HARDENING_MODE\=_LIBCPP_HARDENING_MODE_DEBUG -Xcc -ivfsstatcache -Xcc /Users/admin/builder/spi-builder-workspace/.derivedData/SDKStatCaches.noindex/watchos27.0-24R360-e829b21a6f8c9b70876ba0858053c04477534ef55a1706bf4c1112bbb242f0a2.sdkstatcache -Xcc -fmodules-prune-interval\=86400 -Xcc -fmodules-prune-after\=345600 -Xcc -I/Users/admin/builder/spi-builder-workspace/.derivedData/Build/Products/Debug-watchos/include -Xcc -I/Users/admin/builder/spi-builder-workspace/.derivedData/Build/Intermediates.noindex/SwiftMVI.build/Debug-watchos/SwiftMVI-t.build/DerivedSources-normal/arm64_32 -Xcc -I/Users/admin/builder/spi-builder-workspace/.derivedData/Build/Intermediates.noindex/SwiftMVI.build/Debug-watchos/SwiftMVI-t.build/DerivedSources/arm64_32 -Xcc -I/Users/admin/builder/spi-builder-workspace/.derivedData/Build/Intermediates.noindex/SwiftMVI.build/Debug-watchos/SwiftMVI-t.build/DerivedSources -Xcc -DSWIFT_PACKAGE -Xcc -DDEBUG\=1 -no-auto-bridging-header-chaining -module-name SwiftMVI -const-gather-protocols-file /Users/admin/builder/spi-builder-workspace/.derivedData/Build/Intermediates.noindex/SwiftMVI.build/Debug-watchos/SwiftMVI-t.build/Objects-normal/arm64_32/SwiftMVI_const_extract_protocols.json -disable-clang-spi -clang-target arm64_32-apple-watchos27.0 -target-sdk-version 27.0 -target-sdk-name watchos27.0 -in-process-plugin-server-path /Applications/Xcode-27.0.0-Release.Candidate.app/Contents/Developer/Toolchains/XcodeDefault.xctoolchain/usr/lib/swift/host/libSwiftInProcPluginServer.dylib -emit-module-doc-path /Users/admin/builder/spi-builder-workspace/.derivedData/Build/Intermediates.noindex/SwiftMVI.build/Debug-watchos/SwiftMVI-t.build/Objects-normal/arm64_32/SwiftMVI.swiftdoc -emit-module-source-info-path /Users/admin/builder/spi-builder-workspace/.derivedData/Build/Intermediates.noindex/SwiftMVI.build/Debug-watchos/SwiftMVI-t.build/Objects-normal/arm64_32/SwiftMVI.swiftsourceinfo -emit-objc-header-path /Users/admin/builder/spi-builder-workspace/.derivedData/Build/Intermediates.noindex/SwiftMVI.build/Debug-watchos/SwiftMVI-t.build/Objects-normal/arm64_32/SwiftMVI-Swift.h -serialize-diagnostics-path /Users/admin/builder/spi-builder-workspace/.derivedData/Build/Intermediates.noindex/SwiftMVI.build/Debug-watchos/SwiftMVI-t.build/Objects-normal/arm64_32/SwiftMVI-primary-emit-module.dia -emit-dependencies-path /Users/admin/builder/spi-builder-workspace/.derivedData/Build/Intermediates.noindex/SwiftMVI.build/Debug-watchos/SwiftMVI-t.build/Objects-normal/arm64_32/SwiftMVI-primary-emit-module.d -parse-as-library -o /Users/admin/builder/spi-builder-workspace/.derivedData/Build/Intermediates.noindex/SwiftMVI.build/Debug-watchos/SwiftMVI-t.build/Objects-normal/arm64_32/SwiftMVI.swiftmodule -emit-abi-descriptor-path /Users/admin/builder/spi-builder-workspace/.derivedData/Build/Intermediates.noindex/SwiftMVI.build/Debug-watchos/SwiftMVI-t.build/Objects-normal/arm64_32/SwiftMVI.abi.json
SwiftCompile normal arm64_32 (in target 'SwiftMVI' from project 'SwiftMVI')
    cd /Users/admin/builder/spi-builder-workspace/.swiftpm/xcode

SwiftCompile normal arm64_32 Compiling\ AnyPath.swift,\ Binding.swift,\ FeatureModule.swift,\ Modulable.swift /Users/admin/builder/spi-builder-workspace/Sources/Core/AnyPath.swift /Users/admin/builder/spi-builder-workspace/Sources/Core/Binding.swift /Users/admin/builder/spi-builder-workspace/Sources/Core/FeatureModule.swift /Users/admin/builder/spi-builder-workspace/Sources/Core/Modulable.swift (in target 'SwiftMVI' from project 'SwiftMVI')
SwiftCompile normal arm64_32 /Users/admin/builder/spi-builder-workspace/Sources/Core/AnyPath.swift (in target 'SwiftMVI' from project 'SwiftMVI')
    cd /Users/admin/builder/spi-builder-workspace/.swiftpm/xcode
    builtin-SwiftPerFileCompile AnyPath.swift
SwiftCompile normal arm64_32 /Users/admin/builder/spi-builder-workspace/Sources/Core/Binding.swift (in target 'SwiftMVI' from project 'SwiftMVI')
    cd /Users/admin/builder/spi-builder-workspace/.swiftpm/xcode
    builtin-SwiftPerFileCompile Binding.swift
SwiftCompile normal arm64_32 /Users/admin/builder/spi-builder-workspace/Sources/Core/FeatureModule.swift (in target 'SwiftMVI' from project 'SwiftMVI')
    cd /Users/admin/builder/spi-builder-workspace/.swiftpm/xcode
    builtin-SwiftPerFileCompile FeatureModule.swift
SwiftCompile normal arm64_32 /Users/admin/builder/spi-builder-workspace/Sources/Core/Modulable.swift (in target 'SwiftMVI' from project 'SwiftMVI')
    cd /Users/admin/builder/spi-builder-workspace/.swiftpm/xcode
    builtin-SwiftPerFileCompile Modulable.swift
SwiftCompile normal arm64_32 Compiling\ Observer.swift,\ Processing+UseCase.swift,\ Processing.swift,\ Property.swift /Users/admin/builder/spi-builder-workspace/Sources/Core/Observer.swift /Users/admin/builder/spi-builder-workspace/Sources/Core/Processing+UseCase.swift /Users/admin/builder/spi-builder-workspace/Sources/Core/Processing.swift /Users/admin/builder/spi-builder-workspace/Sources/Core/Property.swift (in target 'SwiftMVI' from project 'SwiftMVI')
/Users/admin/builder/spi-builder-workspace/Sources/Core/Processing+UseCase.swift:15:17: error: cannot find type 'SyncUseCase' in scope
 13 |     ///   - usecase: An executable UseCase
 14 |     /// - Returns: Result of the executed usecase
 15 |     func run<U: SyncUseCase>(_ usecase: U) -> U.Result where U.Parameter == Void {
    |                 `- error: cannot find type 'SyncUseCase' in scope
 16 |         return run(usecase, ())
 17 |     }
/Users/admin/builder/spi-builder-workspace/Sources/Core/Processing+UseCase.swift:15:49: error: 'Result' is not a member type of type 'U'
 13 |     ///   - usecase: An executable UseCase
 14 |     /// - Returns: Result of the executed usecase
 15 |     func run<U: SyncUseCase>(_ usecase: U) -> U.Result where U.Parameter == Void {
    |                                                 `- error: 'Result' is not a member type of type 'U'
 16 |         return run(usecase, ())
 17 |     }
/Users/admin/builder/spi-builder-workspace/Sources/Core/Processing+UseCase.swift:15:64: error: 'Parameter' is not a member type of type 'U'
 13 |     ///   - usecase: An executable UseCase
 14 |     /// - Returns: Result of the executed usecase
 15 |     func run<U: SyncUseCase>(_ usecase: U) -> U.Result where U.Parameter == Void {
    |                                                                `- error: 'Parameter' is not a member type of type 'U'
 16 |         return run(usecase, ())
 17 |     }
/Users/admin/builder/spi-builder-workspace/Sources/Core/Processing+UseCase.swift:24:17: error: cannot find type 'SyncUseCase' in scope
 22 |     ///   - usecase: An executable UseCase
 23 |     /// - Returns: Result of the executed usecase
 24 |     func run<U: SyncUseCase>(_ usecase: U, _ parameters: U.Parameter) -> U.Result {
    |                 `- error: cannot find type 'SyncUseCase' in scope
 25 |         usecase(parameters)
 26 |     }
/Users/admin/builder/spi-builder-workspace/Sources/Core/Processing+UseCase.swift:24:76: error: 'Result' is not a member type of type 'U'
 22 |     ///   - usecase: An executable UseCase
 23 |     /// - Returns: Result of the executed usecase
 24 |     func run<U: SyncUseCase>(_ usecase: U, _ parameters: U.Parameter) -> U.Result {
    |                                                                            `- error: 'Result' is not a member type of type 'U'
 25 |         usecase(parameters)
 26 |     }
/Users/admin/builder/spi-builder-workspace/Sources/Core/Processing+UseCase.swift:24:60: error: 'Parameter' is not a member type of type 'U'
 22 |     ///   - usecase: An executable UseCase
 23 |     /// - Returns: Result of the executed usecase
 24 |     func run<U: SyncUseCase>(_ usecase: U, _ parameters: U.Parameter) -> U.Result {
    |                                                            `- error: 'Parameter' is not a member type of type 'U'
 25 |         usecase(parameters)
 26 |     }
/Users/admin/builder/spi-builder-workspace/Sources/Core/Processing+UseCase.swift:35:17: error: cannot find type 'SyncThrowingUseCase' in scope
 33 |     ///   - usecase: An executable UseCase
 34 |     /// - Returns: Result of the executed usecase
 35 |     func run<U: SyncThrowingUseCase>(_ usecase: U) throws -> U.Result where U.Parameter == Void {
    |                 `- error: cannot find type 'SyncThrowingUseCase' in scope
 36 |         return try run(usecase, ())
 37 |     }
/Users/admin/builder/spi-builder-workspace/Sources/Core/Processing+UseCase.swift:35:64: error: 'Result' is not a member type of type 'U'
 33 |     ///   - usecase: An executable UseCase
 34 |     /// - Returns: Result of the executed usecase
 35 |     func run<U: SyncThrowingUseCase>(_ usecase: U) throws -> U.Result where U.Parameter == Void {
    |                                                                `- error: 'Result' is not a member type of type 'U'
 36 |         return try run(usecase, ())
 37 |     }
/Users/admin/builder/spi-builder-workspace/Sources/Core/Processing+UseCase.swift:35:79: error: 'Parameter' is not a member type of type 'U'
 33 |     ///   - usecase: An executable UseCase
 34 |     /// - Returns: Result of the executed usecase
 35 |     func run<U: SyncThrowingUseCase>(_ usecase: U) throws -> U.Result where U.Parameter == Void {
    |                                                                               `- error: 'Parameter' is not a member type of type 'U'
 36 |         return try run(usecase, ())
 37 |     }
/Users/admin/builder/spi-builder-workspace/Sources/Core/Processing+UseCase.swift:44:17: error: cannot find type 'SyncThrowingUseCase' in scope
 42 |     ///   - usecase: An executable UseCase
 43 |     /// - Returns: Result of the executed usecase
 44 |     func run<U: SyncThrowingUseCase>(_ usecase: U, _ parameters: U.Parameter) throws -> U.Result {
    |                 `- error: cannot find type 'SyncThrowingUseCase' in scope
 45 |         try usecase(parameters)
 46 |     }
/Users/admin/builder/spi-builder-workspace/Sources/Core/Processing+UseCase.swift:44:91: error: 'Result' is not a member type of type 'U'
 42 |     ///   - usecase: An executable UseCase
 43 |     /// - Returns: Result of the executed usecase
 44 |     func run<U: SyncThrowingUseCase>(_ usecase: U, _ parameters: U.Parameter) throws -> U.Result {
    |                                                                                           `- error: 'Result' is not a member type of type 'U'
 45 |         try usecase(parameters)
 46 |     }
/Users/admin/builder/spi-builder-workspace/Sources/Core/Processing+UseCase.swift:44:68: error: 'Parameter' is not a member type of type 'U'
 42 |     ///   - usecase: An executable UseCase
 43 |     /// - Returns: Result of the executed usecase
 44 |     func run<U: SyncThrowingUseCase>(_ usecase: U, _ parameters: U.Parameter) throws -> U.Result {
    |                                                                    `- error: 'Parameter' is not a member type of type 'U'
 45 |         try usecase(parameters)
 46 |     }
/Users/admin/builder/spi-builder-workspace/Sources/Core/Processing+UseCase.swift:16:16: error: no exact matches in call to instance method 'run'
 14 |     /// - Returns: Result of the executed usecase
 15 |     func run<U: SyncUseCase>(_ usecase: U) -> U.Result where U.Parameter == Void {
 16 |         return run(usecase, ())
    |                `- error: no exact matches in call to instance method 'run'
 17 |     }
 18 |
    :
 63 |     ///   - parameters: Execution parameter for the UseCase
 64 |     /// - Returns: Result of the executed usecase
 65 |     func run<U: AsyncUseCase>(_ usecase: U, _ parameters: U.Parameter) async -> U.Result {
    |          `- note: candidate requires that 'U' conform to 'AsyncUseCase' (requirement specified as 'U' : 'AsyncUseCase')
 66 |         await usecase(parameters)
 67 |     }
    :
 84 |     ///   - parameters: Execution parameter for the UseCase
 85 |     /// - Returns: Result of the executed usecase
 86 |     func run<U: AsyncThrowingUseCase>(_ usecase: U, _ parameters: U.Parameter) async throws -> U.Result {
    |          `- note: candidate requires that 'U' conform to 'AsyncThrowingUseCase' (requirement specified as 'U' : 'AsyncThrowingUseCase')
 87 |         try await usecase(parameters)
 88 |     }
/Users/admin/builder/spi-builder-workspace/Sources/Core/Processing+UseCase.swift:25:9: error: cannot call value of non-function type 'U'
 23 |     /// - Returns: Result of the executed usecase
 24 |     func run<U: SyncUseCase>(_ usecase: U, _ parameters: U.Parameter) -> U.Result {
 25 |         usecase(parameters)
    |         `- error: cannot call value of non-function type 'U'
 26 |     }
 27 | }
/Users/admin/builder/spi-builder-workspace/Sources/Core/Processing+UseCase.swift:36:20: error: no exact matches in call to instance method 'run'
 34 |     /// - Returns: Result of the executed usecase
 35 |     func run<U: SyncThrowingUseCase>(_ usecase: U) throws -> U.Result where U.Parameter == Void {
 36 |         return try run(usecase, ())
    |                    `- error: no exact matches in call to instance method 'run'
 37 |     }
 38 |
    :
 63 |     ///   - parameters: Execution parameter for the UseCase
 64 |     /// - Returns: Result of the executed usecase
 65 |     func run<U: AsyncUseCase>(_ usecase: U, _ parameters: U.Parameter) async -> U.Result {
    |          `- note: candidate requires that 'U' conform to 'AsyncUseCase' (requirement specified as 'U' : 'AsyncUseCase')
 66 |         await usecase(parameters)
 67 |     }
    :
 84 |     ///   - parameters: Execution parameter for the UseCase
 85 |     /// - Returns: Result of the executed usecase
 86 |     func run<U: AsyncThrowingUseCase>(_ usecase: U, _ parameters: U.Parameter) async throws -> U.Result {
    |          `- note: candidate requires that 'U' conform to 'AsyncThrowingUseCase' (requirement specified as 'U' : 'AsyncThrowingUseCase')
 87 |         try await usecase(parameters)
 88 |     }
SwiftCompile normal arm64_32 /Users/admin/builder/spi-builder-workspace/Sources/Core/Observer.swift (in target 'SwiftMVI' from project 'SwiftMVI')
    cd /Users/admin/builder/spi-builder-workspace/.swiftpm/xcode
    builtin-SwiftPerFileCompile Observer.swift
SwiftCompile normal arm64_32 /Users/admin/builder/spi-builder-workspace/Sources/Core/Processing+UseCase.swift (in target 'SwiftMVI' from project 'SwiftMVI')
    cd /Users/admin/builder/spi-builder-workspace/.swiftpm/xcode
    builtin-SwiftPerFileCompile Processing+UseCase.swift
SwiftCompile normal arm64_32 /Users/admin/builder/spi-builder-workspace/Sources/Core/Processing.swift (in target 'SwiftMVI' from project 'SwiftMVI')
    cd /Users/admin/builder/spi-builder-workspace/.swiftpm/xcode
    builtin-SwiftPerFileCompile Processing.swift
SwiftCompile normal arm64_32 /Users/admin/builder/spi-builder-workspace/Sources/Core/Property.swift (in target 'SwiftMVI' from project 'SwiftMVI')
    cd /Users/admin/builder/spi-builder-workspace/.swiftpm/xcode
    builtin-SwiftPerFileCompile Property.swift
SwiftExplicitDependencyGeneratePcm arm64 /Users/admin/builder/spi-builder-workspace/.derivedData/SDKExplicitPrecompiledModules/SwiftUI-APXDH8ULYLM6FD17YRA73TULO.pcm
SwiftDriverJobDiscovery normal arm64_32 Compiling AsyncActionReducer.swift, AsyncEffectReducer.swift, AsyncIntentReducer.swift (in target 'SwiftMVI' from project 'SwiftMVI')
SwiftCompile normal arm64_32 Compiling\ Transformer.swift,\ ValuePublisher.swift,\ ListFeature.swift,\ OptionalValueFeature.swift /Users/admin/builder/spi-builder-workspace/Sources/Core/Transformer.swift /Users/admin/builder/spi-builder-workspace/Sources/Core/ValuePublisher.swift /Users/admin/builder/spi-builder-workspace/Sources/Modules/ListFeature.swift /Users/admin/builder/spi-builder-workspace/Sources/Modules/OptionalValueFeature.swift (in target 'SwiftMVI' from project 'SwiftMVI')
SwiftCompile normal arm64_32 /Users/admin/builder/spi-builder-workspace/Sources/Core/Transformer.swift (in target 'SwiftMVI' from project 'SwiftMVI')
    cd /Users/admin/builder/spi-builder-workspace/.swiftpm/xcode
    builtin-SwiftPerFileCompile Transformer.swift
SwiftCompile normal arm64_32 /Users/admin/builder/spi-builder-workspace/Sources/Core/ValuePublisher.swift (in target 'SwiftMVI' from project 'SwiftMVI')
    cd /Users/admin/builder/spi-builder-workspace/.swiftpm/xcode
    builtin-SwiftPerFileCompile ValuePublisher.swift
SwiftCompile normal arm64_32 /Users/admin/builder/spi-builder-workspace/Sources/Modules/ListFeature.swift (in target 'SwiftMVI' from project 'SwiftMVI')
    cd /Users/admin/builder/spi-builder-workspace/.swiftpm/xcode
    builtin-SwiftPerFileCompile ListFeature.swift
SwiftCompile normal arm64_32 /Users/admin/builder/spi-builder-workspace/Sources/Modules/OptionalValueFeature.swift (in target 'SwiftMVI' from project 'SwiftMVI')
    cd /Users/admin/builder/spi-builder-workspace/.swiftpm/xcode
    builtin-SwiftPerFileCompile OptionalValueFeature.swift
SwiftDriverJobDiscovery normal arm64_32 Compiling AsyncReactionReducer.swift, EffectReducer.swift, EventReducer.swift (in target 'SwiftMVI' from project 'SwiftMVI')
SwiftEmitModule normal arm64 Emitting\ module\ for\ SwiftMVI (in target 'SwiftMVI' from project 'SwiftMVI')
SwiftCompile normal arm64 (in target 'SwiftMVI' from project 'SwiftMVI')
    cd /Users/admin/builder/spi-builder-workspace/.swiftpm/xcode

SwiftCompile normal arm64 Compiling\ FeatureView.swift,\ PublishedPathView.swift,\ StateReducerView.swift /Users/admin/builder/spi-builder-workspace/Sources/Views/FeatureView.swift /Users/admin/builder/spi-builder-workspace/Sources/Views/PublishedPathView.swift /Users/admin/builder/spi-builder-workspace/Sources/Views/StateReducerView.swift (in target 'SwiftMVI' from project 'SwiftMVI')
SwiftCompile normal arm64 /Users/admin/builder/spi-builder-workspace/Sources/Views/FeatureView.swift (in target 'SwiftMVI' from project 'SwiftMVI')
    cd /Users/admin/builder/spi-builder-workspace/.swiftpm/xcode
    builtin-SwiftPerFileCompile FeatureView.swift
SwiftCompile normal arm64 /Users/admin/builder/spi-builder-workspace/Sources/Views/PublishedPathView.swift (in target 'SwiftMVI' from project 'SwiftMVI')
    cd /Users/admin/builder/spi-builder-workspace/.swiftpm/xcode
    builtin-SwiftPerFileCompile PublishedPathView.swift
SwiftCompile normal arm64 /Users/admin/builder/spi-builder-workspace/Sources/Views/StateReducerView.swift (in target 'SwiftMVI' from project 'SwiftMVI')
    cd /Users/admin/builder/spi-builder-workspace/.swiftpm/xcode
    builtin-SwiftPerFileCompile StateReducerView.swift
PruneExplicitPrecompiledModules /Users/admin/builder/spi-builder-workspace/.derivedData/Build/Intermediates.noindex/ExplicitPrecompiledModules
PruneExplicitPrecompiledModules /Users/admin/builder/spi-builder-workspace/.derivedData/SDKExplicitPrecompiledModules
PruneExplicitPrecompiledModules /Users/admin/builder/spi-builder-workspace/.derivedData/Build/Intermediates.noindex/SwiftExplicitPrecompiledModules
2026-09-18 18:09:00.913 xcodebuild[801:4875] [MT] IDERunDestination: Supported platforms for the buildables in the current scheme is empty.
** BUILD FAILED **
The following build commands failed:
	SwiftEmitModule normal arm64_32 Emitting\ module\ for\ SwiftMVI (in target 'SwiftMVI' from project 'SwiftMVI')
	SwiftCompile normal arm64_32 (in target 'SwiftMVI' from project 'SwiftMVI')
	Building workspace SwiftMVI with scheme SwiftMVI
(3 failures)
Command line invocation:
    /Applications/Xcode-27.0.0-Release.Candidate.app/Contents/Developer/usr/bin/xcodebuild -IDEClonedSourcePackagesDirPathOverride=/Users/admin/builder/spi-builder-workspace/.dependencies -resolvePackageDependencies
Resolve Package Graph
Resolved source packages:
  swift-syntax: https://github.com/swiftlang/swift-syntax @ 510.0.0
  SwiftMVI: /Users/admin/builder/spi-builder-workspace
  SwiftUseCase: https://github.com/xtro/SwiftUseCase.git @ 0.5.1
  xctest-dynamic-overlay: https://github.com/pointfreeco/xctest-dynamic-overlay @ 0.9.0
  swift-case-paths: https://github.com/pointfreeco/swift-case-paths.git @ 0.14.1
resolved source packages: swift-syntax, SwiftMVI, SwiftUseCase, xctest-dynamic-overlay, swift-case-paths
2026-09-18 18:09:33.586 xcodebuild[1461:8435] [MT] IDERunDestination: Supported platforms for the buildables in the current scheme is empty.
{
  "dependencies" : [
    {
      "identity" : "swiftusecase",
      "requirement" : {
        "range" : [
          {
            "lower_bound" : "0.0.1",
            "upper_bound" : "1.0.0"
          }
        ]
      },
      "type" : "sourceControl",
      "url" : "https://github.com/xtro/SwiftUseCase.git"
    },
    {
      "identity" : "swift-case-paths",
      "requirement" : {
        "range" : [
          {
            "lower_bound" : "0.4.0",
            "upper_bound" : "1.0.0"
          }
        ]
      },
      "type" : "sourceControl",
      "url" : "https://github.com/pointfreeco/swift-case-paths.git"
    }
  ],
  "manifest_display_name" : "SwiftMVI",
  "name" : "SwiftMVI",
  "path" : "/Users/admin/builder/spi-builder-workspace",
  "platforms" : [
    {
      "name" : "macos",
      "version" : "10.15"
    },
    {
      "name" : "ios",
      "version" : "13.0"
    },
    {
      "name" : "tvos",
      "version" : "13.0"
    },
    {
      "name" : "watchos",
      "version" : "6.0"
    }
  ],
  "products" : [
    {
      "name" : "SwiftMVI",
      "targets" : [
        "SwiftMVI"
      ],
      "type" : {
        "library" : [
          "automatic"
        ]
      }
    }
  ],
  "targets" : [
    {
      "c99name" : "SwiftMVITests",
      "module_type" : "SwiftTarget",
      "name" : "SwiftMVITests",
      "path" : "Tests",
      "sources" : [
        "SwiftMVITests.swift"
      ],
      "target_dependencies" : [
        "SwiftMVI"
      ],
      "type" : "test"
    },
    {
      "c99name" : "SwiftMVI",
      "module_type" : "SwiftTarget",
      "name" : "SwiftMVI",
      "path" : "Sources",
      "product_dependencies" : [
        "SwiftUseCase",
        "CasePaths"
      ],
      "product_memberships" : [
        "SwiftMVI"
      ],
      "sources" : [
        "Core/AnyPath.swift",
        "Core/Binding.swift",
        "Core/FeatureModule.swift",
        "Core/Modulable.swift",
        "Core/Observer.swift",
        "Core/Processing+UseCase.swift",
        "Core/Processing.swift",
        "Core/Property.swift",
        "Core/Transformer.swift",
        "Core/ValuePublisher.swift",
        "Modules/ListFeature.swift",
        "Modules/OptionalValueFeature.swift",
        "Modules/ValueFeature+ViewLifecycle.swift",
        "Modules/ValueFeature.swift",
        "Reducers/ActionReducer.swift",
        "Reducers/AsyncActionReducer.swift",
        "Reducers/AsyncEffectReducer.swift",
        "Reducers/AsyncIntentReducer.swift",
        "Reducers/AsyncReactionReducer.swift",
        "Reducers/EffectReducer.swift",
        "Reducers/EventReducer.swift",
        "Reducers/IntentReducer.swift",
        "Reducers/ReactionReducer.swift",
        "Reducibles/OptionalReducibleState.swift",
        "Reducibles/ReducibleState.swift",
        "Use Cases/Network.swift",
        "Use Cases/Network/NetworkDataTask.swift",
        "Views/Alert+EventReducer.swift",
        "Views/Alert+StateReducer.swift",
        "Views/EventReducerView.swift",
        "Views/FeatureView.swift",
        "Views/PublishedPathView.swift",
        "Views/StateReducerView.swift"
      ],
      "type" : "library"
    }
  ],
  "tools_version" : "5.5"
}
{
  "workspace" : {
    "name" : "SwiftMVI",
    "schemes" : [
      "SwiftMVI"
    ]
  }
}
2026-09-18 18:09:35.123 xcodebuild[1470:8505] [MT] IDERunDestination: Supported platforms for the buildables in the current scheme is empty.
Running build ...
env DEVELOPER_DIR=/Applications/Xcode-27.0.0-Release.Candidate.app xcrun xcodebuild -IDEClonedSourcePackagesDirPathOverride=$PWD/.dependencies -skipMacroValidation -skipPackagePluginValidation -derivedDataPath $PWD/.derivedData build -scheme SwiftMVI -destination generic/platform=watchOS
Command line invocation:
    /Applications/Xcode-27.0.0-Release.Candidate.app/Contents/Developer/usr/bin/xcodebuild -IDEClonedSourcePackagesDirPathOverride=/Users/admin/builder/spi-builder-workspace/.dependencies -skipMacroValidation -skipPackagePluginValidation -derivedDataPath /Users/admin/builder/spi-builder-workspace/.derivedData build -scheme SwiftMVI -destination generic/platform=watchOS
Resolve Package Graph
Resolved source packages:
  swift-case-paths: https://github.com/pointfreeco/swift-case-paths.git @ 0.14.1
  SwiftUseCase: https://github.com/xtro/SwiftUseCase.git @ 0.5.1
  swift-syntax: https://github.com/swiftlang/swift-syntax @ 510.0.0
  xctest-dynamic-overlay: https://github.com/pointfreeco/xctest-dynamic-overlay @ 0.9.0
  SwiftMVI: /Users/admin/builder/spi-builder-workspace
ComputePackagePrebuildTargetDependencyGraph
Prepare packages
CreateBuildRequest
SendProjectDescription
CreateBuildOperation
ComputeTargetDependencyGraph
note: Building targets in dependency order
note: Target dependency graph (26 targets)
    Target 'SwiftMVI-product' in project 'SwiftMVI'
        ➜ Explicit dependency on target 'SwiftMVI' in project 'SwiftMVI'
        ➜ Explicit dependency on target 'SwiftUseCase-product' in project 'SwiftUseCase'
        ➜ Explicit dependency on target 'CasePaths-product' in project 'swift-case-paths'
    Target 'SwiftMVI' in project 'SwiftMVI'
        ➜ Explicit dependency on target 'SwiftUseCase-product' in project 'SwiftUseCase'
        ➜ Explicit dependency on target 'CasePaths-product' in project 'swift-case-paths'
    Target 'CasePaths-product' in project 'swift-case-paths'
        ➜ Explicit dependency on target 'CasePaths' in project 'swift-case-paths'
        ➜ Explicit dependency on target 'XCTestDynamicOverlay-product' in project 'xctest-dynamic-overlay'
    Target 'CasePaths' in project 'swift-case-paths'
        ➜ Explicit dependency on target 'XCTestDynamicOverlay-product' in project 'xctest-dynamic-overlay'
    Target 'XCTestDynamicOverlay-product' in project 'xctest-dynamic-overlay'
        ➜ Explicit dependency on target 'XCTestDynamicOverlay' in project 'xctest-dynamic-overlay'
    Target 'XCTestDynamicOverlay' in project 'xctest-dynamic-overlay' (no dependencies)
    Target 'SwiftUseCase-product' in project 'SwiftUseCase'
        ➜ Explicit dependency on target 'SwiftUseCase' in project 'SwiftUseCase'
        ➜ Explicit dependency on target 'SwiftUseCaseMacros' in project 'SwiftUseCase'
        ➜ Explicit dependency on target 'SwiftUseCaseMacro' in project 'SwiftUseCase'
    Target 'SwiftUseCase' in project 'SwiftUseCase'
        ➜ Explicit dependency on target 'SwiftUseCaseMacros' in project 'SwiftUseCase'
        ➜ Explicit dependency on target 'SwiftUseCaseMacro' in project 'SwiftUseCase'
    Target 'SwiftUseCaseMacro' in project 'SwiftUseCase'
        ➜ Explicit dependency on target 'SwiftUseCaseMacros' in project 'SwiftUseCase'
    Target 'SwiftUseCaseMacros' in project 'SwiftUseCase'
        ➜ Explicit dependency on target 'SwiftSyntax-product' in project 'swift-syntax'
        ➜ Explicit dependency on target 'SwiftSyntaxMacros-product' in project 'swift-syntax'
        ➜ Explicit dependency on target 'SwiftCompilerPlugin-product' in project 'swift-syntax'
    Target 'SwiftCompilerPlugin-product' in project 'swift-syntax'
        ➜ Explicit dependency on target 'SwiftCompilerPlugin' in project 'swift-syntax'
        ➜ Explicit dependency on target 'SwiftSyntax509' in project 'swift-syntax'
        ➜ Explicit dependency on target 'SwiftSyntax510' in project 'swift-syntax'
        ➜ Explicit dependency on target 'SwiftSyntax' in project 'swift-syntax'
        ➜ Explicit dependency on target 'SwiftDiagnostics' in project 'swift-syntax'
        ➜ Explicit dependency on target 'SwiftParser' in project 'swift-syntax'
        ➜ Explicit dependency on target 'SwiftOperators' in project 'swift-syntax'
        ➜ Explicit dependency on target 'SwiftBasicFormat' in project 'swift-syntax'
        ➜ Explicit dependency on target 'SwiftParserDiagnostics' in project 'swift-syntax'
        ➜ Explicit dependency on target 'SwiftSyntaxBuilder' in project 'swift-syntax'
        ➜ Explicit dependency on target 'SwiftSyntaxMacros' in project 'swift-syntax'
        ➜ Explicit dependency on target 'SwiftSyntaxMacroExpansion' in project 'swift-syntax'
        ➜ Explicit dependency on target 'SwiftCompilerPluginMessageHandling' in project 'swift-syntax'
    Target 'SwiftCompilerPlugin' in project 'swift-syntax'
        ➜ Explicit dependency on target 'SwiftSyntax509' in project 'swift-syntax'
        ➜ Explicit dependency on target 'SwiftSyntax510' in project 'swift-syntax'
        ➜ Explicit dependency on target 'SwiftSyntax' in project 'swift-syntax'
        ➜ Explicit dependency on target 'SwiftDiagnostics' in project 'swift-syntax'
        ➜ Explicit dependency on target 'SwiftParser' in project 'swift-syntax'
        ➜ Explicit dependency on target 'SwiftOperators' in project 'swift-syntax'
        ➜ Explicit dependency on target 'SwiftBasicFormat' in project 'swift-syntax'
        ➜ Explicit dependency on target 'SwiftParserDiagnostics' in project 'swift-syntax'
        ➜ Explicit dependency on target 'SwiftSyntaxBuilder' in project 'swift-syntax'
        ➜ Explicit dependency on target 'SwiftSyntaxMacros' in project 'swift-syntax'
        ➜ Explicit dependency on target 'SwiftSyntaxMacroExpansion' in project 'swift-syntax'
        ➜ Explicit dependency on target 'SwiftCompilerPluginMessageHandling' in project 'swift-syntax'
    Target 'SwiftCompilerPluginMessageHandling' in project 'swift-syntax'
        ➜ Explicit dependency on target 'SwiftSyntax509' in project 'swift-syntax'
        ➜ Explicit dependency on target 'SwiftSyntax510' in project 'swift-syntax'
        ➜ Explicit dependency on target 'SwiftSyntax' in project 'swift-syntax'
        ➜ Explicit dependency on target 'SwiftDiagnostics' in project 'swift-syntax'
        ➜ Explicit dependency on target 'SwiftParser' in project 'swift-syntax'
        ➜ Explicit dependency on target 'SwiftOperators' in project 'swift-syntax'
        ➜ Explicit dependency on target 'SwiftBasicFormat' in project 'swift-syntax'
        ➜ Explicit dependency on target 'SwiftParserDiagnostics' in project 'swift-syntax'
        ➜ Explicit dependency on target 'SwiftSyntaxBuilder' in project 'swift-syntax'
        ➜ Explicit dependency on target 'SwiftSyntaxMacros' in project 'swift-syntax'
        ➜ Explicit dependency on target 'SwiftSyntaxMacroExpansion' in project 'swift-syntax'
    Target 'SwiftSyntaxMacroExpansion' in project 'swift-syntax'
        ➜ Explicit dependency on target 'SwiftSyntax509' in project 'swift-syntax'
        ➜ Explicit dependency on target 'SwiftSyntax510' in project 'swift-syntax'
        ➜ Explicit dependency on target 'SwiftSyntax' in project 'swift-syntax'
        ➜ Explicit dependency on target 'SwiftBasicFormat' in project 'swift-syntax'
        ➜ Explicit dependency on target 'SwiftParser' in project 'swift-syntax'
        ➜ Explicit dependency on target 'SwiftDiagnostics' in project 'swift-syntax'
        ➜ Explicit dependency on target 'SwiftParserDiagnostics' in project 'swift-syntax'
        ➜ Explicit dependency on target 'SwiftSyntaxBuilder' in project 'swift-syntax'
        ➜ Explicit dependency on target 'SwiftSyntaxMacros' in project 'swift-syntax'
        ➜ Explicit dependency on target 'SwiftOperators' in project 'swift-syntax'
    Target 'SwiftOperators' in project 'swift-syntax'
        ➜ Explicit dependency on target 'SwiftSyntax509' in project 'swift-syntax'
        ➜ Explicit dependency on target 'SwiftSyntax510' in project 'swift-syntax'
        ➜ Explicit dependency on target 'SwiftSyntax' in project 'swift-syntax'
        ➜ Explicit dependency on target 'SwiftDiagnostics' in project 'swift-syntax'
        ➜ Explicit dependency on target 'SwiftParser' in project 'swift-syntax'
    Target 'SwiftSyntaxMacros-product' in project 'swift-syntax'
        ➜ Explicit dependency on target 'SwiftSyntaxMacros' in project 'swift-syntax'
        ➜ Explicit dependency on target 'SwiftSyntax509' in project 'swift-syntax'
        ➜ Explicit dependency on target 'SwiftSyntax510' in project 'swift-syntax'
        ➜ Explicit dependency on target 'SwiftSyntax' in project 'swift-syntax'
        ➜ Explicit dependency on target 'SwiftDiagnostics' in project 'swift-syntax'
        ➜ Explicit dependency on target 'SwiftParser' in project 'swift-syntax'
        ➜ Explicit dependency on target 'SwiftBasicFormat' in project 'swift-syntax'
        ➜ Explicit dependency on target 'SwiftParserDiagnostics' in project 'swift-syntax'
        ➜ Explicit dependency on target 'SwiftSyntaxBuilder' in project 'swift-syntax'
    Target 'SwiftSyntaxMacros' in project 'swift-syntax'
        ➜ Explicit dependency on target 'SwiftSyntax509' in project 'swift-syntax'
        ➜ Explicit dependency on target 'SwiftSyntax510' in project 'swift-syntax'
        ➜ Explicit dependency on target 'SwiftSyntax' in project 'swift-syntax'
        ➜ Explicit dependency on target 'SwiftDiagnostics' in project 'swift-syntax'
        ➜ Explicit dependency on target 'SwiftParser' in project 'swift-syntax'
        ➜ Explicit dependency on target 'SwiftBasicFormat' in project 'swift-syntax'
        ➜ Explicit dependency on target 'SwiftParserDiagnostics' in project 'swift-syntax'
        ➜ Explicit dependency on target 'SwiftSyntaxBuilder' in project 'swift-syntax'
    Target 'SwiftSyntaxBuilder' in project 'swift-syntax'
        ➜ Explicit dependency on target 'SwiftSyntax509' in project 'swift-syntax'
        ➜ Explicit dependency on target 'SwiftSyntax510' in project 'swift-syntax'
        ➜ Explicit dependency on target 'SwiftSyntax' in project 'swift-syntax'
        ➜ Explicit dependency on target 'SwiftBasicFormat' in project 'swift-syntax'
        ➜ Explicit dependency on target 'SwiftParser' in project 'swift-syntax'
        ➜ Explicit dependency on target 'SwiftDiagnostics' in project 'swift-syntax'
        ➜ Explicit dependency on target 'SwiftParserDiagnostics' in project 'swift-syntax'
    Target 'SwiftParserDiagnostics' in project 'swift-syntax'
        ➜ Explicit dependency on target 'SwiftSyntax509' in project 'swift-syntax'
        ➜ Explicit dependency on target 'SwiftSyntax510' in project 'swift-syntax'
        ➜ Explicit dependency on target 'SwiftSyntax' in project 'swift-syntax'
        ➜ Explicit dependency on target 'SwiftBasicFormat' in project 'swift-syntax'
        ➜ Explicit dependency on target 'SwiftDiagnostics' in project 'swift-syntax'
        ➜ Explicit dependency on target 'SwiftParser' in project 'swift-syntax'
    Target 'SwiftBasicFormat' in project 'swift-syntax'
        ➜ Explicit dependency on target 'SwiftSyntax509' in project 'swift-syntax'
        ➜ Explicit dependency on target 'SwiftSyntax510' in project 'swift-syntax'
        ➜ Explicit dependency on target 'SwiftSyntax' in project 'swift-syntax'
    Target 'SwiftParser' in project 'swift-syntax'
        ➜ Explicit dependency on target 'SwiftSyntax509' in project 'swift-syntax'
        ➜ Explicit dependency on target 'SwiftSyntax510' in project 'swift-syntax'
        ➜ Explicit dependency on target 'SwiftSyntax' in project 'swift-syntax'
    Target 'SwiftDiagnostics' in project 'swift-syntax'
        ➜ Explicit dependency on target 'SwiftSyntax509' in project 'swift-syntax'
        ➜ Explicit dependency on target 'SwiftSyntax510' in project 'swift-syntax'
        ➜ Explicit dependency on target 'SwiftSyntax' in project 'swift-syntax'
    Target 'SwiftSyntax-product' in project 'swift-syntax'
        ➜ Explicit dependency on target 'SwiftSyntax' in project 'swift-syntax'
        ➜ Explicit dependency on target 'SwiftSyntax509' in project 'swift-syntax'
        ➜ Explicit dependency on target 'SwiftSyntax510' in project 'swift-syntax'
    Target 'SwiftSyntax' in project 'swift-syntax'
        ➜ Explicit dependency on target 'SwiftSyntax509' in project 'swift-syntax'
        ➜ Explicit dependency on target 'SwiftSyntax510' in project 'swift-syntax'
    Target 'SwiftSyntax510' in project 'swift-syntax' (no dependencies)
    Target 'SwiftSyntax509' in project 'swift-syntax' (no dependencies)
GatherProvisioningInputs
CreateBuildDescription
ClangStatCache /Applications/Xcode-27.0.0-Release.Candidate.app/Contents/Developer/Toolchains/XcodeDefault.xctoolchain/usr/bin/clang-stat-cache /Applications/Xcode-27.0.0-Release.Candidate.app/Contents/Developer/Platforms/WatchOS.platform/Developer/SDKs/WatchOS27.0.sdk /Users/admin/builder/spi-builder-workspace/.derivedData/SDKStatCaches.noindex/watchos27.0-24R360-e829b21a6f8c9b70876ba0858053c04477534ef55a1706bf4c1112bbb242f0a2.sdkstatcache
    cd /Users/admin/builder/spi-builder-workspace/.swiftpm/xcode
    /Applications/Xcode-27.0.0-Release.Candidate.app/Contents/Developer/Toolchains/XcodeDefault.xctoolchain/usr/bin/clang-stat-cache /Applications/Xcode-27.0.0-Release.Candidate.app/Contents/Developer/Platforms/WatchOS.platform/Developer/SDKs/WatchOS27.0.sdk -o /Users/admin/builder/spi-builder-workspace/.derivedData/SDKStatCaches.noindex/watchos27.0-24R360-e829b21a6f8c9b70876ba0858053c04477534ef55a1706bf4c1112bbb242f0a2.sdkstatcache
ClangStatCache /Applications/Xcode-27.0.0-Release.Candidate.app/Contents/Developer/Toolchains/XcodeDefault.xctoolchain/usr/bin/clang-stat-cache /Applications/Xcode-27.0.0-Release.Candidate.app/Contents/Developer/Platforms/MacOSX.platform/Developer/SDKs/MacOSX27.0.sdk /Users/admin/builder/spi-builder-workspace/.derivedData/SDKStatCaches.noindex/macosx27.0-26A425-e829b21a6f8c9b70876ba0858053c0446a22442a12e9d48fe1a705f55a1adfc4.sdkstatcache
    cd /Users/admin/builder/spi-builder-workspace/.swiftpm/xcode
    /Applications/Xcode-27.0.0-Release.Candidate.app/Contents/Developer/Toolchains/XcodeDefault.xctoolchain/usr/bin/clang-stat-cache /Applications/Xcode-27.0.0-Release.Candidate.app/Contents/Developer/Platforms/MacOSX.platform/Developer/SDKs/MacOSX27.0.sdk -o /Users/admin/builder/spi-builder-workspace/.derivedData/SDKStatCaches.noindex/macosx27.0-26A425-e829b21a6f8c9b70876ba0858053c0446a22442a12e9d48fe1a705f55a1adfc4.sdkstatcache
SwiftDriver SwiftMVI normal arm64 com.apple.xcode.tools.swift.compiler (in target 'SwiftMVI' from project 'SwiftMVI')
    cd /Users/admin/builder/spi-builder-workspace/.swiftpm/xcode
    builtin-SwiftDriver -- /Applications/Xcode-27.0.0-Release.Candidate.app/Contents/Developer/Toolchains/XcodeDefault.xctoolchain/usr/bin/swiftc -parse-as-library -module-name SwiftMVI -Onone @/Users/admin/builder/spi-builder-workspace/.derivedData/Build/Intermediates.noindex/SwiftMVI.build/Debug-watchos/SwiftMVI-t.build/Objects-normal/arm64/SwiftMVI.SwiftFileList -DSWIFT_PACKAGE -DDEBUG -DSWIFT_MODULE_RESOURCE_BUNDLE_UNAVAILABLE -DXcode -plugin-path /Applications/Xcode-27.0.0-Release.Candidate.app/Contents/Developer/Toolchains/XcodeDefault.xctoolchain/usr/lib/swift/host/plugins/testing -enable-experimental-feature DebugDescriptionMacro -sdk /Applications/Xcode-27.0.0-Release.Candidate.app/Contents/Developer/Platforms/WatchOS.platform/Developer/SDKs/WatchOS27.0.sdk -target arm64-apple-watchos9.0 -g -module-cache-path /Users/admin/builder/spi-builder-workspace/.derivedData/ModuleCache.noindex -Xfrontend -serialize-debugging-options -profile-coverage-mapping -profile-generate -enable-testing -index-store-path /Users/admin/builder/spi-builder-workspace/.derivedData/Index.noindex/DataStore -Xcc -D_LIBCPP_HARDENING_MODE\=_LIBCPP_HARDENING_MODE_DEBUG -swift-version 5 -I /Users/admin/builder/spi-builder-workspace/.derivedData/Build/Products/Debug-watchos -Isystem /Applications/Xcode-27.0.0-Release.Candidate.app/Contents/Developer/Platforms/WatchOS.platform/Developer/usr/lib -F /Users/admin/builder/spi-builder-workspace/.derivedData/Build/Products/Debug-watchos/PackageFrameworks -F /Users/admin/builder/spi-builder-workspace/.derivedData/Build/Products/Debug-watchos -F /Applications/Xcode-27.0.0-Release.Candidate.app/Contents/Developer/Platforms/WatchOS.platform/Developer/Library/Frameworks -F /Applications/Xcode-27.0.0-Release.Candidate.app/Contents/Developer/Platforms/WatchOS.platform/Developer/SDKs/WatchOS27.0.sdk/Developer/Library/Frameworks -Xfrontend -load-plugin-executable -Xfrontend /Users/admin/builder/spi-builder-workspace/.derivedData/Build/Products/Debug/SwiftUseCaseMacros\#SwiftUseCaseMacros -c -j10 -enable-batch-mode -incremental -Xcc -ivfsstatcache -Xcc /Users/admin/builder/spi-builder-workspace/.derivedData/SDKStatCaches.noindex/watchos27.0-24R360-e829b21a6f8c9b70876ba0858053c04477534ef55a1706bf4c1112bbb242f0a2.sdkstatcache -output-file-map /Users/admin/builder/spi-builder-workspace/.derivedData/Build/Intermediates.noindex/SwiftMVI.build/Debug-watchos/SwiftMVI-t.build/Objects-normal/arm64/SwiftMVI-OutputFileMap.json -save-temps -no-color-diagnostics -explicit-module-build -module-cache-path /Users/admin/builder/spi-builder-workspace/.derivedData/Build/Intermediates.noindex/SwiftExplicitPrecompiledModules -clang-scanner-module-cache-path /Users/admin/builder/spi-builder-workspace/.derivedData/ModuleCache.noindex -sdk-module-cache-path /Users/admin/builder/spi-builder-workspace/.derivedData/SDKExplicitPrecompiledModules -emit-dependencies -emit-module -emit-module-path /Users/admin/builder/spi-builder-workspace/.derivedData/Build/Intermediates.noindex/SwiftMVI.build/Debug-watchos/SwiftMVI-t.build/Objects-normal/arm64/SwiftMVI.swiftmodule -serialize-diagnostics -dependency-scan-serialize-diagnostics-path /Users/admin/builder/spi-builder-workspace/.derivedData/Build/Intermediates.noindex/SwiftMVI.build/Debug-watchos/SwiftMVI-t.build/Objects-normal/arm64/SwiftMVI-dependency-scan.dia -validate-clang-modules-once -clang-build-session-file /Users/admin/builder/spi-builder-workspace/.derivedData/ModuleCache.noindex/Session.modulevalidation -Xcc -fmodules-prune-interval\=86400 -Xcc -fmodules-prune-after\=345600 -emit-const-values -const-gather-protocols-list /Users/admin/builder/spi-builder-workspace/.derivedData/Build/Intermediates.noindex/SwiftMVI.build/Debug-watchos/SwiftMVI-t.build/Objects-normal/arm64/SwiftMVI_const_extract_protocols.json -Xcc -I/Users/admin/builder/spi-builder-workspace/.derivedData/Build/Products/Debug-watchos/include -Xcc -I/Users/admin/builder/spi-builder-workspace/.derivedData/Build/Intermediates.noindex/SwiftMVI.build/Debug-watchos/SwiftMVI-t.build/DerivedSources-normal/arm64 -Xcc -I/Users/admin/builder/spi-builder-workspace/.derivedData/Build/Intermediates.noindex/SwiftMVI.build/Debug-watchos/SwiftMVI-t.build/DerivedSources/arm64 -Xcc -I/Users/admin/builder/spi-builder-workspace/.derivedData/Build/Intermediates.noindex/SwiftMVI.build/Debug-watchos/SwiftMVI-t.build/DerivedSources -Xcc -DSWIFT_PACKAGE -Xcc -DDEBUG\=1 -emit-objc-header -emit-objc-header-path /Users/admin/builder/spi-builder-workspace/.derivedData/Build/Intermediates.noindex/SwiftMVI.build/Debug-watchos/SwiftMVI-t.build/Objects-normal/arm64/SwiftMVI-Swift.h -working-directory /Users/admin/builder/spi-builder-workspace/.swiftpm/xcode -experimental-emit-module-separately -disable-cmo
SwiftDriver SwiftMVI normal arm64_32 com.apple.xcode.tools.swift.compiler (in target 'SwiftMVI' from project 'SwiftMVI')
    cd /Users/admin/builder/spi-builder-workspace/.swiftpm/xcode
    builtin-SwiftDriver -- /Applications/Xcode-27.0.0-Release.Candidate.app/Contents/Developer/Toolchains/XcodeDefault.xctoolchain/usr/bin/swiftc -parse-as-library -module-name SwiftMVI -Onone @/Users/admin/builder/spi-builder-workspace/.derivedData/Build/Intermediates.noindex/SwiftMVI.build/Debug-watchos/SwiftMVI-t.build/Objects-normal/arm64_32/SwiftMVI.SwiftFileList -DSWIFT_PACKAGE -DDEBUG -DSWIFT_MODULE_RESOURCE_BUNDLE_UNAVAILABLE -DXcode -plugin-path /Applications/Xcode-27.0.0-Release.Candidate.app/Contents/Developer/Toolchains/XcodeDefault.xctoolchain/usr/lib/swift/host/plugins/testing -enable-experimental-feature DebugDescriptionMacro -sdk /Applications/Xcode-27.0.0-Release.Candidate.app/Contents/Developer/Platforms/WatchOS.platform/Developer/SDKs/WatchOS27.0.sdk -target arm64_32-apple-watchos9.0 -g -module-cache-path /Users/admin/builder/spi-builder-workspace/.derivedData/ModuleCache.noindex -Xfrontend -serialize-debugging-options -profile-coverage-mapping -profile-generate -enable-testing -index-store-path /Users/admin/builder/spi-builder-workspace/.derivedData/Index.noindex/DataStore -Xcc -D_LIBCPP_HARDENING_MODE\=_LIBCPP_HARDENING_MODE_DEBUG -swift-version 5 -I /Users/admin/builder/spi-builder-workspace/.derivedData/Build/Products/Debug-watchos -Isystem /Applications/Xcode-27.0.0-Release.Candidate.app/Contents/Developer/Platforms/WatchOS.platform/Developer/usr/lib -F /Users/admin/builder/spi-builder-workspace/.derivedData/Build/Products/Debug-watchos/PackageFrameworks -F /Users/admin/builder/spi-builder-workspace/.derivedData/Build/Products/Debug-watchos -F /Applications/Xcode-27.0.0-Release.Candidate.app/Contents/Developer/Platforms/WatchOS.platform/Developer/Library/Frameworks -F /Applications/Xcode-27.0.0-Release.Candidate.app/Contents/Developer/Platforms/WatchOS.platform/Developer/SDKs/WatchOS27.0.sdk/Developer/Library/Frameworks -Xfrontend -load-plugin-executable -Xfrontend /Users/admin/builder/spi-builder-workspace/.derivedData/Build/Products/Debug/SwiftUseCaseMacros\#SwiftUseCaseMacros -c -j10 -enable-batch-mode -incremental -Xcc -ivfsstatcache -Xcc /Users/admin/builder/spi-builder-workspace/.derivedData/SDKStatCaches.noindex/watchos27.0-24R360-e829b21a6f8c9b70876ba0858053c04477534ef55a1706bf4c1112bbb242f0a2.sdkstatcache -output-file-map /Users/admin/builder/spi-builder-workspace/.derivedData/Build/Intermediates.noindex/SwiftMVI.build/Debug-watchos/SwiftMVI-t.build/Objects-normal/arm64_32/SwiftMVI-OutputFileMap.json -save-temps -no-color-diagnostics -explicit-module-build -module-cache-path /Users/admin/builder/spi-builder-workspace/.derivedData/Build/Intermediates.noindex/SwiftExplicitPrecompiledModules -clang-scanner-module-cache-path /Users/admin/builder/spi-builder-workspace/.derivedData/ModuleCache.noindex -sdk-module-cache-path /Users/admin/builder/spi-builder-workspace/.derivedData/SDKExplicitPrecompiledModules -emit-dependencies -emit-module -emit-module-path /Users/admin/builder/spi-builder-workspace/.derivedData/Build/Intermediates.noindex/SwiftMVI.build/Debug-watchos/SwiftMVI-t.build/Objects-normal/arm64_32/SwiftMVI.swiftmodule -serialize-diagnostics -dependency-scan-serialize-diagnostics-path /Users/admin/builder/spi-builder-workspace/.derivedData/Build/Intermediates.noindex/SwiftMVI.build/Debug-watchos/SwiftMVI-t.build/Objects-normal/arm64_32/SwiftMVI-dependency-scan.dia -validate-clang-modules-once -clang-build-session-file /Users/admin/builder/spi-builder-workspace/.derivedData/ModuleCache.noindex/Session.modulevalidation -Xcc -fmodules-prune-interval\=86400 -Xcc -fmodules-prune-after\=345600 -emit-const-values -const-gather-protocols-list /Users/admin/builder/spi-builder-workspace/.derivedData/Build/Intermediates.noindex/SwiftMVI.build/Debug-watchos/SwiftMVI-t.build/Objects-normal/arm64_32/SwiftMVI_const_extract_protocols.json -Xcc -I/Users/admin/builder/spi-builder-workspace/.derivedData/Build/Products/Debug-watchos/include -Xcc -I/Users/admin/builder/spi-builder-workspace/.derivedData/Build/Intermediates.noindex/SwiftMVI.build/Debug-watchos/SwiftMVI-t.build/DerivedSources-normal/arm64_32 -Xcc -I/Users/admin/builder/spi-builder-workspace/.derivedData/Build/Intermediates.noindex/SwiftMVI.build/Debug-watchos/SwiftMVI-t.build/DerivedSources/arm64_32 -Xcc -I/Users/admin/builder/spi-builder-workspace/.derivedData/Build/Intermediates.noindex/SwiftMVI.build/Debug-watchos/SwiftMVI-t.build/DerivedSources -Xcc -DSWIFT_PACKAGE -Xcc -DDEBUG\=1 -emit-objc-header -emit-objc-header-path /Users/admin/builder/spi-builder-workspace/.derivedData/Build/Intermediates.noindex/SwiftMVI.build/Debug-watchos/SwiftMVI-t.build/Objects-normal/arm64_32/SwiftMVI-Swift.h -working-directory /Users/admin/builder/spi-builder-workspace/.swiftpm/xcode -experimental-emit-module-separately -disable-cmo
SwiftCompile normal arm64 Compiling\ Transformer.swift,\ ValuePublisher.swift,\ ListFeature.swift,\ OptionalValueFeature.swift /Users/admin/builder/spi-builder-workspace/Sources/Core/Transformer.swift /Users/admin/builder/spi-builder-workspace/Sources/Core/ValuePublisher.swift /Users/admin/builder/spi-builder-workspace/Sources/Modules/ListFeature.swift /Users/admin/builder/spi-builder-workspace/Sources/Modules/OptionalValueFeature.swift (in target 'SwiftMVI' from project 'SwiftMVI')
SwiftCompile normal arm64 /Users/admin/builder/spi-builder-workspace/Sources/Core/Transformer.swift (in target 'SwiftMVI' from project 'SwiftMVI')
    cd /Users/admin/builder/spi-builder-workspace/.swiftpm/xcode
    builtin-SwiftPerFileCompile Transformer.swift
SwiftCompile normal arm64 /Users/admin/builder/spi-builder-workspace/Sources/Core/ValuePublisher.swift (in target 'SwiftMVI' from project 'SwiftMVI')
    cd /Users/admin/builder/spi-builder-workspace/.swiftpm/xcode
    builtin-SwiftPerFileCompile ValuePublisher.swift
SwiftCompile normal arm64 /Users/admin/builder/spi-builder-workspace/Sources/Modules/ListFeature.swift (in target 'SwiftMVI' from project 'SwiftMVI')
    cd /Users/admin/builder/spi-builder-workspace/.swiftpm/xcode
    builtin-SwiftPerFileCompile ListFeature.swift
SwiftCompile normal arm64 /Users/admin/builder/spi-builder-workspace/Sources/Modules/OptionalValueFeature.swift (in target 'SwiftMVI' from project 'SwiftMVI')
    cd /Users/admin/builder/spi-builder-workspace/.swiftpm/xcode
    builtin-SwiftPerFileCompile OptionalValueFeature.swift
SwiftCompile normal arm64 Compiling\ ValueFeature+ViewLifecycle.swift,\ ValueFeature.swift,\ ActionReducer.swift /Users/admin/builder/spi-builder-workspace/Sources/Modules/ValueFeature+ViewLifecycle.swift /Users/admin/builder/spi-builder-workspace/Sources/Modules/ValueFeature.swift /Users/admin/builder/spi-builder-workspace/Sources/Reducers/ActionReducer.swift (in target 'SwiftMVI' from project 'SwiftMVI')
SwiftCompile normal arm64 /Users/admin/builder/spi-builder-workspace/Sources/Modules/ValueFeature+ViewLifecycle.swift (in target 'SwiftMVI' from project 'SwiftMVI')
    cd /Users/admin/builder/spi-builder-workspace/.swiftpm/xcode
    builtin-SwiftPerFileCompile ValueFeature+ViewLifecycle.swift
SwiftCompile normal arm64 /Users/admin/builder/spi-builder-workspace/Sources/Modules/ValueFeature.swift (in target 'SwiftMVI' from project 'SwiftMVI')
    cd /Users/admin/builder/spi-builder-workspace/.swiftpm/xcode
    builtin-SwiftPerFileCompile ValueFeature.swift
SwiftCompile normal arm64 /Users/admin/builder/spi-builder-workspace/Sources/Reducers/ActionReducer.swift (in target 'SwiftMVI' from project 'SwiftMVI')
    cd /Users/admin/builder/spi-builder-workspace/.swiftpm/xcode
    builtin-SwiftPerFileCompile ActionReducer.swift
SwiftCompile normal arm64 Compiling\ IntentReducer.swift,\ ReactionReducer.swift,\ OptionalReducibleState.swift /Users/admin/builder/spi-builder-workspace/Sources/Reducers/IntentReducer.swift /Users/admin/builder/spi-builder-workspace/Sources/Reducers/ReactionReducer.swift /Users/admin/builder/spi-builder-workspace/Sources/Reducibles/OptionalReducibleState.swift (in target 'SwiftMVI' from project 'SwiftMVI')
SwiftCompile normal arm64 /Users/admin/builder/spi-builder-workspace/Sources/Reducers/IntentReducer.swift (in target 'SwiftMVI' from project 'SwiftMVI')
    cd /Users/admin/builder/spi-builder-workspace/.swiftpm/xcode
    builtin-SwiftPerFileCompile IntentReducer.swift
SwiftCompile normal arm64 /Users/admin/builder/spi-builder-workspace/Sources/Reducers/ReactionReducer.swift (in target 'SwiftMVI' from project 'SwiftMVI')
    cd /Users/admin/builder/spi-builder-workspace/.swiftpm/xcode
    builtin-SwiftPerFileCompile ReactionReducer.swift
SwiftCompile normal arm64 /Users/admin/builder/spi-builder-workspace/Sources/Reducibles/OptionalReducibleState.swift (in target 'SwiftMVI' from project 'SwiftMVI')
    cd /Users/admin/builder/spi-builder-workspace/.swiftpm/xcode
    builtin-SwiftPerFileCompile OptionalReducibleState.swift
SwiftEmitModule normal arm64 Emitting\ module\ for\ SwiftMVI (in target 'SwiftMVI' from project 'SwiftMVI')
SwiftCompile normal arm64 (in target 'SwiftMVI' from project 'SwiftMVI')
    cd /Users/admin/builder/spi-builder-workspace/.swiftpm/xcode

/Users/admin/builder/spi-builder-workspace/Sources/Core/Processing+UseCase.swift:15:17: error: cannot find type 'SyncUseCase' in scope
 13 |     ///   - usecase: An executable UseCase
 14 |     /// - Returns: Result of the executed usecase
 15 |     func run<U: SyncUseCase>(_ usecase: U) -> U.Result where U.Parameter == Void {
    |                 `- error: cannot find type 'SyncUseCase' in scope
 16 |         return run(usecase, ())
 17 |     }
/Users/admin/builder/spi-builder-workspace/Sources/Core/Processing+UseCase.swift:15:49: error: 'Result' is not a member type of type 'U'
 13 |     ///   - usecase: An executable UseCase
 14 |     /// - Returns: Result of the executed usecase
 15 |     func run<U: SyncUseCase>(_ usecase: U) -> U.Result where U.Parameter == Void {
    |                                                 `- error: 'Result' is not a member type of type 'U'
 16 |         return run(usecase, ())
 17 |     }
/Users/admin/builder/spi-builder-workspace/Sources/Core/Processing+UseCase.swift:15:64: error: 'Parameter' is not a member type of type 'U'
 13 |     ///   - usecase: An executable UseCase
 14 |     /// - Returns: Result of the executed usecase
 15 |     func run<U: SyncUseCase>(_ usecase: U) -> U.Result where U.Parameter == Void {
    |                                                                `- error: 'Parameter' is not a member type of type 'U'
 16 |         return run(usecase, ())
 17 |     }
/Users/admin/builder/spi-builder-workspace/Sources/Core/Processing+UseCase.swift:24:17: error: cannot find type 'SyncUseCase' in scope
 22 |     ///   - usecase: An executable UseCase
 23 |     /// - Returns: Result of the executed usecase
 24 |     func run<U: SyncUseCase>(_ usecase: U, _ parameters: U.Parameter) -> U.Result {
    |                 `- error: cannot find type 'SyncUseCase' in scope
 25 |         usecase(parameters)
 26 |     }
/Users/admin/builder/spi-builder-workspace/Sources/Core/Processing+UseCase.swift:24:76: error: 'Result' is not a member type of type 'U'
 22 |     ///   - usecase: An executable UseCase
 23 |     /// - Returns: Result of the executed usecase
 24 |     func run<U: SyncUseCase>(_ usecase: U, _ parameters: U.Parameter) -> U.Result {
    |                                                                            `- error: 'Result' is not a member type of type 'U'
 25 |         usecase(parameters)
 26 |     }
/Users/admin/builder/spi-builder-workspace/Sources/Core/Processing+UseCase.swift:24:60: error: 'Parameter' is not a member type of type 'U'
 22 |     ///   - usecase: An executable UseCase
 23 |     /// - Returns: Result of the executed usecase
 24 |     func run<U: SyncUseCase>(_ usecase: U, _ parameters: U.Parameter) -> U.Result {
    |                                                            `- error: 'Parameter' is not a member type of type 'U'
 25 |         usecase(parameters)
 26 |     }
/Users/admin/builder/spi-builder-workspace/Sources/Core/Processing+UseCase.swift:35:17: error: cannot find type 'SyncThrowingUseCase' in scope
 33 |     ///   - usecase: An executable UseCase
 34 |     /// - Returns: Result of the executed usecase
 35 |     func run<U: SyncThrowingUseCase>(_ usecase: U) throws -> U.Result where U.Parameter == Void {
    |                 `- error: cannot find type 'SyncThrowingUseCase' in scope
 36 |         return try run(usecase, ())
 37 |     }
/Users/admin/builder/spi-builder-workspace/Sources/Core/Processing+UseCase.swift:35:64: error: 'Result' is not a member type of type 'U'
 33 |     ///   - usecase: An executable UseCase
 34 |     /// - Returns: Result of the executed usecase
 35 |     func run<U: SyncThrowingUseCase>(_ usecase: U) throws -> U.Result where U.Parameter == Void {
    |                                                                `- error: 'Result' is not a member type of type 'U'
 36 |         return try run(usecase, ())
 37 |     }
/Users/admin/builder/spi-builder-workspace/Sources/Core/Processing+UseCase.swift:35:79: error: 'Parameter' is not a member type of type 'U'
 33 |     ///   - usecase: An executable UseCase
 34 |     /// - Returns: Result of the executed usecase
 35 |     func run<U: SyncThrowingUseCase>(_ usecase: U) throws -> U.Result where U.Parameter == Void {
    |                                                                               `- error: 'Parameter' is not a member type of type 'U'
 36 |         return try run(usecase, ())
 37 |     }
/Users/admin/builder/spi-builder-workspace/Sources/Core/Processing+UseCase.swift:44:17: error: cannot find type 'SyncThrowingUseCase' in scope
 42 |     ///   - usecase: An executable UseCase
 43 |     /// - Returns: Result of the executed usecase
 44 |     func run<U: SyncThrowingUseCase>(_ usecase: U, _ parameters: U.Parameter) throws -> U.Result {
    |                 `- error: cannot find type 'SyncThrowingUseCase' in scope
 45 |         try usecase(parameters)
 46 |     }
/Users/admin/builder/spi-builder-workspace/Sources/Core/Processing+UseCase.swift:44:91: error: 'Result' is not a member type of type 'U'
 42 |     ///   - usecase: An executable UseCase
 43 |     /// - Returns: Result of the executed usecase
 44 |     func run<U: SyncThrowingUseCase>(_ usecase: U, _ parameters: U.Parameter) throws -> U.Result {
    |                                                                                           `- error: 'Result' is not a member type of type 'U'
 45 |         try usecase(parameters)
 46 |     }
SwiftCompile normal arm64 Compiling\ AnyPath.swift,\ Binding.swift,\ FeatureModule.swift,\ Modulable.swift /Users/admin/builder/spi-builder-workspace/Sources/Core/AnyPath.swift /Users/admin/builder/spi-builder-workspace/Sources/Core/Binding.swift /Users/admin/builder/spi-builder-workspace/Sources/Core/FeatureModule.swift /Users/admin/builder/spi-builder-workspace/Sources/Core/Modulable.swift (in target 'SwiftMVI' from project 'SwiftMVI')
SwiftCompile normal arm64 /Users/admin/builder/spi-builder-workspace/Sources/Core/AnyPath.swift (in target 'SwiftMVI' from project 'SwiftMVI')
    cd /Users/admin/builder/spi-builder-workspace/.swiftpm/xcode
    builtin-SwiftPerFileCompile AnyPath.swift
SwiftCompile normal arm64 /Users/admin/builder/spi-builder-workspace/Sources/Core/Binding.swift (in target 'SwiftMVI' from project 'SwiftMVI')
    cd /Users/admin/builder/spi-builder-workspace/.swiftpm/xcode
    builtin-SwiftPerFileCompile Binding.swift
SwiftCompile normal arm64 /Users/admin/builder/spi-builder-workspace/Sources/Core/FeatureModule.swift (in target 'SwiftMVI' from project 'SwiftMVI')
    cd /Users/admin/builder/spi-builder-workspace/.swiftpm/xcode
    builtin-SwiftPerFileCompile FeatureModule.swift
SwiftCompile normal arm64 /Users/admin/builder/spi-builder-workspace/Sources/Core/Modulable.swift (in target 'SwiftMVI' from project 'SwiftMVI')
    cd /Users/admin/builder/spi-builder-workspace/.swiftpm/xcode
    builtin-SwiftPerFileCompile Modulable.swift
SwiftCompile normal arm64 Compiling\ Alert+EventReducer.swift,\ Alert+StateReducer.swift,\ EventReducerView.swift /Users/admin/builder/spi-builder-workspace/Sources/Views/Alert+EventReducer.swift /Users/admin/builder/spi-builder-workspace/Sources/Views/Alert+StateReducer.swift /Users/admin/builder/spi-builder-workspace/Sources/Views/EventReducerView.swift (in target 'SwiftMVI' from project 'SwiftMVI')
SwiftCompile normal arm64 /Users/admin/builder/spi-builder-workspace/Sources/Views/Alert+EventReducer.swift (in target 'SwiftMVI' from project 'SwiftMVI')
    cd /Users/admin/builder/spi-builder-workspace/.swiftpm/xcode
    builtin-SwiftPerFileCompile Alert+EventReducer.swift
SwiftCompile normal arm64 /Users/admin/builder/spi-builder-workspace/Sources/Views/Alert+StateReducer.swift (in target 'SwiftMVI' from project 'SwiftMVI')
    cd /Users/admin/builder/spi-builder-workspace/.swiftpm/xcode
    builtin-SwiftPerFileCompile Alert+StateReducer.swift
SwiftCompile normal arm64 /Users/admin/builder/spi-builder-workspace/Sources/Views/EventReducerView.swift (in target 'SwiftMVI' from project 'SwiftMVI')
    cd /Users/admin/builder/spi-builder-workspace/.swiftpm/xcode
    builtin-SwiftPerFileCompile EventReducerView.swift
SwiftCompile normal arm64 Compiling\ FeatureView.swift,\ PublishedPathView.swift,\ StateReducerView.swift /Users/admin/builder/spi-builder-workspace/Sources/Views/FeatureView.swift /Users/admin/builder/spi-builder-workspace/Sources/Views/PublishedPathView.swift /Users/admin/builder/spi-builder-workspace/Sources/Views/StateReducerView.swift (in target 'SwiftMVI' from project 'SwiftMVI')
SwiftCompile normal arm64 /Users/admin/builder/spi-builder-workspace/Sources/Views/FeatureView.swift (in target 'SwiftMVI' from project 'SwiftMVI')
    cd /Users/admin/builder/spi-builder-workspace/.swiftpm/xcode
    builtin-SwiftPerFileCompile FeatureView.swift
SwiftCompile normal arm64 /Users/admin/builder/spi-builder-workspace/Sources/Views/PublishedPathView.swift (in target 'SwiftMVI' from project 'SwiftMVI')
    cd /Users/admin/builder/spi-builder-workspace/.swiftpm/xcode
    builtin-SwiftPerFileCompile PublishedPathView.swift
SwiftCompile normal arm64 /Users/admin/builder/spi-builder-workspace/Sources/Views/StateReducerView.swift (in target 'SwiftMVI' from project 'SwiftMVI')
    cd /Users/admin/builder/spi-builder-workspace/.swiftpm/xcode
    builtin-SwiftPerFileCompile StateReducerView.swift
SwiftEmitModule normal arm64_32 Emitting\ module\ for\ SwiftMVI (in target 'SwiftMVI' from project 'SwiftMVI')
/Users/admin/builder/spi-builder-workspace/Sources/Core/Processing+UseCase.swift:15:17: error: cannot find type 'SyncUseCase' in scope
 13 |     ///   - usecase: An executable UseCase
 14 |     /// - Returns: Result of the executed usecase
 15 |     func run<U: SyncUseCase>(_ usecase: U) -> U.Result where U.Parameter == Void {
    |                 `- error: cannot find type 'SyncUseCase' in scope
 16 |         return run(usecase, ())
 17 |     }
/Users/admin/builder/spi-builder-workspace/Sources/Core/Processing+UseCase.swift:15:49: error: 'Result' is not a member type of type 'U'
 13 |     ///   - usecase: An executable UseCase
 14 |     /// - Returns: Result of the executed usecase
 15 |     func run<U: SyncUseCase>(_ usecase: U) -> U.Result where U.Parameter == Void {
    |                                                 `- error: 'Result' is not a member type of type 'U'
 16 |         return run(usecase, ())
 17 |     }
/Users/admin/builder/spi-builder-workspace/Sources/Core/Processing+UseCase.swift:15:64: error: 'Parameter' is not a member type of type 'U'
 13 |     ///   - usecase: An executable UseCase
 14 |     /// - Returns: Result of the executed usecase
 15 |     func run<U: SyncUseCase>(_ usecase: U) -> U.Result where U.Parameter == Void {
    |                                                                `- error: 'Parameter' is not a member type of type 'U'
 16 |         return run(usecase, ())
 17 |     }
/Users/admin/builder/spi-builder-workspace/Sources/Core/Processing+UseCase.swift:24:17: error: cannot find type 'SyncUseCase' in scope
 22 |     ///   - usecase: An executable UseCase
 23 |     /// - Returns: Result of the executed usecase
 24 |     func run<U: SyncUseCase>(_ usecase: U, _ parameters: U.Parameter) -> U.Result {
    |                 `- error: cannot find type 'SyncUseCase' in scope
 25 |         usecase(parameters)
 26 |     }
/Users/admin/builder/spi-builder-workspace/Sources/Core/Processing+UseCase.swift:24:76: error: 'Result' is not a member type of type 'U'
 22 |     ///   - usecase: An executable UseCase
 23 |     /// - Returns: Result of the executed usecase
 24 |     func run<U: SyncUseCase>(_ usecase: U, _ parameters: U.Parameter) -> U.Result {
    |                                                                            `- error: 'Result' is not a member type of type 'U'
 25 |         usecase(parameters)
 26 |     }
/Users/admin/builder/spi-builder-workspace/Sources/Core/Processing+UseCase.swift:24:60: error: 'Parameter' is not a member type of type 'U'
 22 |     ///   - usecase: An executable UseCase
 23 |     /// - Returns: Result of the executed usecase
 24 |     func run<U: SyncUseCase>(_ usecase: U, _ parameters: U.Parameter) -> U.Result {
    |                                                            `- error: 'Parameter' is not a member type of type 'U'
 25 |         usecase(parameters)
 26 |     }
/Users/admin/builder/spi-builder-workspace/Sources/Core/Processing+UseCase.swift:35:17: error: cannot find type 'SyncThrowingUseCase' in scope
 33 |     ///   - usecase: An executable UseCase
 34 |     /// - Returns: Result of the executed usecase
 35 |     func run<U: SyncThrowingUseCase>(_ usecase: U) throws -> U.Result where U.Parameter == Void {
    |                 `- error: cannot find type 'SyncThrowingUseCase' in scope
 36 |         return try run(usecase, ())
 37 |     }
/Users/admin/builder/spi-builder-workspace/Sources/Core/Processing+UseCase.swift:35:64: error: 'Result' is not a member type of type 'U'
 33 |     ///   - usecase: An executable UseCase
 34 |     /// - Returns: Result of the executed usecase
 35 |     func run<U: SyncThrowingUseCase>(_ usecase: U) throws -> U.Result where U.Parameter == Void {
    |                                                                `- error: 'Result' is not a member type of type 'U'
 36 |         return try run(usecase, ())
 37 |     }
/Users/admin/builder/spi-builder-workspace/Sources/Core/Processing+UseCase.swift:35:79: error: 'Parameter' is not a member type of type 'U'
 33 |     ///   - usecase: An executable UseCase
 34 |     /// - Returns: Result of the executed usecase
 35 |     func run<U: SyncThrowingUseCase>(_ usecase: U) throws -> U.Result where U.Parameter == Void {
    |                                                                               `- error: 'Parameter' is not a member type of type 'U'
 36 |         return try run(usecase, ())
 37 |     }
/Users/admin/builder/spi-builder-workspace/Sources/Core/Processing+UseCase.swift:44:17: error: cannot find type 'SyncThrowingUseCase' in scope
 42 |     ///   - usecase: An executable UseCase
 43 |     /// - Returns: Result of the executed usecase
 44 |     func run<U: SyncThrowingUseCase>(_ usecase: U, _ parameters: U.Parameter) throws -> U.Result {
    |                 `- error: cannot find type 'SyncThrowingUseCase' in scope
 45 |         try usecase(parameters)
 46 |     }
/Users/admin/builder/spi-builder-workspace/Sources/Core/Processing+UseCase.swift:44:91: error: 'Result' is not a member type of type 'U'
 42 |     ///   - usecase: An executable UseCase
 43 |     /// - Returns: Result of the executed usecase
 44 |     func run<U: SyncThrowingUseCase>(_ usecase: U, _ parameters: U.Parameter) throws -> U.Result {
    |                                                                                           `- error: 'Result' is not a member type of type 'U'
 45 |         try usecase(parameters)
 46 |     }
/Users/admin/builder/spi-builder-workspace/Sources/Core/Processing+UseCase.swift:44:68: error: 'Parameter' is not a member type of type 'U'
 42 |     ///   - usecase: An executable UseCase
 43 |     /// - Returns: Result of the executed usecase
 44 |     func run<U: SyncThrowingUseCase>(_ usecase: U, _ parameters: U.Parameter) throws -> U.Result {
    |                                                                    `- error: 'Parameter' is not a member type of type 'U'
 45 |         try usecase(parameters)
 46 |     }
Failed frontend command:
/Applications/Xcode-27.0.0-Release.Candidate.app/Contents/Developer/Toolchains/XcodeDefault.xctoolchain/usr/bin/swift-frontend -frontend -emit-module -experimental-skip-non-inlinable-function-bodies-without-types /Users/admin/builder/spi-builder-workspace/Sources/Core/AnyPath.swift /Users/admin/builder/spi-builder-workspace/Sources/Core/Binding.swift /Users/admin/builder/spi-builder-workspace/Sources/Core/FeatureModule.swift /Users/admin/builder/spi-builder-workspace/Sources/Core/Modulable.swift /Users/admin/builder/spi-builder-workspace/Sources/Core/Observer.swift /Users/admin/builder/spi-builder-workspace/Sources/Core/Processing+UseCase.swift /Users/admin/builder/spi-builder-workspace/Sources/Core/Processing.swift /Users/admin/builder/spi-builder-workspace/Sources/Core/Property.swift /Users/admin/builder/spi-builder-workspace/Sources/Core/Transformer.swift /Users/admin/builder/spi-builder-workspace/Sources/Core/ValuePublisher.swift /Users/admin/builder/spi-builder-workspace/Sources/Modules/ListFeature.swift /Users/admin/builder/spi-builder-workspace/Sources/Modules/OptionalValueFeature.swift /Users/admin/builder/spi-builder-workspace/Sources/Modules/ValueFeature+ViewLifecycle.swift /Users/admin/builder/spi-builder-workspace/Sources/Modules/ValueFeature.swift /Users/admin/builder/spi-builder-workspace/Sources/Reducers/ActionReducer.swift /Users/admin/builder/spi-builder-workspace/Sources/Reducers/AsyncActionReducer.swift /Users/admin/builder/spi-builder-workspace/Sources/Reducers/AsyncEffectReducer.swift /Users/admin/builder/spi-builder-workspace/Sources/Reducers/AsyncIntentReducer.swift /Users/admin/builder/spi-builder-workspace/Sources/Reducers/AsyncReactionReducer.swift /Users/admin/builder/spi-builder-workspace/Sources/Reducers/EffectReducer.swift /Users/admin/builder/spi-builder-workspace/Sources/Reducers/EventReducer.swift /Users/admin/builder/spi-builder-workspace/Sources/Reducers/IntentReducer.swift /Users/admin/builder/spi-builder-workspace/Sources/Reducers/ReactionReducer.swift /Users/admin/builder/spi-builder-workspace/Sources/Reducibles/OptionalReducibleState.swift /Users/admin/builder/spi-builder-workspace/Sources/Reducibles/ReducibleState.swift /Users/admin/builder/spi-builder-workspace/Sources/Use\ Cases/Network.swift /Users/admin/builder/spi-builder-workspace/Sources/Use\ Cases/Network/NetworkDataTask.swift /Users/admin/builder/spi-builder-workspace/Sources/Views/Alert+EventReducer.swift /Users/admin/builder/spi-builder-workspace/Sources/Views/Alert+StateReducer.swift /Users/admin/builder/spi-builder-workspace/Sources/Views/EventReducerView.swift /Users/admin/builder/spi-builder-workspace/Sources/Views/FeatureView.swift /Users/admin/builder/spi-builder-workspace/Sources/Views/PublishedPathView.swift /Users/admin/builder/spi-builder-workspace/Sources/Views/StateReducerView.swift -target arm64_32-apple-watchos9.0 -disable-cross-import-overlay-search -load-resolved-plugin /Applications/Xcode-27.0.0-Release.Candidate.app/Contents/Developer/Platforms/WatchOS.platform/Developer/usr/lib/swift/host/plugins/libFoundationMacros.dylib\#/Applications/Xcode-27.0.0-Release.Candidate.app/Contents/Developer/Platforms/WatchOS.platform/Developer/usr/bin/swift-plugin-server\#FoundationMacros -load-resolved-plugin /Applications/Xcode-27.0.0-Release.Candidate.app/Contents/Developer/Platforms/WatchOS.platform/Developer/usr/lib/swift/host/plugins/libObservationMacros.dylib\#/Applications/Xcode-27.0.0-Release.Candidate.app/Contents/Developer/Platforms/WatchOS.platform/Developer/usr/bin/swift-plugin-server\#ObservationMacros -load-resolved-plugin /Applications/Xcode-27.0.0-Release.Candidate.app/Contents/Developer/Platforms/WatchOS.platform/Developer/usr/lib/swift/host/plugins/libPreviewsMacros.dylib\#/Applications/Xcode-27.0.0-Release.Candidate.app/Contents/Developer/Platforms/WatchOS.platform/Developer/usr/bin/swift-plugin-server\#PreviewsMacros -load-resolved-plugin /Applications/Xcode-27.0.0-Release.Candidate.app/Contents/Developer/Platforms/WatchOS.platform/Developer/usr/lib/swift/host/plugins/libSwiftMacros.dylib\#/Applications/Xcode-27.0.0-Release.Candidate.app/Contents/Developer/Platforms/WatchOS.platform/Developer/usr/bin/swift-plugin-server\#SwiftMacros -load-resolved-plugin /Applications/Xcode-27.0.0-Release.Candidate.app/Contents/Developer/Platforms/WatchOS.platform/Developer/usr/lib/swift/host/plugins/libSwiftUIMacros.dylib\#/Applications/Xcode-27.0.0-Release.Candidate.app/Contents/Developer/Platforms/WatchOS.platform/Developer/usr/bin/swift-plugin-server\#SwiftUIMacros -disable-implicit-swift-modules -Xcc -fno-implicit-modules -Xcc -fno-implicit-module-maps -explicit-swift-module-map-file /Users/admin/builder/spi-builder-workspace/.derivedData/Build/Intermediates.noindex/SwiftMVI.build/Debug-watchos/SwiftMVI-t.build/Objects-normal/arm64_32/SwiftMVI-dependencies-1.json -enable-objc-interop -sdk /Applications/Xcode-27.0.0-Release.Candidate.app/Contents/Developer/Platforms/WatchOS.platform/Developer/SDKs/WatchOS27.0.sdk -I /Users/admin/builder/spi-builder-workspace/.derivedData/Build/Products/Debug-watchos -Isystem /Applications/Xcode-27.0.0-Release.Candidate.app/Contents/Developer/Platforms/WatchOS.platform/Developer/usr/lib -F /Users/admin/builder/spi-builder-workspace/.derivedData/Build/Products/Debug-watchos/PackageFrameworks -F /Users/admin/builder/spi-builder-workspace/.derivedData/Build/Products/Debug-watchos -F /Applications/Xcode-27.0.0-Release.Candidate.app/Contents/Developer/Platforms/WatchOS.platform/Developer/Library/Frameworks -F /Applications/Xcode-27.0.0-Release.Candidate.app/Contents/Developer/Platforms/WatchOS.platform/Developer/SDKs/WatchOS27.0.sdk/Developer/Library/Frameworks -module-cache-path /Users/admin/builder/spi-builder-workspace/.derivedData/Build/Intermediates.noindex/SwiftExplicitPrecompiledModules -no-color-diagnostics -Xcc -fno-color-diagnostics -enable-testing -g -debug-info-format\=dwarf -dwarf-version\=4 -profile-generate -profile-coverage-mapping -swift-version 5 -Onone -D SWIFT_PACKAGE -D DEBUG -D SWIFT_MODULE_RESOURCE_BUNDLE_UNAVAILABLE -D Xcode -serialize-debugging-options -load-plugin-executable /Users/admin/builder/spi-builder-workspace/.derivedData/Build/Products/Debug/SwiftUseCaseMacros\#SwiftUseCaseMacros -enable-experimental-feature DebugDescriptionMacro -empty-abi-descriptor -validate-clang-modules-once -clang-build-session-file /Users/admin/builder/spi-builder-workspace/.derivedData/ModuleCache.noindex/Session.modulevalidation -Xcc -working-directory -Xcc /Users/admin/builder/spi-builder-workspace/.swiftpm/xcode -enable-anonymous-context-mangled-names -file-compilation-dir /Users/admin/builder/spi-builder-workspace/.swiftpm/xcode -Xcc -D_LIBCPP_HARDENING_MODE\=_LIBCPP_HARDENING_MODE_DEBUG -Xcc -ivfsstatcache -Xcc /Users/admin/builder/spi-builder-workspace/.derivedData/SDKStatCaches.noindex/watchos27.0-24R360-e829b21a6f8c9b70876ba0858053c04477534ef55a1706bf4c1112bbb242f0a2.sdkstatcache -Xcc -fmodules-prune-interval\=86400 -Xcc -fmodules-prune-after\=345600 -Xcc -I/Users/admin/builder/spi-builder-workspace/.derivedData/Build/Products/Debug-watchos/include -Xcc -I/Users/admin/builder/spi-builder-workspace/.derivedData/Build/Intermediates.noindex/SwiftMVI.build/Debug-watchos/SwiftMVI-t.build/DerivedSources-normal/arm64_32 -Xcc -I/Users/admin/builder/spi-builder-workspace/.derivedData/Build/Intermediates.noindex/SwiftMVI.build/Debug-watchos/SwiftMVI-t.build/DerivedSources/arm64_32 -Xcc -I/Users/admin/builder/spi-builder-workspace/.derivedData/Build/Intermediates.noindex/SwiftMVI.build/Debug-watchos/SwiftMVI-t.build/DerivedSources -Xcc -DSWIFT_PACKAGE -Xcc -DDEBUG\=1 -no-auto-bridging-header-chaining -module-name SwiftMVI -const-gather-protocols-file /Users/admin/builder/spi-builder-workspace/.derivedData/Build/Intermediates.noindex/SwiftMVI.build/Debug-watchos/SwiftMVI-t.build/Objects-normal/arm64_32/SwiftMVI_const_extract_protocols.json -disable-clang-spi -clang-target arm64_32-apple-watchos27.0 -target-sdk-version 27.0 -target-sdk-name watchos27.0 -in-process-plugin-server-path /Applications/Xcode-27.0.0-Release.Candidate.app/Contents/Developer/Toolchains/XcodeDefault.xctoolchain/usr/lib/swift/host/libSwiftInProcPluginServer.dylib -emit-module-doc-path /Users/admin/builder/spi-builder-workspace/.derivedData/Build/Intermediates.noindex/SwiftMVI.build/Debug-watchos/SwiftMVI-t.build/Objects-normal/arm64_32/SwiftMVI.swiftdoc -emit-module-source-info-path /Users/admin/builder/spi-builder-workspace/.derivedData/Build/Intermediates.noindex/SwiftMVI.build/Debug-watchos/SwiftMVI-t.build/Objects-normal/arm64_32/SwiftMVI.swiftsourceinfo -emit-objc-header-path /Users/admin/builder/spi-builder-workspace/.derivedData/Build/Intermediates.noindex/SwiftMVI.build/Debug-watchos/SwiftMVI-t.build/Objects-normal/arm64_32/SwiftMVI-Swift.h -serialize-diagnostics-path /Users/admin/builder/spi-builder-workspace/.derivedData/Build/Intermediates.noindex/SwiftMVI.build/Debug-watchos/SwiftMVI-t.build/Objects-normal/arm64_32/SwiftMVI-primary-emit-module.dia -emit-dependencies-path /Users/admin/builder/spi-builder-workspace/.derivedData/Build/Intermediates.noindex/SwiftMVI.build/Debug-watchos/SwiftMVI-t.build/Objects-normal/arm64_32/SwiftMVI-primary-emit-module.d -parse-as-library -o /Users/admin/builder/spi-builder-workspace/.derivedData/Build/Intermediates.noindex/SwiftMVI.build/Debug-watchos/SwiftMVI-t.build/Objects-normal/arm64_32/SwiftMVI.swiftmodule -emit-abi-descriptor-path /Users/admin/builder/spi-builder-workspace/.derivedData/Build/Intermediates.noindex/SwiftMVI.build/Debug-watchos/SwiftMVI-t.build/Objects-normal/arm64_32/SwiftMVI.abi.json
SwiftCompile normal arm64_32 (in target 'SwiftMVI' from project 'SwiftMVI')
    cd /Users/admin/builder/spi-builder-workspace/.swiftpm/xcode

SwiftCompile normal arm64 Compiling\ AsyncActionReducer.swift,\ AsyncEffectReducer.swift,\ AsyncIntentReducer.swift /Users/admin/builder/spi-builder-workspace/Sources/Reducers/AsyncActionReducer.swift /Users/admin/builder/spi-builder-workspace/Sources/Reducers/AsyncEffectReducer.swift /Users/admin/builder/spi-builder-workspace/Sources/Reducers/AsyncIntentReducer.swift (in target 'SwiftMVI' from project 'SwiftMVI')
SwiftCompile normal arm64 /Users/admin/builder/spi-builder-workspace/Sources/Reducers/AsyncActionReducer.swift (in target 'SwiftMVI' from project 'SwiftMVI')
    cd /Users/admin/builder/spi-builder-workspace/.swiftpm/xcode
    builtin-SwiftPerFileCompile AsyncActionReducer.swift
SwiftCompile normal arm64 /Users/admin/builder/spi-builder-workspace/Sources/Reducers/AsyncEffectReducer.swift (in target 'SwiftMVI' from project 'SwiftMVI')
    cd /Users/admin/builder/spi-builder-workspace/.swiftpm/xcode
    builtin-SwiftPerFileCompile AsyncEffectReducer.swift
SwiftCompile normal arm64 /Users/admin/builder/spi-builder-workspace/Sources/Reducers/AsyncIntentReducer.swift (in target 'SwiftMVI' from project 'SwiftMVI')
    cd /Users/admin/builder/spi-builder-workspace/.swiftpm/xcode
    builtin-SwiftPerFileCompile AsyncIntentReducer.swift
SwiftCompile normal arm64_32 Compiling\ IntentReducer.swift,\ ReactionReducer.swift,\ OptionalReducibleState.swift /Users/admin/builder/spi-builder-workspace/Sources/Reducers/IntentReducer.swift /Users/admin/builder/spi-builder-workspace/Sources/Reducers/ReactionReducer.swift /Users/admin/builder/spi-builder-workspace/Sources/Reducibles/OptionalReducibleState.swift (in target 'SwiftMVI' from project 'SwiftMVI')
SwiftCompile normal arm64_32 /Users/admin/builder/spi-builder-workspace/Sources/Reducers/IntentReducer.swift (in target 'SwiftMVI' from project 'SwiftMVI')
    cd /Users/admin/builder/spi-builder-workspace/.swiftpm/xcode
    builtin-SwiftPerFileCompile IntentReducer.swift
SwiftCompile normal arm64_32 /Users/admin/builder/spi-builder-workspace/Sources/Reducers/ReactionReducer.swift (in target 'SwiftMVI' from project 'SwiftMVI')
    cd /Users/admin/builder/spi-builder-workspace/.swiftpm/xcode
    builtin-SwiftPerFileCompile ReactionReducer.swift
SwiftCompile normal arm64_32 /Users/admin/builder/spi-builder-workspace/Sources/Reducibles/OptionalReducibleState.swift (in target 'SwiftMVI' from project 'SwiftMVI')
    cd /Users/admin/builder/spi-builder-workspace/.swiftpm/xcode
    builtin-SwiftPerFileCompile OptionalReducibleState.swift
SwiftCompile normal arm64_32 Compiling\ EventReducerView.swift,\ FeatureView.swift /Users/admin/builder/spi-builder-workspace/Sources/Views/EventReducerView.swift /Users/admin/builder/spi-builder-workspace/Sources/Views/FeatureView.swift (in target 'SwiftMVI' from project 'SwiftMVI')
SwiftCompile normal arm64_32 /Users/admin/builder/spi-builder-workspace/Sources/Views/EventReducerView.swift (in target 'SwiftMVI' from project 'SwiftMVI')
    cd /Users/admin/builder/spi-builder-workspace/.swiftpm/xcode
    builtin-SwiftPerFileCompile EventReducerView.swift
SwiftCompile normal arm64_32 /Users/admin/builder/spi-builder-workspace/Sources/Views/FeatureView.swift (in target 'SwiftMVI' from project 'SwiftMVI')
    cd /Users/admin/builder/spi-builder-workspace/.swiftpm/xcode
    builtin-SwiftPerFileCompile FeatureView.swift
SwiftDriverJobDiscovery normal arm64 Compiling AsyncActionReducer.swift, AsyncEffectReducer.swift, AsyncIntentReducer.swift (in target 'SwiftMVI' from project 'SwiftMVI')
SwiftCompile normal arm64_32 Compiling\ Processing.swift,\ Property.swift,\ Transformer.swift /Users/admin/builder/spi-builder-workspace/Sources/Core/Processing.swift /Users/admin/builder/spi-builder-workspace/Sources/Core/Property.swift /Users/admin/builder/spi-builder-workspace/Sources/Core/Transformer.swift (in target 'SwiftMVI' from project 'SwiftMVI')
SwiftCompile normal arm64_32 /Users/admin/builder/spi-builder-workspace/Sources/Core/Processing.swift (in target 'SwiftMVI' from project 'SwiftMVI')
    cd /Users/admin/builder/spi-builder-workspace/.swiftpm/xcode
    builtin-SwiftPerFileCompile Processing.swift
SwiftCompile normal arm64_32 /Users/admin/builder/spi-builder-workspace/Sources/Core/Property.swift (in target 'SwiftMVI' from project 'SwiftMVI')
    cd /Users/admin/builder/spi-builder-workspace/.swiftpm/xcode
    builtin-SwiftPerFileCompile Property.swift
SwiftCompile normal arm64_32 /Users/admin/builder/spi-builder-workspace/Sources/Core/Transformer.swift (in target 'SwiftMVI' from project 'SwiftMVI')
    cd /Users/admin/builder/spi-builder-workspace/.swiftpm/xcode
    builtin-SwiftPerFileCompile Transformer.swift
PruneExplicitPrecompiledModules /Users/admin/builder/spi-builder-workspace/.derivedData/Build/Intermediates.noindex/ExplicitPrecompiledModules
PruneExplicitPrecompiledModules /Users/admin/builder/spi-builder-workspace/.derivedData/Build/Intermediates.noindex/SwiftExplicitPrecompiledModules
PruneExplicitPrecompiledModules /Users/admin/builder/spi-builder-workspace/.derivedData/SDKExplicitPrecompiledModules
2026-09-18 18:09:36.397 xcodebuild[1472:8536] [MT] IDERunDestination: Supported platforms for the buildables in the current scheme is empty.
** BUILD FAILED **
The following build commands failed:
	SwiftEmitModule normal arm64_32 Emitting\ module\ for\ SwiftMVI (in target 'SwiftMVI' from project 'SwiftMVI')
	SwiftCompile normal arm64_32 (in target 'SwiftMVI' from project 'SwiftMVI')
	Building workspace SwiftMVI with scheme SwiftMVI
(3 failures)
BUILD FAILURE 6.4 watchOS