The Swift Package Index logo.Swift Package Index

Build Information

Failed to build Socket, reference 0.3.3 (9945ad), with Swift 6.4 for Android on 20 Sep 2026 17:15:08 UTC.

Build Command

bash -c docker run --pull=always --rm -v "checkouts-54344844-1":/host -w "$PWD" -e JAVA_HOME="/root/.sdkman/candidates/java/current" -e SPI_BUILD="1" -e SPI_PROCESSING="1" registry.gitlab.com/saguaro1/spi-images:android-6.4-latest swift build --swift-sdk aarch64-unknown-linux-android28 2>&1

Build Log

========================================
RunAll
========================================
Builder version: 5.1.0
Interrupt handler set up.
========================================
Checkout
========================================
Clone URL: https://github.com/stackotter/Socket.git
Reference: 0.3.3
Initialized empty Git repository in /host/spi-builder-workspace/.git/
hint: Using 'master' as the name for the initial branch. This default branch name
hint: is subject to change. To configure the initial branch name to use in all
hint: of your new repositories, which will suppress this warning, call:
hint:
hint: 	git config --global init.defaultBranch <name>
hint:
hint: Names commonly chosen instead of 'master' are 'main', 'trunk' and
hint: 'development'. The just-created branch can be renamed via this command:
hint:
hint: 	git branch -m <name>
From https://github.com/stackotter/Socket
 * tag               0.3.3      -> FETCH_HEAD
HEAD is now at 9945adf Fix pointer related build warnings
Cloned https://github.com/stackotter/Socket.git
Revision (git rev-parse @):
9945adfb7b2b089b1f9963db31544f604d260293
SUCCESS checkout https://github.com/stackotter/Socket.git at 0.3.3
========================================
Build
========================================
Selected platform:         android
Swift version:             6.4
Building package at path:  $PWD
https://github.com/stackotter/Socket.git
Running build ...
bash -c docker run --pull=always --rm -v "checkouts-54344844-1":/host -w "$PWD" -e JAVA_HOME="/root/.sdkman/candidates/java/current" -e SPI_BUILD="1" -e SPI_PROCESSING="1" registry.gitlab.com/saguaro1/spi-images:android-6.4-latest swift build --swift-sdk aarch64-unknown-linux-android28 2>&1
android-6.4-latest: Pulling from saguaro1/spi-images
Digest: sha256:abadcff584c273feba50641b454858d377ba30b35ea7287a94f45ebd8afd0ea0
Status: Image is up to date for registry.gitlab.com/saguaro1/spi-images:android-6.4-latest
Fetching https://github.com/apple/swift-system
[1/6898] Fetching swift-system
Fetched https://github.com/apple/swift-system (0.68s)
Computing version for https://github.com/apple/swift-system
Computed https://github.com/apple/swift-system at 1.8.1 (0.93s)
Creating working copy for https://github.com/apple/swift-system
Working copy of https://github.com/apple/swift-system resolved at 1.8.1
Building for debugging...
[Computing dependencies]
[Pre-planning 1 / 156]
[Planning deferred tasks]
[31 / 48] CSystem
[42 / 57] SystemPackage
[43 / 57] SystemPackage
[48 / 58]
[51 / 67] Socket
[53 / 67] Socket
[54 / 67] Socket
[56 / 67] Socket
error: SwiftCompile normal aarch64 /host/spi-builder-workspace/Sources/Socket/System/SocketOptionID.swift failed with a nonzero exit code. Command line:     cd /host
    builtin-SwiftPerFileCompile SocketOptionID.swift
error: SwiftCompile normal aarch64 /host/spi-builder-workspace/Sources/Socket/System/SocketOptionLevel.swift failed with a nonzero exit code. Command line:     cd /host
    builtin-SwiftPerFileCompile SocketOptionLevel.swift
error: SwiftCompile normal aarch64 /host/spi-builder-workspace/Sources/Socket/System/SocketProtocol.swift failed with a nonzero exit code. Command line:     cd /host
    builtin-SwiftPerFileCompile SocketProtocol.swift
error: SwiftCompile normal aarch64 /host/spi-builder-workspace/Sources/Socket/System/SocketProtocol/IPv4Protocol.swift failed with a nonzero exit code. Command line:     cd /host
    builtin-SwiftPerFileCompile IPv4Protocol.swift
error: SwiftCompile normal aarch64 /host/spi-builder-workspace/Sources/Socket/System/SocketProtocol/IPv6Protocol.swift failed with a nonzero exit code. Command line:     cd /host
    builtin-SwiftPerFileCompile IPv6Protocol.swift
/host/spi-builder-workspace/Sources/Socket/System/CInterop.swift:6:8: error: no such module 'Glibc'
 4 | import Darwin
 5 | #elseif os(Linux) || os(FreeBSD) || os(Android)
 6 | import Glibc
   |        `- error: no such module 'Glibc'
 7 | #elseif os(Windows)
 8 | import CSocket
Failed frontend command:
/root/.local/share/swiftly/toolchains/6.4.x-snapshot-2026-09-04/usr/bin/swift-frontend -frontend -c /host/spi-builder-workspace/Sources/Socket/Socket.swift /host/spi-builder-workspace/Sources/Socket/SocketContinuation.swift /host/spi-builder-workspace/Sources/Socket/SocketManager.swift /host/spi-builder-workspace/Sources/Socket/SocketManager/AsyncSocketManager.swift /host/spi-builder-workspace/Sources/Socket/SocketManager/CFSocketManager.swift /host/spi-builder-workspace/Sources/Socket/System/CInternetAddress.swift /host/spi-builder-workspace/Sources/Socket/System/CInterop.swift /host/spi-builder-workspace/Sources/Socket/System/CSocketAddress.swift /host/spi-builder-workspace/Sources/Socket/System/Constants.swift /host/spi-builder-workspace/Sources/Socket/System/Errno.swift /host/spi-builder-workspace/Sources/Socket/System/FileChange.swift /host/spi-builder-workspace/Sources/Socket/System/FileEvent.swift /host/spi-builder-workspace/Sources/Socket/System/FileFlags.swift /host/spi-builder-workspace/Sources/Socket/System/InputOutput/IOControl.swift /host/spi-builder-workspace/Sources/Socket/System/InputOutput/IODirection.swift /host/spi-builder-workspace/Sources/Socket/System/InputOutput/IOOperations.swift /host/spi-builder-workspace/Sources/Socket/System/InputOutput/IOType.swift /host/spi-builder-workspace/Sources/Socket/System/InternetProtocol.swift /host/spi-builder-workspace/Sources/Socket/System/MessageFlags.swift /host/spi-builder-workspace/Sources/Socket/System/NetworkInterface.swift /host/spi-builder-workspace/Sources/Socket/System/NetworkOrder.swift /host/spi-builder-workspace/Sources/Socket/System/Poll.swift /host/spi-builder-workspace/Sources/Socket/System/SocketAddress.swift /host/spi-builder-workspace/Sources/Socket/System/SocketAddress/IPv4SocketAddress.swift /host/spi-builder-workspace/Sources/Socket/System/SocketAddress/IPv6SocketAddress.swift /host/spi-builder-workspace/Sources/Socket/System/SocketAddress/LinkLayerSocketAddress.swift /host/spi-builder-workspace/Sources/Socket/System/SocketAddress/UnixSocketAddress.swift /host/spi-builder-workspace/Sources/Socket/System/SocketAddressFamily.swift /host/spi-builder-workspace/Sources/Socket/System/SocketDescriptor.swift /host/spi-builder-workspace/Sources/Socket/System/SocketFlags.swift /host/spi-builder-workspace/Sources/Socket/System/SocketHelpers.swift /host/spi-builder-workspace/Sources/Socket/System/SocketOperations.swift /host/spi-builder-workspace/Sources/Socket/System/SocketOption.swift -primary-file /host/spi-builder-workspace/Sources/Socket/System/SocketOptionID.swift -primary-file /host/spi-builder-workspace/Sources/Socket/System/SocketOptionLevel.swift -primary-file /host/spi-builder-workspace/Sources/Socket/System/SocketProtocol.swift -primary-file /host/spi-builder-workspace/Sources/Socket/System/SocketProtocol/IPv4Protocol.swift -primary-file /host/spi-builder-workspace/Sources/Socket/System/SocketProtocol/IPv6Protocol.swift /host/spi-builder-workspace/Sources/Socket/System/SocketProtocol/LinkLayerProtocol.swift /host/spi-builder-workspace/Sources/Socket/System/SocketProtocol/UnixProtocol.swift /host/spi-builder-workspace/Sources/Socket/System/SocketType.swift /host/spi-builder-workspace/Sources/Socket/System/Syscalls.swift /host/spi-builder-workspace/Sources/Socket/System/Util.swift -supplementary-output-file-map /host/spi-builder-workspace/.build/out/Intermediates.noindex/Socket.build/Debug-android-aarch64/Socket-t.build/Objects-normal/aarch64/supplementaryOutputs-15 -target aarch64-unknown-linux-android28 -Xllvm -aarch64-use-tbi -disable-objc-interop -sdk /android-ndk/android-ndk-r27d/toolchains/llvm/prebuilt/linux-x86_64/sysroot -sysroot /android-ndk/android-ndk-r27d/toolchains/llvm/prebuilt/linux-x86_64/sysroot -I /host/spi-builder-workspace/.build/out/Products/Debug-android-aarch64 -module-cache-path /host/spi-builder-workspace/.build/out/ModuleCache.noindex -color-diagnostics -Xcc -fcolor-diagnostics -enable-testing -g -debug-info-format\=dwarf -dwarf-version\=4 -swift-version 5 -Onone -D SWIFT_PACKAGE -D DEBUG -D SWIFT_MODULE_RESOURCE_BUNDLE_UNAVAILABLE -D Xcode -serialize-debugging-options -enable-experimental-feature DebugDescriptionMacro -empty-abi-descriptor -external-plugin-path /root/.local/share/swiftly/toolchains/6.4.x-snapshot-2026-09-04/usr/lib/swift/host/plugins/testing\#/root/.local/share/swiftly/toolchains/6.4.x-snapshot-2026-09-04/usr/bin/swift-plugin-server -validate-clang-modules-once -clang-build-session-file /host/spi-builder-workspace/.build/out/ModuleCache.noindex/Session.modulevalidation -Xcc -working-directory -Xcc /host -resource-dir /root/.swiftpm/swift-sdks/swift-6.4.x-DEVELOPMENT-SNAPSHOT-2026-09-04-a_android.artifactbundle/swift-android/swift-resources/usr/lib/swift-aarch64 -enable-anonymous-context-mangled-names -file-compilation-dir /host -Xcc -resource-dir -Xcc /android-ndk/android-ndk-r27d/toolchains/llvm/prebuilt/linux-x86_64/lib/clang/18 -Xcc -fmodule-map-file\=/host/spi-builder-workspace/.build/checkouts/swift-system/Sources/CSystem/include/module.modulemap -Xcc -fmodule-map-file\=/host/spi-builder-workspace/Sources/CSocket/include/module.modulemap -Xcc -fno-omit-frame-pointer -Xcc -D_LIBCPP_HARDENING_MODE\=_LIBCPP_HARDENING_MODE_DEBUG -Xcc -fmodules-prune-interval\=86400 -Xcc -fmodules-prune-after\=345600 -Xcc -I/host/spi-builder-workspace/.build/checkouts/swift-system/Sources/CSystem/include -Xcc -I/host/spi-builder-workspace/Sources/CSocket/include -Xcc -I/host/spi-builder-workspace/.build/out/Products/Debug-android-aarch64/include -Xcc -I/host/spi-builder-workspace/.build/out/Intermediates.noindex/Socket.build/Debug-android-aarch64/Socket-t.build/DerivedSources-normal/aarch64 -Xcc -I/host/spi-builder-workspace/.build/out/Intermediates.noindex/Socket.build/Debug-android-aarch64/Socket-t.build/DerivedSources/aarch64 -Xcc -I/host/spi-builder-workspace/.build/out/Intermediates.noindex/Socket.build/Debug-android-aarch64/Socket-t.build/DerivedSources -Xcc -DSWIFT_PACKAGE -Xcc -DDEBUG\=1 -no-auto-bridging-header-chaining -module-name Socket -const-gather-protocols-file /host/spi-builder-workspace/.build/out/Intermediates.noindex/Socket.build/Debug-android-aarch64/Socket-t.build/Objects-normal/aarch64/Socket_const_extract_protocols.json -in-process-plugin-server-path /root/.local/share/swiftly/toolchains/6.4.x-snapshot-2026-09-04/usr/lib/swift/host/libSwiftInProcPluginServer.so -plugin-path /root/.local/share/swiftly/toolchains/6.4.x-snapshot-2026-09-04/usr/lib/swift/host/plugins -plugin-path /root/.local/share/swiftly/toolchains/6.4.x-snapshot-2026-09-04/usr/local/lib/swift/host/plugins -parse-as-library -o /host/spi-builder-workspace/.build/out/Intermediates.noindex/Socket.build/Debug-android-aarch64/Socket-t.build/Objects-normal/aarch64/SocketOptionID.o -o /host/spi-builder-workspace/.build/out/Intermediates.noindex/Socket.build/Debug-android-aarch64/Socket-t.build/Objects-normal/aarch64/SocketOptionLevel.o -o /host/spi-builder-workspace/.build/out/Intermediates.noindex/Socket.build/Debug-android-aarch64/Socket-t.build/Objects-normal/aarch64/SocketProtocol.o -o /host/spi-builder-workspace/.build/out/Intermediates.noindex/Socket.build/Debug-android-aarch64/Socket-t.build/Objects-normal/aarch64/IPv4Protocol.o -o /host/spi-builder-workspace/.build/out/Intermediates.noindex/Socket.build/Debug-android-aarch64/Socket-t.build/Objects-normal/aarch64/IPv6Protocol.o -index-unit-output-path /Socket.build/Debug-android-aarch64/Socket-t.build/Objects-normal/aarch64/SocketOptionID.o -index-unit-output-path /Socket.build/Debug-android-aarch64/Socket-t.build/Objects-normal/aarch64/SocketOptionLevel.o -index-unit-output-path /Socket.build/Debug-android-aarch64/Socket-t.build/Objects-normal/aarch64/SocketProtocol.o -index-unit-output-path /Socket.build/Debug-android-aarch64/Socket-t.build/Objects-normal/aarch64/IPv4Protocol.o -index-unit-output-path /Socket.build/Debug-android-aarch64/Socket-t.build/Objects-normal/aarch64/IPv6Protocol.o -index-store-path /host/spi-builder-workspace/.build/out -index-system-modules
[57 / 68] SystemPackage
error: SwiftCompile normal aarch64 /host/spi-builder-workspace/Sources/Socket/System/SocketAddress/IPv4SocketAddress.swift failed with a nonzero exit code. Command line:     cd /host
    builtin-SwiftPerFileCompile IPv4SocketAddress.swift
error: SwiftCompile normal aarch64 /host/spi-builder-workspace/Sources/Socket/System/SocketAddress/IPv6SocketAddress.swift failed with a nonzero exit code. Command line:     cd /host
    builtin-SwiftPerFileCompile IPv6SocketAddress.swift
error: SwiftCompile normal aarch64 /host/spi-builder-workspace/Sources/Socket/System/SocketAddress/LinkLayerSocketAddress.swift failed with a nonzero exit code. Command line:     cd /host
    builtin-SwiftPerFileCompile LinkLayerSocketAddress.swift
error: SwiftCompile normal aarch64 /host/spi-builder-workspace/Sources/Socket/System/SocketAddress/UnixSocketAddress.swift failed with a nonzero exit code. Command line:     cd /host
    builtin-SwiftPerFileCompile UnixSocketAddress.swift
error: SwiftCompile normal aarch64 /host/spi-builder-workspace/Sources/Socket/System/SocketAddressFamily.swift failed with a nonzero exit code. Command line:     cd /host
    builtin-SwiftPerFileCompile SocketAddressFamily.swift
/host/spi-builder-workspace/Sources/Socket/System/CInterop.swift:6:8: error: no such module 'Glibc'
 4 | import Darwin
 5 | #elseif os(Linux) || os(FreeBSD) || os(Android)
 6 | import Glibc
   |        `- error: no such module 'Glibc'
 7 | #elseif os(Windows)
 8 | import CSocket
Failed frontend command:
/root/.local/share/swiftly/toolchains/6.4.x-snapshot-2026-09-04/usr/bin/swift-frontend -frontend -c /host/spi-builder-workspace/Sources/Socket/Socket.swift /host/spi-builder-workspace/Sources/Socket/SocketContinuation.swift /host/spi-builder-workspace/Sources/Socket/SocketManager.swift /host/spi-builder-workspace/Sources/Socket/SocketManager/AsyncSocketManager.swift /host/spi-builder-workspace/Sources/Socket/SocketManager/CFSocketManager.swift /host/spi-builder-workspace/Sources/Socket/System/CInternetAddress.swift /host/spi-builder-workspace/Sources/Socket/System/CInterop.swift /host/spi-builder-workspace/Sources/Socket/System/CSocketAddress.swift /host/spi-builder-workspace/Sources/Socket/System/Constants.swift /host/spi-builder-workspace/Sources/Socket/System/Errno.swift /host/spi-builder-workspace/Sources/Socket/System/FileChange.swift /host/spi-builder-workspace/Sources/Socket/System/FileEvent.swift /host/spi-builder-workspace/Sources/Socket/System/FileFlags.swift /host/spi-builder-workspace/Sources/Socket/System/InputOutput/IOControl.swift /host/spi-builder-workspace/Sources/Socket/System/InputOutput/IODirection.swift /host/spi-builder-workspace/Sources/Socket/System/InputOutput/IOOperations.swift /host/spi-builder-workspace/Sources/Socket/System/InputOutput/IOType.swift /host/spi-builder-workspace/Sources/Socket/System/InternetProtocol.swift /host/spi-builder-workspace/Sources/Socket/System/MessageFlags.swift /host/spi-builder-workspace/Sources/Socket/System/NetworkInterface.swift /host/spi-builder-workspace/Sources/Socket/System/NetworkOrder.swift /host/spi-builder-workspace/Sources/Socket/System/Poll.swift /host/spi-builder-workspace/Sources/Socket/System/SocketAddress.swift -primary-file /host/spi-builder-workspace/Sources/Socket/System/SocketAddress/IPv4SocketAddress.swift -primary-file /host/spi-builder-workspace/Sources/Socket/System/SocketAddress/IPv6SocketAddress.swift -primary-file /host/spi-builder-workspace/Sources/Socket/System/SocketAddress/LinkLayerSocketAddress.swift -primary-file /host/spi-builder-workspace/Sources/Socket/System/SocketAddress/UnixSocketAddress.swift -primary-file /host/spi-builder-workspace/Sources/Socket/System/SocketAddressFamily.swift /host/spi-builder-workspace/Sources/Socket/System/SocketDescriptor.swift /host/spi-builder-workspace/Sources/Socket/System/SocketFlags.swift /host/spi-builder-workspace/Sources/Socket/System/SocketHelpers.swift /host/spi-builder-workspace/Sources/Socket/System/SocketOperations.swift /host/spi-builder-workspace/Sources/Socket/System/SocketOption.swift /host/spi-builder-workspace/Sources/Socket/System/SocketOptionID.swift /host/spi-builder-workspace/Sources/Socket/System/SocketOptionLevel.swift /host/spi-builder-workspace/Sources/Socket/System/SocketProtocol.swift /host/spi-builder-workspace/Sources/Socket/System/SocketProtocol/IPv4Protocol.swift /host/spi-builder-workspace/Sources/Socket/System/SocketProtocol/IPv6Protocol.swift /host/spi-builder-workspace/Sources/Socket/System/SocketProtocol/LinkLayerProtocol.swift /host/spi-builder-workspace/Sources/Socket/System/SocketProtocol/UnixProtocol.swift /host/spi-builder-workspace/Sources/Socket/System/SocketType.swift /host/spi-builder-workspace/Sources/Socket/System/Syscalls.swift /host/spi-builder-workspace/Sources/Socket/System/Util.swift -supplementary-output-file-map /host/spi-builder-workspace/.build/out/Intermediates.noindex/Socket.build/Debug-android-aarch64/Socket-t.build/Objects-normal/aarch64/supplementaryOutputs-13 -target aarch64-unknown-linux-android28 -Xllvm -aarch64-use-tbi -disable-objc-interop -sdk /android-ndk/android-ndk-r27d/toolchains/llvm/prebuilt/linux-x86_64/sysroot -sysroot /android-ndk/android-ndk-r27d/toolchains/llvm/prebuilt/linux-x86_64/sysroot -I /host/spi-builder-workspace/.build/out/Products/Debug-android-aarch64 -module-cache-path /host/spi-builder-workspace/.build/out/ModuleCache.noindex -color-diagnostics -Xcc -fcolor-diagnostics -enable-testing -g -debug-info-format\=dwarf -dwarf-version\=4 -swift-version 5 -Onone -D SWIFT_PACKAGE -D DEBUG -D SWIFT_MODULE_RESOURCE_BUNDLE_UNAVAILABLE -D Xcode -serialize-debugging-options -enable-experimental-feature DebugDescriptionMacro -empty-abi-descriptor -external-plugin-path /root/.local/share/swiftly/toolchains/6.4.x-snapshot-2026-09-04/usr/lib/swift/host/plugins/testing\#/root/.local/share/swiftly/toolchains/6.4.x-snapshot-2026-09-04/usr/bin/swift-plugin-server -validate-clang-modules-once -clang-build-session-file /host/spi-builder-workspace/.build/out/ModuleCache.noindex/Session.modulevalidation -Xcc -working-directory -Xcc /host -resource-dir /root/.swiftpm/swift-sdks/swift-6.4.x-DEVELOPMENT-SNAPSHOT-2026-09-04-a_android.artifactbundle/swift-android/swift-resources/usr/lib/swift-aarch64 -enable-anonymous-context-mangled-names -file-compilation-dir /host -Xcc -resource-dir -Xcc /android-ndk/android-ndk-r27d/toolchains/llvm/prebuilt/linux-x86_64/lib/clang/18 -Xcc -fmodule-map-file\=/host/spi-builder-workspace/.build/checkouts/swift-system/Sources/CSystem/include/module.modulemap -Xcc -fmodule-map-file\=/host/spi-builder-workspace/Sources/CSocket/include/module.modulemap -Xcc -fno-omit-frame-pointer -Xcc -D_LIBCPP_HARDENING_MODE\=_LIBCPP_HARDENING_MODE_DEBUG -Xcc -fmodules-prune-interval\=86400 -Xcc -fmodules-prune-after\=345600 -Xcc -I/host/spi-builder-workspace/.build/checkouts/swift-system/Sources/CSystem/include -Xcc -I/host/spi-builder-workspace/Sources/CSocket/include -Xcc -I/host/spi-builder-workspace/.build/out/Products/Debug-android-aarch64/include -Xcc -I/host/spi-builder-workspace/.build/out/Intermediates.noindex/Socket.build/Debug-android-aarch64/Socket-t.build/DerivedSources-normal/aarch64 -Xcc -I/host/spi-builder-workspace/.build/out/Intermediates.noindex/Socket.build/Debug-android-aarch64/Socket-t.build/DerivedSources/aarch64 -Xcc -I/host/spi-builder-workspace/.build/out/Intermediates.noindex/Socket.build/Debug-android-aarch64/Socket-t.build/DerivedSources -Xcc -DSWIFT_PACKAGE -Xcc -DDEBUG\=1 -no-auto-bridging-header-chaining -module-name Socket -const-gather-protocols-file /host/spi-builder-workspace/.build/out/Intermediates.noindex/Socket.build/Debug-android-aarch64/Socket-t.build/Objects-normal/aarch64/Socket_const_extract_protocols.json -in-process-plugin-server-path /root/.local/share/swiftly/toolchains/6.4.x-snapshot-2026-09-04/usr/lib/swift/host/libSwiftInProcPluginServer.so -plugin-path /root/.local/share/swiftly/toolchains/6.4.x-snapshot-2026-09-04/usr/lib/swift/host/plugins -plugin-path /root/.local/share/swiftly/toolchains/6.4.x-snapshot-2026-09-04/usr/local/lib/swift/host/plugins -parse-as-library -o /host/spi-builder-workspace/.build/out/Intermediates.noindex/Socket.build/Debug-android-aarch64/Socket-t.build/Objects-normal/aarch64/IPv4SocketAddress.o -o /host/spi-builder-workspace/.build/out/Intermediates.noindex/Socket.build/Debug-android-aarch64/Socket-t.build/Objects-normal/aarch64/IPv6SocketAddress.o -o /host/spi-builder-workspace/.build/out/Intermediates.noindex/Socket.build/Debug-android-aarch64/Socket-t.build/Objects-normal/aarch64/LinkLayerSocketAddress.o -o /host/spi-builder-workspace/.build/out/Intermediates.noindex/Socket.build/Debug-android-aarch64/Socket-t.build/Objects-normal/aarch64/UnixSocketAddress.o -o /host/spi-builder-workspace/.build/out/Intermediates.noindex/Socket.build/Debug-android-aarch64/Socket-t.build/Objects-normal/aarch64/SocketAddressFamily.o -index-unit-output-path /Socket.build/Debug-android-aarch64/Socket-t.build/Objects-normal/aarch64/IPv4SocketAddress.o -index-unit-output-path /Socket.build/Debug-android-aarch64/Socket-t.build/Objects-normal/aarch64/IPv6SocketAddress.o -index-unit-output-path /Socket.build/Debug-android-aarch64/Socket-t.build/Objects-normal/aarch64/LinkLayerSocketAddress.o -index-unit-output-path /Socket.build/Debug-android-aarch64/Socket-t.build/Objects-normal/aarch64/UnixSocketAddress.o -index-unit-output-path /Socket.build/Debug-android-aarch64/Socket-t.build/Objects-normal/aarch64/SocketAddressFamily.o -index-store-path /host/spi-builder-workspace/.build/out -index-system-modules
error: SwiftCompile normal aarch64 /host/spi-builder-workspace/Sources/Socket/System/CInterop.swift failed with a nonzero exit code. Command line:     cd /host
    builtin-SwiftPerFileCompile CInterop.swift
/host/spi-builder-workspace/Sources/Socket/System/CInterop.swift:6:8: error: no such module 'Glibc'
 4 | import Darwin
 5 | #elseif os(Linux) || os(FreeBSD) || os(Android)
 6 | import Glibc
   |        `- error: no such module 'Glibc'
 7 | #elseif os(Windows)
 8 | import CSocket
Failed frontend command:
/root/.local/share/swiftly/toolchains/6.4.x-snapshot-2026-09-04/usr/bin/swift-frontend -frontend -c /host/spi-builder-workspace/Sources/Socket/Socket.swift /host/spi-builder-workspace/Sources/Socket/SocketContinuation.swift /host/spi-builder-workspace/Sources/Socket/SocketManager.swift /host/spi-builder-workspace/Sources/Socket/SocketManager/AsyncSocketManager.swift /host/spi-builder-workspace/Sources/Socket/SocketManager/CFSocketManager.swift /host/spi-builder-workspace/Sources/Socket/System/CInternetAddress.swift -primary-file /host/spi-builder-workspace/Sources/Socket/System/CInterop.swift -primary-file /host/spi-builder-workspace/Sources/Socket/System/CSocketAddress.swift -primary-file /host/spi-builder-workspace/Sources/Socket/System/Constants.swift -primary-file /host/spi-builder-workspace/Sources/Socket/System/Errno.swift -primary-file /host/spi-builder-workspace/Sources/Socket/System/FileChange.swift -primary-file /host/spi-builder-workspace/Sources/Socket/System/FileEvent.swift /host/spi-builder-workspace/Sources/Socket/System/FileFlags.swift /host/spi-builder-workspace/Sources/Socket/System/InputOutput/IOControl.swift /host/spi-builder-workspace/Sources/Socket/System/InputOutput/IODirection.swift /host/spi-builder-workspace/Sources/Socket/System/InputOutput/IOOperations.swift /host/spi-builder-workspace/Sources/Socket/System/InputOutput/IOType.swift /host/spi-builder-workspace/Sources/Socket/System/InternetProtocol.swift /host/spi-builder-workspace/Sources/Socket/System/MessageFlags.swift /host/spi-builder-workspace/Sources/Socket/System/NetworkInterface.swift /host/spi-builder-workspace/Sources/Socket/System/NetworkOrder.swift /host/spi-builder-workspace/Sources/Socket/System/Poll.swift /host/spi-builder-workspace/Sources/Socket/System/SocketAddress.swift /host/spi-builder-workspace/Sources/Socket/System/SocketAddress/IPv4SocketAddress.swift /host/spi-builder-workspace/Sources/Socket/System/SocketAddress/IPv6SocketAddress.swift /host/spi-builder-workspace/Sources/Socket/System/SocketAddress/LinkLayerSocketAddress.swift /host/spi-builder-workspace/Sources/Socket/System/SocketAddress/UnixSocketAddress.swift /host/spi-builder-workspace/Sources/Socket/System/SocketAddressFamily.swift /host/spi-builder-workspace/Sources/Socket/System/SocketDescriptor.swift /host/spi-builder-workspace/Sources/Socket/System/SocketFlags.swift /host/spi-builder-workspace/Sources/Socket/System/SocketHelpers.swift /host/spi-builder-workspace/Sources/Socket/System/SocketOperations.swift /host/spi-builder-workspace/Sources/Socket/System/SocketOption.swift /host/spi-builder-workspace/Sources/Socket/System/SocketOptionID.swift /host/spi-builder-workspace/Sources/Socket/System/SocketOptionLevel.swift /host/spi-builder-workspace/Sources/Socket/System/SocketProtocol.swift /host/spi-builder-workspace/Sources/Socket/System/SocketProtocol/IPv4Protocol.swift /host/spi-builder-workspace/Sources/Socket/System/SocketProtocol/IPv6Protocol.swift /host/spi-builder-workspace/Sources/Socket/System/SocketProtocol/LinkLayerProtocol.swift /host/spi-builder-workspace/Sources/Socket/System/SocketProtocol/UnixProtocol.swift /host/spi-builder-workspace/Sources/Socket/System/SocketType.swift /host/spi-builder-workspace/Sources/Socket/System/Syscalls.swift /host/spi-builder-workspace/Sources/Socket/System/Util.swift -supplementary-output-file-map /host/spi-builder-workspace/.build/out/Intermediates.noindex/Socket.build/Debug-android-aarch64/Socket-t.build/Objects-normal/aarch64/supplementaryOutputs-10 -target aarch64-unknown-linux-android28 -Xllvm -aarch64-use-tbi -disable-objc-interop -sdk /android-ndk/android-ndk-r27d/toolchains/llvm/prebuilt/linux-x86_64/sysroot -sysroot /android-ndk/android-ndk-r27d/toolchains/llvm/prebuilt/linux-x86_64/sysroot -I /host/spi-builder-workspace/.build/out/Products/Debug-android-aarch64 -module-cache-path /host/spi-builder-workspace/.build/out/ModuleCache.noindex -color-diagnostics -Xcc -fcolor-diagnostics -enable-testing -g -debug-info-format\=dwarf -dwarf-version\=4 -swift-version 5 -Onone -D SWIFT_PACKAGE -D DEBUG -D SWIFT_MODULE_RESOURCE_BUNDLE_UNAVAILABLE -D Xcode -serialize-debugging-options -enable-experimental-feature DebugDescriptionMacro -empty-abi-descriptor -external-plugin-path /root/.local/share/swiftly/toolchains/6.4.x-snapshot-2026-09-04/usr/lib/swift/host/plugins/testing\#/root/.local/share/swiftly/toolchains/6.4.x-snapshot-2026-09-04/usr/bin/swift-plugin-server -validate-clang-modules-once -clang-build-session-file /host/spi-builder-workspace/.build/out/ModuleCache.noindex/Session.modulevalidation -Xcc -working-directory -Xcc /host -resource-dir /root/.swiftpm/swift-sdks/swift-6.4.x-DEVELOPMENT-SNAPSHOT-2026-09-04-a_android.artifactbundle/swift-android/swift-resources/usr/lib/swift-aarch64 -enable-anonymous-context-mangled-names -file-compilation-dir /host -Xcc -resource-dir -Xcc /android-ndk/android-ndk-r27d/toolchains/llvm/prebuilt/linux-x86_64/lib/clang/18 -Xcc -fmodule-map-file\=/host/spi-builder-workspace/.build/checkouts/swift-system/Sources/CSystem/include/module.modulemap -Xcc -fmodule-map-file\=/host/spi-builder-workspace/Sources/CSocket/include/module.modulemap -Xcc -fno-omit-frame-pointer -Xcc -D_LIBCPP_HARDENING_MODE\=_LIBCPP_HARDENING_MODE_DEBUG -Xcc -fmodules-prune-interval\=86400 -Xcc -fmodules-prune-after\=345600 -Xcc -I/host/spi-builder-workspace/.build/checkouts/swift-system/Sources/CSystem/include -Xcc -I/host/spi-builder-workspace/Sources/CSocket/include -Xcc -I/host/spi-builder-workspace/.build/out/Products/Debug-android-aarch64/include -Xcc -I/host/spi-builder-workspace/.build/out/Intermediates.noindex/Socket.build/Debug-android-aarch64/Socket-t.build/DerivedSources-normal/aarch64 -Xcc -I/host/spi-builder-workspace/.build/out/Intermediates.noindex/Socket.build/Debug-android-aarch64/Socket-t.build/DerivedSources/aarch64 -Xcc -I/host/spi-builder-workspace/.build/out/Intermediates.noindex/Socket.build/Debug-android-aarch64/Socket-t.build/DerivedSources -Xcc -DSWIFT_PACKAGE -Xcc -DDEBUG\=1 -no-auto-bridging-header-chaining -module-name Socket -const-gather-protocols-file /host/spi-builder-workspace/.build/out/Intermediates.noindex/Socket.build/Debug-android-aarch64/Socket-t.build/Objects-normal/aarch64/Socket_const_extract_protocols.json -in-process-plugin-server-path /root/.local/share/swiftly/toolchains/6.4.x-snapshot-2026-09-04/usr/lib/swift/host/libSwiftInProcPluginServer.so -plugin-path /root/.local/share/swiftly/toolchains/6.4.x-snapshot-2026-09-04/usr/lib/swift/host/plugins -plugin-path /root/.local/share/swiftly/toolchains/6.4.x-snapshot-2026-09-04/usr/local/lib/swift/host/plugins -parse-as-library -o /host/spi-builder-workspace/.build/out/Intermediates.noindex/Socket.build/Debug-android-aarch64/Socket-t.build/Objects-normal/aarch64/CInterop.o -o /host/spi-builder-workspace/.build/out/Intermediates.noindex/Socket.build/Debug-android-aarch64/Socket-t.build/Objects-normal/aarch64/CSocketAddress.o -o /host/spi-builder-workspace/.build/out/Intermediates.noindex/Socket.build/Debug-android-aarch64/Socket-t.build/Objects-normal/aarch64/Constants.o -o /host/spi-builder-workspace/.build/out/Intermediates.noindex/Socket.build/Debug-android-aarch64/Socket-t.build/Objects-normal/aarch64/Errno.o -o /host/spi-builder-workspace/.build/out/Intermediates.noindex/Socket.build/Debug-android-aarch64/Socket-t.build/Objects-normal/aarch64/FileChange.o -o /host/spi-builder-workspace/.build/out/Intermediates.noindex/Socket.build/Debug-android-aarch64/Socket-t.build/Objects-normal/aarch64/FileEvent.o -index-unit-output-path /Socket.build/Debug-android-aarch64/Socket-t.build/Objects-normal/aarch64/CInterop.o -index-unit-output-path /Socket.build/Debug-android-aarch64/Socket-t.build/Objects-normal/aarch64/CSocketAddress.o -index-unit-output-path /Socket.build/Debug-android-aarch64/Socket-t.build/Objects-normal/aarch64/Constants.o -index-unit-output-path /Socket.build/Debug-android-aarch64/Socket-t.build/Objects-normal/aarch64/Errno.o -index-unit-output-path /Socket.build/Debug-android-aarch64/Socket-t.build/Objects-normal/aarch64/FileChange.o -index-unit-output-path /Socket.build/Debug-android-aarch64/Socket-t.build/Objects-normal/aarch64/FileEvent.o -index-store-path /host/spi-builder-workspace/.build/out -index-system-modules
error: Build failed
BUILD FAILURE 6.4 android