The Swift Package Index logo.Swift Package Index

Build Information

Failed to build Navigation, reference 0.0.2 (a99d15), with Swift 6.4 for watchOS using Xcode 27.0 on 16 Sep 2026 08:57:49 UTC.

Build Command

env DEVELOPER_DIR=/Applications/Xcode-27.0.0-Release.Candidate.app xcrun xcodebuild -IDEClonedSourcePackagesDirPathOverride=$PWD/.dependencies -skipMacroValidation -skipPackagePluginValidation -derivedDataPath $PWD/.derivedData build -scheme Navigation-Package -destination generic/platform=watchOS

Build Log

========================================
RunAll
========================================
Builder version: 5.1.0
Interrupt handler set up.
========================================
Checkout
========================================
Clone URL: https://github.com/gitvalue/Navigation.git
Reference: 0.0.2
Initialized empty Git repository in /Users/admin/builder/spi-builder-workspace/.git/
From https://github.com/gitvalue/Navigation
 * tag               0.0.2      -> FETCH_HEAD
HEAD is now at a99d15a version 0.0.2 released
Cloned https://github.com/gitvalue/Navigation.git
Revision (git rev-parse @):
a99d15a622d96604d8269c101872dc738ae62b73
SUCCESS checkout https://github.com/gitvalue/Navigation.git at 0.0.2
========================================
Build
========================================
Selected platform:         watchOS
Swift version:             6.4
Building package at path:  $PWD
https://github.com/gitvalue/Navigation.git
Command line invocation:
    /Applications/Xcode-27.0.0-Release.Candidate.app/Contents/Developer/usr/bin/xcodebuild -IDEClonedSourcePackagesDirPathOverride=/Users/admin/builder/spi-builder-workspace/.dependencies -resolvePackageDependencies
resolved source packages:
{
  "dependencies" : [
  ],
  "manifest_display_name" : "Navigation",
  "name" : "Navigation",
  "path" : "/Users/admin/builder/spi-builder-workspace",
  "platforms" : [
  ],
  "products" : [
    {
      "name" : "Navigation",
      "targets" : [
        "Navigation"
      ],
      "type" : {
        "library" : [
          "automatic"
        ]
      }
    }
  ],
  "targets" : [
    {
      "c99name" : "NavigationTests",
      "module_type" : "SwiftTarget",
      "name" : "NavigationTests",
      "path" : "Tests/NavigationTests",
      "sources" : [
        "NavigationTests.swift"
      ],
      "target_dependencies" : [
        "Navigation"
      ],
      "type" : "test"
    },
    {
      "c99name" : "Navigation",
      "module_type" : "SwiftTarget",
      "name" : "Navigation",
      "path" : "Sources/Navigation",
      "product_memberships" : [
        "Navigation"
      ],
      "sources" : [
        "Gate.swift",
        "Input.swift",
        "ModalTransfer.swift",
        "PushTransfer.swift",
        "Transfer.swift"
      ],
      "type" : "library"
    }
  ],
  "tools_version" : "4.0"
}
{
  "project" : {
    "configurations" : [
      "Debug",
      "Release"
    ],
    "name" : "Navigation",
    "schemes" : [
      "Example-iOS",
      "Navigation-Package",
      "NavigationPackageDescription",
      "NavigationPackageTests"
    ],
    "targets" : [
      "NavigationPackageDescription",
      "NavigationTests",
      "Navigation",
      "NavigationPackageTests",
      "Example-iOS"
    ]
  }
}
Running build ...
env DEVELOPER_DIR=/Applications/Xcode-27.0.0-Release.Candidate.app xcrun xcodebuild -IDEClonedSourcePackagesDirPathOverride=$PWD/.dependencies -skipMacroValidation -skipPackagePluginValidation -derivedDataPath $PWD/.derivedData build -scheme Navigation-Package -destination generic/platform=watchOS
Command line invocation:
    /Applications/Xcode-27.0.0-Release.Candidate.app/Contents/Developer/usr/bin/xcodebuild -IDEClonedSourcePackagesDirPathOverride=/Users/admin/builder/spi-builder-workspace/.dependencies -skipMacroValidation -skipPackagePluginValidation -derivedDataPath /Users/admin/builder/spi-builder-workspace/.derivedData build -scheme Navigation-Package -destination generic/platform=watchOS
ComputePackagePrebuildTargetDependencyGraph
Prepare packages
CreateBuildRequest
SendProjectDescription
CreateBuildOperation
ComputeTargetDependencyGraph
note: Building targets in dependency order
note: Target dependency graph (1 target)
    Target 'Navigation' in project 'Navigation' (no dependencies)
GatherProvisioningInputs
CreateBuildDescription
ExecuteExternalTool /Applications/Xcode-27.0.0-Release.Candidate.app/Contents/Developer/Toolchains/XcodeDefault.xctoolchain/usr/bin/clang -v -E -dM -isysroot /Applications/Xcode-27.0.0-Release.Candidate.app/Contents/Developer/Platforms/WatchOS.platform/Developer/SDKs/WatchOS27.0.sdk -x c -c /dev/null
ExecuteExternalTool /Applications/Xcode-27.0.0-Release.Candidate.app/Contents/Developer/Toolchains/XcodeDefault.xctoolchain/usr/bin/swiftc --version
ExecuteExternalTool /Applications/Xcode-27.0.0-Release.Candidate.app/Contents/Developer/Toolchains/XcodeDefault.xctoolchain/usr/bin/ld -version_details
Build description signature: da37021aab0818791dc90ee93bbd6a41
Build description path: /Users/admin/builder/spi-builder-workspace/.derivedData/Build/Intermediates.noindex/XCBuildData/da37021aab0818791dc90ee93bbd6a41.xcbuilddata
CreateBuildDirectory /Users/admin/builder/spi-builder-workspace/.derivedData/SDKExplicitPrecompiledModules
    cd /Users/admin/builder/spi-builder-workspace/Navigation.xcodeproj
    builtin-create-build-directory /Users/admin/builder/spi-builder-workspace/.derivedData/SDKExplicitPrecompiledModules
CreateBuildDirectory /Users/admin/builder/spi-builder-workspace/.derivedData/ModuleCache.noindex
    cd /Users/admin/builder/spi-builder-workspace/Navigation.xcodeproj
    builtin-create-build-directory /Users/admin/builder/spi-builder-workspace/.derivedData/ModuleCache.noindex
CreateBuildDirectory /Users/admin/builder/spi-builder-workspace/.derivedData/Build/Products
    cd /Users/admin/builder/spi-builder-workspace/Navigation.xcodeproj
    builtin-create-build-directory /Users/admin/builder/spi-builder-workspace/.derivedData/Build/Products
CreateBuildDirectory /Users/admin/builder/spi-builder-workspace/.derivedData/Build/Intermediates.noindex
    cd /Users/admin/builder/spi-builder-workspace/Navigation.xcodeproj
    builtin-create-build-directory /Users/admin/builder/spi-builder-workspace/.derivedData/Build/Intermediates.noindex
ClangStatCache /Applications/Xcode-27.0.0-Release.Candidate.app/Contents/Developer/Toolchains/XcodeDefault.xctoolchain/usr/bin/clang-stat-cache /Applications/Xcode-27.0.0-Release.Candidate.app/Contents/Developer/Platforms/WatchOS.platform/Developer/SDKs/WatchOS27.0.sdk /Users/admin/builder/spi-builder-workspace/.derivedData/SDKStatCaches.noindex/watchos27.0-24R360-e829b21a6f8c9b70876ba0858053c04477534ef55a1706bf4c1112bbb242f0a2.sdkstatcache
    cd /Users/admin/builder/spi-builder-workspace/Navigation.xcodeproj
    /Applications/Xcode-27.0.0-Release.Candidate.app/Contents/Developer/Toolchains/XcodeDefault.xctoolchain/usr/bin/clang-stat-cache /Applications/Xcode-27.0.0-Release.Candidate.app/Contents/Developer/Platforms/WatchOS.platform/Developer/SDKs/WatchOS27.0.sdk -o /Users/admin/builder/spi-builder-workspace/.derivedData/SDKStatCaches.noindex/watchos27.0-24R360-e829b21a6f8c9b70876ba0858053c04477534ef55a1706bf4c1112bbb242f0a2.sdkstatcache
CreateBuildDirectory /Users/admin/builder/spi-builder-workspace/.derivedData/CompilationCache.noindex
    cd /Users/admin/builder/spi-builder-workspace/Navigation.xcodeproj
    builtin-create-build-directory /Users/admin/builder/spi-builder-workspace/.derivedData/CompilationCache.noindex
CreateBuildDirectory /Users/admin/builder/spi-builder-workspace/.derivedData/Build/Products/Debug-watchos
    cd /Users/admin/builder/spi-builder-workspace/Navigation.xcodeproj
    builtin-create-build-directory /Users/admin/builder/spi-builder-workspace/.derivedData/Build/Products/Debug-watchos
CreateBuildDirectory /Users/admin/builder/spi-builder-workspace/.derivedData/Build/Intermediates.noindex/SwiftExplicitPrecompiledModules
    cd /Users/admin/builder/spi-builder-workspace/Navigation.xcodeproj
    builtin-create-build-directory /Users/admin/builder/spi-builder-workspace/.derivedData/Build/Intermediates.noindex/SwiftExplicitPrecompiledModules
CreateBuildDirectory /Users/admin/builder/spi-builder-workspace/.derivedData/Build/Intermediates.noindex/ExplicitPrecompiledModules
    cd /Users/admin/builder/spi-builder-workspace/Navigation.xcodeproj
    builtin-create-build-directory /Users/admin/builder/spi-builder-workspace/.derivedData/Build/Intermediates.noindex/ExplicitPrecompiledModules
CreateBuildDirectory /Users/admin/builder/spi-builder-workspace/.derivedData/Build/Intermediates.noindex/PrecompiledHeaders
    cd /Users/admin/builder/spi-builder-workspace/Navigation.xcodeproj
    builtin-create-build-directory /Users/admin/builder/spi-builder-workspace/.derivedData/Build/Intermediates.noindex/PrecompiledHeaders
CreateBuildDirectory /Users/admin/builder/spi-builder-workspace/.derivedData/Build/Intermediates.noindex/EagerLinkingTBDs/Debug-watchos
    cd /Users/admin/builder/spi-builder-workspace/Navigation.xcodeproj
    builtin-create-build-directory /Users/admin/builder/spi-builder-workspace/.derivedData/Build/Intermediates.noindex/EagerLinkingTBDs/Debug-watchos
WriteAuxiliaryFile /Users/admin/builder/spi-builder-workspace/.derivedData/Build/Intermediates.noindex/Navigation.build/Debug-watchos/Navigation.build/module.modulemap (in target 'Navigation' from project 'Navigation')
    cd /Users/admin/builder/spi-builder-workspace
    write-file /Users/admin/builder/spi-builder-workspace/.derivedData/Build/Intermediates.noindex/Navigation.build/Debug-watchos/Navigation.build/module.modulemap
WriteAuxiliaryFile /Users/admin/builder/spi-builder-workspace/.derivedData/Build/Intermediates.noindex/Navigation.build/Debug-watchos/Navigation.build/Navigation.DependencyMetadataFileList (in target 'Navigation' from project 'Navigation')
    cd /Users/admin/builder/spi-builder-workspace
    write-file /Users/admin/builder/spi-builder-workspace/.derivedData/Build/Intermediates.noindex/Navigation.build/Debug-watchos/Navigation.build/Navigation.DependencyMetadataFileList
WriteAuxiliaryFile /Users/admin/builder/spi-builder-workspace/.derivedData/Build/Intermediates.noindex/Navigation.build/Debug-watchos/Navigation.build/Navigation.DependencyStaticMetadataFileList (in target 'Navigation' from project 'Navigation')
    cd /Users/admin/builder/spi-builder-workspace
    write-file /Users/admin/builder/spi-builder-workspace/.derivedData/Build/Intermediates.noindex/Navigation.build/Debug-watchos/Navigation.build/Navigation.DependencyStaticMetadataFileList
MkDir /Users/admin/builder/spi-builder-workspace/.derivedData/Build/Products/Debug-watchos/Navigation.framework/Headers (in target 'Navigation' from project 'Navigation')
    cd /Users/admin/builder/spi-builder-workspace
    /bin/mkdir -p /Users/admin/builder/spi-builder-workspace/.derivedData/Build/Products/Debug-watchos/Navigation.framework/Headers
WriteAuxiliaryFile /Users/admin/builder/spi-builder-workspace/.derivedData/Build/Intermediates.noindex/Navigation.build/Debug-watchos/Navigation.build/Objects-normal/arm64/Navigation.SwiftFileList (in target 'Navigation' from project 'Navigation')
    cd /Users/admin/builder/spi-builder-workspace
    write-file /Users/admin/builder/spi-builder-workspace/.derivedData/Build/Intermediates.noindex/Navigation.build/Debug-watchos/Navigation.build/Objects-normal/arm64/Navigation.SwiftFileList
WriteAuxiliaryFile /Users/admin/builder/spi-builder-workspace/.derivedData/Build/Intermediates.noindex/Navigation.build/Debug-watchos/Navigation.build/Objects-normal/arm64/Navigation_const_extract_protocols.json (in target 'Navigation' from project 'Navigation')
    cd /Users/admin/builder/spi-builder-workspace
    write-file /Users/admin/builder/spi-builder-workspace/.derivedData/Build/Intermediates.noindex/Navigation.build/Debug-watchos/Navigation.build/Objects-normal/arm64/Navigation_const_extract_protocols.json
WriteAuxiliaryFile /Users/admin/builder/spi-builder-workspace/.derivedData/Build/Intermediates.noindex/Navigation.build/Debug-watchos/Navigation.build/Objects-normal/arm64/Navigation.LinkFileList (in target 'Navigation' from project 'Navigation')
    cd /Users/admin/builder/spi-builder-workspace
    write-file /Users/admin/builder/spi-builder-workspace/.derivedData/Build/Intermediates.noindex/Navigation.build/Debug-watchos/Navigation.build/Objects-normal/arm64/Navigation.LinkFileList
WriteAuxiliaryFile /Users/admin/builder/spi-builder-workspace/.derivedData/Build/Intermediates.noindex/Navigation.build/Debug-watchos/Navigation.build/Objects-normal/arm64/Navigation-OutputFileMap.json (in target 'Navigation' from project 'Navigation')
    cd /Users/admin/builder/spi-builder-workspace
    write-file /Users/admin/builder/spi-builder-workspace/.derivedData/Build/Intermediates.noindex/Navigation.build/Debug-watchos/Navigation.build/Objects-normal/arm64/Navigation-OutputFileMap.json
WriteAuxiliaryFile /Users/admin/builder/spi-builder-workspace/.derivedData/Build/Intermediates.noindex/Navigation.build/Debug-watchos/Navigation.build/Objects-normal/arm64/Navigation.SwiftConstValuesFileList (in target 'Navigation' from project 'Navigation')
    cd /Users/admin/builder/spi-builder-workspace
    write-file /Users/admin/builder/spi-builder-workspace/.derivedData/Build/Intermediates.noindex/Navigation.build/Debug-watchos/Navigation.build/Objects-normal/arm64/Navigation.SwiftConstValuesFileList
MkDir /Users/admin/builder/spi-builder-workspace/.derivedData/Build/Products/Debug-watchos/Navigation.framework (in target 'Navigation' from project 'Navigation')
    cd /Users/admin/builder/spi-builder-workspace
    /bin/mkdir -p /Users/admin/builder/spi-builder-workspace/.derivedData/Build/Products/Debug-watchos/Navigation.framework
Copy /Users/admin/builder/spi-builder-workspace/.derivedData/Build/Products/Debug-watchos/Navigation.framework/Modules/module.modulemap /Users/admin/builder/spi-builder-workspace/.derivedData/Build/Intermediates.noindex/Navigation.build/Debug-watchos/Navigation.build/module.modulemap (in target 'Navigation' from project 'Navigation')
    cd /Users/admin/builder/spi-builder-workspace
    builtin-copy -exclude .DS_Store -exclude CVS -exclude .svn -exclude .git -exclude .hg -resolve-src-symlinks /Users/admin/builder/spi-builder-workspace/.derivedData/Build/Intermediates.noindex/Navigation.build/Debug-watchos/Navigation.build/module.modulemap /Users/admin/builder/spi-builder-workspace/.derivedData/Build/Products/Debug-watchos/Navigation.framework/Modules
ProcessInfoPlistFile /Users/admin/builder/spi-builder-workspace/.derivedData/Build/Products/Debug-watchos/Navigation.framework/Info.plist /Users/admin/builder/spi-builder-workspace/Navigation.xcodeproj/Navigation_Info.plist (in target 'Navigation' from project 'Navigation')
    cd /Users/admin/builder/spi-builder-workspace
    builtin-infoPlistUtility /Users/admin/builder/spi-builder-workspace/Navigation.xcodeproj/Navigation_Info.plist -producttype com.apple.product-type.framework -expandbuildsettings -format binary -platform watchos -o /Users/admin/builder/spi-builder-workspace/.derivedData/Build/Products/Debug-watchos/Navigation.framework/Info.plist
SwiftDriver Navigation normal arm64 com.apple.xcode.tools.swift.compiler (in target 'Navigation' from project 'Navigation')
    cd /Users/admin/builder/spi-builder-workspace
    builtin-SwiftDriver -- /Applications/Xcode-27.0.0-Release.Candidate.app/Contents/Developer/Toolchains/XcodeDefault.xctoolchain/usr/bin/swiftc -module-name Navigation -Onone @/Users/admin/builder/spi-builder-workspace/.derivedData/Build/Intermediates.noindex/Navigation.build/Debug-watchos/Navigation.build/Objects-normal/arm64/Navigation.SwiftFileList -DSWIFT_PACKAGE -DXcode -enable-bare-slash-regex -enable-experimental-feature DebugDescriptionMacro -sdk /Applications/Xcode-27.0.0-Release.Candidate.app/Contents/Developer/Platforms/WatchOS.platform/Developer/SDKs/WatchOS27.0.sdk -target arm64-apple-watchos27.0 -g -module-cache-path /Users/admin/builder/spi-builder-workspace/.derivedData/ModuleCache.noindex -Xfrontend -serialize-debugging-options -enable-testing -index-store-path /Users/admin/builder/spi-builder-workspace/.derivedData/Index.noindex/DataStore -Xcc -D_LIBCPP_HARDENING_MODE\=_LIBCPP_HARDENING_MODE_DEBUG -swift-version 4 -I /Users/admin/builder/spi-builder-workspace/.derivedData/Build/Products/Debug-watchos -F /Users/admin/builder/spi-builder-workspace/.derivedData/Build/Products/Debug-watchos -F /Applications/Xcode-27.0.0-Release.Candidate.app/Contents/Developer/Platforms/WatchOS.platform/Developer/Library/Frameworks -c -j10 -enable-batch-mode -incremental -Xcc -ivfsstatcache -Xcc /Users/admin/builder/spi-builder-workspace/.derivedData/SDKStatCaches.noindex/watchos27.0-24R360-e829b21a6f8c9b70876ba0858053c04477534ef55a1706bf4c1112bbb242f0a2.sdkstatcache -output-file-map /Users/admin/builder/spi-builder-workspace/.derivedData/Build/Intermediates.noindex/Navigation.build/Debug-watchos/Navigation.build/Objects-normal/arm64/Navigation-OutputFileMap.json -save-temps -no-color-diagnostics -emit-dependencies -emit-module -emit-module-path /Users/admin/builder/spi-builder-workspace/.derivedData/Build/Intermediates.noindex/Navigation.build/Debug-watchos/Navigation.build/Objects-normal/arm64/Navigation.swiftmodule -serialize-diagnostics -validate-clang-modules-once -clang-build-session-file /Users/admin/builder/spi-builder-workspace/.derivedData/ModuleCache.noindex/Session.modulevalidation -Xcc -fmodules-prune-interval\=86400 -Xcc -fmodules-prune-after\=345600 -emit-const-values -const-gather-protocols-list /Users/admin/builder/spi-builder-workspace/.derivedData/Build/Intermediates.noindex/Navigation.build/Debug-watchos/Navigation.build/Objects-normal/arm64/Navigation_const_extract_protocols.json -Xcc -I/Users/admin/builder/spi-builder-workspace/.derivedData/Build/Products/Debug-watchos/include -Xcc -I/Users/admin/builder/spi-builder-workspace/.derivedData/Build/Intermediates.noindex/Navigation.build/Debug-watchos/Navigation.build/DerivedSources-normal/arm64 -Xcc -I/Users/admin/builder/spi-builder-workspace/.derivedData/Build/Intermediates.noindex/Navigation.build/Debug-watchos/Navigation.build/DerivedSources/arm64 -Xcc -I/Users/admin/builder/spi-builder-workspace/.derivedData/Build/Intermediates.noindex/Navigation.build/Debug-watchos/Navigation.build/DerivedSources -emit-objc-header -emit-objc-header-path /Users/admin/builder/spi-builder-workspace/.derivedData/Build/Intermediates.noindex/Navigation.build/Debug-watchos/Navigation.build/Objects-normal/arm64/Navigation-Swift.h -working-directory /Users/admin/builder/spi-builder-workspace -experimental-emit-module-separately -disable-cmo
SwiftCompile normal arm64 Compiling\ Input.swift /Users/admin/builder/spi-builder-workspace/Sources/Navigation/Input.swift (in target 'Navigation' from project 'Navigation')
SwiftCompile normal arm64 /Users/admin/builder/spi-builder-workspace/Sources/Navigation/Input.swift (in target 'Navigation' from project 'Navigation')
    cd /Users/admin/builder/spi-builder-workspace
    builtin-SwiftPerFileCompile Input.swift
SwiftEmitModule normal arm64 Emitting\ module\ for\ Navigation (in target 'Navigation' from project 'Navigation')
/Users/admin/builder/spi-builder-workspace/Sources/Navigation/Transfer.swift:55:16: warning: 'Hashable.hashValue' is deprecated as a protocol requirement; conform type 'Transfer' to 'Hashable' by implementing 'hash(into:)' instead [#DeprecatedDeclaration]
 53 |     var configurator: Configurator!
 54 |
 55 |     public var hashValue: Int {
    |                `- warning: 'Hashable.hashValue' is deprecated as a protocol requirement; conform type 'Transfer' to 'Hashable' by implementing 'hash(into:)' instead [#DeprecatedDeclaration]
 56 |         return hash
 57 |     }
/Users/admin/builder/spi-builder-workspace/Sources/Navigation/Transfer.swift:26:26: error: 'UIViewController' is unavailable in watchOS
 24 |  'State' is a particualar app screen, e.g. login screen
 25 |  */
 26 | public typealias State = UIViewController.Type
    |                          `- error: 'UIViewController' is unavailable in watchOS
 27 |
 28 | /**
/Applications/Xcode-27.0.0-Release.Candidate.app/Contents/Developer/Platforms/WatchOS.platform/Developer/SDKs/WatchOS27.0.sdk/System/Library/Frameworks/UIKit.framework/Headers/UIViewController.h:104:12: note: 'UIViewController' has been explicitly marked unavailable here
102 |
103 | UIKIT_EXTERN API_AVAILABLE(ios(2.0)) API_UNAVAILABLE(watchos) NS_SWIFT_UI_ACTOR
104 | @interface UIViewController : UIResponder <NSCoding, UIAppearanceContainer, UITraitEnvironment, UIContentContainer, UIFocusEnvironment>
    |            `- note: 'UIViewController' has been explicitly marked unavailable here
105 |
106 | /*
/Users/admin/builder/spi-builder-workspace/Sources/Navigation/Transfer.swift:31:26: error: 'UIViewController' is unavailable in watchOS
 29 |  'Stage' is a 'State' instance, i.e. controller object
 30 |  */
 31 | public typealias Stage = UIViewController
    |                          `- error: 'UIViewController' is unavailable in watchOS
 32 |
 33 | /**
/Applications/Xcode-27.0.0-Release.Candidate.app/Contents/Developer/Platforms/WatchOS.platform/Developer/SDKs/WatchOS27.0.sdk/System/Library/Frameworks/UIKit.framework/Headers/UIViewController.h:104:12: note: 'UIViewController' has been explicitly marked unavailable here
102 |
103 | UIKIT_EXTERN API_AVAILABLE(ios(2.0)) API_UNAVAILABLE(watchos) NS_SWIFT_UI_ACTOR
104 | @interface UIViewController : UIResponder <NSCoding, UIAppearanceContainer, UITraitEnvironment, UIContentContainer, UIFocusEnvironment>
    |            `- note: 'UIViewController' has been explicitly marked unavailable here
105 |
106 | /*
[#DeprecatedDeclaration]: <https://docs.swift.org/compiler/documentation/diagnostics/deprecated-declaration>
Failed frontend command:
/Applications/Xcode-27.0.0-Release.Candidate.app/Contents/Developer/Toolchains/XcodeDefault.xctoolchain/usr/bin/swift-frontend -frontend -emit-module -experimental-skip-non-inlinable-function-bodies-without-types /Users/admin/builder/spi-builder-workspace/Sources/Navigation/ModalTransfer.swift /Users/admin/builder/spi-builder-workspace/Sources/Navigation/Transfer.swift /Users/admin/builder/spi-builder-workspace/Sources/Navigation/Gate.swift /Users/admin/builder/spi-builder-workspace/Sources/Navigation/PushTransfer.swift /Users/admin/builder/spi-builder-workspace/Sources/Navigation/Input.swift -target arm64-apple-watchos27.0 -Xllvm -aarch64-use-tbi -enable-objc-interop -stack-check -sdk /Applications/Xcode-27.0.0-Release.Candidate.app/Contents/Developer/Platforms/WatchOS.platform/Developer/SDKs/WatchOS27.0.sdk -I /Users/admin/builder/spi-builder-workspace/.derivedData/Build/Products/Debug-watchos -F /Users/admin/builder/spi-builder-workspace/.derivedData/Build/Products/Debug-watchos -F /Applications/Xcode-27.0.0-Release.Candidate.app/Contents/Developer/Platforms/WatchOS.platform/Developer/Library/Frameworks -module-cache-path /Users/admin/builder/spi-builder-workspace/.derivedData/ModuleCache.noindex -no-color-diagnostics -Xcc -fno-color-diagnostics -enable-testing -g -debug-info-format\=dwarf -dwarf-version\=5 -swift-version 4 -Onone -D SWIFT_PACKAGE -D Xcode -serialize-debugging-options -enable-experimental-feature DebugDescriptionMacro -enable-bare-slash-regex -empty-abi-descriptor -validate-clang-modules-once -clang-build-session-file /Users/admin/builder/spi-builder-workspace/.derivedData/ModuleCache.noindex/Session.modulevalidation -Xcc -working-directory -Xcc /Users/admin/builder/spi-builder-workspace -enable-anonymous-context-mangled-names -file-compilation-dir /Users/admin/builder/spi-builder-workspace -Xcc -D_LIBCPP_HARDENING_MODE\=_LIBCPP_HARDENING_MODE_DEBUG -Xcc -ivfsstatcache -Xcc /Users/admin/builder/spi-builder-workspace/.derivedData/SDKStatCaches.noindex/watchos27.0-24R360-e829b21a6f8c9b70876ba0858053c04477534ef55a1706bf4c1112bbb242f0a2.sdkstatcache -Xcc -fmodules-prune-interval\=86400 -Xcc -fmodules-prune-after\=345600 -Xcc -I/Users/admin/builder/spi-builder-workspace/.derivedData/Build/Products/Debug-watchos/include -Xcc -I/Users/admin/builder/spi-builder-workspace/.derivedData/Build/Intermediates.noindex/Navigation.build/Debug-watchos/Navigation.build/DerivedSources-normal/arm64 -Xcc -I/Users/admin/builder/spi-builder-workspace/.derivedData/Build/Intermediates.noindex/Navigation.build/Debug-watchos/Navigation.build/DerivedSources/arm64 -Xcc -I/Users/admin/builder/spi-builder-workspace/.derivedData/Build/Intermediates.noindex/Navigation.build/Debug-watchos/Navigation.build/DerivedSources -no-auto-bridging-header-chaining -module-name Navigation -const-gather-protocols-file /Users/admin/builder/spi-builder-workspace/.derivedData/Build/Intermediates.noindex/Navigation.build/Debug-watchos/Navigation.build/Objects-normal/arm64/Navigation_const_extract_protocols.json -disable-clang-spi -target-sdk-version 27.0 -target-sdk-name watchos27.0 -external-plugin-path /Applications/Xcode-27.0.0-Release.Candidate.app/Contents/Developer/Platforms/WatchOS.platform/Developer/usr/lib/swift/host/plugins\#/Applications/Xcode-27.0.0-Release.Candidate.app/Contents/Developer/Platforms/WatchOS.platform/Developer/usr/bin/swift-plugin-server -external-plugin-path /Applications/Xcode-27.0.0-Release.Candidate.app/Contents/Developer/Platforms/WatchOS.platform/Developer/usr/local/lib/swift/host/plugins\#/Applications/Xcode-27.0.0-Release.Candidate.app/Contents/Developer/Platforms/WatchOS.platform/Developer/usr/bin/swift-plugin-server -in-process-plugin-server-path /Applications/Xcode-27.0.0-Release.Candidate.app/Contents/Developer/Toolchains/XcodeDefault.xctoolchain/usr/lib/swift/host/libSwiftInProcPluginServer.dylib -plugin-path /Applications/Xcode-27.0.0-Release.Candidate.app/Contents/Developer/Toolchains/XcodeDefault.xctoolchain/usr/lib/swift/host/plugins -plugin-path /Applications/Xcode-27.0.0-Release.Candidate.app/Contents/Developer/Toolchains/XcodeDefault.xctoolchain/usr/local/lib/swift/host/plugins -emit-module-doc-path /Users/admin/builder/spi-builder-workspace/.derivedData/Build/Intermediates.noindex/Navigation.build/Debug-watchos/Navigation.build/Objects-normal/arm64/Navigation.swiftdoc -emit-module-source-info-path /Users/admin/builder/spi-builder-workspace/.derivedData/Build/Intermediates.noindex/Navigation.build/Debug-watchos/Navigation.build/Objects-normal/arm64/Navigation.swiftsourceinfo -emit-objc-header-path /Users/admin/builder/spi-builder-workspace/.derivedData/Build/Intermediates.noindex/Navigation.build/Debug-watchos/Navigation.build/Objects-normal/arm64/Navigation-Swift.h -serialize-diagnostics-path /Users/admin/builder/spi-builder-workspace/.derivedData/Build/Intermediates.noindex/Navigation.build/Debug-watchos/Navigation.build/Objects-normal/arm64/Navigation-primary-emit-module.dia -emit-dependencies-path /Users/admin/builder/spi-builder-workspace/.derivedData/Build/Intermediates.noindex/Navigation.build/Debug-watchos/Navigation.build/Objects-normal/arm64/Navigation-primary-emit-module.d -o /Users/admin/builder/spi-builder-workspace/.derivedData/Build/Intermediates.noindex/Navigation.build/Debug-watchos/Navigation.build/Objects-normal/arm64/Navigation.swiftmodule -emit-abi-descriptor-path /Users/admin/builder/spi-builder-workspace/.derivedData/Build/Intermediates.noindex/Navigation.build/Debug-watchos/Navigation.build/Objects-normal/arm64/Navigation.abi.json
SwiftCompile normal arm64 (in target 'Navigation' from project 'Navigation')
    cd /Users/admin/builder/spi-builder-workspace

SwiftCompile normal arm64 Compiling\ Gate.swift /Users/admin/builder/spi-builder-workspace/Sources/Navigation/Gate.swift (in target 'Navigation' from project 'Navigation')
SwiftCompile normal arm64 /Users/admin/builder/spi-builder-workspace/Sources/Navigation/Gate.swift (in target 'Navigation' from project 'Navigation')
    cd /Users/admin/builder/spi-builder-workspace
    builtin-SwiftPerFileCompile Gate.swift
SwiftCompile normal arm64 Compiling\ ModalTransfer.swift /Users/admin/builder/spi-builder-workspace/Sources/Navigation/ModalTransfer.swift (in target 'Navigation' from project 'Navigation')
SwiftCompile normal arm64 /Users/admin/builder/spi-builder-workspace/Sources/Navigation/ModalTransfer.swift (in target 'Navigation' from project 'Navigation')
    cd /Users/admin/builder/spi-builder-workspace
    builtin-SwiftPerFileCompile ModalTransfer.swift
SwiftCompile normal arm64 Compiling\ PushTransfer.swift /Users/admin/builder/spi-builder-workspace/Sources/Navigation/PushTransfer.swift (in target 'Navigation' from project 'Navigation')
SwiftCompile normal arm64 /Users/admin/builder/spi-builder-workspace/Sources/Navigation/PushTransfer.swift (in target 'Navigation' from project 'Navigation')
    cd /Users/admin/builder/spi-builder-workspace
    builtin-SwiftPerFileCompile PushTransfer.swift
SwiftCompile normal arm64 Compiling\ Transfer.swift /Users/admin/builder/spi-builder-workspace/Sources/Navigation/Transfer.swift (in target 'Navigation' from project 'Navigation')
/Users/admin/builder/spi-builder-workspace/Sources/Navigation/Transfer.swift:26:26: error: 'UIViewController' is unavailable in watchOS
 24 |  'State' is a particualar app screen, e.g. login screen
 25 |  */
 26 | public typealias State = UIViewController.Type
    |                          `- error: 'UIViewController' is unavailable in watchOS
 27 |
 28 | /**
/Applications/Xcode-27.0.0-Release.Candidate.app/Contents/Developer/Platforms/WatchOS.platform/Developer/SDKs/WatchOS27.0.sdk/System/Library/Frameworks/UIKit.framework/Headers/UIViewController.h:104:12: note: 'UIViewController' has been explicitly marked unavailable here
102 |
103 | UIKIT_EXTERN API_AVAILABLE(ios(2.0)) API_UNAVAILABLE(watchos) NS_SWIFT_UI_ACTOR
104 | @interface UIViewController : UIResponder <NSCoding, UIAppearanceContainer, UITraitEnvironment, UIContentContainer, UIFocusEnvironment>
    |            `- note: 'UIViewController' has been explicitly marked unavailable here
105 |
106 | /*
/Users/admin/builder/spi-builder-workspace/Sources/Navigation/Transfer.swift:31:26: error: 'UIViewController' is unavailable in watchOS
 29 |  'Stage' is a 'State' instance, i.e. controller object
 30 |  */
 31 | public typealias Stage = UIViewController
    |                          `- error: 'UIViewController' is unavailable in watchOS
 32 |
 33 | /**
/Applications/Xcode-27.0.0-Release.Candidate.app/Contents/Developer/Platforms/WatchOS.platform/Developer/SDKs/WatchOS27.0.sdk/System/Library/Frameworks/UIKit.framework/Headers/UIViewController.h:104:12: note: 'UIViewController' has been explicitly marked unavailable here
102 |
103 | UIKIT_EXTERN API_AVAILABLE(ios(2.0)) API_UNAVAILABLE(watchos) NS_SWIFT_UI_ACTOR
104 | @interface UIViewController : UIResponder <NSCoding, UIAppearanceContainer, UITraitEnvironment, UIContentContainer, UIFocusEnvironment>
    |            `- note: 'UIViewController' has been explicitly marked unavailable here
105 |
106 | /*
SwiftCompile normal arm64 /Users/admin/builder/spi-builder-workspace/Sources/Navigation/Transfer.swift (in target 'Navigation' from project 'Navigation')
    cd /Users/admin/builder/spi-builder-workspace
    builtin-SwiftPerFileCompile Transfer.swift
PruneExplicitPrecompiledModules /Users/admin/builder/spi-builder-workspace/.derivedData/Build/Intermediates.noindex/ExplicitPrecompiledModules
PruneExplicitPrecompiledModules /Users/admin/builder/spi-builder-workspace/.derivedData/SDKExplicitPrecompiledModules
PruneExplicitPrecompiledModules /Users/admin/builder/spi-builder-workspace/.derivedData/Build/Intermediates.noindex/SwiftExplicitPrecompiledModules
** BUILD FAILED **
The following build commands failed:
	SwiftEmitModule normal arm64 Emitting\ module\ for\ Navigation (in target 'Navigation' from project 'Navigation')
	SwiftCompile normal arm64 (in target 'Navigation' from project 'Navigation')
	Building project Navigation with scheme Navigation-Package
(3 failures)
Command line invocation:
    /Applications/Xcode-27.0.0-Release.Candidate.app/Contents/Developer/usr/bin/xcodebuild -IDEClonedSourcePackagesDirPathOverride=/Users/admin/builder/spi-builder-workspace/.dependencies -resolvePackageDependencies
resolved source packages:
{
  "dependencies" : [
  ],
  "manifest_display_name" : "Navigation",
  "name" : "Navigation",
  "path" : "/Users/admin/builder/spi-builder-workspace",
  "platforms" : [
  ],
  "products" : [
    {
      "name" : "Navigation",
      "targets" : [
        "Navigation"
      ],
      "type" : {
        "library" : [
          "automatic"
        ]
      }
    }
  ],
  "targets" : [
    {
      "c99name" : "NavigationTests",
      "module_type" : "SwiftTarget",
      "name" : "NavigationTests",
      "path" : "Tests/NavigationTests",
      "sources" : [
        "NavigationTests.swift"
      ],
      "target_dependencies" : [
        "Navigation"
      ],
      "type" : "test"
    },
    {
      "c99name" : "Navigation",
      "module_type" : "SwiftTarget",
      "name" : "Navigation",
      "path" : "Sources/Navigation",
      "product_memberships" : [
        "Navigation"
      ],
      "sources" : [
        "Gate.swift",
        "Input.swift",
        "ModalTransfer.swift",
        "PushTransfer.swift",
        "Transfer.swift"
      ],
      "type" : "library"
    }
  ],
  "tools_version" : "4.0"
}
{
  "project" : {
    "configurations" : [
      "Debug",
      "Release"
    ],
    "name" : "Navigation",
    "schemes" : [
      "Example-iOS",
      "Navigation-Package",
      "NavigationPackageDescription",
      "NavigationPackageTests"
    ],
    "targets" : [
      "NavigationPackageDescription",
      "NavigationTests",
      "Navigation",
      "NavigationPackageTests",
      "Example-iOS"
    ]
  }
}
Running build ...
env DEVELOPER_DIR=/Applications/Xcode-27.0.0-Release.Candidate.app xcrun xcodebuild -IDEClonedSourcePackagesDirPathOverride=$PWD/.dependencies -skipMacroValidation -skipPackagePluginValidation -derivedDataPath $PWD/.derivedData build -scheme Navigation-Package -destination generic/platform=watchOS
Command line invocation:
    /Applications/Xcode-27.0.0-Release.Candidate.app/Contents/Developer/usr/bin/xcodebuild -IDEClonedSourcePackagesDirPathOverride=/Users/admin/builder/spi-builder-workspace/.dependencies -skipMacroValidation -skipPackagePluginValidation -derivedDataPath /Users/admin/builder/spi-builder-workspace/.derivedData build -scheme Navigation-Package -destination generic/platform=watchOS
ComputePackagePrebuildTargetDependencyGraph
Prepare packages
CreateBuildRequest
SendProjectDescription
CreateBuildOperation
ComputeTargetDependencyGraph
note: Building targets in dependency order
note: Target dependency graph (1 target)
    Target 'Navigation' in project 'Navigation' (no dependencies)
GatherProvisioningInputs
CreateBuildDescription
ClangStatCache /Applications/Xcode-27.0.0-Release.Candidate.app/Contents/Developer/Toolchains/XcodeDefault.xctoolchain/usr/bin/clang-stat-cache /Applications/Xcode-27.0.0-Release.Candidate.app/Contents/Developer/Platforms/WatchOS.platform/Developer/SDKs/WatchOS27.0.sdk /Users/admin/builder/spi-builder-workspace/.derivedData/SDKStatCaches.noindex/watchos27.0-24R360-e829b21a6f8c9b70876ba0858053c04477534ef55a1706bf4c1112bbb242f0a2.sdkstatcache
    cd /Users/admin/builder/spi-builder-workspace/Navigation.xcodeproj
    /Applications/Xcode-27.0.0-Release.Candidate.app/Contents/Developer/Toolchains/XcodeDefault.xctoolchain/usr/bin/clang-stat-cache /Applications/Xcode-27.0.0-Release.Candidate.app/Contents/Developer/Platforms/WatchOS.platform/Developer/SDKs/WatchOS27.0.sdk -o /Users/admin/builder/spi-builder-workspace/.derivedData/SDKStatCaches.noindex/watchos27.0-24R360-e829b21a6f8c9b70876ba0858053c04477534ef55a1706bf4c1112bbb242f0a2.sdkstatcache
SwiftDriver Navigation normal arm64 com.apple.xcode.tools.swift.compiler (in target 'Navigation' from project 'Navigation')
    cd /Users/admin/builder/spi-builder-workspace
    builtin-SwiftDriver -- /Applications/Xcode-27.0.0-Release.Candidate.app/Contents/Developer/Toolchains/XcodeDefault.xctoolchain/usr/bin/swiftc -module-name Navigation -Onone @/Users/admin/builder/spi-builder-workspace/.derivedData/Build/Intermediates.noindex/Navigation.build/Debug-watchos/Navigation.build/Objects-normal/arm64/Navigation.SwiftFileList -DSWIFT_PACKAGE -DXcode -enable-bare-slash-regex -enable-experimental-feature DebugDescriptionMacro -sdk /Applications/Xcode-27.0.0-Release.Candidate.app/Contents/Developer/Platforms/WatchOS.platform/Developer/SDKs/WatchOS27.0.sdk -target arm64-apple-watchos27.0 -g -module-cache-path /Users/admin/builder/spi-builder-workspace/.derivedData/ModuleCache.noindex -Xfrontend -serialize-debugging-options -enable-testing -index-store-path /Users/admin/builder/spi-builder-workspace/.derivedData/Index.noindex/DataStore -Xcc -D_LIBCPP_HARDENING_MODE\=_LIBCPP_HARDENING_MODE_DEBUG -swift-version 4 -I /Users/admin/builder/spi-builder-workspace/.derivedData/Build/Products/Debug-watchos -F /Users/admin/builder/spi-builder-workspace/.derivedData/Build/Products/Debug-watchos -F /Applications/Xcode-27.0.0-Release.Candidate.app/Contents/Developer/Platforms/WatchOS.platform/Developer/Library/Frameworks -c -j10 -enable-batch-mode -incremental -Xcc -ivfsstatcache -Xcc /Users/admin/builder/spi-builder-workspace/.derivedData/SDKStatCaches.noindex/watchos27.0-24R360-e829b21a6f8c9b70876ba0858053c04477534ef55a1706bf4c1112bbb242f0a2.sdkstatcache -output-file-map /Users/admin/builder/spi-builder-workspace/.derivedData/Build/Intermediates.noindex/Navigation.build/Debug-watchos/Navigation.build/Objects-normal/arm64/Navigation-OutputFileMap.json -save-temps -no-color-diagnostics -emit-dependencies -emit-module -emit-module-path /Users/admin/builder/spi-builder-workspace/.derivedData/Build/Intermediates.noindex/Navigation.build/Debug-watchos/Navigation.build/Objects-normal/arm64/Navigation.swiftmodule -serialize-diagnostics -validate-clang-modules-once -clang-build-session-file /Users/admin/builder/spi-builder-workspace/.derivedData/ModuleCache.noindex/Session.modulevalidation -Xcc -fmodules-prune-interval\=86400 -Xcc -fmodules-prune-after\=345600 -emit-const-values -const-gather-protocols-list /Users/admin/builder/spi-builder-workspace/.derivedData/Build/Intermediates.noindex/Navigation.build/Debug-watchos/Navigation.build/Objects-normal/arm64/Navigation_const_extract_protocols.json -Xcc -I/Users/admin/builder/spi-builder-workspace/.derivedData/Build/Products/Debug-watchos/include -Xcc -I/Users/admin/builder/spi-builder-workspace/.derivedData/Build/Intermediates.noindex/Navigation.build/Debug-watchos/Navigation.build/DerivedSources-normal/arm64 -Xcc -I/Users/admin/builder/spi-builder-workspace/.derivedData/Build/Intermediates.noindex/Navigation.build/Debug-watchos/Navigation.build/DerivedSources/arm64 -Xcc -I/Users/admin/builder/spi-builder-workspace/.derivedData/Build/Intermediates.noindex/Navigation.build/Debug-watchos/Navigation.build/DerivedSources -emit-objc-header -emit-objc-header-path /Users/admin/builder/spi-builder-workspace/.derivedData/Build/Intermediates.noindex/Navigation.build/Debug-watchos/Navigation.build/Objects-normal/arm64/Navigation-Swift.h -working-directory /Users/admin/builder/spi-builder-workspace -experimental-emit-module-separately -disable-cmo
SwiftEmitModule normal arm64 Emitting\ module\ for\ Navigation (in target 'Navigation' from project 'Navigation')
SwiftCompile normal arm64 (in target 'Navigation' from project 'Navigation')
    cd /Users/admin/builder/spi-builder-workspace

/Users/admin/builder/spi-builder-workspace/Sources/Navigation/Transfer.swift:55:16: warning: 'Hashable.hashValue' is deprecated as a protocol requirement; conform type 'Transfer' to 'Hashable' by implementing 'hash(into:)' instead [#DeprecatedDeclaration]
 53 |     var configurator: Configurator!
 54 |
 55 |     public var hashValue: Int {
    |                `- warning: 'Hashable.hashValue' is deprecated as a protocol requirement; conform type 'Transfer' to 'Hashable' by implementing 'hash(into:)' instead [#DeprecatedDeclaration]
 56 |         return hash
 57 |     }
/Users/admin/builder/spi-builder-workspace/Sources/Navigation/Transfer.swift:26:26: error: 'UIViewController' is unavailable in watchOS
 24 |  'State' is a particualar app screen, e.g. login screen
 25 |  */
 26 | public typealias State = UIViewController.Type
    |                          `- error: 'UIViewController' is unavailable in watchOS
 27 |
 28 | /**
/Applications/Xcode-27.0.0-Release.Candidate.app/Contents/Developer/Platforms/WatchOS.platform/Developer/SDKs/WatchOS27.0.sdk/System/Library/Frameworks/UIKit.framework/Headers/UIViewController.h:104:12: note: 'UIViewController' has been explicitly marked unavailable here
102 |
103 | UIKIT_EXTERN API_AVAILABLE(ios(2.0)) API_UNAVAILABLE(watchos) NS_SWIFT_UI_ACTOR
104 | @interface UIViewController : UIResponder <NSCoding, UIAppearanceContainer, UITraitEnvironment, UIContentContainer, UIFocusEnvironment>
    |            `- note: 'UIViewController' has been explicitly marked unavailable here
105 |
106 | /*
/Users/admin/builder/spi-builder-workspace/Sources/Navigation/Transfer.swift:31:26: error: 'UIViewController' is unavailable in watchOS
 29 |  'Stage' is a 'State' instance, i.e. controller object
 30 |  */
 31 | public typealias Stage = UIViewController
    |                          `- error: 'UIViewController' is unavailable in watchOS
 32 |
 33 | /**
/Applications/Xcode-27.0.0-Release.Candidate.app/Contents/Developer/Platforms/WatchOS.platform/Developer/SDKs/WatchOS27.0.sdk/System/Library/Frameworks/UIKit.framework/Headers/UIViewController.h:104:12: note: 'UIViewController' has been explicitly marked unavailable here
102 |
103 | UIKIT_EXTERN API_AVAILABLE(ios(2.0)) API_UNAVAILABLE(watchos) NS_SWIFT_UI_ACTOR
104 | @interface UIViewController : UIResponder <NSCoding, UIAppearanceContainer, UITraitEnvironment, UIContentContainer, UIFocusEnvironment>
    |            `- note: 'UIViewController' has been explicitly marked unavailable here
105 |
106 | /*
[#DeprecatedDeclaration]: <https://docs.swift.org/compiler/documentation/diagnostics/deprecated-declaration>
Failed frontend command:
/Applications/Xcode-27.0.0-Release.Candidate.app/Contents/Developer/Toolchains/XcodeDefault.xctoolchain/usr/bin/swift-frontend -frontend -emit-module -experimental-skip-non-inlinable-function-bodies-without-types /Users/admin/builder/spi-builder-workspace/Sources/Navigation/ModalTransfer.swift /Users/admin/builder/spi-builder-workspace/Sources/Navigation/Transfer.swift /Users/admin/builder/spi-builder-workspace/Sources/Navigation/Gate.swift /Users/admin/builder/spi-builder-workspace/Sources/Navigation/PushTransfer.swift /Users/admin/builder/spi-builder-workspace/Sources/Navigation/Input.swift -target arm64-apple-watchos27.0 -Xllvm -aarch64-use-tbi -enable-objc-interop -stack-check -sdk /Applications/Xcode-27.0.0-Release.Candidate.app/Contents/Developer/Platforms/WatchOS.platform/Developer/SDKs/WatchOS27.0.sdk -I /Users/admin/builder/spi-builder-workspace/.derivedData/Build/Products/Debug-watchos -F /Users/admin/builder/spi-builder-workspace/.derivedData/Build/Products/Debug-watchos -F /Applications/Xcode-27.0.0-Release.Candidate.app/Contents/Developer/Platforms/WatchOS.platform/Developer/Library/Frameworks -module-cache-path /Users/admin/builder/spi-builder-workspace/.derivedData/ModuleCache.noindex -no-color-diagnostics -Xcc -fno-color-diagnostics -enable-testing -g -debug-info-format\=dwarf -dwarf-version\=5 -swift-version 4 -Onone -D SWIFT_PACKAGE -D Xcode -serialize-debugging-options -enable-experimental-feature DebugDescriptionMacro -enable-bare-slash-regex -empty-abi-descriptor -validate-clang-modules-once -clang-build-session-file /Users/admin/builder/spi-builder-workspace/.derivedData/ModuleCache.noindex/Session.modulevalidation -Xcc -working-directory -Xcc /Users/admin/builder/spi-builder-workspace -enable-anonymous-context-mangled-names -file-compilation-dir /Users/admin/builder/spi-builder-workspace -Xcc -D_LIBCPP_HARDENING_MODE\=_LIBCPP_HARDENING_MODE_DEBUG -Xcc -ivfsstatcache -Xcc /Users/admin/builder/spi-builder-workspace/.derivedData/SDKStatCaches.noindex/watchos27.0-24R360-e829b21a6f8c9b70876ba0858053c04477534ef55a1706bf4c1112bbb242f0a2.sdkstatcache -Xcc -fmodules-prune-interval\=86400 -Xcc -fmodules-prune-after\=345600 -Xcc -I/Users/admin/builder/spi-builder-workspace/.derivedData/Build/Products/Debug-watchos/include -Xcc -I/Users/admin/builder/spi-builder-workspace/.derivedData/Build/Intermediates.noindex/Navigation.build/Debug-watchos/Navigation.build/DerivedSources-normal/arm64 -Xcc -I/Users/admin/builder/spi-builder-workspace/.derivedData/Build/Intermediates.noindex/Navigation.build/Debug-watchos/Navigation.build/DerivedSources/arm64 -Xcc -I/Users/admin/builder/spi-builder-workspace/.derivedData/Build/Intermediates.noindex/Navigation.build/Debug-watchos/Navigation.build/DerivedSources -no-auto-bridging-header-chaining -module-name Navigation -const-gather-protocols-file /Users/admin/builder/spi-builder-workspace/.derivedData/Build/Intermediates.noindex/Navigation.build/Debug-watchos/Navigation.build/Objects-normal/arm64/Navigation_const_extract_protocols.json -disable-clang-spi -target-sdk-version 27.0 -target-sdk-name watchos27.0 -external-plugin-path /Applications/Xcode-27.0.0-Release.Candidate.app/Contents/Developer/Platforms/WatchOS.platform/Developer/usr/lib/swift/host/plugins\#/Applications/Xcode-27.0.0-Release.Candidate.app/Contents/Developer/Platforms/WatchOS.platform/Developer/usr/bin/swift-plugin-server -external-plugin-path /Applications/Xcode-27.0.0-Release.Candidate.app/Contents/Developer/Platforms/WatchOS.platform/Developer/usr/local/lib/swift/host/plugins\#/Applications/Xcode-27.0.0-Release.Candidate.app/Contents/Developer/Platforms/WatchOS.platform/Developer/usr/bin/swift-plugin-server -in-process-plugin-server-path /Applications/Xcode-27.0.0-Release.Candidate.app/Contents/Developer/Toolchains/XcodeDefault.xctoolchain/usr/lib/swift/host/libSwiftInProcPluginServer.dylib -plugin-path /Applications/Xcode-27.0.0-Release.Candidate.app/Contents/Developer/Toolchains/XcodeDefault.xctoolchain/usr/lib/swift/host/plugins -plugin-path /Applications/Xcode-27.0.0-Release.Candidate.app/Contents/Developer/Toolchains/XcodeDefault.xctoolchain/usr/local/lib/swift/host/plugins -emit-module-doc-path /Users/admin/builder/spi-builder-workspace/.derivedData/Build/Intermediates.noindex/Navigation.build/Debug-watchos/Navigation.build/Objects-normal/arm64/Navigation.swiftdoc -emit-module-source-info-path /Users/admin/builder/spi-builder-workspace/.derivedData/Build/Intermediates.noindex/Navigation.build/Debug-watchos/Navigation.build/Objects-normal/arm64/Navigation.swiftsourceinfo -emit-objc-header-path /Users/admin/builder/spi-builder-workspace/.derivedData/Build/Intermediates.noindex/Navigation.build/Debug-watchos/Navigation.build/Objects-normal/arm64/Navigation-Swift.h -serialize-diagnostics-path /Users/admin/builder/spi-builder-workspace/.derivedData/Build/Intermediates.noindex/Navigation.build/Debug-watchos/Navigation.build/Objects-normal/arm64/Navigation-primary-emit-module.dia -emit-dependencies-path /Users/admin/builder/spi-builder-workspace/.derivedData/Build/Intermediates.noindex/Navigation.build/Debug-watchos/Navigation.build/Objects-normal/arm64/Navigation-primary-emit-module.d -o /Users/admin/builder/spi-builder-workspace/.derivedData/Build/Intermediates.noindex/Navigation.build/Debug-watchos/Navigation.build/Objects-normal/arm64/Navigation.swiftmodule -emit-abi-descriptor-path /Users/admin/builder/spi-builder-workspace/.derivedData/Build/Intermediates.noindex/Navigation.build/Debug-watchos/Navigation.build/Objects-normal/arm64/Navigation.abi.json
SwiftCompile normal arm64 Compiling\ Transfer.swift /Users/admin/builder/spi-builder-workspace/Sources/Navigation/Transfer.swift (in target 'Navigation' from project 'Navigation')
SwiftCompile normal arm64 /Users/admin/builder/spi-builder-workspace/Sources/Navigation/Transfer.swift (in target 'Navigation' from project 'Navigation')
    cd /Users/admin/builder/spi-builder-workspace
    builtin-SwiftPerFileCompile Transfer.swift
/Users/admin/builder/spi-builder-workspace/Sources/Navigation/Transfer.swift:26:26: error: 'UIViewController' is unavailable in watchOS
 24 |  'State' is a particualar app screen, e.g. login screen
 25 |  */
 26 | public typealias State = UIViewController.Type
    |                          `- error: 'UIViewController' is unavailable in watchOS
 27 |
 28 | /**
/Applications/Xcode-27.0.0-Release.Candidate.app/Contents/Developer/Platforms/WatchOS.platform/Developer/SDKs/WatchOS27.0.sdk/System/Library/Frameworks/UIKit.framework/Headers/UIViewController.h:104:12: note: 'UIViewController' has been explicitly marked unavailable here
102 |
103 | UIKIT_EXTERN API_AVAILABLE(ios(2.0)) API_UNAVAILABLE(watchos) NS_SWIFT_UI_ACTOR
104 | @interface UIViewController : UIResponder <NSCoding, UIAppearanceContainer, UITraitEnvironment, UIContentContainer, UIFocusEnvironment>
    |            `- note: 'UIViewController' has been explicitly marked unavailable here
105 |
106 | /*
/Users/admin/builder/spi-builder-workspace/Sources/Navigation/Transfer.swift:31:26: error: 'UIViewController' is unavailable in watchOS
 29 |  'Stage' is a 'State' instance, i.e. controller object
 30 |  */
 31 | public typealias Stage = UIViewController
    |                          `- error: 'UIViewController' is unavailable in watchOS
 32 |
 33 | /**
/Applications/Xcode-27.0.0-Release.Candidate.app/Contents/Developer/Platforms/WatchOS.platform/Developer/SDKs/WatchOS27.0.sdk/System/Library/Frameworks/UIKit.framework/Headers/UIViewController.h:104:12: note: 'UIViewController' has been explicitly marked unavailable here
102 |
103 | UIKIT_EXTERN API_AVAILABLE(ios(2.0)) API_UNAVAILABLE(watchos) NS_SWIFT_UI_ACTOR
104 | @interface UIViewController : UIResponder <NSCoding, UIAppearanceContainer, UITraitEnvironment, UIContentContainer, UIFocusEnvironment>
    |            `- note: 'UIViewController' has been explicitly marked unavailable here
105 |
106 | /*
SwiftCompile normal arm64 Compiling\ Input.swift /Users/admin/builder/spi-builder-workspace/Sources/Navigation/Input.swift (in target 'Navigation' from project 'Navigation')
SwiftCompile normal arm64 /Users/admin/builder/spi-builder-workspace/Sources/Navigation/Input.swift (in target 'Navigation' from project 'Navigation')
    cd /Users/admin/builder/spi-builder-workspace
    builtin-SwiftPerFileCompile Input.swift
SwiftCompile normal arm64 Compiling\ Gate.swift /Users/admin/builder/spi-builder-workspace/Sources/Navigation/Gate.swift (in target 'Navigation' from project 'Navigation')
SwiftCompile normal arm64 /Users/admin/builder/spi-builder-workspace/Sources/Navigation/Gate.swift (in target 'Navigation' from project 'Navigation')
    cd /Users/admin/builder/spi-builder-workspace
    builtin-SwiftPerFileCompile Gate.swift
SwiftCompile normal arm64 Compiling\ ModalTransfer.swift /Users/admin/builder/spi-builder-workspace/Sources/Navigation/ModalTransfer.swift (in target 'Navigation' from project 'Navigation')
SwiftCompile normal arm64 /Users/admin/builder/spi-builder-workspace/Sources/Navigation/ModalTransfer.swift (in target 'Navigation' from project 'Navigation')
    cd /Users/admin/builder/spi-builder-workspace
    builtin-SwiftPerFileCompile ModalTransfer.swift
SwiftCompile normal arm64 Compiling\ PushTransfer.swift /Users/admin/builder/spi-builder-workspace/Sources/Navigation/PushTransfer.swift (in target 'Navigation' from project 'Navigation')
SwiftCompile normal arm64 /Users/admin/builder/spi-builder-workspace/Sources/Navigation/PushTransfer.swift (in target 'Navigation' from project 'Navigation')
    cd /Users/admin/builder/spi-builder-workspace
    builtin-SwiftPerFileCompile PushTransfer.swift
PruneExplicitPrecompiledModules /Users/admin/builder/spi-builder-workspace/.derivedData/SDKExplicitPrecompiledModules
PruneExplicitPrecompiledModules /Users/admin/builder/spi-builder-workspace/.derivedData/Build/Intermediates.noindex/ExplicitPrecompiledModules
PruneExplicitPrecompiledModules /Users/admin/builder/spi-builder-workspace/.derivedData/Build/Intermediates.noindex/SwiftExplicitPrecompiledModules
** BUILD FAILED **
The following build commands failed:
	SwiftCompile normal arm64 (in target 'Navigation' from project 'Navigation')
	SwiftEmitModule normal arm64 Emitting\ module\ for\ Navigation (in target 'Navigation' from project 'Navigation')
	Building project Navigation with scheme Navigation-Package
(3 failures)
BUILD FAILURE 6.4 watchOS