The Swift Package Index logo.Swift Package Index

Build Information

Failed to build SwiftObjCBridge, reference 0.0.2 (1aba3c), with Swift 6.4 for Linux on 18 Sep 2026 10:28:27 UTC.

Build Command

bash -c docker run --pull=always --rm -v "checkouts-54344843-0":/host -w "$PWD" -e JAVA_HOME="/root/.sdkman/candidates/java/current" -e SPI_BUILD="1" -e SPI_PROCESSING="1" registry.gitlab.com/saguaro1/spi-images:basic-6.4-latest swift build --triple x86_64-unknown-linux-gnu 2>&1

Build Log

========================================
RunAll
========================================
Builder version: 5.1.0
Interrupt handler set up.
========================================
Checkout
========================================
Clone URL: https://github.com/helje5/SwiftObjCBridge.git
Reference: 0.0.2
Initialized empty Git repository in /host/spi-builder-workspace/.git/
hint: Using 'master' as the name for the initial branch. This default branch name
hint: is subject to change. To configure the initial branch name to use in all
hint: of your new repositories, which will suppress this warning, call:
hint:
hint: 	git config --global init.defaultBranch <name>
hint:
hint: Names commonly chosen instead of 'master' are 'main', 'trunk' and
hint: 'development'. The just-created branch can be renamed via this command:
hint:
hint: 	git branch -m <name>
From https://github.com/helje5/SwiftObjCBridge
 * tag               0.0.2      -> FETCH_HEAD
HEAD is now at 1aba3cd Travis: Do not build on Linux
Cloned https://github.com/helje5/SwiftObjCBridge.git
Revision (git rev-parse @):
1aba3cdb23e006ebffd474ed4d5bb7945faf4196
SUCCESS checkout https://github.com/helje5/SwiftObjCBridge.git at 0.0.2
========================================
Build
========================================
Selected platform:         linux
Swift version:             6.4
Building package at path:  $PWD
https://github.com/helje5/SwiftObjCBridge.git
Running build ...
bash -c docker run --pull=always --rm -v "checkouts-54344843-0":/host -w "$PWD" -e JAVA_HOME="/root/.sdkman/candidates/java/current" -e SPI_BUILD="1" -e SPI_PROCESSING="1" registry.gitlab.com/saguaro1/spi-images:basic-6.4-latest swift build --triple x86_64-unknown-linux-gnu 2>&1
basic-6.4-latest: Pulling from saguaro1/spi-images
Digest: sha256:c77fcce225e223ac0fafed844619173fc6de8d62dd560eeb28db3182af6a282b
Status: Image is up to date for registry.gitlab.com/saguaro1/spi-images:basic-6.4-latest
Building for debugging...
[Planning deferred tasks]
error: SwiftCompile normal x86_64 failed with a nonzero exit code. Command line:     cd /host

/host/spi-builder-workspace/Sources/SwiftObjCBridge/SwiftObjCBridge.swift:28:28: error: cannot find 'sel_getUid' in scope
 26 |                 $0 + $1.key + ":"
 27 |             }
 28 |             let selector = sel_getUid(stringSelector)
    |                            `- error: cannot find 'sel_getUid' in scope
 29 |
 30 |             guard let isa = object_getClass(target),
/host/spi-builder-workspace/Sources/SwiftObjCBridge/SwiftObjCBridge.swift:30:29: error: cannot find 'object_getClass' in scope
 28 |             let selector = sel_getUid(stringSelector)
 29 |
 30 |             guard let isa = object_getClass(target),
    |                             `- error: cannot find 'object_getClass' in scope
 31 |                   let i = class_getInstanceMethod(isa, selector) else {
 32 |                 return Object(handle: nil)
/host/spi-builder-workspace/Sources/SwiftObjCBridge/SwiftObjCBridge.swift:31:27: error: cannot find 'class_getInstanceMethod' in scope
 29 |
 30 |             guard let isa = object_getClass(target),
 31 |                   let i = class_getInstanceMethod(isa, selector) else {
    |                           `- error: cannot find 'class_getInstanceMethod' in scope
 32 |                 return Object(handle: nil)
 33 |             }
/host/spi-builder-workspace/Sources/SwiftObjCBridge/SwiftObjCBridge.swift:34:21: error: cannot find 'method_getImplementation' in scope
 32 |                 return Object(handle: nil)
 33 |             }
 34 |             let m = method_getImplementation(i)
    |                     `- error: cannot find 'method_getImplementation' in scope
 35 |
 36 |             var buf = [ Int8 ](repeating: 0, count: 46)
/host/spi-builder-workspace/Sources/SwiftObjCBridge/SwiftObjCBridge.swift:37:13: error: cannot find 'method_getReturnType' in scope
 35 |
 36 |             var buf = [ Int8 ](repeating: 0, count: 46)
 37 |             method_getReturnType(i, &buf, buf.count)
    |             `- error: cannot find 'method_getReturnType' in scope
 38 |             let returnType = String(cString: &buf)
 39 |
/host/spi-builder-workspace/Sources/SwiftObjCBridge/SwiftObjCBridge.swift:41:31: error: cannot find type 'Selector' in scope
 39 |
 40 |             typealias M0 = @convention(c)
 41 |                 ( AnyObject?, Selector ) -> UnsafeRawPointer?
    |                               `- error: cannot find type 'Selector' in scope
 42 |             typealias M1 = @convention(c)
 43 |                 ( AnyObject?, Selector, AnyObject? ) -> UnsafeRawPointer?
/host/spi-builder-workspace/Sources/SwiftObjCBridge/SwiftObjCBridge.swift:43:31: error: cannot find type 'Selector' in scope
 41 |                 ( AnyObject?, Selector ) -> UnsafeRawPointer?
 42 |             typealias M1 = @convention(c)
 43 |                 ( AnyObject?, Selector, AnyObject? ) -> UnsafeRawPointer?
    |                               `- error: cannot find type 'Selector' in scope
 44 |
 45 |             let result : UnsafeRawPointer?
Failed frontend command:
/usr/bin/swift-frontend -frontend -emit-module -experimental-skip-non-inlinable-function-bodies-without-types /host/spi-builder-workspace/Sources/SwiftObjCBridge/SwiftObjCBridge.swift -target x86_64-unknown-linux-gnu -disable-objc-interop -I /host/spi-builder-workspace/.build/out/Products/Debug-linux-x86_64 -module-cache-path /host/spi-builder-workspace/.build/out/ModuleCache.noindex -color-diagnostics -Xcc -fcolor-diagnostics -enable-testing -g -debug-info-format\=dwarf -dwarf-version\=4 -swift-version 5 -Onone -D SWIFT_PACKAGE -D DEBUG -D SWIFT_MODULE_RESOURCE_BUNDLE_UNAVAILABLE -D Xcode -serialize-debugging-options -enable-experimental-feature DebugDescriptionMacro -empty-abi-descriptor -external-plugin-path /usr/lib/swift/host/plugins/testing\#/usr/bin/swift-plugin-server -validate-clang-modules-once -clang-build-session-file /host/spi-builder-workspace/.build/out/ModuleCache.noindex/Session.modulevalidation -Xcc -working-directory -Xcc /host -enable-anonymous-context-mangled-names -file-compilation-dir /host -Xcc -fno-omit-frame-pointer -Xcc -D_LIBCPP_HARDENING_MODE\=_LIBCPP_HARDENING_MODE_DEBUG -Xcc -fmodules-prune-interval\=86400 -Xcc -fmodules-prune-after\=345600 -Xcc -I/host/spi-builder-workspace/.build/out/Products/Debug-linux-x86_64/include -Xcc -I/host/spi-builder-workspace/.build/out/Intermediates.noindex/SwiftObjCBridge.build/Debug-linux-x86_64/SwiftObjCBridge-t.build/DerivedSources-normal/x86_64 -Xcc -I/host/spi-builder-workspace/.build/out/Intermediates.noindex/SwiftObjCBridge.build/Debug-linux-x86_64/SwiftObjCBridge-t.build/DerivedSources/x86_64 -Xcc -I/host/spi-builder-workspace/.build/out/Intermediates.noindex/SwiftObjCBridge.build/Debug-linux-x86_64/SwiftObjCBridge-t.build/DerivedSources -Xcc -DSWIFT_PACKAGE -Xcc -DDEBUG\=1 -no-auto-bridging-header-chaining -module-name SwiftObjCBridge -const-gather-protocols-file /host/spi-builder-workspace/.build/out/Intermediates.noindex/SwiftObjCBridge.build/Debug-linux-x86_64/SwiftObjCBridge-t.build/Objects-normal/x86_64/SwiftObjCBridge_const_extract_protocols.json -in-process-plugin-server-path /usr/lib/swift/host/libSwiftInProcPluginServer.so -plugin-path /usr/lib/swift/host/plugins -plugin-path /usr/local/lib/swift/host/plugins -emit-module-doc-path /host/spi-builder-workspace/.build/out/Intermediates.noindex/SwiftObjCBridge.build/Debug-linux-x86_64/SwiftObjCBridge-t.build/Objects-normal/x86_64/Modules/SwiftObjCBridge.swiftdoc -emit-module-source-info-path /host/spi-builder-workspace/.build/out/Intermediates.noindex/SwiftObjCBridge.build/Debug-linux-x86_64/SwiftObjCBridge-t.build/Objects-normal/x86_64/Modules/SwiftObjCBridge.swiftsourceinfo -emit-objc-header-path /host/spi-builder-workspace/.build/out/Intermediates.noindex/SwiftObjCBridge.build/Debug-linux-x86_64/SwiftObjCBridge-t.build/Objects-normal/x86_64/SwiftObjCBridge-Swift.h -serialize-diagnostics-path /host/spi-builder-workspace/.build/out/Intermediates.noindex/SwiftObjCBridge.build/Debug-linux-x86_64/SwiftObjCBridge-t.build/Objects-normal/x86_64/SwiftObjCBridge-primary-emit-module.dia -emit-dependencies-path /host/spi-builder-workspace/.build/out/Intermediates.noindex/SwiftObjCBridge.build/Debug-linux-x86_64/SwiftObjCBridge-t.build/Objects-normal/x86_64/SwiftObjCBridge-primary-emit-module.d -parse-as-library -o /host/spi-builder-workspace/.build/out/Intermediates.noindex/SwiftObjCBridge.build/Debug-linux-x86_64/SwiftObjCBridge-t.build/Objects-normal/x86_64/Modules/SwiftObjCBridge.swiftmodule
error: Build failed
BUILD FAILURE 6.4 linux