Build Information
Failed to build SwiftUIPanoramaViewer, reference main (f53e62), with Swift 6.4 for watchOS using Xcode 27.0 on 27 Sep 2026 17:19:57 UTC.
Build Command
env DEVELOPER_DIR=/Applications/Xcode-27.0.0-Release.Candidate.app xcrun xcodebuild -IDEClonedSourcePackagesDirPathOverride=$PWD/.dependencies -skipMacroValidation -skipPackagePluginValidation -derivedDataPath $PWD/.derivedData build -scheme SwiftUIPanoramaViewer -destination generic/platform=watchOSBuild Log
SwiftExplicitDependencyGeneratePcm arm64_32 /Users/admin/builder/spi-builder-workspace/.derivedData/SDKExplicitPrecompiledModules/SwiftUICore-TURER010MQ2QH6SN4BGDJJKP.pcm
Ld /Users/admin/builder/spi-builder-workspace/.derivedData/Build/Intermediates.noindex/LogManager.build/Debug-watchos/LogManager-t.build/Objects-normal/arm64/Binary/LogManager.o normal arm64 (in target 'LogManager' from project 'LogManager')
cd /Users/admin/builder/spi-builder-workspace/.dependencies/checkouts/LogManager
/Applications/Xcode-27.0.0-Release.Candidate.app/Contents/Developer/Toolchains/XcodeDefault.xctoolchain/usr/bin/clang -Xlinker -reproducible -target arm64-apple-watchos26.0 -r -isysroot /Applications/Xcode-27.0.0-Release.Candidate.app/Contents/Developer/Platforms/WatchOS.platform/Developer/SDKs/WatchOS27.0.sdk -O0 -w -Xlinker -no_warn_duplicate_libraries -F/Users/admin/builder/spi-builder-workspace/.derivedData/Build/Intermediates.noindex/EagerLinkingTBDs/Debug-watchos -F/Users/admin/builder/spi-builder-workspace/.derivedData/Build/Products/Debug-watchos -iframework /Applications/Xcode-27.0.0-Release.Candidate.app/Contents/Developer/Platforms/WatchOS.platform/Developer/Library/Frameworks -iframework /Applications/Xcode-27.0.0-Release.Candidate.app/Contents/Developer/Platforms/WatchOS.platform/Developer/SDKs/WatchOS27.0.sdk/Developer/Library/Frameworks -filelist /Users/admin/builder/spi-builder-workspace/.derivedData/Build/Intermediates.noindex/LogManager.build/Debug-watchos/LogManager-t.build/Objects-normal/arm64/LogManager.LinkFileList -nostdlib -Xlinker -object_path_lto -Xlinker /Users/admin/builder/spi-builder-workspace/.derivedData/Build/Intermediates.noindex/LogManager.build/Debug-watchos/LogManager-t.build/Objects-normal/arm64/LogManager_lto.o -Xlinker -no_deduplicate -Xlinker -debug_variant -Xlinker -dependency_info -Xlinker /Users/admin/builder/spi-builder-workspace/.derivedData/Build/Intermediates.noindex/LogManager.build/Debug-watchos/LogManager-t.build/Objects-normal/arm64/LogManager_dependency_info.dat -fobjc-link-runtime -L/Applications/Xcode-27.0.0-Release.Candidate.app/Contents/Developer/Toolchains/XcodeDefault.xctoolchain/usr/lib/swift/watchos -L/usr/lib/swift -Xlinker -add_ast_path -Xlinker /Users/admin/builder/spi-builder-workspace/.derivedData/Build/Intermediates.noindex/LogManager.build/Debug-watchos/LogManager-t.build/Objects-normal/arm64/LogManager.swiftmodule -o /Users/admin/builder/spi-builder-workspace/.derivedData/Build/Intermediates.noindex/LogManager.build/Debug-watchos/LogManager-t.build/Objects-normal/arm64/Binary/LogManager.o
SwiftExplicitDependencyGeneratePcm arm64 /Users/admin/builder/spi-builder-workspace/.derivedData/SDKExplicitPrecompiledModules/CoreMedia-EO02G285WTXB0RPNG3DP9O9VN.pcm
SwiftExplicitDependencyGeneratePcm arm64 /Users/admin/builder/spi-builder-workspace/.derivedData/SDKExplicitPrecompiledModules/simd-2C11HKTI5TJB05T724EWNFZXD.pcm
SwiftExplicitDependencyGeneratePcm arm64_32 /Users/admin/builder/spi-builder-workspace/.derivedData/SDKExplicitPrecompiledModules/UIKit-BGAQE5HOOTG6M9C46O1HHPCDR.pcm
SwiftExplicitDependencyGeneratePcm arm64_32 /Users/admin/builder/spi-builder-workspace/.derivedData/SDKExplicitPrecompiledModules/AVFAudio-EU9TH46FEJU07INHQE6SLRBUF.pcm
CreateUniversalBinary /Users/admin/builder/spi-builder-workspace/.derivedData/Build/Products/Debug-watchos/LogManager.o normal arm64\ arm64_32 (in target 'LogManager' from project 'LogManager')
cd /Users/admin/builder/spi-builder-workspace/.dependencies/checkouts/LogManager
/Applications/Xcode-27.0.0-Release.Candidate.app/Contents/Developer/Toolchains/XcodeDefault.xctoolchain/usr/bin/lipo -create /Users/admin/builder/spi-builder-workspace/.derivedData/Build/Intermediates.noindex/LogManager.build/Debug-watchos/LogManager-t.build/Objects-normal/arm64/Binary/LogManager.o /Users/admin/builder/spi-builder-workspace/.derivedData/Build/Intermediates.noindex/LogManager.build/Debug-watchos/LogManager-t.build/Objects-normal/arm64_32/Binary/LogManager.o -output /Users/admin/builder/spi-builder-workspace/.derivedData/Build/Products/Debug-watchos/LogManager.o
ExtractAppIntentsMetadata (in target 'LogManager' from project 'LogManager')
cd /Users/admin/builder/spi-builder-workspace/.dependencies/checkouts/LogManager
/Applications/Xcode-27.0.0-Release.Candidate.app/Contents/Developer/Toolchains/XcodeDefault.xctoolchain/usr/bin/appintentsmetadataprocessor --toolchain-dir /var/run/com.apple.security.cryptexd/mnt/com.apple.MobileAsset.MetalToolchain-v27.1.266.1.boKjDW/Metal.xctoolchain --module-name LogManager --sdk-root /Applications/Xcode-27.0.0-Release.Candidate.app/Contents/Developer/Platforms/WatchOS.platform/Developer/SDKs/WatchOS27.0.sdk --xcode-version 27A266a --platform-family watchOS --deployment-target 26.0 --bundle-identifier logmanager.LogManager --output /Users/admin/builder/spi-builder-workspace/.derivedData/Build/Products/Debug-watchos/LogManager.appintents --target-triple arm64-apple-watchos26.0 --target-triple arm64_32-apple-watchos26.0 --binary-file /Users/admin/builder/spi-builder-workspace/.derivedData/Build/Products/Debug-watchos/LogManager.o --dependency-file /Users/admin/builder/spi-builder-workspace/.derivedData/Build/Intermediates.noindex/LogManager.build/Debug-watchos/LogManager-t.build/Objects-normal/arm64/LogManager_dependency_info.dat --dependency-file /Users/admin/builder/spi-builder-workspace/.derivedData/Build/Intermediates.noindex/LogManager.build/Debug-watchos/LogManager-t.build/Objects-normal/arm64_32/LogManager_dependency_info.dat --stringsdata-file /Users/admin/builder/spi-builder-workspace/.derivedData/Build/Intermediates.noindex/LogManager.build/Debug-watchos/LogManager-t.build/Objects-normal/arm64/ExtractedAppShortcutsMetadata.stringsdata --stringsdata-file /Users/admin/builder/spi-builder-workspace/.derivedData/Build/Intermediates.noindex/LogManager.build/Debug-watchos/LogManager-t.build/Objects-normal/arm64_32/ExtractedAppShortcutsMetadata.stringsdata --source-file-list /Users/admin/builder/spi-builder-workspace/.derivedData/Build/Intermediates.noindex/LogManager.build/Debug-watchos/LogManager-t.build/Objects-normal/arm64/LogManager.SwiftFileList --source-file-list /Users/admin/builder/spi-builder-workspace/.derivedData/Build/Intermediates.noindex/LogManager.build/Debug-watchos/LogManager-t.build/Objects-normal/arm64_32/LogManager.SwiftFileList --metadata-file-list /Users/admin/builder/spi-builder-workspace/.derivedData/Build/Intermediates.noindex/LogManager.build/Debug-watchos/LogManager-t.build/LogManager.DependencyMetadataFileList --static-metadata-file-list /Users/admin/builder/spi-builder-workspace/.derivedData/Build/Intermediates.noindex/LogManager.build/Debug-watchos/LogManager-t.build/LogManager.DependencyStaticMetadataFileList --swift-const-vals-list /Users/admin/builder/spi-builder-workspace/.derivedData/Build/Intermediates.noindex/LogManager.build/Debug-watchos/LogManager-t.build/Objects-normal/arm64/LogManager.SwiftConstValuesFileList --swift-const-vals-list /Users/admin/builder/spi-builder-workspace/.derivedData/Build/Intermediates.noindex/LogManager.build/Debug-watchos/LogManager-t.build/Objects-normal/arm64_32/LogManager.SwiftConstValuesFileList --force --compile-time-extraction --deployment-aware-processing --no-app-shortcuts-localization
2026-09-27 13:19:46.907 appintentsmetadataprocessor[934:5480] Starting appintentsmetadataprocessor export
2026-09-27 13:19:47.020 appintentsmetadataprocessor[934:5480] Extracted no relevant App Intents symbols, skipping writing output
SwiftExplicitDependencyGeneratePcm arm64 /Users/admin/builder/spi-builder-workspace/.derivedData/SDKExplicitPrecompiledModules/AVFAudio-BA4WIFZN581O9QI29PYOFBJ2E.pcm
SwiftExplicitDependencyGeneratePcm arm64_32 /Users/admin/builder/spi-builder-workspace/.derivedData/SDKExplicitPrecompiledModules/SceneKit-CLOM4E4D45A8A94N3QNHOVW3H.pcm
SwiftExplicitDependencyGeneratePcm arm64_32 /Users/admin/builder/spi-builder-workspace/.derivedData/SDKExplicitPrecompiledModules/Spatial-4XS0QRL16224ZE9KE9TMKASKT.pcm
SwiftExplicitDependencyGeneratePcm arm64_32 /Users/admin/builder/spi-builder-workspace/.derivedData/SDKExplicitPrecompiledModules/AVFoundation-DGVZBD2RNUVMB0GE8UDPQ4WF6.pcm
SwiftExplicitDependencyGeneratePcm arm64 /Users/admin/builder/spi-builder-workspace/.derivedData/SDKExplicitPrecompiledModules/SceneKit-4VPDXW2J8W40JMX88G7X30C4G.pcm
SwiftExplicitDependencyGeneratePcm arm64 /Users/admin/builder/spi-builder-workspace/.derivedData/SDKExplicitPrecompiledModules/Spatial-EZKKX4XFW72RZCTOIG80Z93AP.pcm
SwiftExplicitDependencyGeneratePcm arm64 /Users/admin/builder/spi-builder-workspace/.derivedData/SDKExplicitPrecompiledModules/AVFoundation-6GJRX1H5DTZ8YXNV0KHD7S0LY.pcm
SwiftExplicitDependencyGeneratePcm arm64 /Users/admin/builder/spi-builder-workspace/.derivedData/SDKExplicitPrecompiledModules/HomeKit-2JD3RMVTK0MFX7K570KHTLBBH.pcm
SwiftExplicitDependencyGeneratePcm arm64 /Users/admin/builder/spi-builder-workspace/.derivedData/SDKExplicitPrecompiledModules/MapKit-5U4CPBNVICOGB0BBK9BC7P4E9.pcm
SwiftExplicitDependencyGeneratePcm arm64_32 /Users/admin/builder/spi-builder-workspace/.derivedData/SDKExplicitPrecompiledModules/MapKit-3RCPMYWFYVKLOR1JJH1M1L7O6.pcm
SwiftExplicitDependencyGeneratePcm arm64_32 /Users/admin/builder/spi-builder-workspace/.derivedData/SDKExplicitPrecompiledModules/HomeKit-DXH34ZWEY4P4FEELCOH3LXVCR.pcm
SwiftExplicitDependencyGeneratePcm arm64 /Users/admin/builder/spi-builder-workspace/.derivedData/SDKExplicitPrecompiledModules/WatchKit-22L6Z003SE8XPQ9JS14K57C9N.pcm
SwiftExplicitDependencyGeneratePcm arm64_32 /Users/admin/builder/spi-builder-workspace/.derivedData/SDKExplicitPrecompiledModules/WatchKit-7IATJTA58S6OFDEYHG9JSLLDQ.pcm
SwiftExplicitDependencyGeneratePcm arm64 /Users/admin/builder/spi-builder-workspace/.derivedData/SDKExplicitPrecompiledModules/SwiftUI-E6XJI4PF1Q2HPTXKL91GWARU6.pcm
SwiftExplicitDependencyGeneratePcm arm64_32 /Users/admin/builder/spi-builder-workspace/.derivedData/SDKExplicitPrecompiledModules/SwiftUI-6DR5UJH94SD7QMITGWNAX9FBI.pcm
SwiftCompile normal arm64 Compiling\ iOS\ StringExtensions.swift,\ iOS\ ViewExtensions.swift /Users/admin/builder/spi-builder-workspace/.dependencies/checkouts/SwiftletUtilities/Sources/SwiftletUtilities/iOS/Extensions/iOS\ StringExtensions.swift /Users/admin/builder/spi-builder-workspace/.dependencies/checkouts/SwiftletUtilities/Sources/SwiftletUtilities/iOS/Extensions/iOS\ ViewExtensions.swift (in target 'SwiftletUtilities' from project 'SwiftletUtilities')
SwiftCompile normal arm64 /Users/admin/builder/spi-builder-workspace/.dependencies/checkouts/SwiftletUtilities/Sources/SwiftletUtilities/iOS/Extensions/iOS\ StringExtensions.swift (in target 'SwiftletUtilities' from project 'SwiftletUtilities')
cd /Users/admin/builder/spi-builder-workspace/.swiftpm/xcode
builtin-SwiftPerFileCompile iOS\ StringExtensions.swift
SwiftCompile normal arm64 /Users/admin/builder/spi-builder-workspace/.dependencies/checkouts/SwiftletUtilities/Sources/SwiftletUtilities/iOS/Extensions/iOS\ ViewExtensions.swift (in target 'SwiftletUtilities' from project 'SwiftletUtilities')
cd /Users/admin/builder/spi-builder-workspace/.swiftpm/xcode
builtin-SwiftPerFileCompile iOS\ ViewExtensions.swift
SwiftCompile normal arm64 Compiling\ UIDeviceOrientation.swift,\ macOS\ DataExtensions.swift /Users/admin/builder/spi-builder-workspace/.dependencies/checkouts/SwiftletUtilities/Sources/SwiftletUtilities/macOS/Enumerations/UIDeviceOrientation.swift /Users/admin/builder/spi-builder-workspace/.dependencies/checkouts/SwiftletUtilities/Sources/SwiftletUtilities/macOS/Extensions/macOS\ DataExtensions.swift (in target 'SwiftletUtilities' from project 'SwiftletUtilities')
SwiftCompile normal arm64 /Users/admin/builder/spi-builder-workspace/.dependencies/checkouts/SwiftletUtilities/Sources/SwiftletUtilities/macOS/Enumerations/UIDeviceOrientation.swift (in target 'SwiftletUtilities' from project 'SwiftletUtilities')
cd /Users/admin/builder/spi-builder-workspace/.swiftpm/xcode
builtin-SwiftPerFileCompile UIDeviceOrientation.swift
SwiftCompile normal arm64 /Users/admin/builder/spi-builder-workspace/.dependencies/checkouts/SwiftletUtilities/Sources/SwiftletUtilities/macOS/Extensions/macOS\ DataExtensions.swift (in target 'SwiftletUtilities' from project 'SwiftletUtilities')
cd /Users/admin/builder/spi-builder-workspace/.swiftpm/xcode
builtin-SwiftPerFileCompile macOS\ DataExtensions.swift
SwiftEmitModule normal arm64 Emitting\ module\ for\ SwiftletUtilities (in target 'SwiftletUtilities' from project 'SwiftletUtilities')
SwiftCompile normal arm64 (in target 'SwiftletUtilities' from project 'SwiftletUtilities')
cd /Users/admin/builder/spi-builder-workspace/.swiftpm/xcode
SwiftCompile normal arm64 Compiling\ macOS\ ImageExtensions.swift,\ macOS\ StringExtensions.swift /Users/admin/builder/spi-builder-workspace/.dependencies/checkouts/SwiftletUtilities/Sources/SwiftletUtilities/macOS/Extensions/macOS\ ImageExtensions.swift /Users/admin/builder/spi-builder-workspace/.dependencies/checkouts/SwiftletUtilities/Sources/SwiftletUtilities/macOS/Extensions/macOS\ StringExtensions.swift (in target 'SwiftletUtilities' from project 'SwiftletUtilities')
SwiftCompile normal arm64 /Users/admin/builder/spi-builder-workspace/.dependencies/checkouts/SwiftletUtilities/Sources/SwiftletUtilities/macOS/Extensions/macOS\ ImageExtensions.swift (in target 'SwiftletUtilities' from project 'SwiftletUtilities')
cd /Users/admin/builder/spi-builder-workspace/.swiftpm/xcode
builtin-SwiftPerFileCompile macOS\ ImageExtensions.swift
SwiftCompile normal arm64 /Users/admin/builder/spi-builder-workspace/.dependencies/checkouts/SwiftletUtilities/Sources/SwiftletUtilities/macOS/Extensions/macOS\ StringExtensions.swift (in target 'SwiftletUtilities' from project 'SwiftletUtilities')
cd /Users/admin/builder/spi-builder-workspace/.swiftpm/xcode
builtin-SwiftPerFileCompile macOS\ StringExtensions.swift
SwiftCompile normal arm64 Compiling\ Execute.swift,\ HTMLEntity.swift,\ NetworkConnection.swift /Users/admin/builder/spi-builder-workspace/.dependencies/checkouts/SwiftletUtilities/Sources/SwiftletUtilities/SharedCode/Utilities/Execute.swift /Users/admin/builder/spi-builder-workspace/.dependencies/checkouts/SwiftletUtilities/Sources/SwiftletUtilities/SharedCode/Utilities/HTMLEntity.swift /Users/admin/builder/spi-builder-workspace/.dependencies/checkouts/SwiftletUtilities/Sources/SwiftletUtilities/SharedCode/Utilities/NetworkConnection.swift (in target 'SwiftletUtilities' from project 'SwiftletUtilities')
SwiftCompile normal arm64 /Users/admin/builder/spi-builder-workspace/.dependencies/checkouts/SwiftletUtilities/Sources/SwiftletUtilities/SharedCode/Utilities/Execute.swift (in target 'SwiftletUtilities' from project 'SwiftletUtilities')
cd /Users/admin/builder/spi-builder-workspace/.swiftpm/xcode
builtin-SwiftPerFileCompile Execute.swift
SwiftCompile normal arm64 /Users/admin/builder/spi-builder-workspace/.dependencies/checkouts/SwiftletUtilities/Sources/SwiftletUtilities/SharedCode/Utilities/HTMLEntity.swift (in target 'SwiftletUtilities' from project 'SwiftletUtilities')
cd /Users/admin/builder/spi-builder-workspace/.swiftpm/xcode
builtin-SwiftPerFileCompile HTMLEntity.swift
SwiftCompile normal arm64 /Users/admin/builder/spi-builder-workspace/.dependencies/checkouts/SwiftletUtilities/Sources/SwiftletUtilities/SharedCode/Utilities/NetworkConnection.swift (in target 'SwiftletUtilities' from project 'SwiftletUtilities')
cd /Users/admin/builder/spi-builder-workspace/.swiftpm/xcode
builtin-SwiftPerFileCompile NetworkConnection.swift
SwiftCompile normal arm64 Compiling\ ViewExtensions.swift,\ AppleHardwareType.swift,\ HardwareInformation.swift /Users/admin/builder/spi-builder-workspace/.dependencies/checkouts/SwiftletUtilities/Sources/SwiftletUtilities/SharedCode/Extensions/ViewExtensions.swift /Users/admin/builder/spi-builder-workspace/.dependencies/checkouts/SwiftletUtilities/Sources/SwiftletUtilities/SharedCode/Hardware/AppleHardwareType.swift /Users/admin/builder/spi-builder-workspace/.dependencies/checkouts/SwiftletUtilities/Sources/SwiftletUtilities/SharedCode/Hardware/HardwareInformation.swift (in target 'SwiftletUtilities' from project 'SwiftletUtilities')
SwiftCompile normal arm64 /Users/admin/builder/spi-builder-workspace/.dependencies/checkouts/SwiftletUtilities/Sources/SwiftletUtilities/SharedCode/Extensions/ViewExtensions.swift (in target 'SwiftletUtilities' from project 'SwiftletUtilities')
cd /Users/admin/builder/spi-builder-workspace/.swiftpm/xcode
builtin-SwiftPerFileCompile ViewExtensions.swift
SwiftCompile normal arm64 /Users/admin/builder/spi-builder-workspace/.dependencies/checkouts/SwiftletUtilities/Sources/SwiftletUtilities/SharedCode/Hardware/AppleHardwareType.swift (in target 'SwiftletUtilities' from project 'SwiftletUtilities')
cd /Users/admin/builder/spi-builder-workspace/.swiftpm/xcode
builtin-SwiftPerFileCompile AppleHardwareType.swift
SwiftCompile normal arm64 /Users/admin/builder/spi-builder-workspace/.dependencies/checkouts/SwiftletUtilities/Sources/SwiftletUtilities/SharedCode/Hardware/HardwareInformation.swift (in target 'SwiftletUtilities' from project 'SwiftletUtilities')
cd /Users/admin/builder/spi-builder-workspace/.swiftpm/xcode
builtin-SwiftPerFileCompile HardwareInformation.swift
SwiftEmitModule normal arm64 Emitting\ module\ for\ SoundManager (in target 'SoundManager' from project 'SoundManager')
SwiftCompile normal arm64 (in target 'SoundManager' from project 'SoundManager')
cd /Users/admin/builder/spi-builder-workspace/.swiftpm/xcode
SwiftCompile normal arm64 Compiling\ PublishedExtensions.swift,\ StringExtensions.swift,\ TitleCase.swift /Users/admin/builder/spi-builder-workspace/.dependencies/checkouts/SwiftletUtilities/Sources/SwiftletUtilities/SharedCode/Extensions/PublishedExtensions.swift /Users/admin/builder/spi-builder-workspace/.dependencies/checkouts/SwiftletUtilities/Sources/SwiftletUtilities/SharedCode/Extensions/StringExtensions.swift /Users/admin/builder/spi-builder-workspace/.dependencies/checkouts/SwiftletUtilities/Sources/SwiftletUtilities/SharedCode/Extensions/TitleCase.swift (in target 'SwiftletUtilities' from project 'SwiftletUtilities')
SwiftCompile normal arm64 /Users/admin/builder/spi-builder-workspace/.dependencies/checkouts/SwiftletUtilities/Sources/SwiftletUtilities/SharedCode/Extensions/PublishedExtensions.swift (in target 'SwiftletUtilities' from project 'SwiftletUtilities')
cd /Users/admin/builder/spi-builder-workspace/.swiftpm/xcode
builtin-SwiftPerFileCompile PublishedExtensions.swift
SwiftCompile normal arm64 /Users/admin/builder/spi-builder-workspace/.dependencies/checkouts/SwiftletUtilities/Sources/SwiftletUtilities/SharedCode/Extensions/StringExtensions.swift (in target 'SwiftletUtilities' from project 'SwiftletUtilities')
cd /Users/admin/builder/spi-builder-workspace/.swiftpm/xcode
builtin-SwiftPerFileCompile StringExtensions.swift
SwiftCompile normal arm64 /Users/admin/builder/spi-builder-workspace/.dependencies/checkouts/SwiftletUtilities/Sources/SwiftletUtilities/SharedCode/Extensions/TitleCase.swift (in target 'SwiftletUtilities' from project 'SwiftletUtilities')
cd /Users/admin/builder/spi-builder-workspace/.swiftpm/xcode
builtin-SwiftPerFileCompile TitleCase.swift
SwiftCompile normal arm64 Compiling\ DoubleExtensions.swift,\ ImageExtensions.swift,\ IntegerExtensions.swift /Users/admin/builder/spi-builder-workspace/.dependencies/checkouts/SwiftletUtilities/Sources/SwiftletUtilities/SharedCode/Extensions/DoubleExtensions.swift /Users/admin/builder/spi-builder-workspace/.dependencies/checkouts/SwiftletUtilities/Sources/SwiftletUtilities/SharedCode/Extensions/ImageExtensions.swift /Users/admin/builder/spi-builder-workspace/.dependencies/checkouts/SwiftletUtilities/Sources/SwiftletUtilities/SharedCode/Extensions/IntegerExtensions.swift (in target 'SwiftletUtilities' from project 'SwiftletUtilities')
SwiftCompile normal arm64 /Users/admin/builder/spi-builder-workspace/.dependencies/checkouts/SwiftletUtilities/Sources/SwiftletUtilities/SharedCode/Extensions/DoubleExtensions.swift (in target 'SwiftletUtilities' from project 'SwiftletUtilities')
cd /Users/admin/builder/spi-builder-workspace/.swiftpm/xcode
builtin-SwiftPerFileCompile DoubleExtensions.swift
SwiftCompile normal arm64 /Users/admin/builder/spi-builder-workspace/.dependencies/checkouts/SwiftletUtilities/Sources/SwiftletUtilities/SharedCode/Extensions/ImageExtensions.swift (in target 'SwiftletUtilities' from project 'SwiftletUtilities')
cd /Users/admin/builder/spi-builder-workspace/.swiftpm/xcode
builtin-SwiftPerFileCompile ImageExtensions.swift
SwiftCompile normal arm64 /Users/admin/builder/spi-builder-workspace/.dependencies/checkouts/SwiftletUtilities/Sources/SwiftletUtilities/SharedCode/Extensions/IntegerExtensions.swift (in target 'SwiftletUtilities' from project 'SwiftletUtilities')
cd /Users/admin/builder/spi-builder-workspace/.swiftpm/xcode
builtin-SwiftPerFileCompile IntegerExtensions.swift
SwiftCompile normal arm64 Compiling\ resource_bundle_accessor.swift,\ ArrayExtensions.swift,\ ColorExtentions.swift /Users/admin/builder/spi-builder-workspace/.derivedData/Build/Intermediates.noindex/SwiftletUtilities.build/Debug-watchos/SwiftletUtilities-t.build/DerivedSources/resource_bundle_accessor.swift /Users/admin/builder/spi-builder-workspace/.dependencies/checkouts/SwiftletUtilities/Sources/SwiftletUtilities/SharedCode/Extensions/ArrayExtensions.swift /Users/admin/builder/spi-builder-workspace/.dependencies/checkouts/SwiftletUtilities/Sources/SwiftletUtilities/SharedCode/Extensions/ColorExtentions.swift (in target 'SwiftletUtilities' from project 'SwiftletUtilities')
SwiftCompile normal arm64 /Users/admin/builder/spi-builder-workspace/.derivedData/Build/Intermediates.noindex/SwiftletUtilities.build/Debug-watchos/SwiftletUtilities-t.build/DerivedSources/resource_bundle_accessor.swift (in target 'SwiftletUtilities' from project 'SwiftletUtilities')
cd /Users/admin/builder/spi-builder-workspace/.swiftpm/xcode
builtin-SwiftPerFileCompile resource_bundle_accessor.swift
SwiftCompile normal arm64 /Users/admin/builder/spi-builder-workspace/.dependencies/checkouts/SwiftletUtilities/Sources/SwiftletUtilities/SharedCode/Extensions/ArrayExtensions.swift (in target 'SwiftletUtilities' from project 'SwiftletUtilities')
cd /Users/admin/builder/spi-builder-workspace/.swiftpm/xcode
builtin-SwiftPerFileCompile ArrayExtensions.swift
SwiftCompile normal arm64 /Users/admin/builder/spi-builder-workspace/.dependencies/checkouts/SwiftletUtilities/Sources/SwiftletUtilities/SharedCode/Extensions/ColorExtentions.swift (in target 'SwiftletUtilities' from project 'SwiftletUtilities')
cd /Users/admin/builder/spi-builder-workspace/.swiftpm/xcode
builtin-SwiftPerFileCompile ColorExtentions.swift
SwiftEmitModule normal arm64_32 Emitting\ module\ for\ SwiftletUtilities (in target 'SwiftletUtilities' from project 'SwiftletUtilities')
SwiftCompile normal arm64_32 (in target 'SwiftletUtilities' from project 'SwiftletUtilities')
cd /Users/admin/builder/spi-builder-workspace/.swiftpm/xcode
SwiftDriverJobDiscovery normal arm64 Compiling UIDeviceOrientation.swift, macOS DataExtensions.swift (in target 'SwiftletUtilities' from project 'SwiftletUtilities')
SwiftEmitModule normal arm64_32 Emitting\ module\ for\ SoundManager (in target 'SoundManager' from project 'SoundManager')
SwiftCompile normal arm64_32 (in target 'SoundManager' from project 'SoundManager')
cd /Users/admin/builder/spi-builder-workspace/.swiftpm/xcode
SwiftDriverJobDiscovery normal arm64 Compiling macOS ImageExtensions.swift, macOS StringExtensions.swift (in target 'SwiftletUtilities' from project 'SwiftletUtilities')
SwiftCompile normal arm64_32 Compiling\ DoubleExtensions.swift,\ ImageExtensions.swift,\ IntegerExtensions.swift /Users/admin/builder/spi-builder-workspace/.dependencies/checkouts/SwiftletUtilities/Sources/SwiftletUtilities/SharedCode/Extensions/DoubleExtensions.swift /Users/admin/builder/spi-builder-workspace/.dependencies/checkouts/SwiftletUtilities/Sources/SwiftletUtilities/SharedCode/Extensions/ImageExtensions.swift /Users/admin/builder/spi-builder-workspace/.dependencies/checkouts/SwiftletUtilities/Sources/SwiftletUtilities/SharedCode/Extensions/IntegerExtensions.swift (in target 'SwiftletUtilities' from project 'SwiftletUtilities')
SwiftCompile normal arm64_32 /Users/admin/builder/spi-builder-workspace/.dependencies/checkouts/SwiftletUtilities/Sources/SwiftletUtilities/SharedCode/Extensions/DoubleExtensions.swift (in target 'SwiftletUtilities' from project 'SwiftletUtilities')
cd /Users/admin/builder/spi-builder-workspace/.swiftpm/xcode
builtin-SwiftPerFileCompile DoubleExtensions.swift
SwiftCompile normal arm64_32 /Users/admin/builder/spi-builder-workspace/.dependencies/checkouts/SwiftletUtilities/Sources/SwiftletUtilities/SharedCode/Extensions/ImageExtensions.swift (in target 'SwiftletUtilities' from project 'SwiftletUtilities')
cd /Users/admin/builder/spi-builder-workspace/.swiftpm/xcode
builtin-SwiftPerFileCompile ImageExtensions.swift
SwiftCompile normal arm64_32 /Users/admin/builder/spi-builder-workspace/.dependencies/checkouts/SwiftletUtilities/Sources/SwiftletUtilities/SharedCode/Extensions/IntegerExtensions.swift (in target 'SwiftletUtilities' from project 'SwiftletUtilities')
cd /Users/admin/builder/spi-builder-workspace/.swiftpm/xcode
builtin-SwiftPerFileCompile IntegerExtensions.swift
SwiftDriverJobDiscovery normal arm64 Emitting module for SoundManager (in target 'SoundManager' from project 'SoundManager')
SwiftDriver\ Compilation\ Requirements SoundManager normal arm64 com.apple.xcode.tools.swift.compiler (in target 'SoundManager' from project 'SoundManager')
cd /Users/admin/builder/spi-builder-workspace/.swiftpm/xcode
builtin-Swift-Compilation-Requirements -- /Applications/Xcode-27.0.0-Release.Candidate.app/Contents/Developer/Toolchains/XcodeDefault.xctoolchain/usr/bin/swiftc -parse-as-library -module-name SoundManager -Onone @/Users/admin/builder/spi-builder-workspace/.derivedData/Build/Intermediates.noindex/SoundManager.build/Debug-watchos/SoundManager-t.build/Objects-normal/arm64/SoundManager.SwiftFileList -DSWIFT_PACKAGE -DDEBUG -DSWIFT_MODULE_RESOURCE_BUNDLE_AVAILABLE -DXcode -plugin-path /Applications/Xcode-27.0.0-Release.Candidate.app/Contents/Developer/Toolchains/XcodeDefault.xctoolchain/usr/lib/swift/host/plugins/testing -enable-experimental-feature DebugDescriptionMacro -sdk /Applications/Xcode-27.0.0-Release.Candidate.app/Contents/Developer/Platforms/WatchOS.platform/Developer/SDKs/WatchOS27.0.sdk -target arm64-apple-watchos26.0 -g -module-cache-path /Users/admin/builder/spi-builder-workspace/.derivedData/ModuleCache.noindex -Xfrontend -serialize-debugging-options -profile-coverage-mapping -profile-generate -enable-testing -suppress-warnings -index-store-path /Users/admin/builder/spi-builder-workspace/.derivedData/Index.noindex/DataStore -Xcc -D_LIBCPP_HARDENING_MODE\=_LIBCPP_HARDENING_MODE_DEBUG -swift-version 6 -I /Users/admin/builder/spi-builder-workspace/.derivedData/Build/Products/Debug-watchos -Isystem /Applications/Xcode-27.0.0-Release.Candidate.app/Contents/Developer/Platforms/WatchOS.platform/Developer/usr/lib -F /Users/admin/builder/spi-builder-workspace/.derivedData/Build/Products/Debug-watchos/PackageFrameworks -F /Users/admin/builder/spi-builder-workspace/.derivedData/Build/Products/Debug-watchos -F /Applications/Xcode-27.0.0-Release.Candidate.app/Contents/Developer/Platforms/WatchOS.platform/Developer/Library/Frameworks -F /Applications/Xcode-27.0.0-Release.Candidate.app/Contents/Developer/Platforms/WatchOS.platform/Developer/SDKs/WatchOS27.0.sdk/Developer/Library/Frameworks -c -j10 -enable-batch-mode -incremental -Xcc -ivfsstatcache -Xcc /Users/admin/builder/spi-builder-workspace/.derivedData/SDKStatCaches.noindex/watchos27.0-24R360-e829b21a6f8c9b70876ba0858053c04477534ef55a1706bf4c1112bbb242f0a2.sdkstatcache -output-file-map /Users/admin/builder/spi-builder-workspace/.derivedData/Build/Intermediates.noindex/SoundManager.build/Debug-watchos/SoundManager-t.build/Objects-normal/arm64/SoundManager-OutputFileMap.json -save-temps -no-color-diagnostics -explicit-module-build -module-cache-path /Users/admin/builder/spi-builder-workspace/.derivedData/Build/Intermediates.noindex/SwiftExplicitPrecompiledModules -clang-scanner-module-cache-path /Users/admin/builder/spi-builder-workspace/.derivedData/ModuleCache.noindex -sdk-module-cache-path /Users/admin/builder/spi-builder-workspace/.derivedData/SDKExplicitPrecompiledModules -emit-dependencies -emit-module -emit-module-path /Users/admin/builder/spi-builder-workspace/.derivedData/Build/Intermediates.noindex/SoundManager.build/Debug-watchos/SoundManager-t.build/Objects-normal/arm64/SoundManager.swiftmodule -serialize-diagnostics -dependency-scan-serialize-diagnostics-path /Users/admin/builder/spi-builder-workspace/.derivedData/Build/Intermediates.noindex/SoundManager.build/Debug-watchos/SoundManager-t.build/Objects-normal/arm64/SoundManager-dependency-scan.dia -user-module-version 2.1.0 -validate-clang-modules-once -clang-build-session-file /Users/admin/builder/spi-builder-workspace/.derivedData/ModuleCache.noindex/Session.modulevalidation -Xcc -fmodules-prune-interval\=86400 -Xcc -fmodules-prune-after\=345600 -package-name soundmanager -emit-const-values -const-gather-protocols-list /Users/admin/builder/spi-builder-workspace/.derivedData/Build/Intermediates.noindex/SoundManager.build/Debug-watchos/SoundManager-t.build/Objects-normal/arm64/SoundManager_const_extract_protocols.json -Xcc -I/Users/admin/builder/spi-builder-workspace/.derivedData/Build/Products/Debug-watchos/include -Xcc -I/Users/admin/builder/spi-builder-workspace/.derivedData/Build/Intermediates.noindex/SoundManager.build/Debug-watchos/SoundManager-t.build/DerivedSources-normal/arm64 -Xcc -I/Users/admin/builder/spi-builder-workspace/.derivedData/Build/Intermediates.noindex/SoundManager.build/Debug-watchos/SoundManager-t.build/DerivedSources/arm64 -Xcc -I/Users/admin/builder/spi-builder-workspace/.derivedData/Build/Intermediates.noindex/SoundManager.build/Debug-watchos/SoundManager-t.build/DerivedSources -Xcc -DSWIFT_PACKAGE -Xcc -DDEBUG\=1 -emit-objc-header -emit-objc-header-path /Users/admin/builder/spi-builder-workspace/.derivedData/Build/Intermediates.noindex/SoundManager.build/Debug-watchos/SoundManager-t.build/Objects-normal/arm64/SoundManager-Swift.h -working-directory /Users/admin/builder/spi-builder-workspace/.swiftpm/xcode -experimental-emit-module-separately -disable-cmo
SwiftDriverJobDiscovery normal arm64 Emitting module for SwiftletUtilities (in target 'SwiftletUtilities' from project 'SwiftletUtilities')
SwiftDriver\ Compilation\ Requirements SwiftletUtilities normal arm64 com.apple.xcode.tools.swift.compiler (in target 'SwiftletUtilities' from project 'SwiftletUtilities')
cd /Users/admin/builder/spi-builder-workspace/.swiftpm/xcode
builtin-Swift-Compilation-Requirements -- /Applications/Xcode-27.0.0-Release.Candidate.app/Contents/Developer/Toolchains/XcodeDefault.xctoolchain/usr/bin/swiftc -parse-as-library -module-name SwiftletUtilities -Onone @/Users/admin/builder/spi-builder-workspace/.derivedData/Build/Intermediates.noindex/SwiftletUtilities.build/Debug-watchos/SwiftletUtilities-t.build/Objects-normal/arm64/SwiftletUtilities.SwiftFileList -DSWIFT_PACKAGE -DDEBUG -DSWIFT_MODULE_RESOURCE_BUNDLE_AVAILABLE -DXcode -plugin-path /Applications/Xcode-27.0.0-Release.Candidate.app/Contents/Developer/Toolchains/XcodeDefault.xctoolchain/usr/lib/swift/host/plugins/testing -enable-experimental-feature DebugDescriptionMacro -sdk /Applications/Xcode-27.0.0-Release.Candidate.app/Contents/Developer/Platforms/WatchOS.platform/Developer/SDKs/WatchOS27.0.sdk -target arm64-apple-watchos26.0 -g -module-cache-path /Users/admin/builder/spi-builder-workspace/.derivedData/ModuleCache.noindex -Xfrontend -serialize-debugging-options -profile-coverage-mapping -profile-generate -enable-testing -suppress-warnings -index-store-path /Users/admin/builder/spi-builder-workspace/.derivedData/Index.noindex/DataStore -Xcc -D_LIBCPP_HARDENING_MODE\=_LIBCPP_HARDENING_MODE_DEBUG -swift-version 6 -I /Users/admin/builder/spi-builder-workspace/.derivedData/Build/Products/Debug-watchos -Isystem /Applications/Xcode-27.0.0-Release.Candidate.app/Contents/Developer/Platforms/WatchOS.platform/Developer/usr/lib -F /Users/admin/builder/spi-builder-workspace/.derivedData/Build/Products/Debug-watchos/PackageFrameworks -F /Users/admin/builder/spi-builder-workspace/.derivedData/Build/Products/Debug-watchos -F /Applications/Xcode-27.0.0-Release.Candidate.app/Contents/Developer/Platforms/WatchOS.platform/Developer/Library/Frameworks -F /Applications/Xcode-27.0.0-Release.Candidate.app/Contents/Developer/Platforms/WatchOS.platform/Developer/SDKs/WatchOS27.0.sdk/Developer/Library/Frameworks -c -j10 -enable-batch-mode -incremental -Xcc -ivfsstatcache -Xcc /Users/admin/builder/spi-builder-workspace/.derivedData/SDKStatCaches.noindex/watchos27.0-24R360-e829b21a6f8c9b70876ba0858053c04477534ef55a1706bf4c1112bbb242f0a2.sdkstatcache -output-file-map /Users/admin/builder/spi-builder-workspace/.derivedData/Build/Intermediates.noindex/SwiftletUtilities.build/Debug-watchos/SwiftletUtilities-t.build/Objects-normal/arm64/SwiftletUtilities-OutputFileMap.json -save-temps -no-color-diagnostics -explicit-module-build -module-cache-path /Users/admin/builder/spi-builder-workspace/.derivedData/Build/Intermediates.noindex/SwiftExplicitPrecompiledModules -clang-scanner-module-cache-path /Users/admin/builder/spi-builder-workspace/.derivedData/ModuleCache.noindex -sdk-module-cache-path /Users/admin/builder/spi-builder-workspace/.derivedData/SDKExplicitPrecompiledModules -emit-dependencies -emit-module -emit-module-path /Users/admin/builder/spi-builder-workspace/.derivedData/Build/Intermediates.noindex/SwiftletUtilities.build/Debug-watchos/SwiftletUtilities-t.build/Objects-normal/arm64/SwiftletUtilities.swiftmodule -serialize-diagnostics -dependency-scan-serialize-diagnostics-path /Users/admin/builder/spi-builder-workspace/.derivedData/Build/Intermediates.noindex/SwiftletUtilities.build/Debug-watchos/SwiftletUtilities-t.build/Objects-normal/arm64/SwiftletUtilities-dependency-scan.dia -user-module-version 2.1.4 -validate-clang-modules-once -clang-build-session-file /Users/admin/builder/spi-builder-workspace/.derivedData/ModuleCache.noindex/Session.modulevalidation -Xcc -fmodules-prune-interval\=86400 -Xcc -fmodules-prune-after\=345600 -package-name swiftletutilities -emit-const-values -const-gather-protocols-list /Users/admin/builder/spi-builder-workspace/.derivedData/Build/Intermediates.noindex/SwiftletUtilities.build/Debug-watchos/SwiftletUtilities-t.build/Objects-normal/arm64/SwiftletUtilities_const_extract_protocols.json -Xcc -I/Users/admin/builder/spi-builder-workspace/.derivedData/Build/Products/Debug-watchos/include -Xcc -I/Users/admin/builder/spi-builder-workspace/.derivedData/Build/Intermediates.noindex/SwiftletUtilities.build/Debug-watchos/SwiftletUtilities-t.build/DerivedSources-normal/arm64 -Xcc -I/Users/admin/builder/spi-builder-workspace/.derivedData/Build/Intermediates.noindex/SwiftletUtilities.build/Debug-watchos/SwiftletUtilities-t.build/DerivedSources/arm64 -Xcc -I/Users/admin/builder/spi-builder-workspace/.derivedData/Build/Intermediates.noindex/SwiftletUtilities.build/Debug-watchos/SwiftletUtilities-t.build/DerivedSources -Xcc -DSWIFT_PACKAGE -Xcc -DDEBUG\=1 -emit-objc-header -emit-objc-header-path /Users/admin/builder/spi-builder-workspace/.derivedData/Build/Intermediates.noindex/SwiftletUtilities.build/Debug-watchos/SwiftletUtilities-t.build/Objects-normal/arm64/SwiftletUtilities-Swift.h -working-directory /Users/admin/builder/spi-builder-workspace/.swiftpm/xcode -experimental-emit-module-separately -disable-cmo
Copy /Users/admin/builder/spi-builder-workspace/.derivedData/Build/Products/Debug-watchos/SoundManager.swiftmodule/arm64-apple-watchos.swiftmodule /Users/admin/builder/spi-builder-workspace/.derivedData/Build/Intermediates.noindex/SoundManager.build/Debug-watchos/SoundManager-t.build/Objects-normal/arm64/SoundManager.swiftmodule (in target 'SoundManager' from project 'SoundManager')
cd /Users/admin/builder/spi-builder-workspace/.dependencies/checkouts/SoundManager
builtin-copy -exclude .DS_Store -exclude CVS -exclude .svn -exclude .git -exclude .hg -resolve-src-symlinks -rename /Users/admin/builder/spi-builder-workspace/.derivedData/Build/Intermediates.noindex/SoundManager.build/Debug-watchos/SoundManager-t.build/Objects-normal/arm64/SoundManager.swiftmodule /Users/admin/builder/spi-builder-workspace/.derivedData/Build/Products/Debug-watchos/SoundManager.swiftmodule/arm64-apple-watchos.swiftmodule
Copy /Users/admin/builder/spi-builder-workspace/.derivedData/Build/Products/Debug-watchos/SwiftletUtilities.swiftmodule/arm64-apple-watchos.swiftmodule /Users/admin/builder/spi-builder-workspace/.derivedData/Build/Intermediates.noindex/SwiftletUtilities.build/Debug-watchos/SwiftletUtilities-t.build/Objects-normal/arm64/SwiftletUtilities.swiftmodule (in target 'SwiftletUtilities' from project 'SwiftletUtilities')
cd /Users/admin/builder/spi-builder-workspace/.dependencies/checkouts/SwiftletUtilities
builtin-copy -exclude .DS_Store -exclude CVS -exclude .svn -exclude .git -exclude .hg -resolve-src-symlinks -rename /Users/admin/builder/spi-builder-workspace/.derivedData/Build/Intermediates.noindex/SwiftletUtilities.build/Debug-watchos/SwiftletUtilities-t.build/Objects-normal/arm64/SwiftletUtilities.swiftmodule /Users/admin/builder/spi-builder-workspace/.derivedData/Build/Products/Debug-watchos/SwiftletUtilities.swiftmodule/arm64-apple-watchos.swiftmodule
Copy /Users/admin/builder/spi-builder-workspace/.derivedData/Build/Products/Debug-watchos/SwiftletUtilities.swiftmodule/arm64-apple-watchos.swiftdoc /Users/admin/builder/spi-builder-workspace/.derivedData/Build/Intermediates.noindex/SwiftletUtilities.build/Debug-watchos/SwiftletUtilities-t.build/Objects-normal/arm64/SwiftletUtilities.swiftdoc (in target 'SwiftletUtilities' from project 'SwiftletUtilities')
cd /Users/admin/builder/spi-builder-workspace/.dependencies/checkouts/SwiftletUtilities
builtin-copy -exclude .DS_Store -exclude CVS -exclude .svn -exclude .git -exclude .hg -resolve-src-symlinks -rename /Users/admin/builder/spi-builder-workspace/.derivedData/Build/Intermediates.noindex/SwiftletUtilities.build/Debug-watchos/SwiftletUtilities-t.build/Objects-normal/arm64/SwiftletUtilities.swiftdoc /Users/admin/builder/spi-builder-workspace/.derivedData/Build/Products/Debug-watchos/SwiftletUtilities.swiftmodule/arm64-apple-watchos.swiftdoc
Copy /Users/admin/builder/spi-builder-workspace/.derivedData/Build/Products/Debug-watchos/SwiftletUtilities.swiftmodule/arm64-apple-watchos.abi.json /Users/admin/builder/spi-builder-workspace/.derivedData/Build/Intermediates.noindex/SwiftletUtilities.build/Debug-watchos/SwiftletUtilities-t.build/Objects-normal/arm64/SwiftletUtilities.abi.json (in target 'SwiftletUtilities' from project 'SwiftletUtilities')
cd /Users/admin/builder/spi-builder-workspace/.dependencies/checkouts/SwiftletUtilities
builtin-copy -exclude .DS_Store -exclude CVS -exclude .svn -exclude .git -exclude .hg -resolve-src-symlinks -rename /Users/admin/builder/spi-builder-workspace/.derivedData/Build/Intermediates.noindex/SwiftletUtilities.build/Debug-watchos/SwiftletUtilities-t.build/Objects-normal/arm64/SwiftletUtilities.abi.json /Users/admin/builder/spi-builder-workspace/.derivedData/Build/Products/Debug-watchos/SwiftletUtilities.swiftmodule/arm64-apple-watchos.abi.json
Copy /Users/admin/builder/spi-builder-workspace/.derivedData/Build/Products/Debug-watchos/SwiftletUtilities.swiftmodule/Project/arm64-apple-watchos.swiftsourceinfo /Users/admin/builder/spi-builder-workspace/.derivedData/Build/Intermediates.noindex/SwiftletUtilities.build/Debug-watchos/SwiftletUtilities-t.build/Objects-normal/arm64/SwiftletUtilities.swiftsourceinfo (in target 'SwiftletUtilities' from project 'SwiftletUtilities')
cd /Users/admin/builder/spi-builder-workspace/.dependencies/checkouts/SwiftletUtilities
builtin-copy -exclude .DS_Store -exclude CVS -exclude .svn -exclude .git -exclude .hg -resolve-src-symlinks -rename /Users/admin/builder/spi-builder-workspace/.derivedData/Build/Intermediates.noindex/SwiftletUtilities.build/Debug-watchos/SwiftletUtilities-t.build/Objects-normal/arm64/SwiftletUtilities.swiftsourceinfo /Users/admin/builder/spi-builder-workspace/.derivedData/Build/Products/Debug-watchos/SwiftletUtilities.swiftmodule/Project/arm64-apple-watchos.swiftsourceinfo
Copy /Users/admin/builder/spi-builder-workspace/.derivedData/Build/Products/Debug-watchos/SoundManager.swiftmodule/arm64-apple-watchos.swiftdoc /Users/admin/builder/spi-builder-workspace/.derivedData/Build/Intermediates.noindex/SoundManager.build/Debug-watchos/SoundManager-t.build/Objects-normal/arm64/SoundManager.swiftdoc (in target 'SoundManager' from project 'SoundManager')
cd /Users/admin/builder/spi-builder-workspace/.dependencies/checkouts/SoundManager
builtin-copy -exclude .DS_Store -exclude CVS -exclude .svn -exclude .git -exclude .hg -resolve-src-symlinks -rename /Users/admin/builder/spi-builder-workspace/.derivedData/Build/Intermediates.noindex/SoundManager.build/Debug-watchos/SoundManager-t.build/Objects-normal/arm64/SoundManager.swiftdoc /Users/admin/builder/spi-builder-workspace/.derivedData/Build/Products/Debug-watchos/SoundManager.swiftmodule/arm64-apple-watchos.swiftdoc
Copy /Users/admin/builder/spi-builder-workspace/.derivedData/Build/Products/Debug-watchos/SoundManager.swiftmodule/arm64-apple-watchos.abi.json /Users/admin/builder/spi-builder-workspace/.derivedData/Build/Intermediates.noindex/SoundManager.build/Debug-watchos/SoundManager-t.build/Objects-normal/arm64/SoundManager.abi.json (in target 'SoundManager' from project 'SoundManager')
cd /Users/admin/builder/spi-builder-workspace/.dependencies/checkouts/SoundManager
builtin-copy -exclude .DS_Store -exclude CVS -exclude .svn -exclude .git -exclude .hg -resolve-src-symlinks -rename /Users/admin/builder/spi-builder-workspace/.derivedData/Build/Intermediates.noindex/SoundManager.build/Debug-watchos/SoundManager-t.build/Objects-normal/arm64/SoundManager.abi.json /Users/admin/builder/spi-builder-workspace/.derivedData/Build/Products/Debug-watchos/SoundManager.swiftmodule/arm64-apple-watchos.abi.json
SwiftDriverJobDiscovery normal arm64_32 Emitting module for SoundManager (in target 'SoundManager' from project 'SoundManager')
SwiftDriver\ Compilation\ Requirements SoundManager normal arm64_32 com.apple.xcode.tools.swift.compiler (in target 'SoundManager' from project 'SoundManager')
cd /Users/admin/builder/spi-builder-workspace/.swiftpm/xcode
builtin-Swift-Compilation-Requirements -- /Applications/Xcode-27.0.0-Release.Candidate.app/Contents/Developer/Toolchains/XcodeDefault.xctoolchain/usr/bin/swiftc -parse-as-library -module-name SoundManager -Onone @/Users/admin/builder/spi-builder-workspace/.derivedData/Build/Intermediates.noindex/SoundManager.build/Debug-watchos/SoundManager-t.build/Objects-normal/arm64_32/SoundManager.SwiftFileList -DSWIFT_PACKAGE -DDEBUG -DSWIFT_MODULE_RESOURCE_BUNDLE_AVAILABLE -DXcode -plugin-path /Applications/Xcode-27.0.0-Release.Candidate.app/Contents/Developer/Toolchains/XcodeDefault.xctoolchain/usr/lib/swift/host/plugins/testing -enable-experimental-feature DebugDescriptionMacro -sdk /Applications/Xcode-27.0.0-Release.Candidate.app/Contents/Developer/Platforms/WatchOS.platform/Developer/SDKs/WatchOS27.0.sdk -target arm64_32-apple-watchos26.0 -g -module-cache-path /Users/admin/builder/spi-builder-workspace/.derivedData/ModuleCache.noindex -Xfrontend -serialize-debugging-options -profile-coverage-mapping -profile-generate -enable-testing -suppress-warnings -index-store-path /Users/admin/builder/spi-builder-workspace/.derivedData/Index.noindex/DataStore -Xcc -D_LIBCPP_HARDENING_MODE\=_LIBCPP_HARDENING_MODE_DEBUG -swift-version 6 -I /Users/admin/builder/spi-builder-workspace/.derivedData/Build/Products/Debug-watchos -Isystem /Applications/Xcode-27.0.0-Release.Candidate.app/Contents/Developer/Platforms/WatchOS.platform/Developer/usr/lib -F /Users/admin/builder/spi-builder-workspace/.derivedData/Build/Products/Debug-watchos/PackageFrameworks -F /Users/admin/builder/spi-builder-workspace/.derivedData/Build/Products/Debug-watchos -F /Applications/Xcode-27.0.0-Release.Candidate.app/Contents/Developer/Platforms/WatchOS.platform/Developer/Library/Frameworks -F /Applications/Xcode-27.0.0-Release.Candidate.app/Contents/Developer/Platforms/WatchOS.platform/Developer/SDKs/WatchOS27.0.sdk/Developer/Library/Frameworks -c -j10 -enable-batch-mode -incremental -Xcc -ivfsstatcache -Xcc /Users/admin/builder/spi-builder-workspace/.derivedData/SDKStatCaches.noindex/watchos27.0-24R360-e829b21a6f8c9b70876ba0858053c04477534ef55a1706bf4c1112bbb242f0a2.sdkstatcache -output-file-map /Users/admin/builder/spi-builder-workspace/.derivedData/Build/Intermediates.noindex/SoundManager.build/Debug-watchos/SoundManager-t.build/Objects-normal/arm64_32/SoundManager-OutputFileMap.json -save-temps -no-color-diagnostics -explicit-module-build -module-cache-path /Users/admin/builder/spi-builder-workspace/.derivedData/Build/Intermediates.noindex/SwiftExplicitPrecompiledModules -clang-scanner-module-cache-path /Users/admin/builder/spi-builder-workspace/.derivedData/ModuleCache.noindex -sdk-module-cache-path /Users/admin/builder/spi-builder-workspace/.derivedData/SDKExplicitPrecompiledModules -emit-dependencies -emit-module -emit-module-path /Users/admin/builder/spi-builder-workspace/.derivedData/Build/Intermediates.noindex/SoundManager.build/Debug-watchos/SoundManager-t.build/Objects-normal/arm64_32/SoundManager.swiftmodule -serialize-diagnostics -dependency-scan-serialize-diagnostics-path /Users/admin/builder/spi-builder-workspace/.derivedData/Build/Intermediates.noindex/SoundManager.build/Debug-watchos/SoundManager-t.build/Objects-normal/arm64_32/SoundManager-dependency-scan.dia -user-module-version 2.1.0 -validate-clang-modules-once -clang-build-session-file /Users/admin/builder/spi-builder-workspace/.derivedData/ModuleCache.noindex/Session.modulevalidation -Xcc -fmodules-prune-interval\=86400 -Xcc -fmodules-prune-after\=345600 -package-name soundmanager -emit-const-values -const-gather-protocols-list /Users/admin/builder/spi-builder-workspace/.derivedData/Build/Intermediates.noindex/SoundManager.build/Debug-watchos/SoundManager-t.build/Objects-normal/arm64_32/SoundManager_const_extract_protocols.json -Xcc -I/Users/admin/builder/spi-builder-workspace/.derivedData/Build/Products/Debug-watchos/include -Xcc -I/Users/admin/builder/spi-builder-workspace/.derivedData/Build/Intermediates.noindex/SoundManager.build/Debug-watchos/SoundManager-t.build/DerivedSources-normal/arm64_32 -Xcc -I/Users/admin/builder/spi-builder-workspace/.derivedData/Build/Intermediates.noindex/SoundManager.build/Debug-watchos/SoundManager-t.build/DerivedSources/arm64_32 -Xcc -I/Users/admin/builder/spi-builder-workspace/.derivedData/Build/Intermediates.noindex/SoundManager.build/Debug-watchos/SoundManager-t.build/DerivedSources -Xcc -DSWIFT_PACKAGE -Xcc -DDEBUG\=1 -emit-objc-header -emit-objc-header-path /Users/admin/builder/spi-builder-workspace/.derivedData/Build/Intermediates.noindex/SoundManager.build/Debug-watchos/SoundManager-t.build/Objects-normal/arm64_32/SoundManager-Swift.h -working-directory /Users/admin/builder/spi-builder-workspace/.swiftpm/xcode -experimental-emit-module-separately -disable-cmo
Copy /Users/admin/builder/spi-builder-workspace/.derivedData/Build/Products/Debug-watchos/SoundManager.swiftmodule/Project/arm64-apple-watchos.swiftsourceinfo /Users/admin/builder/spi-builder-workspace/.derivedData/Build/Intermediates.noindex/SoundManager.build/Debug-watchos/SoundManager-t.build/Objects-normal/arm64/SoundManager.swiftsourceinfo (in target 'SoundManager' from project 'SoundManager')
cd /Users/admin/builder/spi-builder-workspace/.dependencies/checkouts/SoundManager
builtin-copy -exclude .DS_Store -exclude CVS -exclude .svn -exclude .git -exclude .hg -resolve-src-symlinks -rename /Users/admin/builder/spi-builder-workspace/.derivedData/Build/Intermediates.noindex/SoundManager.build/Debug-watchos/SoundManager-t.build/Objects-normal/arm64/SoundManager.swiftsourceinfo /Users/admin/builder/spi-builder-workspace/.derivedData/Build/Products/Debug-watchos/SoundManager.swiftmodule/Project/arm64-apple-watchos.swiftsourceinfo
SwiftCompile normal arm64_32 Compiling\ UIDeviceOrientation.swift,\ macOS\ DataExtensions.swift /Users/admin/builder/spi-builder-workspace/.dependencies/checkouts/SwiftletUtilities/Sources/SwiftletUtilities/macOS/Enumerations/UIDeviceOrientation.swift /Users/admin/builder/spi-builder-workspace/.dependencies/checkouts/SwiftletUtilities/Sources/SwiftletUtilities/macOS/Extensions/macOS\ DataExtensions.swift (in target 'SwiftletUtilities' from project 'SwiftletUtilities')
SwiftCompile normal arm64_32 /Users/admin/builder/spi-builder-workspace/.dependencies/checkouts/SwiftletUtilities/Sources/SwiftletUtilities/macOS/Enumerations/UIDeviceOrientation.swift (in target 'SwiftletUtilities' from project 'SwiftletUtilities')
cd /Users/admin/builder/spi-builder-workspace/.swiftpm/xcode
builtin-SwiftPerFileCompile UIDeviceOrientation.swift
SwiftCompile normal arm64_32 /Users/admin/builder/spi-builder-workspace/.dependencies/checkouts/SwiftletUtilities/Sources/SwiftletUtilities/macOS/Extensions/macOS\ DataExtensions.swift (in target 'SwiftletUtilities' from project 'SwiftletUtilities')
cd /Users/admin/builder/spi-builder-workspace/.swiftpm/xcode
builtin-SwiftPerFileCompile macOS\ DataExtensions.swift
SwiftMergeGeneratedHeaders /Users/admin/builder/spi-builder-workspace/.derivedData/Build/Intermediates.noindex/GeneratedModuleMaps-watchos/SoundManager-Swift.h /Users/admin/builder/spi-builder-workspace/.derivedData/Build/Intermediates.noindex/SoundManager.build/Debug-watchos/SoundManager-t.build/Objects-normal/arm64/SoundManager-Swift.h /Users/admin/builder/spi-builder-workspace/.derivedData/Build/Intermediates.noindex/SoundManager.build/Debug-watchos/SoundManager-t.build/Objects-normal/arm64_32/SoundManager-Swift.h (in target 'SoundManager' from project 'SoundManager')
cd /Users/admin/builder/spi-builder-workspace/.dependencies/checkouts/SoundManager
builtin-swiftHeaderTool -arch arm64 /Users/admin/builder/spi-builder-workspace/.derivedData/Build/Intermediates.noindex/SoundManager.build/Debug-watchos/SoundManager-t.build/Objects-normal/arm64/SoundManager-Swift.h -arch arm64_32 /Users/admin/builder/spi-builder-workspace/.derivedData/Build/Intermediates.noindex/SoundManager.build/Debug-watchos/SoundManager-t.build/Objects-normal/arm64_32/SoundManager-Swift.h -o /Users/admin/builder/spi-builder-workspace/.derivedData/Build/Intermediates.noindex/GeneratedModuleMaps-watchos/SoundManager-Swift.h
Copy /Users/admin/builder/spi-builder-workspace/.derivedData/Build/Products/Debug-watchos/SoundManager.swiftmodule/arm64_32-apple-watchos.swiftmodule /Users/admin/builder/spi-builder-workspace/.derivedData/Build/Intermediates.noindex/SoundManager.build/Debug-watchos/SoundManager-t.build/Objects-normal/arm64_32/SoundManager.swiftmodule (in target 'SoundManager' from project 'SoundManager')
cd /Users/admin/builder/spi-builder-workspace/.dependencies/checkouts/SoundManager
builtin-copy -exclude .DS_Store -exclude CVS -exclude .svn -exclude .git -exclude .hg -resolve-src-symlinks -rename /Users/admin/builder/spi-builder-workspace/.derivedData/Build/Intermediates.noindex/SoundManager.build/Debug-watchos/SoundManager-t.build/Objects-normal/arm64_32/SoundManager.swiftmodule /Users/admin/builder/spi-builder-workspace/.derivedData/Build/Products/Debug-watchos/SoundManager.swiftmodule/arm64_32-apple-watchos.swiftmodule
Copy /Users/admin/builder/spi-builder-workspace/.derivedData/Build/Products/Debug-watchos/SoundManager.swiftmodule/arm64_32-apple-watchos.swiftdoc /Users/admin/builder/spi-builder-workspace/.derivedData/Build/Intermediates.noindex/SoundManager.build/Debug-watchos/SoundManager-t.build/Objects-normal/arm64_32/SoundManager.swiftdoc (in target 'SoundManager' from project 'SoundManager')
cd /Users/admin/builder/spi-builder-workspace/.dependencies/checkouts/SoundManager
builtin-copy -exclude .DS_Store -exclude CVS -exclude .svn -exclude .git -exclude .hg -resolve-src-symlinks -rename /Users/admin/builder/spi-builder-workspace/.derivedData/Build/Intermediates.noindex/SoundManager.build/Debug-watchos/SoundManager-t.build/Objects-normal/arm64_32/SoundManager.swiftdoc /Users/admin/builder/spi-builder-workspace/.derivedData/Build/Products/Debug-watchos/SoundManager.swiftmodule/arm64_32-apple-watchos.swiftdoc
Copy /Users/admin/builder/spi-builder-workspace/.derivedData/Build/Products/Debug-watchos/SoundManager.swiftmodule/arm64_32-apple-watchos.abi.json /Users/admin/builder/spi-builder-workspace/.derivedData/Build/Intermediates.noindex/SoundManager.build/Debug-watchos/SoundManager-t.build/Objects-normal/arm64_32/SoundManager.abi.json (in target 'SoundManager' from project 'SoundManager')
cd /Users/admin/builder/spi-builder-workspace/.dependencies/checkouts/SoundManager
builtin-copy -exclude .DS_Store -exclude CVS -exclude .svn -exclude .git -exclude .hg -resolve-src-symlinks -rename /Users/admin/builder/spi-builder-workspace/.derivedData/Build/Intermediates.noindex/SoundManager.build/Debug-watchos/SoundManager-t.build/Objects-normal/arm64_32/SoundManager.abi.json /Users/admin/builder/spi-builder-workspace/.derivedData/Build/Products/Debug-watchos/SoundManager.swiftmodule/arm64_32-apple-watchos.abi.json
Copy /Users/admin/builder/spi-builder-workspace/.derivedData/Build/Products/Debug-watchos/SoundManager.swiftmodule/Project/arm64_32-apple-watchos.swiftsourceinfo /Users/admin/builder/spi-builder-workspace/.derivedData/Build/Intermediates.noindex/SoundManager.build/Debug-watchos/SoundManager-t.build/Objects-normal/arm64_32/SoundManager.swiftsourceinfo (in target 'SoundManager' from project 'SoundManager')
cd /Users/admin/builder/spi-builder-workspace/.dependencies/checkouts/SoundManager
builtin-copy -exclude .DS_Store -exclude CVS -exclude .svn -exclude .git -exclude .hg -resolve-src-symlinks -rename /Users/admin/builder/spi-builder-workspace/.derivedData/Build/Intermediates.noindex/SoundManager.build/Debug-watchos/SoundManager-t.build/Objects-normal/arm64_32/SoundManager.swiftsourceinfo /Users/admin/builder/spi-builder-workspace/.derivedData/Build/Products/Debug-watchos/SoundManager.swiftmodule/Project/arm64_32-apple-watchos.swiftsourceinfo
SwiftCompile normal arm64_32 Compiling\ ViewExtensions.swift,\ AppleHardwareType.swift,\ HardwareInformation.swift /Users/admin/builder/spi-builder-workspace/.dependencies/checkouts/SwiftletUtilities/Sources/SwiftletUtilities/SharedCode/Extensions/ViewExtensions.swift /Users/admin/builder/spi-builder-workspace/.dependencies/checkouts/SwiftletUtilities/Sources/SwiftletUtilities/SharedCode/Hardware/AppleHardwareType.swift /Users/admin/builder/spi-builder-workspace/.dependencies/checkouts/SwiftletUtilities/Sources/SwiftletUtilities/SharedCode/Hardware/HardwareInformation.swift (in target 'SwiftletUtilities' from project 'SwiftletUtilities')
SwiftCompile normal arm64_32 /Users/admin/builder/spi-builder-workspace/.dependencies/checkouts/SwiftletUtilities/Sources/SwiftletUtilities/SharedCode/Extensions/ViewExtensions.swift (in target 'SwiftletUtilities' from project 'SwiftletUtilities')
cd /Users/admin/builder/spi-builder-workspace/.swiftpm/xcode
builtin-SwiftPerFileCompile ViewExtensions.swift
SwiftCompile normal arm64_32 /Users/admin/builder/spi-builder-workspace/.dependencies/checkouts/SwiftletUtilities/Sources/SwiftletUtilities/SharedCode/Hardware/AppleHardwareType.swift (in target 'SwiftletUtilities' from project 'SwiftletUtilities')
cd /Users/admin/builder/spi-builder-workspace/.swiftpm/xcode
builtin-SwiftPerFileCompile AppleHardwareType.swift
SwiftCompile normal arm64_32 /Users/admin/builder/spi-builder-workspace/.dependencies/checkouts/SwiftletUtilities/Sources/SwiftletUtilities/SharedCode/Hardware/HardwareInformation.swift (in target 'SwiftletUtilities' from project 'SwiftletUtilities')
cd /Users/admin/builder/spi-builder-workspace/.swiftpm/xcode
builtin-SwiftPerFileCompile HardwareInformation.swift
SwiftCompile normal arm64_32 Compiling\ iOS\ DataExtensions.swift,\ iOS\ ImageExtensions.swift /Users/admin/builder/spi-builder-workspace/.dependencies/checkouts/SwiftletUtilities/Sources/SwiftletUtilities/iOS/Extensions/iOS\ DataExtensions.swift /Users/admin/builder/spi-builder-workspace/.dependencies/checkouts/SwiftletUtilities/Sources/SwiftletUtilities/iOS/Extensions/iOS\ ImageExtensions.swift (in target 'SwiftletUtilities' from project 'SwiftletUtilities')
SwiftCompile normal arm64_32 /Users/admin/builder/spi-builder-workspace/.dependencies/checkouts/SwiftletUtilities/Sources/SwiftletUtilities/iOS/Extensions/iOS\ DataExtensions.swift (in target 'SwiftletUtilities' from project 'SwiftletUtilities')
cd /Users/admin/builder/spi-builder-workspace/.swiftpm/xcode
builtin-SwiftPerFileCompile iOS\ DataExtensions.swift
SwiftCompile normal arm64_32 /Users/admin/builder/spi-builder-workspace/.dependencies/checkouts/SwiftletUtilities/Sources/SwiftletUtilities/iOS/Extensions/iOS\ ImageExtensions.swift (in target 'SwiftletUtilities' from project 'SwiftletUtilities')
cd /Users/admin/builder/spi-builder-workspace/.swiftpm/xcode
builtin-SwiftPerFileCompile iOS\ ImageExtensions.swift
SwiftDriverJobDiscovery normal arm64_32 Emitting module for SwiftletUtilities (in target 'SwiftletUtilities' from project 'SwiftletUtilities')
SwiftDriver\ Compilation\ Requirements SwiftletUtilities normal arm64_32 com.apple.xcode.tools.swift.compiler (in target 'SwiftletUtilities' from project 'SwiftletUtilities')
cd /Users/admin/builder/spi-builder-workspace/.swiftpm/xcode
builtin-Swift-Compilation-Requirements -- /Applications/Xcode-27.0.0-Release.Candidate.app/Contents/Developer/Toolchains/XcodeDefault.xctoolchain/usr/bin/swiftc -parse-as-library -module-name SwiftletUtilities -Onone @/Users/admin/builder/spi-builder-workspace/.derivedData/Build/Intermediates.noindex/SwiftletUtilities.build/Debug-watchos/SwiftletUtilities-t.build/Objects-normal/arm64_32/SwiftletUtilities.SwiftFileList -DSWIFT_PACKAGE -DDEBUG -DSWIFT_MODULE_RESOURCE_BUNDLE_AVAILABLE -DXcode -plugin-path /Applications/Xcode-27.0.0-Release.Candidate.app/Contents/Developer/Toolchains/XcodeDefault.xctoolchain/usr/lib/swift/host/plugins/testing -enable-experimental-feature DebugDescriptionMacro -sdk /Applications/Xcode-27.0.0-Release.Candidate.app/Contents/Developer/Platforms/WatchOS.platform/Developer/SDKs/WatchOS27.0.sdk -target arm64_32-apple-watchos26.0 -g -module-cache-path /Users/admin/builder/spi-builder-workspace/.derivedData/ModuleCache.noindex -Xfrontend -serialize-debugging-options -profile-coverage-mapping -profile-generate -enable-testing -suppress-warnings -index-store-path /Users/admin/builder/spi-builder-workspace/.derivedData/Index.noindex/DataStore -Xcc -D_LIBCPP_HARDENING_MODE\=_LIBCPP_HARDENING_MODE_DEBUG -swift-version 6 -I /Users/admin/builder/spi-builder-workspace/.derivedData/Build/Products/Debug-watchos -Isystem /Applications/Xcode-27.0.0-Release.Candidate.app/Contents/Developer/Platforms/WatchOS.platform/Developer/usr/lib -F /Users/admin/builder/spi-builder-workspace/.derivedData/Build/Products/Debug-watchos/PackageFrameworks -F /Users/admin/builder/spi-builder-workspace/.derivedData/Build/Products/Debug-watchos -F /Applications/Xcode-27.0.0-Release.Candidate.app/Contents/Developer/Platforms/WatchOS.platform/Developer/Library/Frameworks -F /Applications/Xcode-27.0.0-Release.Candidate.app/Contents/Developer/Platforms/WatchOS.platform/Developer/SDKs/WatchOS27.0.sdk/Developer/Library/Frameworks -c -j10 -enable-batch-mode -incremental -Xcc -ivfsstatcache -Xcc /Users/admin/builder/spi-builder-workspace/.derivedData/SDKStatCaches.noindex/watchos27.0-24R360-e829b21a6f8c9b70876ba0858053c04477534ef55a1706bf4c1112bbb242f0a2.sdkstatcache -output-file-map /Users/admin/builder/spi-builder-workspace/.derivedData/Build/Intermediates.noindex/SwiftletUtilities.build/Debug-watchos/SwiftletUtilities-t.build/Objects-normal/arm64_32/SwiftletUtilities-OutputFileMap.json -save-temps -no-color-diagnostics -explicit-module-build -module-cache-path /Users/admin/builder/spi-builder-workspace/.derivedData/Build/Intermediates.noindex/SwiftExplicitPrecompiledModules -clang-scanner-module-cache-path /Users/admin/builder/spi-builder-workspace/.derivedData/ModuleCache.noindex -sdk-module-cache-path /Users/admin/builder/spi-builder-workspace/.derivedData/SDKExplicitPrecompiledModules -emit-dependencies -emit-module -emit-module-path /Users/admin/builder/spi-builder-workspace/.derivedData/Build/Intermediates.noindex/SwiftletUtilities.build/Debug-watchos/SwiftletUtilities-t.build/Objects-normal/arm64_32/SwiftletUtilities.swiftmodule -serialize-diagnostics -dependency-scan-serialize-diagnostics-path /Users/admin/builder/spi-builder-workspace/.derivedData/Build/Intermediates.noindex/SwiftletUtilities.build/Debug-watchos/SwiftletUtilities-t.build/Objects-normal/arm64_32/SwiftletUtilities-dependency-scan.dia -user-module-version 2.1.4 -validate-clang-modules-once -clang-build-session-file /Users/admin/builder/spi-builder-workspace/.derivedData/ModuleCache.noindex/Session.modulevalidation -Xcc -fmodules-prune-interval\=86400 -Xcc -fmodules-prune-after\=345600 -package-name swiftletutilities -emit-const-values -const-gather-protocols-list /Users/admin/builder/spi-builder-workspace/.derivedData/Build/Intermediates.noindex/SwiftletUtilities.build/Debug-watchos/SwiftletUtilities-t.build/Objects-normal/arm64_32/SwiftletUtilities_const_extract_protocols.json -Xcc -I/Users/admin/builder/spi-builder-workspace/.derivedData/Build/Products/Debug-watchos/include -Xcc -I/Users/admin/builder/spi-builder-workspace/.derivedData/Build/Intermediates.noindex/SwiftletUtilities.build/Debug-watchos/SwiftletUtilities-t.build/DerivedSources-normal/arm64_32 -Xcc -I/Users/admin/builder/spi-builder-workspace/.derivedData/Build/Intermediates.noindex/SwiftletUtilities.build/Debug-watchos/SwiftletUtilities-t.build/DerivedSources/arm64_32 -Xcc -I/Users/admin/builder/spi-builder-workspace/.derivedData/Build/Intermediates.noindex/SwiftletUtilities.build/Debug-watchos/SwiftletUtilities-t.build/DerivedSources -Xcc -DSWIFT_PACKAGE -Xcc -DDEBUG\=1 -emit-objc-header -emit-objc-header-path /Users/admin/builder/spi-builder-workspace/.derivedData/Build/Intermediates.noindex/SwiftletUtilities.build/Debug-watchos/SwiftletUtilities-t.build/Objects-normal/arm64_32/SwiftletUtilities-Swift.h -working-directory /Users/admin/builder/spi-builder-workspace/.swiftpm/xcode -experimental-emit-module-separately -disable-cmo
SwiftDriverJobDiscovery normal arm64_32 Compiling UIDeviceOrientation.swift, macOS DataExtensions.swift (in target 'SwiftletUtilities' from project 'SwiftletUtilities')
SwiftCompile normal arm64_32 Compiling\ PublishedExtensions.swift,\ StringExtensions.swift,\ TitleCase.swift /Users/admin/builder/spi-builder-workspace/.dependencies/checkouts/SwiftletUtilities/Sources/SwiftletUtilities/SharedCode/Extensions/PublishedExtensions.swift /Users/admin/builder/spi-builder-workspace/.dependencies/checkouts/SwiftletUtilities/Sources/SwiftletUtilities/SharedCode/Extensions/StringExtensions.swift /Users/admin/builder/spi-builder-workspace/.dependencies/checkouts/SwiftletUtilities/Sources/SwiftletUtilities/SharedCode/Extensions/TitleCase.swift (in target 'SwiftletUtilities' from project 'SwiftletUtilities')
SwiftCompile normal arm64_32 /Users/admin/builder/spi-builder-workspace/.dependencies/checkouts/SwiftletUtilities/Sources/SwiftletUtilities/SharedCode/Extensions/PublishedExtensions.swift (in target 'SwiftletUtilities' from project 'SwiftletUtilities')
cd /Users/admin/builder/spi-builder-workspace/.swiftpm/xcode
builtin-SwiftPerFileCompile PublishedExtensions.swift
SwiftCompile normal arm64_32 /Users/admin/builder/spi-builder-workspace/.dependencies/checkouts/SwiftletUtilities/Sources/SwiftletUtilities/SharedCode/Extensions/StringExtensions.swift (in target 'SwiftletUtilities' from project 'SwiftletUtilities')
cd /Users/admin/builder/spi-builder-workspace/.swiftpm/xcode
builtin-SwiftPerFileCompile StringExtensions.swift
SwiftCompile normal arm64_32 /Users/admin/builder/spi-builder-workspace/.dependencies/checkouts/SwiftletUtilities/Sources/SwiftletUtilities/SharedCode/Extensions/TitleCase.swift (in target 'SwiftletUtilities' from project 'SwiftletUtilities')
cd /Users/admin/builder/spi-builder-workspace/.swiftpm/xcode
builtin-SwiftPerFileCompile TitleCase.swift
SwiftMergeGeneratedHeaders /Users/admin/builder/spi-builder-workspace/.derivedData/Build/Intermediates.noindex/GeneratedModuleMaps-watchos/SwiftletUtilities-Swift.h /Users/admin/builder/spi-builder-workspace/.derivedData/Build/Intermediates.noindex/SwiftletUtilities.build/Debug-watchos/SwiftletUtilities-t.build/Objects-normal/arm64/SwiftletUtilities-Swift.h /Users/admin/builder/spi-builder-workspace/.derivedData/Build/Intermediates.noindex/SwiftletUtilities.build/Debug-watchos/SwiftletUtilities-t.build/Objects-normal/arm64_32/SwiftletUtilities-Swift.h (in target 'SwiftletUtilities' from project 'SwiftletUtilities')
cd /Users/admin/builder/spi-builder-workspace/.dependencies/checkouts/SwiftletUtilities
builtin-swiftHeaderTool -arch arm64 /Users/admin/builder/spi-builder-workspace/.derivedData/Build/Intermediates.noindex/SwiftletUtilities.build/Debug-watchos/SwiftletUtilities-t.build/Objects-normal/arm64/SwiftletUtilities-Swift.h -arch arm64_32 /Users/admin/builder/spi-builder-workspace/.derivedData/Build/Intermediates.noindex/SwiftletUtilities.build/Debug-watchos/SwiftletUtilities-t.build/Objects-normal/arm64_32/SwiftletUtilities-Swift.h -o /Users/admin/builder/spi-builder-workspace/.derivedData/Build/Intermediates.noindex/GeneratedModuleMaps-watchos/SwiftletUtilities-Swift.h
SwiftDriverJobDiscovery normal arm64_32 Compiling iOS DataExtensions.swift, iOS ImageExtensions.swift (in target 'SwiftletUtilities' from project 'SwiftletUtilities')
Copy /Users/admin/builder/spi-builder-workspace/.derivedData/Build/Products/Debug-watchos/SwiftletUtilities.swiftmodule/arm64_32-apple-watchos.swiftmodule /Users/admin/builder/spi-builder-workspace/.derivedData/Build/Intermediates.noindex/SwiftletUtilities.build/Debug-watchos/SwiftletUtilities-t.build/Objects-normal/arm64_32/SwiftletUtilities.swiftmodule (in target 'SwiftletUtilities' from project 'SwiftletUtilities')
cd /Users/admin/builder/spi-builder-workspace/.dependencies/checkouts/SwiftletUtilities
builtin-copy -exclude .DS_Store -exclude CVS -exclude .svn -exclude .git -exclude .hg -resolve-src-symlinks -rename /Users/admin/builder/spi-builder-workspace/.derivedData/Build/Intermediates.noindex/SwiftletUtilities.build/Debug-watchos/SwiftletUtilities-t.build/Objects-normal/arm64_32/SwiftletUtilities.swiftmodule /Users/admin/builder/spi-builder-workspace/.derivedData/Build/Products/Debug-watchos/SwiftletUtilities.swiftmodule/arm64_32-apple-watchos.swiftmodule
Copy /Users/admin/builder/spi-builder-workspace/.derivedData/Build/Products/Debug-watchos/SwiftletUtilities.swiftmodule/arm64_32-apple-watchos.swiftdoc /Users/admin/builder/spi-builder-workspace/.derivedData/Build/Intermediates.noindex/SwiftletUtilities.build/Debug-watchos/SwiftletUtilities-t.build/Objects-normal/arm64_32/SwiftletUtilities.swiftdoc (in target 'SwiftletUtilities' from project 'SwiftletUtilities')
cd /Users/admin/builder/spi-builder-workspace/.dependencies/checkouts/SwiftletUtilities
builtin-copy -exclude .DS_Store -exclude CVS -exclude .svn -exclude .git -exclude .hg -resolve-src-symlinks -rename /Users/admin/builder/spi-builder-workspace/.derivedData/Build/Intermediates.noindex/SwiftletUtilities.build/Debug-watchos/SwiftletUtilities-t.build/Objects-normal/arm64_32/SwiftletUtilities.swiftdoc /Users/admin/builder/spi-builder-workspace/.derivedData/Build/Products/Debug-watchos/SwiftletUtilities.swiftmodule/arm64_32-apple-watchos.swiftdoc
Copy /Users/admin/builder/spi-builder-workspace/.derivedData/Build/Products/Debug-watchos/SwiftletUtilities.swiftmodule/arm64_32-apple-watchos.abi.json /Users/admin/builder/spi-builder-workspace/.derivedData/Build/Intermediates.noindex/SwiftletUtilities.build/Debug-watchos/SwiftletUtilities-t.build/Objects-normal/arm64_32/SwiftletUtilities.abi.json (in target 'SwiftletUtilities' from project 'SwiftletUtilities')
cd /Users/admin/builder/spi-builder-workspace/.dependencies/checkouts/SwiftletUtilities
builtin-copy -exclude .DS_Store -exclude CVS -exclude .svn -exclude .git -exclude .hg -resolve-src-symlinks -rename /Users/admin/builder/spi-builder-workspace/.derivedData/Build/Intermediates.noindex/SwiftletUtilities.build/Debug-watchos/SwiftletUtilities-t.build/Objects-normal/arm64_32/SwiftletUtilities.abi.json /Users/admin/builder/spi-builder-workspace/.derivedData/Build/Products/Debug-watchos/SwiftletUtilities.swiftmodule/arm64_32-apple-watchos.abi.json
Copy /Users/admin/builder/spi-builder-workspace/.derivedData/Build/Products/Debug-watchos/SwiftletUtilities.swiftmodule/Project/arm64_32-apple-watchos.swiftsourceinfo /Users/admin/builder/spi-builder-workspace/.derivedData/Build/Intermediates.noindex/SwiftletUtilities.build/Debug-watchos/SwiftletUtilities-t.build/Objects-normal/arm64_32/SwiftletUtilities.swiftsourceinfo (in target 'SwiftletUtilities' from project 'SwiftletUtilities')
cd /Users/admin/builder/spi-builder-workspace/.dependencies/checkouts/SwiftletUtilities
builtin-copy -exclude .DS_Store -exclude CVS -exclude .svn -exclude .git -exclude .hg -resolve-src-symlinks -rename /Users/admin/builder/spi-builder-workspace/.derivedData/Build/Intermediates.noindex/SwiftletUtilities.build/Debug-watchos/SwiftletUtilities-t.build/Objects-normal/arm64_32/SwiftletUtilities.swiftsourceinfo /Users/admin/builder/spi-builder-workspace/.derivedData/Build/Products/Debug-watchos/SwiftletUtilities.swiftmodule/Project/arm64_32-apple-watchos.swiftsourceinfo
SwiftCompile normal arm64_32 Compiling\ macOS\ ImageExtensions.swift,\ macOS\ StringExtensions.swift /Users/admin/builder/spi-builder-workspace/.dependencies/checkouts/SwiftletUtilities/Sources/SwiftletUtilities/macOS/Extensions/macOS\ ImageExtensions.swift /Users/admin/builder/spi-builder-workspace/.dependencies/checkouts/SwiftletUtilities/Sources/SwiftletUtilities/macOS/Extensions/macOS\ StringExtensions.swift (in target 'SwiftletUtilities' from project 'SwiftletUtilities')
SwiftCompile normal arm64_32 /Users/admin/builder/spi-builder-workspace/.dependencies/checkouts/SwiftletUtilities/Sources/SwiftletUtilities/macOS/Extensions/macOS\ ImageExtensions.swift (in target 'SwiftletUtilities' from project 'SwiftletUtilities')
cd /Users/admin/builder/spi-builder-workspace/.swiftpm/xcode
builtin-SwiftPerFileCompile macOS\ ImageExtensions.swift
SwiftCompile normal arm64_32 /Users/admin/builder/spi-builder-workspace/.dependencies/checkouts/SwiftletUtilities/Sources/SwiftletUtilities/macOS/Extensions/macOS\ StringExtensions.swift (in target 'SwiftletUtilities' from project 'SwiftletUtilities')
cd /Users/admin/builder/spi-builder-workspace/.swiftpm/xcode
builtin-SwiftPerFileCompile macOS\ StringExtensions.swift
SwiftDriverJobDiscovery normal arm64_32 Compiling macOS ImageExtensions.swift, macOS StringExtensions.swift (in target 'SwiftletUtilities' from project 'SwiftletUtilities')
SwiftCompile normal arm64_32 Compiling\ ObfuscationProvider.swift,\ UIApplicationExtensions.swift,\ ViewDeviceRotation.swift /Users/admin/builder/spi-builder-workspace/.dependencies/checkouts/SwiftletUtilities/Sources/SwiftletUtilities/SharedCode/Utilities/ObfuscationProvider.swift /Users/admin/builder/spi-builder-workspace/.dependencies/checkouts/SwiftletUtilities/Sources/SwiftletUtilities/iOS/Extensions/UIApplicationExtensions.swift /Users/admin/builder/spi-builder-workspace/.dependencies/checkouts/SwiftletUtilities/Sources/SwiftletUtilities/iOS/Extensions/ViewDeviceRotation.swift (in target 'SwiftletUtilities' from project 'SwiftletUtilities')
SwiftCompile normal arm64_32 /Users/admin/builder/spi-builder-workspace/.dependencies/checkouts/SwiftletUtilities/Sources/SwiftletUtilities/SharedCode/Utilities/ObfuscationProvider.swift (in target 'SwiftletUtilities' from project 'SwiftletUtilities')
cd /Users/admin/builder/spi-builder-workspace/.swiftpm/xcode
builtin-SwiftPerFileCompile ObfuscationProvider.swift
SwiftCompile normal arm64_32 /Users/admin/builder/spi-builder-workspace/.dependencies/checkouts/SwiftletUtilities/Sources/SwiftletUtilities/iOS/Extensions/UIApplicationExtensions.swift (in target 'SwiftletUtilities' from project 'SwiftletUtilities')
cd /Users/admin/builder/spi-builder-workspace/.swiftpm/xcode
builtin-SwiftPerFileCompile UIApplicationExtensions.swift
SwiftCompile normal arm64_32 /Users/admin/builder/spi-builder-workspace/.dependencies/checkouts/SwiftletUtilities/Sources/SwiftletUtilities/iOS/Extensions/ViewDeviceRotation.swift (in target 'SwiftletUtilities' from project 'SwiftletUtilities')
cd /Users/admin/builder/spi-builder-workspace/.swiftpm/xcode
builtin-SwiftPerFileCompile ViewDeviceRotation.swift
SwiftDriverJobDiscovery normal arm64 Compiling iOS StringExtensions.swift, iOS ViewExtensions.swift (in target 'SwiftletUtilities' from project 'SwiftletUtilities')
SwiftCompile normal arm64_32 Compiling\ resource_bundle_accessor.swift,\ ArrayExtensions.swift,\ ColorExtentions.swift /Users/admin/builder/spi-builder-workspace/.derivedData/Build/Intermediates.noindex/SwiftletUtilities.build/Debug-watchos/SwiftletUtilities-t.build/DerivedSources/resource_bundle_accessor.swift /Users/admin/builder/spi-builder-workspace/.dependencies/checkouts/SwiftletUtilities/Sources/SwiftletUtilities/SharedCode/Extensions/ArrayExtensions.swift /Users/admin/builder/spi-builder-workspace/.dependencies/checkouts/SwiftletUtilities/Sources/SwiftletUtilities/SharedCode/Extensions/ColorExtentions.swift (in target 'SwiftletUtilities' from project 'SwiftletUtilities')
SwiftCompile normal arm64_32 /Users/admin/builder/spi-builder-workspace/.derivedData/Build/Intermediates.noindex/SwiftletUtilities.build/Debug-watchos/SwiftletUtilities-t.build/DerivedSources/resource_bundle_accessor.swift (in target 'SwiftletUtilities' from project 'SwiftletUtilities')
cd /Users/admin/builder/spi-builder-workspace/.swiftpm/xcode
builtin-SwiftPerFileCompile resource_bundle_accessor.swift
SwiftCompile normal arm64_32 /Users/admin/builder/spi-builder-workspace/.dependencies/checkouts/SwiftletUtilities/Sources/SwiftletUtilities/SharedCode/Extensions/ArrayExtensions.swift (in target 'SwiftletUtilities' from project 'SwiftletUtilities')
cd /Users/admin/builder/spi-builder-workspace/.swiftpm/xcode
builtin-SwiftPerFileCompile ArrayExtensions.swift
SwiftCompile normal arm64_32 /Users/admin/builder/spi-builder-workspace/.dependencies/checkouts/SwiftletUtilities/Sources/SwiftletUtilities/SharedCode/Extensions/ColorExtentions.swift (in target 'SwiftletUtilities' from project 'SwiftletUtilities')
cd /Users/admin/builder/spi-builder-workspace/.swiftpm/xcode
builtin-SwiftPerFileCompile ColorExtentions.swift
SwiftDriverJobDiscovery normal arm64_32 Compiling ObfuscationProvider.swift, UIApplicationExtensions.swift, ViewDeviceRotation.swift (in target 'SwiftletUtilities' from project 'SwiftletUtilities')
SwiftCompile normal arm64_32 Compiling\ Execute.swift,\ HTMLEntity.swift,\ NetworkConnection.swift /Users/admin/builder/spi-builder-workspace/.dependencies/checkouts/SwiftletUtilities/Sources/SwiftletUtilities/SharedCode/Utilities/Execute.swift /Users/admin/builder/spi-builder-workspace/.dependencies/checkouts/SwiftletUtilities/Sources/SwiftletUtilities/SharedCode/Utilities/HTMLEntity.swift /Users/admin/builder/spi-builder-workspace/.dependencies/checkouts/SwiftletUtilities/Sources/SwiftletUtilities/SharedCode/Utilities/NetworkConnection.swift (in target 'SwiftletUtilities' from project 'SwiftletUtilities')
SwiftCompile normal arm64_32 /Users/admin/builder/spi-builder-workspace/.dependencies/checkouts/SwiftletUtilities/Sources/SwiftletUtilities/SharedCode/Utilities/Execute.swift (in target 'SwiftletUtilities' from project 'SwiftletUtilities')
cd /Users/admin/builder/spi-builder-workspace/.swiftpm/xcode
builtin-SwiftPerFileCompile Execute.swift
SwiftCompile normal arm64_32 /Users/admin/builder/spi-builder-workspace/.dependencies/checkouts/SwiftletUtilities/Sources/SwiftletUtilities/SharedCode/Utilities/HTMLEntity.swift (in target 'SwiftletUtilities' from project 'SwiftletUtilities')
cd /Users/admin/builder/spi-builder-workspace/.swiftpm/xcode
builtin-SwiftPerFileCompile HTMLEntity.swift
SwiftCompile normal arm64_32 /Users/admin/builder/spi-builder-workspace/.dependencies/checkouts/SwiftletUtilities/Sources/SwiftletUtilities/SharedCode/Utilities/NetworkConnection.swift (in target 'SwiftletUtilities' from project 'SwiftletUtilities')
cd /Users/admin/builder/spi-builder-workspace/.swiftpm/xcode
builtin-SwiftPerFileCompile NetworkConnection.swift
SwiftCompile normal arm64 Compiling\ iOS\ DataExtensions.swift,\ iOS\ ImageExtensions.swift /Users/admin/builder/spi-builder-workspace/.dependencies/checkouts/SwiftletUtilities/Sources/SwiftletUtilities/iOS/Extensions/iOS\ DataExtensions.swift /Users/admin/builder/spi-builder-workspace/.dependencies/checkouts/SwiftletUtilities/Sources/SwiftletUtilities/iOS/Extensions/iOS\ ImageExtensions.swift (in target 'SwiftletUtilities' from project 'SwiftletUtilities')
SwiftCompile normal arm64 /Users/admin/builder/spi-builder-workspace/.dependencies/checkouts/SwiftletUtilities/Sources/SwiftletUtilities/iOS/Extensions/iOS\ DataExtensions.swift (in target 'SwiftletUtilities' from project 'SwiftletUtilities')
cd /Users/admin/builder/spi-builder-workspace/.swiftpm/xcode
builtin-SwiftPerFileCompile iOS\ DataExtensions.swift
SwiftCompile normal arm64 /Users/admin/builder/spi-builder-workspace/.dependencies/checkouts/SwiftletUtilities/Sources/SwiftletUtilities/iOS/Extensions/iOS\ ImageExtensions.swift (in target 'SwiftletUtilities' from project 'SwiftletUtilities')
cd /Users/admin/builder/spi-builder-workspace/.swiftpm/xcode
builtin-SwiftPerFileCompile iOS\ ImageExtensions.swift
SwiftDriverJobDiscovery normal arm64 Compiling DoubleExtensions.swift, ImageExtensions.swift, IntegerExtensions.swift (in target 'SwiftletUtilities' from project 'SwiftletUtilities')
SwiftDriverJobDiscovery normal arm64_32 Compiling ViewExtensions.swift, AppleHardwareType.swift, HardwareInformation.swift (in target 'SwiftletUtilities' from project 'SwiftletUtilities')
SwiftCompile normal arm64 Compiling\ ObfuscationProvider.swift,\ UIApplicationExtensions.swift,\ ViewDeviceRotation.swift /Users/admin/builder/spi-builder-workspace/.dependencies/checkouts/SwiftletUtilities/Sources/SwiftletUtilities/SharedCode/Utilities/ObfuscationProvider.swift /Users/admin/builder/spi-builder-workspace/.dependencies/checkouts/SwiftletUtilities/Sources/SwiftletUtilities/iOS/Extensions/UIApplicationExtensions.swift /Users/admin/builder/spi-builder-workspace/.dependencies/checkouts/SwiftletUtilities/Sources/SwiftletUtilities/iOS/Extensions/ViewDeviceRotation.swift (in target 'SwiftletUtilities' from project 'SwiftletUtilities')
SwiftCompile normal arm64 /Users/admin/builder/spi-builder-workspace/.dependencies/checkouts/SwiftletUtilities/Sources/SwiftletUtilities/SharedCode/Utilities/ObfuscationProvider.swift (in target 'SwiftletUtilities' from project 'SwiftletUtilities')
cd /Users/admin/builder/spi-builder-workspace/.swiftpm/xcode
builtin-SwiftPerFileCompile ObfuscationProvider.swift
SwiftCompile normal arm64 /Users/admin/builder/spi-builder-workspace/.dependencies/checkouts/SwiftletUtilities/Sources/SwiftletUtilities/iOS/Extensions/UIApplicationExtensions.swift (in target 'SwiftletUtilities' from project 'SwiftletUtilities')
cd /Users/admin/builder/spi-builder-workspace/.swiftpm/xcode
builtin-SwiftPerFileCompile UIApplicationExtensions.swift
SwiftCompile normal arm64 /Users/admin/builder/spi-builder-workspace/.dependencies/checkouts/SwiftletUtilities/Sources/SwiftletUtilities/iOS/Extensions/ViewDeviceRotation.swift (in target 'SwiftletUtilities' from project 'SwiftletUtilities')
cd /Users/admin/builder/spi-builder-workspace/.swiftpm/xcode
builtin-SwiftPerFileCompile ViewDeviceRotation.swift
SwiftCompile normal arm64_32 Compiling\ iOS\ StringExtensions.swift,\ iOS\ ViewExtensions.swift /Users/admin/builder/spi-builder-workspace/.dependencies/checkouts/SwiftletUtilities/Sources/SwiftletUtilities/iOS/Extensions/iOS\ StringExtensions.swift /Users/admin/builder/spi-builder-workspace/.dependencies/checkouts/SwiftletUtilities/Sources/SwiftletUtilities/iOS/Extensions/iOS\ ViewExtensions.swift (in target 'SwiftletUtilities' from project 'SwiftletUtilities')
SwiftCompile normal arm64_32 /Users/admin/builder/spi-builder-workspace/.dependencies/checkouts/SwiftletUtilities/Sources/SwiftletUtilities/iOS/Extensions/iOS\ StringExtensions.swift (in target 'SwiftletUtilities' from project 'SwiftletUtilities')
cd /Users/admin/builder/spi-builder-workspace/.swiftpm/xcode
builtin-SwiftPerFileCompile iOS\ StringExtensions.swift
SwiftCompile normal arm64_32 /Users/admin/builder/spi-builder-workspace/.dependencies/checkouts/SwiftletUtilities/Sources/SwiftletUtilities/iOS/Extensions/iOS\ ViewExtensions.swift (in target 'SwiftletUtilities' from project 'SwiftletUtilities')
cd /Users/admin/builder/spi-builder-workspace/.swiftpm/xcode
builtin-SwiftPerFileCompile iOS\ ViewExtensions.swift
SwiftCompile normal arm64_32 Compiling\ SoundManager.swift /Users/admin/builder/spi-builder-workspace/.dependencies/checkouts/SoundManager/Sources/SoundManager/SoundManager.swift (in target 'SoundManager' from project 'SoundManager')
SwiftCompile normal arm64_32 (in target 'SoundManager' from project 'SoundManager')
cd /Users/admin/builder/spi-builder-workspace/.swiftpm/xcode
SwiftCompile normal arm64 Compiling\ resource_bundle_accessor.swift /Users/admin/builder/spi-builder-workspace/.derivedData/Build/Intermediates.noindex/SoundManager.build/Debug-watchos/SoundManager-t.build/DerivedSources/resource_bundle_accessor.swift (in target 'SoundManager' from project 'SoundManager')
SwiftCompile normal arm64 /Users/admin/builder/spi-builder-workspace/.derivedData/Build/Intermediates.noindex/SoundManager.build/Debug-watchos/SoundManager-t.build/DerivedSources/resource_bundle_accessor.swift (in target 'SoundManager' from project 'SoundManager')
cd /Users/admin/builder/spi-builder-workspace/.swiftpm/xcode
builtin-SwiftPerFileCompile resource_bundle_accessor.swift
SwiftDriverJobDiscovery normal arm64 Compiling resource_bundle_accessor.swift, ArrayExtensions.swift, ColorExtentions.swift (in target 'SwiftletUtilities' from project 'SwiftletUtilities')
SwiftCompile normal arm64_32 Compiling\ resource_bundle_accessor.swift /Users/admin/builder/spi-builder-workspace/.derivedData/Build/Intermediates.noindex/SoundManager.build/Debug-watchos/SoundManager-t.build/DerivedSources/resource_bundle_accessor.swift (in target 'SoundManager' from project 'SoundManager')
SwiftCompile normal arm64_32 /Users/admin/builder/spi-builder-workspace/.derivedData/Build/Intermediates.noindex/SoundManager.build/Debug-watchos/SoundManager-t.build/DerivedSources/resource_bundle_accessor.swift (in target 'SoundManager' from project 'SoundManager')
cd /Users/admin/builder/spi-builder-workspace/.swiftpm/xcode
builtin-SwiftPerFileCompile resource_bundle_accessor.swift
SwiftDriverJobDiscovery normal arm64_32 Compiling DoubleExtensions.swift, ImageExtensions.swift, IntegerExtensions.swift (in target 'SwiftletUtilities' from project 'SwiftletUtilities')
SwiftDriverJobDiscovery normal arm64 Compiling ViewExtensions.swift, AppleHardwareType.swift, HardwareInformation.swift (in target 'SwiftletUtilities' from project 'SwiftletUtilities')
SwiftCompile normal arm64 Compiling\ SoundManager.swift /Users/admin/builder/spi-builder-workspace/.dependencies/checkouts/SoundManager/Sources/SoundManager/SoundManager.swift (in target 'SoundManager' from project 'SoundManager')
SwiftCompile normal arm64 (in target 'SoundManager' from project 'SoundManager')
cd /Users/admin/builder/spi-builder-workspace/.swiftpm/xcode
SwiftDriverJobDiscovery normal arm64 Compiling PublishedExtensions.swift, StringExtensions.swift, TitleCase.swift (in target 'SwiftletUtilities' from project 'SwiftletUtilities')
SwiftDriverJobDiscovery normal arm64_32 Compiling PublishedExtensions.swift, StringExtensions.swift, TitleCase.swift (in target 'SwiftletUtilities' from project 'SwiftletUtilities')
SwiftDriverJobDiscovery normal arm64 Compiling Execute.swift, HTMLEntity.swift, NetworkConnection.swift (in target 'SwiftletUtilities' from project 'SwiftletUtilities')
SwiftDriver SwiftUIPanoramaViewer normal arm64 com.apple.xcode.tools.swift.compiler (in target 'SwiftUIPanoramaViewer' from project 'SwiftUIPanoramaViewer')
cd /Users/admin/builder/spi-builder-workspace/.swiftpm/xcode
builtin-SwiftDriver -- /Applications/Xcode-27.0.0-Release.Candidate.app/Contents/Developer/Toolchains/XcodeDefault.xctoolchain/usr/bin/swiftc -parse-as-library -module-name SwiftUIPanoramaViewer -Onone @/Users/admin/builder/spi-builder-workspace/.derivedData/Build/Intermediates.noindex/SwiftUIPanoramaViewer.build/Debug-watchos/SwiftUIPanoramaViewer-t.build/Objects-normal/arm64/SwiftUIPanoramaViewer.SwiftFileList -DSWIFT_PACKAGE -DDEBUG -DSWIFT_MODULE_RESOURCE_BUNDLE_AVAILABLE -DXcode -plugin-path /Applications/Xcode-27.0.0-Release.Candidate.app/Contents/Developer/Toolchains/XcodeDefault.xctoolchain/usr/lib/swift/host/plugins/testing -enable-experimental-feature DebugDescriptionMacro -sdk /Applications/Xcode-27.0.0-Release.Candidate.app/Contents/Developer/Platforms/WatchOS.platform/Developer/SDKs/WatchOS27.0.sdk -target arm64-apple-watchos26.0 -g -module-cache-path /Users/admin/builder/spi-builder-workspace/.derivedData/ModuleCache.noindex -Xfrontend -serialize-debugging-options -profile-coverage-mapping -profile-generate -enable-testing -index-store-path /Users/admin/builder/spi-builder-workspace/.derivedData/Index.noindex/DataStore -Xcc -D_LIBCPP_HARDENING_MODE\=_LIBCPP_HARDENING_MODE_DEBUG -swift-version 6 -I /Users/admin/builder/spi-builder-workspace/.derivedData/Build/Products/Debug-watchos -Isystem /Applications/Xcode-27.0.0-Release.Candidate.app/Contents/Developer/Platforms/WatchOS.platform/Developer/usr/lib -F /Users/admin/builder/spi-builder-workspace/.derivedData/Build/Products/Debug-watchos/PackageFrameworks -F /Users/admin/builder/spi-builder-workspace/.derivedData/Build/Products/Debug-watchos -F /Applications/Xcode-27.0.0-Release.Candidate.app/Contents/Developer/Platforms/WatchOS.platform/Developer/Library/Frameworks -F /Applications/Xcode-27.0.0-Release.Candidate.app/Contents/Developer/Platforms/WatchOS.platform/Developer/SDKs/WatchOS27.0.sdk/Developer/Library/Frameworks -c -j10 -enable-batch-mode -incremental -Xcc -ivfsstatcache -Xcc /Users/admin/builder/spi-builder-workspace/.derivedData/SDKStatCaches.noindex/watchos27.0-24R360-e829b21a6f8c9b70876ba0858053c04477534ef55a1706bf4c1112bbb242f0a2.sdkstatcache -output-file-map /Users/admin/builder/spi-builder-workspace/.derivedData/Build/Intermediates.noindex/SwiftUIPanoramaViewer.build/Debug-watchos/SwiftUIPanoramaViewer-t.build/Objects-normal/arm64/SwiftUIPanoramaViewer-OutputFileMap.json -save-temps -no-color-diagnostics -explicit-module-build -module-cache-path /Users/admin/builder/spi-builder-workspace/.derivedData/Build/Intermediates.noindex/SwiftExplicitPrecompiledModules -clang-scanner-module-cache-path /Users/admin/builder/spi-builder-workspace/.derivedData/ModuleCache.noindex -sdk-module-cache-path /Users/admin/builder/spi-builder-workspace/.derivedData/SDKExplicitPrecompiledModules -emit-dependencies -emit-module -emit-module-path /Users/admin/builder/spi-builder-workspace/.derivedData/Build/Intermediates.noindex/SwiftUIPanoramaViewer.build/Debug-watchos/SwiftUIPanoramaViewer-t.build/Objects-normal/arm64/SwiftUIPanoramaViewer.swiftmodule -serialize-diagnostics -dependency-scan-serialize-diagnostics-path /Users/admin/builder/spi-builder-workspace/.derivedData/Build/Intermediates.noindex/SwiftUIPanoramaViewer.build/Debug-watchos/SwiftUIPanoramaViewer-t.build/Objects-normal/arm64/SwiftUIPanoramaViewer-dependency-scan.dia -validate-clang-modules-once -clang-build-session-file /Users/admin/builder/spi-builder-workspace/.derivedData/ModuleCache.noindex/Session.modulevalidation -Xcc -fmodules-prune-interval\=86400 -Xcc -fmodules-prune-after\=345600 -package-name spi_builder_workspace -emit-const-values -const-gather-protocols-list /Users/admin/builder/spi-builder-workspace/.derivedData/Build/Intermediates.noindex/SwiftUIPanoramaViewer.build/Debug-watchos/SwiftUIPanoramaViewer-t.build/Objects-normal/arm64/SwiftUIPanoramaViewer_const_extract_protocols.json -Xcc -I/Users/admin/builder/spi-builder-workspace/.derivedData/Build/Products/Debug-watchos/include -Xcc -I/Users/admin/builder/spi-builder-workspace/.derivedData/Build/Intermediates.noindex/SwiftUIPanoramaViewer.build/Debug-watchos/SwiftUIPanoramaViewer-t.build/DerivedSources-normal/arm64 -Xcc -I/Users/admin/builder/spi-builder-workspace/.derivedData/Build/Intermediates.noindex/SwiftUIPanoramaViewer.build/Debug-watchos/SwiftUIPanoramaViewer-t.build/DerivedSources/arm64 -Xcc -I/Users/admin/builder/spi-builder-workspace/.derivedData/Build/Intermediates.noindex/SwiftUIPanoramaViewer.build/Debug-watchos/SwiftUIPanoramaViewer-t.build/DerivedSources -Xcc -DSWIFT_PACKAGE -Xcc -DDEBUG\=1 -emit-objc-header -emit-objc-header-path /Users/admin/builder/spi-builder-workspace/.derivedData/Build/Intermediates.noindex/SwiftUIPanoramaViewer.build/Debug-watchos/SwiftUIPanoramaViewer-t.build/Objects-normal/arm64/SwiftUIPanoramaViewer-Swift.h -working-directory /Users/admin/builder/spi-builder-workspace/.swiftpm/xcode -experimental-emit-module-separately -disable-cmo
SwiftDriver SwiftUIPanoramaViewer normal arm64_32 com.apple.xcode.tools.swift.compiler (in target 'SwiftUIPanoramaViewer' from project 'SwiftUIPanoramaViewer')
cd /Users/admin/builder/spi-builder-workspace/.swiftpm/xcode
builtin-SwiftDriver -- /Applications/Xcode-27.0.0-Release.Candidate.app/Contents/Developer/Toolchains/XcodeDefault.xctoolchain/usr/bin/swiftc -parse-as-library -module-name SwiftUIPanoramaViewer -Onone @/Users/admin/builder/spi-builder-workspace/.derivedData/Build/Intermediates.noindex/SwiftUIPanoramaViewer.build/Debug-watchos/SwiftUIPanoramaViewer-t.build/Objects-normal/arm64_32/SwiftUIPanoramaViewer.SwiftFileList -DSWIFT_PACKAGE -DDEBUG -DSWIFT_MODULE_RESOURCE_BUNDLE_AVAILABLE -DXcode -plugin-path /Applications/Xcode-27.0.0-Release.Candidate.app/Contents/Developer/Toolchains/XcodeDefault.xctoolchain/usr/lib/swift/host/plugins/testing -enable-experimental-feature DebugDescriptionMacro -sdk /Applications/Xcode-27.0.0-Release.Candidate.app/Contents/Developer/Platforms/WatchOS.platform/Developer/SDKs/WatchOS27.0.sdk -target arm64_32-apple-watchos26.0 -g -module-cache-path /Users/admin/builder/spi-builder-workspace/.derivedData/ModuleCache.noindex -Xfrontend -serialize-debugging-options -profile-coverage-mapping -profile-generate -enable-testing -index-store-path /Users/admin/builder/spi-builder-workspace/.derivedData/Index.noindex/DataStore -Xcc -D_LIBCPP_HARDENING_MODE\=_LIBCPP_HARDENING_MODE_DEBUG -swift-version 6 -I /Users/admin/builder/spi-builder-workspace/.derivedData/Build/Products/Debug-watchos -Isystem /Applications/Xcode-27.0.0-Release.Candidate.app/Contents/Developer/Platforms/WatchOS.platform/Developer/usr/lib -F /Users/admin/builder/spi-builder-workspace/.derivedData/Build/Products/Debug-watchos/PackageFrameworks -F /Users/admin/builder/spi-builder-workspace/.derivedData/Build/Products/Debug-watchos -F /Applications/Xcode-27.0.0-Release.Candidate.app/Contents/Developer/Platforms/WatchOS.platform/Developer/Library/Frameworks -F /Applications/Xcode-27.0.0-Release.Candidate.app/Contents/Developer/Platforms/WatchOS.platform/Developer/SDKs/WatchOS27.0.sdk/Developer/Library/Frameworks -c -j10 -enable-batch-mode -incremental -Xcc -ivfsstatcache -Xcc /Users/admin/builder/spi-builder-workspace/.derivedData/SDKStatCaches.noindex/watchos27.0-24R360-e829b21a6f8c9b70876ba0858053c04477534ef55a1706bf4c1112bbb242f0a2.sdkstatcache -output-file-map /Users/admin/builder/spi-builder-workspace/.derivedData/Build/Intermediates.noindex/SwiftUIPanoramaViewer.build/Debug-watchos/SwiftUIPanoramaViewer-t.build/Objects-normal/arm64_32/SwiftUIPanoramaViewer-OutputFileMap.json -save-temps -no-color-diagnostics -explicit-module-build -module-cache-path /Users/admin/builder/spi-builder-workspace/.derivedData/Build/Intermediates.noindex/SwiftExplicitPrecompiledModules -clang-scanner-module-cache-path /Users/admin/builder/spi-builder-workspace/.derivedData/ModuleCache.noindex -sdk-module-cache-path /Users/admin/builder/spi-builder-workspace/.derivedData/SDKExplicitPrecompiledModules -emit-dependencies -emit-module -emit-module-path /Users/admin/builder/spi-builder-workspace/.derivedData/Build/Intermediates.noindex/SwiftUIPanoramaViewer.build/Debug-watchos/SwiftUIPanoramaViewer-t.build/Objects-normal/arm64_32/SwiftUIPanoramaViewer.swiftmodule -serialize-diagnostics -dependency-scan-serialize-diagnostics-path /Users/admin/builder/spi-builder-workspace/.derivedData/Build/Intermediates.noindex/SwiftUIPanoramaViewer.build/Debug-watchos/SwiftUIPanoramaViewer-t.build/Objects-normal/arm64_32/SwiftUIPanoramaViewer-dependency-scan.dia -validate-clang-modules-once -clang-build-session-file /Users/admin/builder/spi-builder-workspace/.derivedData/ModuleCache.noindex/Session.modulevalidation -Xcc -fmodules-prune-interval\=86400 -Xcc -fmodules-prune-after\=345600 -package-name spi_builder_workspace -emit-const-values -const-gather-protocols-list /Users/admin/builder/spi-builder-workspace/.derivedData/Build/Intermediates.noindex/SwiftUIPanoramaViewer.build/Debug-watchos/SwiftUIPanoramaViewer-t.build/Objects-normal/arm64_32/SwiftUIPanoramaViewer_const_extract_protocols.json -Xcc -I/Users/admin/builder/spi-builder-workspace/.derivedData/Build/Products/Debug-watchos/include -Xcc -I/Users/admin/builder/spi-builder-workspace/.derivedData/Build/Intermediates.noindex/SwiftUIPanoramaViewer.build/Debug-watchos/SwiftUIPanoramaViewer-t.build/DerivedSources-normal/arm64_32 -Xcc -I/Users/admin/builder/spi-builder-workspace/.derivedData/Build/Intermediates.noindex/SwiftUIPanoramaViewer.build/Debug-watchos/SwiftUIPanoramaViewer-t.build/DerivedSources/arm64_32 -Xcc -I/Users/admin/builder/spi-builder-workspace/.derivedData/Build/Intermediates.noindex/SwiftUIPanoramaViewer.build/Debug-watchos/SwiftUIPanoramaViewer-t.build/DerivedSources -Xcc -DSWIFT_PACKAGE -Xcc -DDEBUG\=1 -emit-objc-header -emit-objc-header-path /Users/admin/builder/spi-builder-workspace/.derivedData/Build/Intermediates.noindex/SwiftUIPanoramaViewer.build/Debug-watchos/SwiftUIPanoramaViewer-t.build/Objects-normal/arm64_32/SwiftUIPanoramaViewer-Swift.h -working-directory /Users/admin/builder/spi-builder-workspace/.swiftpm/xcode -experimental-emit-module-separately -disable-cmo
SwiftDriverJobDiscovery normal arm64 Compiling iOS DataExtensions.swift, iOS ImageExtensions.swift (in target 'SwiftletUtilities' from project 'SwiftletUtilities')
SwiftDriverJobDiscovery normal arm64_32 Compiling iOS StringExtensions.swift, iOS ViewExtensions.swift (in target 'SwiftletUtilities' from project 'SwiftletUtilities')
SwiftDriverJobDiscovery normal arm64_32 Compiling resource_bundle_accessor.swift (in target 'SoundManager' from project 'SoundManager')
SwiftDriverJobDiscovery normal arm64 Compiling resource_bundle_accessor.swift (in target 'SoundManager' from project 'SoundManager')
SwiftDriverJobDiscovery normal arm64 Compiling ObfuscationProvider.swift, UIApplicationExtensions.swift, ViewDeviceRotation.swift (in target 'SwiftletUtilities' from project 'SwiftletUtilities')
SwiftDriver\ Compilation SwiftletUtilities normal arm64 com.apple.xcode.tools.swift.compiler (in target 'SwiftletUtilities' from project 'SwiftletUtilities')
cd /Users/admin/builder/spi-builder-workspace/.swiftpm/xcode
builtin-Swift-Compilation -- /Applications/Xcode-27.0.0-Release.Candidate.app/Contents/Developer/Toolchains/XcodeDefault.xctoolchain/usr/bin/swiftc -parse-as-library -module-name SwiftletUtilities -Onone @/Users/admin/builder/spi-builder-workspace/.derivedData/Build/Intermediates.noindex/SwiftletUtilities.build/Debug-watchos/SwiftletUtilities-t.build/Objects-normal/arm64/SwiftletUtilities.SwiftFileList -DSWIFT_PACKAGE -DDEBUG -DSWIFT_MODULE_RESOURCE_BUNDLE_AVAILABLE -DXcode -plugin-path /Applications/Xcode-27.0.0-Release.Candidate.app/Contents/Developer/Toolchains/XcodeDefault.xctoolchain/usr/lib/swift/host/plugins/testing -enable-experimental-feature DebugDescriptionMacro -sdk /Applications/Xcode-27.0.0-Release.Candidate.app/Contents/Developer/Platforms/WatchOS.platform/Developer/SDKs/WatchOS27.0.sdk -target arm64-apple-watchos26.0 -g -module-cache-path /Users/admin/builder/spi-builder-workspace/.derivedData/ModuleCache.noindex -Xfrontend -serialize-debugging-options -profile-coverage-mapping -profile-generate -enable-testing -suppress-warnings -index-store-path /Users/admin/builder/spi-builder-workspace/.derivedData/Index.noindex/DataStore -Xcc -D_LIBCPP_HARDENING_MODE\=_LIBCPP_HARDENING_MODE_DEBUG -swift-version 6 -I /Users/admin/builder/spi-builder-workspace/.derivedData/Build/Products/Debug-watchos -Isystem /Applications/Xcode-27.0.0-Release.Candidate.app/Contents/Developer/Platforms/WatchOS.platform/Developer/usr/lib -F /Users/admin/builder/spi-builder-workspace/.derivedData/Build/Products/Debug-watchos/PackageFrameworks -F /Users/admin/builder/spi-builder-workspace/.derivedData/Build/Products/Debug-watchos -F /Applications/Xcode-27.0.0-Release.Candidate.app/Contents/Developer/Platforms/WatchOS.platform/Developer/Library/Frameworks -F /Applications/Xcode-27.0.0-Release.Candidate.app/Contents/Developer/Platforms/WatchOS.platform/Developer/SDKs/WatchOS27.0.sdk/Developer/Library/Frameworks -c -j10 -enable-batch-mode -incremental -Xcc -ivfsstatcache -Xcc /Users/admin/builder/spi-builder-workspace/.derivedData/SDKStatCaches.noindex/watchos27.0-24R360-e829b21a6f8c9b70876ba0858053c04477534ef55a1706bf4c1112bbb242f0a2.sdkstatcache -output-file-map /Users/admin/builder/spi-builder-workspace/.derivedData/Build/Intermediates.noindex/SwiftletUtilities.build/Debug-watchos/SwiftletUtilities-t.build/Objects-normal/arm64/SwiftletUtilities-OutputFileMap.json -save-temps -no-color-diagnostics -explicit-module-build -module-cache-path /Users/admin/builder/spi-builder-workspace/.derivedData/Build/Intermediates.noindex/SwiftExplicitPrecompiledModules -clang-scanner-module-cache-path /Users/admin/builder/spi-builder-workspace/.derivedData/ModuleCache.noindex -sdk-module-cache-path /Users/admin/builder/spi-builder-workspace/.derivedData/SDKExplicitPrecompiledModules -emit-dependencies -emit-module -emit-module-path /Users/admin/builder/spi-builder-workspace/.derivedData/Build/Intermediates.noindex/SwiftletUtilities.build/Debug-watchos/SwiftletUtilities-t.build/Objects-normal/arm64/SwiftletUtilities.swiftmodule -serialize-diagnostics -dependency-scan-serialize-diagnostics-path /Users/admin/builder/spi-builder-workspace/.derivedData/Build/Intermediates.noindex/SwiftletUtilities.build/Debug-watchos/SwiftletUtilities-t.build/Objects-normal/arm64/SwiftletUtilities-dependency-scan.dia -user-module-version 2.1.4 -validate-clang-modules-once -clang-build-session-file /Users/admin/builder/spi-builder-workspace/.derivedData/ModuleCache.noindex/Session.modulevalidation -Xcc -fmodules-prune-interval\=86400 -Xcc -fmodules-prune-after\=345600 -package-name swiftletutilities -emit-const-values -const-gather-protocols-list /Users/admin/builder/spi-builder-workspace/.derivedData/Build/Intermediates.noindex/SwiftletUtilities.build/Debug-watchos/SwiftletUtilities-t.build/Objects-normal/arm64/SwiftletUtilities_const_extract_protocols.json -Xcc -I/Users/admin/builder/spi-builder-workspace/.derivedData/Build/Products/Debug-watchos/include -Xcc -I/Users/admin/builder/spi-builder-workspace/.derivedData/Build/Intermediates.noindex/SwiftletUtilities.build/Debug-watchos/SwiftletUtilities-t.build/DerivedSources-normal/arm64 -Xcc -I/Users/admin/builder/spi-builder-workspace/.derivedData/Build/Intermediates.noindex/SwiftletUtilities.build/Debug-watchos/SwiftletUtilities-t.build/DerivedSources/arm64 -Xcc -I/Users/admin/builder/spi-builder-workspace/.derivedData/Build/Intermediates.noindex/SwiftletUtilities.build/Debug-watchos/SwiftletUtilities-t.build/DerivedSources -Xcc -DSWIFT_PACKAGE -Xcc -DDEBUG\=1 -emit-objc-header -emit-objc-header-path /Users/admin/builder/spi-builder-workspace/.derivedData/Build/Intermediates.noindex/SwiftletUtilities.build/Debug-watchos/SwiftletUtilities-t.build/Objects-normal/arm64/SwiftletUtilities-Swift.h -working-directory /Users/admin/builder/spi-builder-workspace/.swiftpm/xcode -experimental-emit-module-separately -disable-cmo
Ld /Users/admin/builder/spi-builder-workspace/.derivedData/Build/Intermediates.noindex/SwiftletUtilities.build/Debug-watchos/SwiftletUtilities-t.build/Objects-normal/arm64/Binary/SwiftletUtilities.o normal arm64 (in target 'SwiftletUtilities' from project 'SwiftletUtilities')
cd /Users/admin/builder/spi-builder-workspace/.dependencies/checkouts/SwiftletUtilities
/Applications/Xcode-27.0.0-Release.Candidate.app/Contents/Developer/Toolchains/XcodeDefault.xctoolchain/usr/bin/clang -Xlinker -reproducible -target arm64-apple-watchos26.0 -r -isysroot /Applications/Xcode-27.0.0-Release.Candidate.app/Contents/Developer/Platforms/WatchOS.platform/Developer/SDKs/WatchOS27.0.sdk -O0 -w -Xlinker -no_warn_duplicate_libraries -F/Users/admin/builder/spi-builder-workspace/.derivedData/Build/Intermediates.noindex/EagerLinkingTBDs/Debug-watchos -F/Users/admin/builder/spi-builder-workspace/.derivedData/Build/Products/Debug-watchos/PackageFrameworks -F/Users/admin/builder/spi-builder-workspace/.derivedData/Build/Products/Debug-watchos -iframework /Applications/Xcode-27.0.0-Release.Candidate.app/Contents/Developer/Platforms/WatchOS.platform/Developer/Library/Frameworks -iframework /Applications/Xcode-27.0.0-Release.Candidate.app/Contents/Developer/Platforms/WatchOS.platform/Developer/SDKs/WatchOS27.0.sdk/Developer/Library/Frameworks -filelist /Users/admin/builder/spi-builder-workspace/.derivedData/Build/Intermediates.noindex/SwiftletUtilities.build/Debug-watchos/SwiftletUtilities-t.build/Objects-normal/arm64/SwiftletUtilities.LinkFileList -nostdlib -Xlinker -object_path_lto -Xlinker /Users/admin/builder/spi-builder-workspace/.derivedData/Build/Intermediates.noindex/SwiftletUtilities.build/Debug-watchos/SwiftletUtilities-t.build/Objects-normal/arm64/SwiftletUtilities_lto.o -Xlinker -no_deduplicate -Xlinker -debug_variant -Xlinker -dependency_info -Xlinker /Users/admin/builder/spi-builder-workspace/.derivedData/Build/Intermediates.noindex/SwiftletUtilities.build/Debug-watchos/SwiftletUtilities-t.build/Objects-normal/arm64/SwiftletUtilities_dependency_info.dat -fobjc-link-runtime -L/Applications/Xcode-27.0.0-Release.Candidate.app/Contents/Developer/Toolchains/XcodeDefault.xctoolchain/usr/lib/swift/watchos -L/usr/lib/swift -Xlinker -add_ast_path -Xlinker /Users/admin/builder/spi-builder-workspace/.derivedData/Build/Intermediates.noindex/SwiftletUtilities.build/Debug-watchos/SwiftletUtilities-t.build/Objects-normal/arm64/SwiftletUtilities.swiftmodule -o /Users/admin/builder/spi-builder-workspace/.derivedData/Build/Intermediates.noindex/SwiftletUtilities.build/Debug-watchos/SwiftletUtilities-t.build/Objects-normal/arm64/Binary/SwiftletUtilities.o
SwiftEmitModule normal arm64 Emitting\ module\ for\ SwiftUIPanoramaViewer (in target 'SwiftUIPanoramaViewer' from project 'SwiftUIPanoramaViewer')
SwiftCompile normal arm64 (in target 'SwiftUIPanoramaViewer' from project 'SwiftUIPanoramaViewer')
cd /Users/admin/builder/spi-builder-workspace/.swiftpm/xcode
SwiftCompile normal arm64 Compiling\ EularAngleConverter.swift /Users/admin/builder/spi-builder-workspace/Sources/SwiftUIPanoramaViewer/Original/EularAngleConverter.swift (in target 'SwiftUIPanoramaViewer' from project 'SwiftUIPanoramaViewer')
SwiftCompile normal arm64 /Users/admin/builder/spi-builder-workspace/Sources/SwiftUIPanoramaViewer/Original/EularAngleConverter.swift (in target 'SwiftUIPanoramaViewer' from project 'SwiftUIPanoramaViewer')
cd /Users/admin/builder/spi-builder-workspace/.swiftpm/xcode
builtin-SwiftPerFileCompile EularAngleConverter.swift
SwiftCompile normal arm64 Compiling\ CTPieSliceView.swift /Users/admin/builder/spi-builder-workspace/Sources/SwiftUIPanoramaViewer/Original/CTPieSliceView.swift (in target 'SwiftUIPanoramaViewer' from project 'SwiftUIPanoramaViewer')
SwiftCompile normal arm64 /Users/admin/builder/spi-builder-workspace/Sources/SwiftUIPanoramaViewer/Original/CTPieSliceView.swift (in target 'SwiftUIPanoramaViewer' from project 'SwiftUIPanoramaViewer')
cd /Users/admin/builder/spi-builder-workspace/.swiftpm/xcode
builtin-SwiftPerFileCompile CTPieSliceView.swift
SwiftCompile normal arm64 Compiling\ resource_bundle_accessor.swift /Users/admin/builder/spi-builder-workspace/.derivedData/Build/Intermediates.noindex/SwiftUIPanoramaViewer.build/Debug-watchos/SwiftUIPanoramaViewer-t.build/DerivedSources/resource_bundle_accessor.swift (in target 'SwiftUIPanoramaViewer' from project 'SwiftUIPanoramaViewer')
SwiftCompile normal arm64 /Users/admin/builder/spi-builder-workspace/.derivedData/Build/Intermediates.noindex/SwiftUIPanoramaViewer.build/Debug-watchos/SwiftUIPanoramaViewer-t.build/DerivedSources/resource_bundle_accessor.swift (in target 'SwiftUIPanoramaViewer' from project 'SwiftUIPanoramaViewer')
cd /Users/admin/builder/spi-builder-workspace/.swiftpm/xcode
builtin-SwiftPerFileCompile resource_bundle_accessor.swift
SwiftCompile normal arm64 Compiling\ CompassView.swift /Users/admin/builder/spi-builder-workspace/Sources/SwiftUIPanoramaViewer/Original/CompassView.swift (in target 'SwiftUIPanoramaViewer' from project 'SwiftUIPanoramaViewer')
/Users/admin/builder/spi-builder-workspace/Sources/SwiftUIPanoramaViewer/Original/CompassView.swift:62:37: error: cannot find type 'Context' in scope
60 | /// - Parameter context: The context to build the view in.
61 | /// - Returns: Returns the new `CompassView`.
62 | public func makeUIView(context: Context) -> UIViewType {
| `- error: cannot find type 'Context' in scope
63 | // Create and configure
64 | let view = CTPieSliceView()
/Users/admin/builder/spi-builder-workspace/Sources/SwiftUIPanoramaViewer/Original/CompassView.swift:80:61: error: cannot find type 'Context' in scope
78 | /// - uiView: The `CompassView` to update.
79 | /// - context: The update context.
80 | public func updateUIView(_ uiView: UIViewType, context: Context) {
| `- error: cannot find type 'Context' in scope
81 | //uiView.attributedText = text
82 | }
/Users/admin/builder/spi-builder-workspace/Sources/SwiftUIPanoramaViewer/Original/CompassView.swift:32:28: error: cannot find type 'UIViewRepresentable' in scope
30 | /// }
31 | /// ```
32 | public struct CompassView: UIViewRepresentable {
| `- error: cannot find type 'UIViewRepresentable' in scope
33 | /// The type of view being created and managed by `CompassView`.
34 | public typealias UIViewType = CTPieSliceView
/Users/admin/builder/spi-builder-workspace/Sources/SwiftUIPanoramaViewer/Original/CompassView.swift:64:20: error: 'init()' is unavailable in watchOS
62 | public func makeUIView(context: Context) -> UIViewType {
63 | // Create and configure
64 | let view = CTPieSliceView()
| `- error: 'init()' is unavailable in watchOS
65 | view.sliceColor = sliceColor
66 | view.outerRingColor = outerRingColor
/Applications/Xcode-27.0.0-Release.Candidate.app/Contents/Developer/Platforms/WatchOS.platform/Developer/SDKs/WatchOS27.0.sdk/System/Library/Frameworks/UIKit.framework/Headers/UIView.h:158:1: note: 'init()' has been explicitly marked unavailable here
156 | - (instancetype)initWithFrame:(CGRect)frame NS_DESIGNATED_INITIALIZER;
157 | - (nullable instancetype)initWithCoder:(NSCoder *)coder NS_DESIGNATED_INITIALIZER;
158 | - (instancetype)init API_AVAILABLE(ios(2.0), tvos(9.0), visionos(1.0)) API_UNAVAILABLE(watchos);
| `- note: 'init()' has been explicitly marked unavailable here
159 |
160 | @property(nonatomic,getter=isUserInteractionEnabled) BOOL userInteractionEnabled; // default is YES. if set to NO, user events (touch, keys) are ignored and removed from the event queue.
/Users/admin/builder/spi-builder-workspace/Sources/SwiftUIPanoramaViewer/Original/CompassView.swift:64:20: warning: call to main actor-isolated initializer 'init()' in a synchronous nonisolated context [#ActorIsolatedCall]
60 | /// - Parameter context: The context to build the view in.
61 | /// - Returns: Returns the new `CompassView`.
62 | public func makeUIView(context: Context) -> UIViewType {
| `- note: add '@MainActor' to make instance method 'makeUIView(context:)' part of global actor 'MainActor'
63 | // Create and configure
64 | let view = CTPieSliceView()
| `- warning: call to main actor-isolated initializer 'init()' in a synchronous nonisolated context [#ActorIsolatedCall]
65 | view.sliceColor = sliceColor
66 | view.outerRingColor = outerRingColor
/Applications/Xcode-27.0.0-Release.Candidate.app/Contents/Developer/Platforms/WatchOS.platform/Developer/SDKs/WatchOS27.0.sdk/System/Library/Frameworks/UIKit.framework/Headers/UIView.h:158:1: note: calls to initializer 'init()' from outside of its actor context are implicitly asynchronous
156 | - (instancetype)initWithFrame:(CGRect)frame NS_DESIGNATED_INITIALIZER;
157 | - (nullable instancetype)initWithCoder:(NSCoder *)coder NS_DESIGNATED_INITIALIZER;
158 | - (instancetype)init API_AVAILABLE(ios(2.0), tvos(9.0), visionos(1.0)) API_UNAVAILABLE(watchos);
| `- note: calls to initializer 'init()' from outside of its actor context are implicitly asynchronous
159 |
160 | @property(nonatomic,getter=isUserInteractionEnabled) BOOL userInteractionEnabled; // default is YES. if set to NO, user events (touch, keys) are ignored and removed from the event queue.
/Users/admin/builder/spi-builder-workspace/Sources/SwiftUIPanoramaViewer/Original/CompassView.swift:65:14: warning: main actor-isolated property 'sliceColor' can not be mutated from a nonisolated context
60 | /// - Parameter context: The context to build the view in.
61 | /// - Returns: Returns the new `CompassView`.
62 | public func makeUIView(context: Context) -> UIViewType {
| `- note: add '@MainActor' to make instance method 'makeUIView(context:)' part of global actor 'MainActor'
63 | // Create and configure
64 | let view = CTPieSliceView()
65 | view.sliceColor = sliceColor
| `- warning: main actor-isolated property 'sliceColor' can not be mutated from a nonisolated context
66 | view.outerRingColor = outerRingColor
67 | view.bgColor = bgColor
/Users/admin/builder/spi-builder-workspace/Sources/SwiftUIPanoramaViewer/Original/CTPieSliceView.swift:23:31: note: mutation of this property is only permitted within the actor
21 |
22 | /// The color of the indicator slice.
23 | @IBInspectable public var sliceColor: UIColor = .red {
| `- note: mutation of this property is only permitted within the actor
24 | didSet { setNeedsDisplay() }
25 | }
/Users/admin/builder/spi-builder-workspace/Sources/SwiftUIPanoramaViewer/Original/CompassView.swift:66:14: warning: main actor-isolated property 'outerRingColor' can not be mutated from a nonisolated context
60 | /// - Parameter context: The context to build the view in.
61 | /// - Returns: Returns the new `CompassView`.
62 | public func makeUIView(context: Context) -> UIViewType {
| `- note: add '@MainActor' to make instance method 'makeUIView(context:)' part of global actor 'MainActor'
63 | // Create and configure
64 | let view = CTPieSliceView()
65 | view.sliceColor = sliceColor
66 | view.outerRingColor = outerRingColor
| `- warning: main actor-isolated property 'outerRingColor' can not be mutated from a nonisolated context
67 | view.bgColor = bgColor
68 |
/Users/admin/builder/spi-builder-workspace/Sources/SwiftUIPanoramaViewer/Original/CTPieSliceView.swift:28:31: note: mutation of this property is only permitted within the actor
26 |
27 | /// The color of the outer ring.
28 | @IBInspectable public var outerRingColor: UIColor = .green {
| `- note: mutation of this property is only permitted within the actor
29 | didSet { setNeedsDisplay() }
30 | }
/Users/admin/builder/spi-builder-workspace/Sources/SwiftUIPanoramaViewer/Original/CompassView.swift:67:14: warning: main actor-isolated property 'bgColor' can not be mutated from a nonisolated context
60 | /// - Parameter context: The context to build the view in.
61 | /// - Returns: Returns the new `CompassView`.
62 | public func makeUIView(context: Context) -> UIViewType {
| `- note: add '@MainActor' to make instance method 'makeUIView(context:)' part of global actor 'MainActor'
63 | // Create and configure
64 | let view = CTPieSliceView()
65 | view.sliceColor = sliceColor
66 | view.outerRingColor = outerRingColor
67 | view.bgColor = bgColor
| `- warning: main actor-isolated property 'bgColor' can not be mutated from a nonisolated context
68 |
69 | // Attach compass to viewer
/Users/admin/builder/spi-builder-workspace/Sources/SwiftUIPanoramaViewer/Original/CTPieSliceView.swift:33:31: note: mutation of this property is only permitted within the actor
31 |
32 | /// The background color.
33 | @IBInspectable public var bgColor: UIColor = .black {
| `- note: mutation of this property is only permitted within the actor
34 | didSet { setNeedsDisplay() }
35 | }
[#ActorIsolatedCall]: <https://docs.swift.org/compiler/documentation/diagnostics/actor-isolated-call>
Failed frontend command:
/Applications/Xcode-27.0.0-Release.Candidate.app/Contents/Developer/Toolchains/XcodeDefault.xctoolchain/usr/bin/swift-frontend -frontend -c /Users/admin/builder/spi-builder-workspace/.derivedData/Build/Intermediates.noindex/SwiftUIPanoramaViewer.build/Debug-watchos/SwiftUIPanoramaViewer-t.build/DerivedSources/resource_bundle_accessor.swift /Users/admin/builder/spi-builder-workspace/Sources/SwiftUIPanoramaViewer/Original/CTPanoramaView.swift /Users/admin/builder/spi-builder-workspace/Sources/SwiftUIPanoramaViewer/Original/CTPieSliceView.swift -primary-file /Users/admin/builder/spi-builder-workspace/Sources/SwiftUIPanoramaViewer/Original/CompassView.swift /Users/admin/builder/spi-builder-workspace/Sources/SwiftUIPanoramaViewer/Original/EularAngleConverter.swift /Users/admin/builder/spi-builder-workspace/Sources/SwiftUIPanoramaViewer/Original/PanoramaManager.swift /Users/admin/builder/spi-builder-workspace/Sources/SwiftUIPanoramaViewer/Original/PanoramaViewer.swift /Users/admin/builder/spi-builder-workspace/Sources/SwiftUIPanoramaViewer/SwiftUIPanoramaViewer.swift -emit-dependencies-path /Users/admin/builder/spi-builder-workspace/.derivedData/Build/Intermediates.noindex/SwiftUIPanoramaViewer.build/Debug-watchos/SwiftUIPanoramaViewer-t.build/Objects-normal/arm64/CompassView.d -emit-const-values-path /Users/admin/builder/spi-builder-workspace/.derivedData/Build/Intermediates.noindex/SwiftUIPanoramaViewer.build/Debug-watchos/SwiftUIPanoramaViewer-t.build/Objects-normal/arm64/CompassView.swiftconstvalues -emit-reference-dependencies-path /Users/admin/builder/spi-builder-workspace/.derivedData/Build/Intermediates.noindex/SwiftUIPanoramaViewer.build/Debug-watchos/SwiftUIPanoramaViewer-t.build/Objects-normal/arm64/CompassView.swiftdeps -serialize-diagnostics-path /Users/admin/builder/spi-builder-workspace/.derivedData/Build/Intermediates.noindex/SwiftUIPanoramaViewer.build/Debug-watchos/SwiftUIPanoramaViewer-t.build/Objects-normal/arm64/CompassView.dia -target arm64-apple-watchos26.0 -disable-cross-import-overlay-search -swift-module-cross-import SceneKit /Applications/Xcode-27.0.0-Release.Candidate.app/Contents/Developer/Platforms/WatchOS.platform/Developer/SDKs/WatchOS.sdk/System/Library/Frameworks/SceneKit.framework/Modules/SceneKit.swiftcrossimport/SwiftUI.swiftoverlay -load-resolved-plugin /Applications/Xcode-27.0.0-Release.Candidate.app/Contents/Developer/Platforms/WatchOS.platform/Developer/usr/lib/swift/host/plugins/libFoundationMacros.dylib\#/Applications/Xcode-27.0.0-Release.Candidate.app/Contents/Developer/Platforms/WatchOS.platform/Developer/usr/bin/swift-plugin-server\#FoundationMacros -load-resolved-plugin /Applications/Xcode-27.0.0-Release.Candidate.app/Contents/Developer/Platforms/WatchOS.platform/Developer/usr/lib/swift/host/plugins/libObservationMacros.dylib\#/Applications/Xcode-27.0.0-Release.Candidate.app/Contents/Developer/Platforms/WatchOS.platform/Developer/usr/bin/swift-plugin-server\#ObservationMacros -load-resolved-plugin /Applications/Xcode-27.0.0-Release.Candidate.app/Contents/Developer/Platforms/WatchOS.platform/Developer/usr/lib/swift/host/plugins/libPreviewsMacros.dylib\#/Applications/Xcode-27.0.0-Release.Candidate.app/Contents/Developer/Platforms/WatchOS.platform/Developer/usr/bin/swift-plugin-server\#PreviewsMacros -load-resolved-plugin /Applications/Xcode-27.0.0-Release.Candidate.app/Contents/Developer/Platforms/WatchOS.platform/Developer/usr/lib/swift/host/plugins/libSwiftMacros.dylib\#/Applications/Xcode-27.0.0-Release.Candidate.app/Contents/Developer/Platforms/WatchOS.platform/Developer/usr/bin/swift-plugin-server\#SwiftMacros -load-resolved-plugin /Applications/Xcode-27.0.0-Release.Candidate.app/Contents/Developer/Platforms/WatchOS.platform/Developer/usr/lib/swift/host/plugins/libSwiftUIMacros.dylib\#/Applications/Xcode-27.0.0-Release.Candidate.app/Contents/Developer/Platforms/WatchOS.platform/Developer/usr/bin/swift-plugin-server\#SwiftUIMacros -disable-implicit-swift-modules -Xcc -fno-implicit-modules -Xcc -fno-implicit-module-maps -explicit-swift-module-map-file /Users/admin/builder/spi-builder-workspace/.derivedData/Build/Intermediates.noindex/SwiftUIPanoramaViewer.build/Debug-watchos/SwiftUIPanoramaViewer-t.build/Objects-normal/arm64/SwiftUIPanoramaViewer-dependencies-1.json -Xllvm -aarch64-use-tbi -enable-objc-interop -stack-check -sdk /Applications/Xcode-27.0.0-Release.Candidate.app/Contents/Developer/Platforms/WatchOS.platform/Developer/SDKs/WatchOS27.0.sdk -I /Users/admin/builder/spi-builder-workspace/.derivedData/Build/Products/Debug-watchos -Isystem /Applications/Xcode-27.0.0-Release.Candidate.app/Contents/Developer/Platforms/WatchOS.platform/Developer/usr/lib -F /Users/admin/builder/spi-builder-workspace/.derivedData/Build/Products/Debug-watchos/PackageFrameworks -F /Users/admin/builder/spi-builder-workspace/.derivedData/Build/Products/Debug-watchos -F /Applications/Xcode-27.0.0-Release.Candidate.app/Contents/Developer/Platforms/WatchOS.platform/Developer/Library/Frameworks -F /Applications/Xcode-27.0.0-Release.Candidate.app/Contents/Developer/Platforms/WatchOS.platform/Developer/SDKs/WatchOS27.0.sdk/Developer/Library/Frameworks -module-cache-path /Users/admin/builder/spi-builder-workspace/.derivedData/Build/Intermediates.noindex/SwiftExplicitPrecompiledModules -no-color-diagnostics -Xcc -fno-color-diagnostics -enable-testing -g -debug-info-format\=dwarf -dwarf-version\=5 -profile-generate -profile-coverage-mapping -swift-version 6 -Onone -D SWIFT_PACKAGE -D DEBUG -D SWIFT_MODULE_RESOURCE_BUNDLE_AVAILABLE -D Xcode -serialize-debugging-options -enable-experimental-feature DebugDescriptionMacro -empty-abi-descriptor -validate-clang-modules-once -clang-build-session-file /Users/admin/builder/spi-builder-workspace/.derivedData/ModuleCache.noindex/Session.modulevalidation -Xcc -working-directory -Xcc /Users/admin/builder/spi-builder-workspace/.swiftpm/xcode -enable-anonymous-context-mangled-names -file-compilation-dir /Users/admin/builder/spi-builder-workspace/.swiftpm/xcode -Xcc -D_LIBCPP_HARDENING_MODE\=_LIBCPP_HARDENING_MODE_DEBUG -Xcc -ivfsstatcache -Xcc /Users/admin/builder/spi-builder-workspace/.derivedData/SDKStatCaches.noindex/watchos27.0-24R360-e829b21a6f8c9b70876ba0858053c04477534ef55a1706bf4c1112bbb242f0a2.sdkstatcache -Xcc -fmodules-prune-interval\=86400 -Xcc -fmodules-prune-after\=345600 -Xcc -I/Users/admin/builder/spi-builder-workspace/.derivedData/Build/Products/Debug-watchos/include -Xcc -I/Users/admin/builder/spi-builder-workspace/.derivedData/Build/Intermediates.noindex/SwiftUIPanoramaViewer.build/Debug-watchos/SwiftUIPanoramaViewer-t.build/DerivedSources-normal/arm64 -Xcc -I/Users/admin/builder/spi-builder-workspace/.derivedData/Build/Intermediates.noindex/SwiftUIPanoramaViewer.build/Debug-watchos/SwiftUIPanoramaViewer-t.build/DerivedSources/arm64 -Xcc -I/Users/admin/builder/spi-builder-workspace/.derivedData/Build/Intermediates.noindex/SwiftUIPanoramaViewer.build/Debug-watchos/SwiftUIPanoramaViewer-t.build/DerivedSources -Xcc -DSWIFT_PACKAGE -Xcc -DDEBUG\=1 -no-auto-bridging-header-chaining -module-name SwiftUIPanoramaViewer -package-name spi_builder_workspace -const-gather-protocols-file /Users/admin/builder/spi-builder-workspace/.derivedData/Build/Intermediates.noindex/SwiftUIPanoramaViewer.build/Debug-watchos/SwiftUIPanoramaViewer-t.build/Objects-normal/arm64/SwiftUIPanoramaViewer_const_extract_protocols.json -disable-clang-spi -clang-target arm64-apple-watchos27.0 -target-sdk-version 27.0 -target-sdk-name watchos27.0 -in-process-plugin-server-path /Applications/Xcode-27.0.0-Release.Candidate.app/Contents/Developer/Toolchains/XcodeDefault.xctoolchain/usr/lib/swift/host/libSwiftInProcPluginServer.dylib -parse-as-library -o /Users/admin/builder/spi-builder-workspace/.derivedData/Build/Intermediates.noindex/SwiftUIPanoramaViewer.build/Debug-watchos/SwiftUIPanoramaViewer-t.build/Objects-normal/arm64/CompassView.o -debug-module-path /Users/admin/builder/spi-builder-workspace/.derivedData/Build/Intermediates.noindex/SwiftUIPanoramaViewer.build/Debug-watchos/SwiftUIPanoramaViewer-t.build/Objects-normal/arm64/SwiftUIPanoramaViewer.swiftmodule -index-unit-output-path /SwiftUIPanoramaViewer.build/Debug-watchos/SwiftUIPanoramaViewer-t.build/Objects-normal/arm64/CompassView.o -index-store-path /Users/admin/builder/spi-builder-workspace/.derivedData/Index.noindex/DataStore -index-system-modules
SwiftCompile normal arm64 /Users/admin/builder/spi-builder-workspace/Sources/SwiftUIPanoramaViewer/Original/CompassView.swift (in target 'SwiftUIPanoramaViewer' from project 'SwiftUIPanoramaViewer')
cd /Users/admin/builder/spi-builder-workspace/.swiftpm/xcode
builtin-SwiftPerFileCompile CompassView.swift
SwiftCompile normal arm64 Compiling\ SwiftUIPanoramaViewer.swift /Users/admin/builder/spi-builder-workspace/Sources/SwiftUIPanoramaViewer/SwiftUIPanoramaViewer.swift (in target 'SwiftUIPanoramaViewer' from project 'SwiftUIPanoramaViewer')
SwiftCompile normal arm64 (in target 'SwiftUIPanoramaViewer' from project 'SwiftUIPanoramaViewer')
cd /Users/admin/builder/spi-builder-workspace/.swiftpm/xcode
SwiftDriverJobDiscovery normal arm64_32 Compiling resource_bundle_accessor.swift, ArrayExtensions.swift, ColorExtentions.swift (in target 'SwiftletUtilities' from project 'SwiftletUtilities')
SwiftCompile normal arm64 Compiling\ PanoramaManager.swift /Users/admin/builder/spi-builder-workspace/Sources/SwiftUIPanoramaViewer/Original/PanoramaManager.swift (in target 'SwiftUIPanoramaViewer' from project 'SwiftUIPanoramaViewer')
SwiftCompile normal arm64 /Users/admin/builder/spi-builder-workspace/Sources/SwiftUIPanoramaViewer/Original/PanoramaManager.swift (in target 'SwiftUIPanoramaViewer' from project 'SwiftUIPanoramaViewer')
cd /Users/admin/builder/spi-builder-workspace/.swiftpm/xcode
builtin-SwiftPerFileCompile PanoramaManager.swift
SwiftEmitModule normal arm64_32 Emitting\ module\ for\ SwiftUIPanoramaViewer (in target 'SwiftUIPanoramaViewer' from project 'SwiftUIPanoramaViewer')
SwiftCompile normal arm64_32 (in target 'SwiftUIPanoramaViewer' from project 'SwiftUIPanoramaViewer')
cd /Users/admin/builder/spi-builder-workspace/.swiftpm/xcode
SwiftDriverJobDiscovery normal arm64_32 Compiling Execute.swift, HTMLEntity.swift, NetworkConnection.swift (in target 'SwiftletUtilities' from project 'SwiftletUtilities')
SwiftDriver\ Compilation SwiftletUtilities normal arm64_32 com.apple.xcode.tools.swift.compiler (in target 'SwiftletUtilities' from project 'SwiftletUtilities')
cd /Users/admin/builder/spi-builder-workspace/.swiftpm/xcode
builtin-Swift-Compilation -- /Applications/Xcode-27.0.0-Release.Candidate.app/Contents/Developer/Toolchains/XcodeDefault.xctoolchain/usr/bin/swiftc -parse-as-library -module-name SwiftletUtilities -Onone @/Users/admin/builder/spi-builder-workspace/.derivedData/Build/Intermediates.noindex/SwiftletUtilities.build/Debug-watchos/SwiftletUtilities-t.build/Objects-normal/arm64_32/SwiftletUtilities.SwiftFileList -DSWIFT_PACKAGE -DDEBUG -DSWIFT_MODULE_RESOURCE_BUNDLE_AVAILABLE -DXcode -plugin-path /Applications/Xcode-27.0.0-Release.Candidate.app/Contents/Developer/Toolchains/XcodeDefault.xctoolchain/usr/lib/swift/host/plugins/testing -enable-experimental-feature DebugDescriptionMacro -sdk /Applications/Xcode-27.0.0-Release.Candidate.app/Contents/Developer/Platforms/WatchOS.platform/Developer/SDKs/WatchOS27.0.sdk -target arm64_32-apple-watchos26.0 -g -module-cache-path /Users/admin/builder/spi-builder-workspace/.derivedData/ModuleCache.noindex -Xfrontend -serialize-debugging-options -profile-coverage-mapping -profile-generate -enable-testing -suppress-warnings -index-store-path /Users/admin/builder/spi-builder-workspace/.derivedData/Index.noindex/DataStore -Xcc -D_LIBCPP_HARDENING_MODE\=_LIBCPP_HARDENING_MODE_DEBUG -swift-version 6 -I /Users/admin/builder/spi-builder-workspace/.derivedData/Build/Products/Debug-watchos -Isystem /Applications/Xcode-27.0.0-Release.Candidate.app/Contents/Developer/Platforms/WatchOS.platform/Developer/usr/lib -F /Users/admin/builder/spi-builder-workspace/.derivedData/Build/Products/Debug-watchos/PackageFrameworks -F /Users/admin/builder/spi-builder-workspace/.derivedData/Build/Products/Debug-watchos -F /Applications/Xcode-27.0.0-Release.Candidate.app/Contents/Developer/Platforms/WatchOS.platform/Developer/Library/Frameworks -F /Applications/Xcode-27.0.0-Release.Candidate.app/Contents/Developer/Platforms/WatchOS.platform/Developer/SDKs/WatchOS27.0.sdk/Developer/Library/Frameworks -c -j10 -enable-batch-mode -incremental -Xcc -ivfsstatcache -Xcc /Users/admin/builder/spi-builder-workspace/.derivedData/SDKStatCaches.noindex/watchos27.0-24R360-e829b21a6f8c9b70876ba0858053c04477534ef55a1706bf4c1112bbb242f0a2.sdkstatcache -output-file-map /Users/admin/builder/spi-builder-workspace/.derivedData/Build/Intermediates.noindex/SwiftletUtilities.build/Debug-watchos/SwiftletUtilities-t.build/Objects-normal/arm64_32/SwiftletUtilities-OutputFileMap.json -save-temps -no-color-diagnostics -explicit-module-build -module-cache-path /Users/admin/builder/spi-builder-workspace/.derivedData/Build/Intermediates.noindex/SwiftExplicitPrecompiledModules -clang-scanner-module-cache-path /Users/admin/builder/spi-builder-workspace/.derivedData/ModuleCache.noindex -sdk-module-cache-path /Users/admin/builder/spi-builder-workspace/.derivedData/SDKExplicitPrecompiledModules -emit-dependencies -emit-module -emit-module-path /Users/admin/builder/spi-builder-workspace/.derivedData/Build/Intermediates.noindex/SwiftletUtilities.build/Debug-watchos/SwiftletUtilities-t.build/Objects-normal/arm64_32/SwiftletUtilities.swiftmodule -serialize-diagnostics -dependency-scan-serialize-diagnostics-path /Users/admin/builder/spi-builder-workspace/.derivedData/Build/Intermediates.noindex/SwiftletUtilities.build/Debug-watchos/SwiftletUtilities-t.build/Objects-normal/arm64_32/SwiftletUtilities-dependency-scan.dia -user-module-version 2.1.4 -validate-clang-modules-once -clang-build-session-file /Users/admin/builder/spi-builder-workspace/.derivedData/ModuleCache.noindex/Session.modulevalidation -Xcc -fmodules-prune-interval\=86400 -Xcc -fmodules-prune-after\=345600 -package-name swiftletutilities -emit-const-values -const-gather-protocols-list /Users/admin/builder/spi-builder-workspace/.derivedData/Build/Intermediates.noindex/SwiftletUtilities.build/Debug-watchos/SwiftletUtilities-t.build/Objects-normal/arm64_32/SwiftletUtilities_const_extract_protocols.json -Xcc -I/Users/admin/builder/spi-builder-workspace/.derivedData/Build/Products/Debug-watchos/include -Xcc -I/Users/admin/builder/spi-builder-workspace/.derivedData/Build/Intermediates.noindex/SwiftletUtilities.build/Debug-watchos/SwiftletUtilities-t.build/DerivedSources-normal/arm64_32 -Xcc -I/Users/admin/builder/spi-builder-workspace/.derivedData/Build/Intermediates.noindex/SwiftletUtilities.build/Debug-watchos/SwiftletUtilities-t.build/DerivedSources/arm64_32 -Xcc -I/Users/admin/builder/spi-builder-workspace/.derivedData/Build/Intermediates.noindex/SwiftletUtilities.build/Debug-watchos/SwiftletUtilities-t.build/DerivedSources -Xcc -DSWIFT_PACKAGE -Xcc -DDEBUG\=1 -emit-objc-header -emit-objc-header-path /Users/admin/builder/spi-builder-workspace/.derivedData/Build/Intermediates.noindex/SwiftletUtilities.build/Debug-watchos/SwiftletUtilities-t.build/Objects-normal/arm64_32/SwiftletUtilities-Swift.h -working-directory /Users/admin/builder/spi-builder-workspace/.swiftpm/xcode -experimental-emit-module-separately -disable-cmo
PruneExplicitPrecompiledModules /Users/admin/builder/spi-builder-workspace/.derivedData/Build/Intermediates.noindex/SwiftExplicitPrecompiledModules
PruneExplicitPrecompiledModules /Users/admin/builder/spi-builder-workspace/.derivedData/Build/Intermediates.noindex/ExplicitPrecompiledModules
PruneExplicitPrecompiledModules /Users/admin/builder/spi-builder-workspace/.derivedData/SDKExplicitPrecompiledModules
2026-09-27 13:19:40.486 xcodebuild[761:4581] [MT] IDERunDestination: Supported platforms for the buildables in the current scheme is empty.
** BUILD FAILED **
The following build commands failed:
SwiftCompile normal arm64 Compiling\ CompassView.swift /Users/admin/builder/spi-builder-workspace/Sources/SwiftUIPanoramaViewer/Original/CompassView.swift (in target 'SwiftUIPanoramaViewer' from project 'SwiftUIPanoramaViewer')
SwiftCompile normal arm64 /Users/admin/builder/spi-builder-workspace/Sources/SwiftUIPanoramaViewer/Original/CompassView.swift (in target 'SwiftUIPanoramaViewer' from project 'SwiftUIPanoramaViewer')
Building workspace SwiftUIPanoramaViewer with scheme SwiftUIPanoramaViewer
(3 failures)
Command line invocation:
/Applications/Xcode-27.0.0-Release.Candidate.app/Contents/Developer/usr/bin/xcodebuild -IDEClonedSourcePackagesDirPathOverride=/Users/admin/builder/spi-builder-workspace/.dependencies -resolvePackageDependencies
Resolve Package Graph
Resolved source packages:
SwiftletUtilities: https://github.com/Appracatappra/SwiftletUtilities @ 2.1.4
SwiftUIPanoramaViewer: /Users/admin/builder/spi-builder-workspace
LogManager: https://github.com/Appracatappra/LogManager @ 2.1.0
SoundManager: https://github.com/Appracatappra/SoundManager @ 2.1.0
resolved source packages: SwiftletUtilities, SwiftUIPanoramaViewer, LogManager, SoundManager
2026-09-27 13:19:52.205 xcodebuild[992:5850] [MT] IDERunDestination: Supported platforms for the buildables in the current scheme is empty.
{
"dependencies" : [
{
"identity" : "logmanager",
"requirement" : {
"range" : [
{
"lower_bound" : "2.0.0",
"upper_bound" : "3.0.0"
}
]
},
"type" : "sourceControl",
"url" : "https://github.com/Appracatappra/LogManager"
},
{
"identity" : "swiftletutilities",
"requirement" : {
"range" : [
{
"lower_bound" : "2.0.0",
"upper_bound" : "3.0.0"
}
]
},
"type" : "sourceControl",
"url" : "https://github.com/Appracatappra/SwiftletUtilities"
},
{
"identity" : "soundmanager",
"requirement" : {
"range" : [
{
"lower_bound" : "2.0.0",
"upper_bound" : "3.0.0"
}
]
},
"type" : "sourceControl",
"url" : "https://github.com/Appracatappra/SoundManager"
}
],
"manifest_display_name" : "SwiftUIPanoramaViewer",
"name" : "SwiftUIPanoramaViewer",
"path" : "/Users/admin/builder/spi-builder-workspace",
"platforms" : [
{
"name" : "ios",
"version" : "26.0"
},
{
"name" : "tvos",
"version" : "26.0"
}
],
"products" : [
{
"name" : "SwiftUIPanoramaViewer",
"targets" : [
"SwiftUIPanoramaViewer"
],
"type" : {
"library" : [
"automatic"
]
}
}
],
"targets" : [
{
"c99name" : "SwiftUIPanoramaViewerTests",
"module_type" : "SwiftTarget",
"name" : "SwiftUIPanoramaViewerTests",
"path" : "Tests/SwiftUIPanoramaViewerTests",
"sources" : [
"SwiftUIPanoramaViewerTests.swift"
],
"target_dependencies" : [
"SwiftUIPanoramaViewer"
],
"type" : "test"
},
{
"c99name" : "SwiftUIPanoramaViewer",
"module_type" : "SwiftTarget",
"name" : "SwiftUIPanoramaViewer",
"path" : "Sources/SwiftUIPanoramaViewer",
"product_dependencies" : [
"LogManager",
"SwiftletUtilities",
"SoundManager"
],
"product_memberships" : [
"SwiftUIPanoramaViewer"
],
"resources" : [
{
"path" : "/Users/admin/builder/spi-builder-workspace/Sources/SwiftUIPanoramaViewer/Resources/PrivacyInfo.xcprivacy",
"rule" : {
"process" : {
}
}
}
],
"sources" : [
"Original/CTPanoramaView.swift",
"Original/CTPieSliceView.swift",
"Original/CompassView.swift",
"Original/EularAngleConverter.swift",
"Original/PanoramaManager.swift",
"Original/PanoramaViewer.swift",
"SwiftUIPanoramaViewer.swift"
],
"type" : "library"
}
],
"tools_version" : "6.4"
}
{
"workspace" : {
"name" : "SwiftUIPanoramaViewer",
"schemes" : [
"SwiftletUtilities",
"SwiftUIPanoramaViewer"
]
}
}
2026-09-27 13:19:53.439 xcodebuild[1000:5923] [MT] IDERunDestination: Supported platforms for the buildables in the current scheme is empty.
{
"workspace" : {
"name" : "SwiftUIPanoramaViewer",
"schemes" : [
"SwiftletUtilities",
"SwiftUIPanoramaViewer"
]
}
}
2026-09-27 13:19:54.432 xcodebuild[1002:5952] [MT] IDERunDestination: Supported platforms for the buildables in the current scheme is empty.
Running build ...
env DEVELOPER_DIR=/Applications/Xcode-27.0.0-Release.Candidate.app xcrun xcodebuild -IDEClonedSourcePackagesDirPathOverride=$PWD/.dependencies -skipMacroValidation -skipPackagePluginValidation -derivedDataPath $PWD/.derivedData build -scheme SwiftUIPanoramaViewer -destination generic/platform=watchOS
Command line invocation:
/Applications/Xcode-27.0.0-Release.Candidate.app/Contents/Developer/usr/bin/xcodebuild -IDEClonedSourcePackagesDirPathOverride=/Users/admin/builder/spi-builder-workspace/.dependencies -skipMacroValidation -skipPackagePluginValidation -derivedDataPath /Users/admin/builder/spi-builder-workspace/.derivedData build -scheme SwiftUIPanoramaViewer -destination generic/platform=watchOS
Resolve Package Graph
Resolved source packages:
SwiftUIPanoramaViewer: /Users/admin/builder/spi-builder-workspace
SoundManager: https://github.com/Appracatappra/SoundManager @ 2.1.0
SwiftletUtilities: https://github.com/Appracatappra/SwiftletUtilities @ 2.1.4
LogManager: https://github.com/Appracatappra/LogManager @ 2.1.0
ComputePackagePrebuildTargetDependencyGraph
Prepare packages
CreateBuildRequest
SendProjectDescription
CreateBuildOperation
ComputeTargetDependencyGraph
note: Building targets in dependency order
note: Target dependency graph (12 targets)
Target 'SwiftUIPanoramaViewer-product' in project 'SwiftUIPanoramaViewer'
➜ Explicit dependency on target 'SwiftUIPanoramaViewer' in project 'SwiftUIPanoramaViewer'
➜ Explicit dependency on target 'SwiftUIPanoramaViewer_SwiftUIPanoramaViewer' in project 'SwiftUIPanoramaViewer'
➜ Explicit dependency on target 'LogManager-product' in project 'LogManager'
➜ Explicit dependency on target 'SwiftletUtilities-product' in project 'SwiftletUtilities'
➜ Explicit dependency on target 'SoundManager-product' in project 'SoundManager'
Target 'SwiftUIPanoramaViewer' in project 'SwiftUIPanoramaViewer'
➜ Explicit dependency on target 'SwiftUIPanoramaViewer_SwiftUIPanoramaViewer' in project 'SwiftUIPanoramaViewer'
➜ Explicit dependency on target 'LogManager-product' in project 'LogManager'
➜ Explicit dependency on target 'SwiftletUtilities-product' in project 'SwiftletUtilities'
➜ Explicit dependency on target 'SoundManager-product' in project 'SoundManager'
Target 'SoundManager-product' in project 'SoundManager'
➜ Explicit dependency on target 'SoundManager' in project 'SoundManager'
➜ Explicit dependency on target 'SoundManager_SoundManager' in project 'SoundManager'
➜ Explicit dependency on target 'LogManager-product' in project 'LogManager'
Target 'SoundManager' in project 'SoundManager'
➜ Explicit dependency on target 'SoundManager_SoundManager' in project 'SoundManager'
➜ Explicit dependency on target 'LogManager-product' in project 'LogManager'
Target 'SoundManager_SoundManager' in project 'SoundManager' (no dependencies)
Target 'SwiftletUtilities-product' in project 'SwiftletUtilities'
➜ Explicit dependency on target 'SwiftletUtilities' in project 'SwiftletUtilities'
➜ Explicit dependency on target 'SwiftletUtilities_SwiftletUtilities' in project 'SwiftletUtilities'
➜ Explicit dependency on target 'LogManager-product' in project 'LogManager'
Target 'SwiftletUtilities' in project 'SwiftletUtilities'
➜ Explicit dependency on target 'SwiftletUtilities_SwiftletUtilities' in project 'SwiftletUtilities'
➜ Explicit dependency on target 'LogManager-product' in project 'LogManager'
Target 'SwiftletUtilities_SwiftletUtilities' in project 'SwiftletUtilities' (no dependencies)
Target 'LogManager-product' in project 'LogManager'
➜ Explicit dependency on target 'LogManager' in project 'LogManager'
➜ Explicit dependency on target 'LogManager_LogManager' in project 'LogManager'
Target 'LogManager' in project 'LogManager'
➜ Explicit dependency on target 'LogManager_LogManager' in project 'LogManager'
Target 'LogManager_LogManager' in project 'LogManager' (no dependencies)
Target 'SwiftUIPanoramaViewer_SwiftUIPanoramaViewer' in project 'SwiftUIPanoramaViewer' (no dependencies)
GatherProvisioningInputs
CreateBuildDescription
ClangStatCache /Applications/Xcode-27.0.0-Release.Candidate.app/Contents/Developer/Toolchains/XcodeDefault.xctoolchain/usr/bin/clang-stat-cache /Applications/Xcode-27.0.0-Release.Candidate.app/Contents/Developer/Platforms/WatchOS.platform/Developer/SDKs/WatchOS27.0.sdk /Users/admin/builder/spi-builder-workspace/.derivedData/SDKStatCaches.noindex/watchos27.0-24R360-e829b21a6f8c9b70876ba0858053c04477534ef55a1706bf4c1112bbb242f0a2.sdkstatcache
cd /Users/admin/builder/spi-builder-workspace/.swiftpm/xcode
/Applications/Xcode-27.0.0-Release.Candidate.app/Contents/Developer/Toolchains/XcodeDefault.xctoolchain/usr/bin/clang-stat-cache /Applications/Xcode-27.0.0-Release.Candidate.app/Contents/Developer/Platforms/WatchOS.platform/Developer/SDKs/WatchOS27.0.sdk -o /Users/admin/builder/spi-builder-workspace/.derivedData/SDKStatCaches.noindex/watchos27.0-24R360-e829b21a6f8c9b70876ba0858053c04477534ef55a1706bf4c1112bbb242f0a2.sdkstatcache
SwiftDriver SwiftletUtilities normal arm64_32 com.apple.xcode.tools.swift.compiler (in target 'SwiftletUtilities' from project 'SwiftletUtilities')
cd /Users/admin/builder/spi-builder-workspace/.swiftpm/xcode
builtin-SwiftDriver -- /Applications/Xcode-27.0.0-Release.Candidate.app/Contents/Developer/Toolchains/XcodeDefault.xctoolchain/usr/bin/swiftc -parse-as-library -module-name SwiftletUtilities -Onone @/Users/admin/builder/spi-builder-workspace/.derivedData/Build/Intermediates.noindex/SwiftletUtilities.build/Debug-watchos/SwiftletUtilities-t.build/Objects-normal/arm64_32/SwiftletUtilities.SwiftFileList -DSWIFT_PACKAGE -DDEBUG -DSWIFT_MODULE_RESOURCE_BUNDLE_AVAILABLE -DXcode -plugin-path /Applications/Xcode-27.0.0-Release.Candidate.app/Contents/Developer/Toolchains/XcodeDefault.xctoolchain/usr/lib/swift/host/plugins/testing -enable-experimental-feature DebugDescriptionMacro -sdk /Applications/Xcode-27.0.0-Release.Candidate.app/Contents/Developer/Platforms/WatchOS.platform/Developer/SDKs/WatchOS27.0.sdk -target arm64_32-apple-watchos26.0 -g -module-cache-path /Users/admin/builder/spi-builder-workspace/.derivedData/ModuleCache.noindex -Xfrontend -serialize-debugging-options -profile-coverage-mapping -profile-generate -enable-testing -suppress-warnings -index-store-path /Users/admin/builder/spi-builder-workspace/.derivedData/Index.noindex/DataStore -Xcc -D_LIBCPP_HARDENING_MODE\=_LIBCPP_HARDENING_MODE_DEBUG -swift-version 6 -I /Users/admin/builder/spi-builder-workspace/.derivedData/Build/Products/Debug-watchos -Isystem /Applications/Xcode-27.0.0-Release.Candidate.app/Contents/Developer/Platforms/WatchOS.platform/Developer/usr/lib -F /Users/admin/builder/spi-builder-workspace/.derivedData/Build/Products/Debug-watchos/PackageFrameworks -F /Users/admin/builder/spi-builder-workspace/.derivedData/Build/Products/Debug-watchos -F /Applications/Xcode-27.0.0-Release.Candidate.app/Contents/Developer/Platforms/WatchOS.platform/Developer/Library/Frameworks -F /Applications/Xcode-27.0.0-Release.Candidate.app/Contents/Developer/Platforms/WatchOS.platform/Developer/SDKs/WatchOS27.0.sdk/Developer/Library/Frameworks -c -j10 -enable-batch-mode -incremental -Xcc -ivfsstatcache -Xcc /Users/admin/builder/spi-builder-workspace/.derivedData/SDKStatCaches.noindex/watchos27.0-24R360-e829b21a6f8c9b70876ba0858053c04477534ef55a1706bf4c1112bbb242f0a2.sdkstatcache -output-file-map /Users/admin/builder/spi-builder-workspace/.derivedData/Build/Intermediates.noindex/SwiftletUtilities.build/Debug-watchos/SwiftletUtilities-t.build/Objects-normal/arm64_32/SwiftletUtilities-OutputFileMap.json -save-temps -no-color-diagnostics -explicit-module-build -module-cache-path /Users/admin/builder/spi-builder-workspace/.derivedData/Build/Intermediates.noindex/SwiftExplicitPrecompiledModules -clang-scanner-module-cache-path /Users/admin/builder/spi-builder-workspace/.derivedData/ModuleCache.noindex -sdk-module-cache-path /Users/admin/builder/spi-builder-workspace/.derivedData/SDKExplicitPrecompiledModules -emit-dependencies -emit-module -emit-module-path /Users/admin/builder/spi-builder-workspace/.derivedData/Build/Intermediates.noindex/SwiftletUtilities.build/Debug-watchos/SwiftletUtilities-t.build/Objects-normal/arm64_32/SwiftletUtilities.swiftmodule -serialize-diagnostics -dependency-scan-serialize-diagnostics-path /Users/admin/builder/spi-builder-workspace/.derivedData/Build/Intermediates.noindex/SwiftletUtilities.build/Debug-watchos/SwiftletUtilities-t.build/Objects-normal/arm64_32/SwiftletUtilities-dependency-scan.dia -user-module-version 2.1.4 -validate-clang-modules-once -clang-build-session-file /Users/admin/builder/spi-builder-workspace/.derivedData/ModuleCache.noindex/Session.modulevalidation -Xcc -fmodules-prune-interval\=86400 -Xcc -fmodules-prune-after\=345600 -package-name swiftletutilities -emit-const-values -const-gather-protocols-list /Users/admin/builder/spi-builder-workspace/.derivedData/Build/Intermediates.noindex/SwiftletUtilities.build/Debug-watchos/SwiftletUtilities-t.build/Objects-normal/arm64_32/SwiftletUtilities_const_extract_protocols.json -Xcc -I/Users/admin/builder/spi-builder-workspace/.derivedData/Build/Products/Debug-watchos/include -Xcc -I/Users/admin/builder/spi-builder-workspace/.derivedData/Build/Intermediates.noindex/SwiftletUtilities.build/Debug-watchos/SwiftletUtilities-t.build/DerivedSources-normal/arm64_32 -Xcc -I/Users/admin/builder/spi-builder-workspace/.derivedData/Build/Intermediates.noindex/SwiftletUtilities.build/Debug-watchos/SwiftletUtilities-t.build/DerivedSources/arm64_32 -Xcc -I/Users/admin/builder/spi-builder-workspace/.derivedData/Build/Intermediates.noindex/SwiftletUtilities.build/Debug-watchos/SwiftletUtilities-t.build/DerivedSources -Xcc -DSWIFT_PACKAGE -Xcc -DDEBUG\=1 -emit-objc-header -emit-objc-header-path /Users/admin/builder/spi-builder-workspace/.derivedData/Build/Intermediates.noindex/SwiftletUtilities.build/Debug-watchos/SwiftletUtilities-t.build/Objects-normal/arm64_32/SwiftletUtilities-Swift.h -working-directory /Users/admin/builder/spi-builder-workspace/.swiftpm/xcode -experimental-emit-module-separately -disable-cmo
SwiftDriver SwiftUIPanoramaViewer normal arm64 com.apple.xcode.tools.swift.compiler (in target 'SwiftUIPanoramaViewer' from project 'SwiftUIPanoramaViewer')
cd /Users/admin/builder/spi-builder-workspace/.swiftpm/xcode
builtin-SwiftDriver -- /Applications/Xcode-27.0.0-Release.Candidate.app/Contents/Developer/Toolchains/XcodeDefault.xctoolchain/usr/bin/swiftc -parse-as-library -module-name SwiftUIPanoramaViewer -Onone @/Users/admin/builder/spi-builder-workspace/.derivedData/Build/Intermediates.noindex/SwiftUIPanoramaViewer.build/Debug-watchos/SwiftUIPanoramaViewer-t.build/Objects-normal/arm64/SwiftUIPanoramaViewer.SwiftFileList -DSWIFT_PACKAGE -DDEBUG -DSWIFT_MODULE_RESOURCE_BUNDLE_AVAILABLE -DXcode -plugin-path /Applications/Xcode-27.0.0-Release.Candidate.app/Contents/Developer/Toolchains/XcodeDefault.xctoolchain/usr/lib/swift/host/plugins/testing -enable-experimental-feature DebugDescriptionMacro -sdk /Applications/Xcode-27.0.0-Release.Candidate.app/Contents/Developer/Platforms/WatchOS.platform/Developer/SDKs/WatchOS27.0.sdk -target arm64-apple-watchos26.0 -g -module-cache-path /Users/admin/builder/spi-builder-workspace/.derivedData/ModuleCache.noindex -Xfrontend -serialize-debugging-options -profile-coverage-mapping -profile-generate -enable-testing -index-store-path /Users/admin/builder/spi-builder-workspace/.derivedData/Index.noindex/DataStore -Xcc -D_LIBCPP_HARDENING_MODE\=_LIBCPP_HARDENING_MODE_DEBUG -swift-version 6 -I /Users/admin/builder/spi-builder-workspace/.derivedData/Build/Products/Debug-watchos -Isystem /Applications/Xcode-27.0.0-Release.Candidate.app/Contents/Developer/Platforms/WatchOS.platform/Developer/usr/lib -F /Users/admin/builder/spi-builder-workspace/.derivedData/Build/Products/Debug-watchos/PackageFrameworks -F /Users/admin/builder/spi-builder-workspace/.derivedData/Build/Products/Debug-watchos -F /Applications/Xcode-27.0.0-Release.Candidate.app/Contents/Developer/Platforms/WatchOS.platform/Developer/Library/Frameworks -F /Applications/Xcode-27.0.0-Release.Candidate.app/Contents/Developer/Platforms/WatchOS.platform/Developer/SDKs/WatchOS27.0.sdk/Developer/Library/Frameworks -c -j10 -enable-batch-mode -incremental -Xcc -ivfsstatcache -Xcc /Users/admin/builder/spi-builder-workspace/.derivedData/SDKStatCaches.noindex/watchos27.0-24R360-e829b21a6f8c9b70876ba0858053c04477534ef55a1706bf4c1112bbb242f0a2.sdkstatcache -output-file-map /Users/admin/builder/spi-builder-workspace/.derivedData/Build/Intermediates.noindex/SwiftUIPanoramaViewer.build/Debug-watchos/SwiftUIPanoramaViewer-t.build/Objects-normal/arm64/SwiftUIPanoramaViewer-OutputFileMap.json -save-temps -no-color-diagnostics -explicit-module-build -module-cache-path /Users/admin/builder/spi-builder-workspace/.derivedData/Build/Intermediates.noindex/SwiftExplicitPrecompiledModules -clang-scanner-module-cache-path /Users/admin/builder/spi-builder-workspace/.derivedData/ModuleCache.noindex -sdk-module-cache-path /Users/admin/builder/spi-builder-workspace/.derivedData/SDKExplicitPrecompiledModules -emit-dependencies -emit-module -emit-module-path /Users/admin/builder/spi-builder-workspace/.derivedData/Build/Intermediates.noindex/SwiftUIPanoramaViewer.build/Debug-watchos/SwiftUIPanoramaViewer-t.build/Objects-normal/arm64/SwiftUIPanoramaViewer.swiftmodule -serialize-diagnostics -dependency-scan-serialize-diagnostics-path /Users/admin/builder/spi-builder-workspace/.derivedData/Build/Intermediates.noindex/SwiftUIPanoramaViewer.build/Debug-watchos/SwiftUIPanoramaViewer-t.build/Objects-normal/arm64/SwiftUIPanoramaViewer-dependency-scan.dia -validate-clang-modules-once -clang-build-session-file /Users/admin/builder/spi-builder-workspace/.derivedData/ModuleCache.noindex/Session.modulevalidation -Xcc -fmodules-prune-interval\=86400 -Xcc -fmodules-prune-after\=345600 -package-name spi_builder_workspace -emit-const-values -const-gather-protocols-list /Users/admin/builder/spi-builder-workspace/.derivedData/Build/Intermediates.noindex/SwiftUIPanoramaViewer.build/Debug-watchos/SwiftUIPanoramaViewer-t.build/Objects-normal/arm64/SwiftUIPanoramaViewer_const_extract_protocols.json -Xcc -I/Users/admin/builder/spi-builder-workspace/.derivedData/Build/Products/Debug-watchos/include -Xcc -I/Users/admin/builder/spi-builder-workspace/.derivedData/Build/Intermediates.noindex/SwiftUIPanoramaViewer.build/Debug-watchos/SwiftUIPanoramaViewer-t.build/DerivedSources-normal/arm64 -Xcc -I/Users/admin/builder/spi-builder-workspace/.derivedData/Build/Intermediates.noindex/SwiftUIPanoramaViewer.build/Debug-watchos/SwiftUIPanoramaViewer-t.build/DerivedSources/arm64 -Xcc -I/Users/admin/builder/spi-builder-workspace/.derivedData/Build/Intermediates.noindex/SwiftUIPanoramaViewer.build/Debug-watchos/SwiftUIPanoramaViewer-t.build/DerivedSources -Xcc -DSWIFT_PACKAGE -Xcc -DDEBUG\=1 -emit-objc-header -emit-objc-header-path /Users/admin/builder/spi-builder-workspace/.derivedData/Build/Intermediates.noindex/SwiftUIPanoramaViewer.build/Debug-watchos/SwiftUIPanoramaViewer-t.build/Objects-normal/arm64/SwiftUIPanoramaViewer-Swift.h -working-directory /Users/admin/builder/spi-builder-workspace/.swiftpm/xcode -experimental-emit-module-separately -disable-cmo
SwiftDriver SwiftUIPanoramaViewer normal arm64_32 com.apple.xcode.tools.swift.compiler (in target 'SwiftUIPanoramaViewer' from project 'SwiftUIPanoramaViewer')
cd /Users/admin/builder/spi-builder-workspace/.swiftpm/xcode
builtin-SwiftDriver -- /Applications/Xcode-27.0.0-Release.Candidate.app/Contents/Developer/Toolchains/XcodeDefault.xctoolchain/usr/bin/swiftc -parse-as-library -module-name SwiftUIPanoramaViewer -Onone @/Users/admin/builder/spi-builder-workspace/.derivedData/Build/Intermediates.noindex/SwiftUIPanoramaViewer.build/Debug-watchos/SwiftUIPanoramaViewer-t.build/Objects-normal/arm64_32/SwiftUIPanoramaViewer.SwiftFileList -DSWIFT_PACKAGE -DDEBUG -DSWIFT_MODULE_RESOURCE_BUNDLE_AVAILABLE -DXcode -plugin-path /Applications/Xcode-27.0.0-Release.Candidate.app/Contents/Developer/Toolchains/XcodeDefault.xctoolchain/usr/lib/swift/host/plugins/testing -enable-experimental-feature DebugDescriptionMacro -sdk /Applications/Xcode-27.0.0-Release.Candidate.app/Contents/Developer/Platforms/WatchOS.platform/Developer/SDKs/WatchOS27.0.sdk -target arm64_32-apple-watchos26.0 -g -module-cache-path /Users/admin/builder/spi-builder-workspace/.derivedData/ModuleCache.noindex -Xfrontend -serialize-debugging-options -profile-coverage-mapping -profile-generate -enable-testing -index-store-path /Users/admin/builder/spi-builder-workspace/.derivedData/Index.noindex/DataStore -Xcc -D_LIBCPP_HARDENING_MODE\=_LIBCPP_HARDENING_MODE_DEBUG -swift-version 6 -I /Users/admin/builder/spi-builder-workspace/.derivedData/Build/Products/Debug-watchos -Isystem /Applications/Xcode-27.0.0-Release.Candidate.app/Contents/Developer/Platforms/WatchOS.platform/Developer/usr/lib -F /Users/admin/builder/spi-builder-workspace/.derivedData/Build/Products/Debug-watchos/PackageFrameworks -F /Users/admin/builder/spi-builder-workspace/.derivedData/Build/Products/Debug-watchos -F /Applications/Xcode-27.0.0-Release.Candidate.app/Contents/Developer/Platforms/WatchOS.platform/Developer/Library/Frameworks -F /Applications/Xcode-27.0.0-Release.Candidate.app/Contents/Developer/Platforms/WatchOS.platform/Developer/SDKs/WatchOS27.0.sdk/Developer/Library/Frameworks -c -j10 -enable-batch-mode -incremental -Xcc -ivfsstatcache -Xcc /Users/admin/builder/spi-builder-workspace/.derivedData/SDKStatCaches.noindex/watchos27.0-24R360-e829b21a6f8c9b70876ba0858053c04477534ef55a1706bf4c1112bbb242f0a2.sdkstatcache -output-file-map /Users/admin/builder/spi-builder-workspace/.derivedData/Build/Intermediates.noindex/SwiftUIPanoramaViewer.build/Debug-watchos/SwiftUIPanoramaViewer-t.build/Objects-normal/arm64_32/SwiftUIPanoramaViewer-OutputFileMap.json -save-temps -no-color-diagnostics -explicit-module-build -module-cache-path /Users/admin/builder/spi-builder-workspace/.derivedData/Build/Intermediates.noindex/SwiftExplicitPrecompiledModules -clang-scanner-module-cache-path /Users/admin/builder/spi-builder-workspace/.derivedData/ModuleCache.noindex -sdk-module-cache-path /Users/admin/builder/spi-builder-workspace/.derivedData/SDKExplicitPrecompiledModules -emit-dependencies -emit-module -emit-module-path /Users/admin/builder/spi-builder-workspace/.derivedData/Build/Intermediates.noindex/SwiftUIPanoramaViewer.build/Debug-watchos/SwiftUIPanoramaViewer-t.build/Objects-normal/arm64_32/SwiftUIPanoramaViewer.swiftmodule -serialize-diagnostics -dependency-scan-serialize-diagnostics-path /Users/admin/builder/spi-builder-workspace/.derivedData/Build/Intermediates.noindex/SwiftUIPanoramaViewer.build/Debug-watchos/SwiftUIPanoramaViewer-t.build/Objects-normal/arm64_32/SwiftUIPanoramaViewer-dependency-scan.dia -validate-clang-modules-once -clang-build-session-file /Users/admin/builder/spi-builder-workspace/.derivedData/ModuleCache.noindex/Session.modulevalidation -Xcc -fmodules-prune-interval\=86400 -Xcc -fmodules-prune-after\=345600 -package-name spi_builder_workspace -emit-const-values -const-gather-protocols-list /Users/admin/builder/spi-builder-workspace/.derivedData/Build/Intermediates.noindex/SwiftUIPanoramaViewer.build/Debug-watchos/SwiftUIPanoramaViewer-t.build/Objects-normal/arm64_32/SwiftUIPanoramaViewer_const_extract_protocols.json -Xcc -I/Users/admin/builder/spi-builder-workspace/.derivedData/Build/Products/Debug-watchos/include -Xcc -I/Users/admin/builder/spi-builder-workspace/.derivedData/Build/Intermediates.noindex/SwiftUIPanoramaViewer.build/Debug-watchos/SwiftUIPanoramaViewer-t.build/DerivedSources-normal/arm64_32 -Xcc -I/Users/admin/builder/spi-builder-workspace/.derivedData/Build/Intermediates.noindex/SwiftUIPanoramaViewer.build/Debug-watchos/SwiftUIPanoramaViewer-t.build/DerivedSources/arm64_32 -Xcc -I/Users/admin/builder/spi-builder-workspace/.derivedData/Build/Intermediates.noindex/SwiftUIPanoramaViewer.build/Debug-watchos/SwiftUIPanoramaViewer-t.build/DerivedSources -Xcc -DSWIFT_PACKAGE -Xcc -DDEBUG\=1 -emit-objc-header -emit-objc-header-path /Users/admin/builder/spi-builder-workspace/.derivedData/Build/Intermediates.noindex/SwiftUIPanoramaViewer.build/Debug-watchos/SwiftUIPanoramaViewer-t.build/Objects-normal/arm64_32/SwiftUIPanoramaViewer-Swift.h -working-directory /Users/admin/builder/spi-builder-workspace/.swiftpm/xcode -experimental-emit-module-separately -disable-cmo
SwiftDriver SoundManager normal arm64 com.apple.xcode.tools.swift.compiler (in target 'SoundManager' from project 'SoundManager')
cd /Users/admin/builder/spi-builder-workspace/.swiftpm/xcode
builtin-SwiftDriver -- /Applications/Xcode-27.0.0-Release.Candidate.app/Contents/Developer/Toolchains/XcodeDefault.xctoolchain/usr/bin/swiftc -parse-as-library -module-name SoundManager -Onone @/Users/admin/builder/spi-builder-workspace/.derivedData/Build/Intermediates.noindex/SoundManager.build/Debug-watchos/SoundManager-t.build/Objects-normal/arm64/SoundManager.SwiftFileList -DSWIFT_PACKAGE -DDEBUG -DSWIFT_MODULE_RESOURCE_BUNDLE_AVAILABLE -DXcode -plugin-path /Applications/Xcode-27.0.0-Release.Candidate.app/Contents/Developer/Toolchains/XcodeDefault.xctoolchain/usr/lib/swift/host/plugins/testing -enable-experimental-feature DebugDescriptionMacro -sdk /Applications/Xcode-27.0.0-Release.Candidate.app/Contents/Developer/Platforms/WatchOS.platform/Developer/SDKs/WatchOS27.0.sdk -target arm64-apple-watchos26.0 -g -module-cache-path /Users/admin/builder/spi-builder-workspace/.derivedData/ModuleCache.noindex -Xfrontend -serialize-debugging-options -profile-coverage-mapping -profile-generate -enable-testing -suppress-warnings -index-store-path /Users/admin/builder/spi-builder-workspace/.derivedData/Index.noindex/DataStore -Xcc -D_LIBCPP_HARDENING_MODE\=_LIBCPP_HARDENING_MODE_DEBUG -swift-version 6 -I /Users/admin/builder/spi-builder-workspace/.derivedData/Build/Products/Debug-watchos -Isystem /Applications/Xcode-27.0.0-Release.Candidate.app/Contents/Developer/Platforms/WatchOS.platform/Developer/usr/lib -F /Users/admin/builder/spi-builder-workspace/.derivedData/Build/Products/Debug-watchos/PackageFrameworks -F /Users/admin/builder/spi-builder-workspace/.derivedData/Build/Products/Debug-watchos -F /Applications/Xcode-27.0.0-Release.Candidate.app/Contents/Developer/Platforms/WatchOS.platform/Developer/Library/Frameworks -F /Applications/Xcode-27.0.0-Release.Candidate.app/Contents/Developer/Platforms/WatchOS.platform/Developer/SDKs/WatchOS27.0.sdk/Developer/Library/Frameworks -c -j10 -enable-batch-mode -incremental -Xcc -ivfsstatcache -Xcc /Users/admin/builder/spi-builder-workspace/.derivedData/SDKStatCaches.noindex/watchos27.0-24R360-e829b21a6f8c9b70876ba0858053c04477534ef55a1706bf4c1112bbb242f0a2.sdkstatcache -output-file-map /Users/admin/builder/spi-builder-workspace/.derivedData/Build/Intermediates.noindex/SoundManager.build/Debug-watchos/SoundManager-t.build/Objects-normal/arm64/SoundManager-OutputFileMap.json -save-temps -no-color-diagnostics -explicit-module-build -module-cache-path /Users/admin/builder/spi-builder-workspace/.derivedData/Build/Intermediates.noindex/SwiftExplicitPrecompiledModules -clang-scanner-module-cache-path /Users/admin/builder/spi-builder-workspace/.derivedData/ModuleCache.noindex -sdk-module-cache-path /Users/admin/builder/spi-builder-workspace/.derivedData/SDKExplicitPrecompiledModules -emit-dependencies -emit-module -emit-module-path /Users/admin/builder/spi-builder-workspace/.derivedData/Build/Intermediates.noindex/SoundManager.build/Debug-watchos/SoundManager-t.build/Objects-normal/arm64/SoundManager.swiftmodule -serialize-diagnostics -dependency-scan-serialize-diagnostics-path /Users/admin/builder/spi-builder-workspace/.derivedData/Build/Intermediates.noindex/SoundManager.build/Debug-watchos/SoundManager-t.build/Objects-normal/arm64/SoundManager-dependency-scan.dia -user-module-version 2.1.0 -validate-clang-modules-once -clang-build-session-file /Users/admin/builder/spi-builder-workspace/.derivedData/ModuleCache.noindex/Session.modulevalidation -Xcc -fmodules-prune-interval\=86400 -Xcc -fmodules-prune-after\=345600 -package-name soundmanager -emit-const-values -const-gather-protocols-list /Users/admin/builder/spi-builder-workspace/.derivedData/Build/Intermediates.noindex/SoundManager.build/Debug-watchos/SoundManager-t.build/Objects-normal/arm64/SoundManager_const_extract_protocols.json -Xcc -I/Users/admin/builder/spi-builder-workspace/.derivedData/Build/Products/Debug-watchos/include -Xcc -I/Users/admin/builder/spi-builder-workspace/.derivedData/Build/Intermediates.noindex/SoundManager.build/Debug-watchos/SoundManager-t.build/DerivedSources-normal/arm64 -Xcc -I/Users/admin/builder/spi-builder-workspace/.derivedData/Build/Intermediates.noindex/SoundManager.build/Debug-watchos/SoundManager-t.build/DerivedSources/arm64 -Xcc -I/Users/admin/builder/spi-builder-workspace/.derivedData/Build/Intermediates.noindex/SoundManager.build/Debug-watchos/SoundManager-t.build/DerivedSources -Xcc -DSWIFT_PACKAGE -Xcc -DDEBUG\=1 -emit-objc-header -emit-objc-header-path /Users/admin/builder/spi-builder-workspace/.derivedData/Build/Intermediates.noindex/SoundManager.build/Debug-watchos/SoundManager-t.build/Objects-normal/arm64/SoundManager-Swift.h -working-directory /Users/admin/builder/spi-builder-workspace/.swiftpm/xcode -experimental-emit-module-separately -disable-cmo
SwiftDriver SoundManager normal arm64_32 com.apple.xcode.tools.swift.compiler (in target 'SoundManager' from project 'SoundManager')
cd /Users/admin/builder/spi-builder-workspace/.swiftpm/xcode
builtin-SwiftDriver -- /Applications/Xcode-27.0.0-Release.Candidate.app/Contents/Developer/Toolchains/XcodeDefault.xctoolchain/usr/bin/swiftc -parse-as-library -module-name SoundManager -Onone @/Users/admin/builder/spi-builder-workspace/.derivedData/Build/Intermediates.noindex/SoundManager.build/Debug-watchos/SoundManager-t.build/Objects-normal/arm64_32/SoundManager.SwiftFileList -DSWIFT_PACKAGE -DDEBUG -DSWIFT_MODULE_RESOURCE_BUNDLE_AVAILABLE -DXcode -plugin-path /Applications/Xcode-27.0.0-Release.Candidate.app/Contents/Developer/Toolchains/XcodeDefault.xctoolchain/usr/lib/swift/host/plugins/testing -enable-experimental-feature DebugDescriptionMacro -sdk /Applications/Xcode-27.0.0-Release.Candidate.app/Contents/Developer/Platforms/WatchOS.platform/Developer/SDKs/WatchOS27.0.sdk -target arm64_32-apple-watchos26.0 -g -module-cache-path /Users/admin/builder/spi-builder-workspace/.derivedData/ModuleCache.noindex -Xfrontend -serialize-debugging-options -profile-coverage-mapping -profile-generate -enable-testing -suppress-warnings -index-store-path /Users/admin/builder/spi-builder-workspace/.derivedData/Index.noindex/DataStore -Xcc -D_LIBCPP_HARDENING_MODE\=_LIBCPP_HARDENING_MODE_DEBUG -swift-version 6 -I /Users/admin/builder/spi-builder-workspace/.derivedData/Build/Products/Debug-watchos -Isystem /Applications/Xcode-27.0.0-Release.Candidate.app/Contents/Developer/Platforms/WatchOS.platform/Developer/usr/lib -F /Users/admin/builder/spi-builder-workspace/.derivedData/Build/Products/Debug-watchos/PackageFrameworks -F /Users/admin/builder/spi-builder-workspace/.derivedData/Build/Products/Debug-watchos -F /Applications/Xcode-27.0.0-Release.Candidate.app/Contents/Developer/Platforms/WatchOS.platform/Developer/Library/Frameworks -F /Applications/Xcode-27.0.0-Release.Candidate.app/Contents/Developer/Platforms/WatchOS.platform/Developer/SDKs/WatchOS27.0.sdk/Developer/Library/Frameworks -c -j10 -enable-batch-mode -incremental -Xcc -ivfsstatcache -Xcc /Users/admin/builder/spi-builder-workspace/.derivedData/SDKStatCaches.noindex/watchos27.0-24R360-e829b21a6f8c9b70876ba0858053c04477534ef55a1706bf4c1112bbb242f0a2.sdkstatcache -output-file-map /Users/admin/builder/spi-builder-workspace/.derivedData/Build/Intermediates.noindex/SoundManager.build/Debug-watchos/SoundManager-t.build/Objects-normal/arm64_32/SoundManager-OutputFileMap.json -save-temps -no-color-diagnostics -explicit-module-build -module-cache-path /Users/admin/builder/spi-builder-workspace/.derivedData/Build/Intermediates.noindex/SwiftExplicitPrecompiledModules -clang-scanner-module-cache-path /Users/admin/builder/spi-builder-workspace/.derivedData/ModuleCache.noindex -sdk-module-cache-path /Users/admin/builder/spi-builder-workspace/.derivedData/SDKExplicitPrecompiledModules -emit-dependencies -emit-module -emit-module-path /Users/admin/builder/spi-builder-workspace/.derivedData/Build/Intermediates.noindex/SoundManager.build/Debug-watchos/SoundManager-t.build/Objects-normal/arm64_32/SoundManager.swiftmodule -serialize-diagnostics -dependency-scan-serialize-diagnostics-path /Users/admin/builder/spi-builder-workspace/.derivedData/Build/Intermediates.noindex/SoundManager.build/Debug-watchos/SoundManager-t.build/Objects-normal/arm64_32/SoundManager-dependency-scan.dia -user-module-version 2.1.0 -validate-clang-modules-once -clang-build-session-file /Users/admin/builder/spi-builder-workspace/.derivedData/ModuleCache.noindex/Session.modulevalidation -Xcc -fmodules-prune-interval\=86400 -Xcc -fmodules-prune-after\=345600 -package-name soundmanager -emit-const-values -const-gather-protocols-list /Users/admin/builder/spi-builder-workspace/.derivedData/Build/Intermediates.noindex/SoundManager.build/Debug-watchos/SoundManager-t.build/Objects-normal/arm64_32/SoundManager_const_extract_protocols.json -Xcc -I/Users/admin/builder/spi-builder-workspace/.derivedData/Build/Products/Debug-watchos/include -Xcc -I/Users/admin/builder/spi-builder-workspace/.derivedData/Build/Intermediates.noindex/SoundManager.build/Debug-watchos/SoundManager-t.build/DerivedSources-normal/arm64_32 -Xcc -I/Users/admin/builder/spi-builder-workspace/.derivedData/Build/Intermediates.noindex/SoundManager.build/Debug-watchos/SoundManager-t.build/DerivedSources/arm64_32 -Xcc -I/Users/admin/builder/spi-builder-workspace/.derivedData/Build/Intermediates.noindex/SoundManager.build/Debug-watchos/SoundManager-t.build/DerivedSources -Xcc -DSWIFT_PACKAGE -Xcc -DDEBUG\=1 -emit-objc-header -emit-objc-header-path /Users/admin/builder/spi-builder-workspace/.derivedData/Build/Intermediates.noindex/SoundManager.build/Debug-watchos/SoundManager-t.build/Objects-normal/arm64_32/SoundManager-Swift.h -working-directory /Users/admin/builder/spi-builder-workspace/.swiftpm/xcode -experimental-emit-module-separately -disable-cmo
SwiftDriver\ Compilation SwiftletUtilities normal arm64_32 com.apple.xcode.tools.swift.compiler (in target 'SwiftletUtilities' from project 'SwiftletUtilities')
cd /Users/admin/builder/spi-builder-workspace/.swiftpm/xcode
builtin-Swift-Compilation -- /Applications/Xcode-27.0.0-Release.Candidate.app/Contents/Developer/Toolchains/XcodeDefault.xctoolchain/usr/bin/swiftc -parse-as-library -module-name SwiftletUtilities -Onone @/Users/admin/builder/spi-builder-workspace/.derivedData/Build/Intermediates.noindex/SwiftletUtilities.build/Debug-watchos/SwiftletUtilities-t.build/Objects-normal/arm64_32/SwiftletUtilities.SwiftFileList -DSWIFT_PACKAGE -DDEBUG -DSWIFT_MODULE_RESOURCE_BUNDLE_AVAILABLE -DXcode -plugin-path /Applications/Xcode-27.0.0-Release.Candidate.app/Contents/Developer/Toolchains/XcodeDefault.xctoolchain/usr/lib/swift/host/plugins/testing -enable-experimental-feature DebugDescriptionMacro -sdk /Applications/Xcode-27.0.0-Release.Candidate.app/Contents/Developer/Platforms/WatchOS.platform/Developer/SDKs/WatchOS27.0.sdk -target arm64_32-apple-watchos26.0 -g -module-cache-path /Users/admin/builder/spi-builder-workspace/.derivedData/ModuleCache.noindex -Xfrontend -serialize-debugging-options -profile-coverage-mapping -profile-generate -enable-testing -suppress-warnings -index-store-path /Users/admin/builder/spi-builder-workspace/.derivedData/Index.noindex/DataStore -Xcc -D_LIBCPP_HARDENING_MODE\=_LIBCPP_HARDENING_MODE_DEBUG -swift-version 6 -I /Users/admin/builder/spi-builder-workspace/.derivedData/Build/Products/Debug-watchos -Isystem /Applications/Xcode-27.0.0-Release.Candidate.app/Contents/Developer/Platforms/WatchOS.platform/Developer/usr/lib -F /Users/admin/builder/spi-builder-workspace/.derivedData/Build/Products/Debug-watchos/PackageFrameworks -F /Users/admin/builder/spi-builder-workspace/.derivedData/Build/Products/Debug-watchos -F /Applications/Xcode-27.0.0-Release.Candidate.app/Contents/Developer/Platforms/WatchOS.platform/Developer/Library/Frameworks -F /Applications/Xcode-27.0.0-Release.Candidate.app/Contents/Developer/Platforms/WatchOS.platform/Developer/SDKs/WatchOS27.0.sdk/Developer/Library/Frameworks -c -j10 -enable-batch-mode -incremental -Xcc -ivfsstatcache -Xcc /Users/admin/builder/spi-builder-workspace/.derivedData/SDKStatCaches.noindex/watchos27.0-24R360-e829b21a6f8c9b70876ba0858053c04477534ef55a1706bf4c1112bbb242f0a2.sdkstatcache -output-file-map /Users/admin/builder/spi-builder-workspace/.derivedData/Build/Intermediates.noindex/SwiftletUtilities.build/Debug-watchos/SwiftletUtilities-t.build/Objects-normal/arm64_32/SwiftletUtilities-OutputFileMap.json -save-temps -no-color-diagnostics -explicit-module-build -module-cache-path /Users/admin/builder/spi-builder-workspace/.derivedData/Build/Intermediates.noindex/SwiftExplicitPrecompiledModules -clang-scanner-module-cache-path /Users/admin/builder/spi-builder-workspace/.derivedData/ModuleCache.noindex -sdk-module-cache-path /Users/admin/builder/spi-builder-workspace/.derivedData/SDKExplicitPrecompiledModules -emit-dependencies -emit-module -emit-module-path /Users/admin/builder/spi-builder-workspace/.derivedData/Build/Intermediates.noindex/SwiftletUtilities.build/Debug-watchos/SwiftletUtilities-t.build/Objects-normal/arm64_32/SwiftletUtilities.swiftmodule -serialize-diagnostics -dependency-scan-serialize-diagnostics-path /Users/admin/builder/spi-builder-workspace/.derivedData/Build/Intermediates.noindex/SwiftletUtilities.build/Debug-watchos/SwiftletUtilities-t.build/Objects-normal/arm64_32/SwiftletUtilities-dependency-scan.dia -user-module-version 2.1.4 -validate-clang-modules-once -clang-build-session-file /Users/admin/builder/spi-builder-workspace/.derivedData/ModuleCache.noindex/Session.modulevalidation -Xcc -fmodules-prune-interval\=86400 -Xcc -fmodules-prune-after\=345600 -package-name swiftletutilities -emit-const-values -const-gather-protocols-list /Users/admin/builder/spi-builder-workspace/.derivedData/Build/Intermediates.noindex/SwiftletUtilities.build/Debug-watchos/SwiftletUtilities-t.build/Objects-normal/arm64_32/SwiftletUtilities_const_extract_protocols.json -Xcc -I/Users/admin/builder/spi-builder-workspace/.derivedData/Build/Products/Debug-watchos/include -Xcc -I/Users/admin/builder/spi-builder-workspace/.derivedData/Build/Intermediates.noindex/SwiftletUtilities.build/Debug-watchos/SwiftletUtilities-t.build/DerivedSources-normal/arm64_32 -Xcc -I/Users/admin/builder/spi-builder-workspace/.derivedData/Build/Intermediates.noindex/SwiftletUtilities.build/Debug-watchos/SwiftletUtilities-t.build/DerivedSources/arm64_32 -Xcc -I/Users/admin/builder/spi-builder-workspace/.derivedData/Build/Intermediates.noindex/SwiftletUtilities.build/Debug-watchos/SwiftletUtilities-t.build/DerivedSources -Xcc -DSWIFT_PACKAGE -Xcc -DDEBUG\=1 -emit-objc-header -emit-objc-header-path /Users/admin/builder/spi-builder-workspace/.derivedData/Build/Intermediates.noindex/SwiftletUtilities.build/Debug-watchos/SwiftletUtilities-t.build/Objects-normal/arm64_32/SwiftletUtilities-Swift.h -working-directory /Users/admin/builder/spi-builder-workspace/.swiftpm/xcode -experimental-emit-module-separately -disable-cmo
SwiftEmitModule normal arm64_32 Emitting\ module\ for\ SwiftUIPanoramaViewer (in target 'SwiftUIPanoramaViewer' from project 'SwiftUIPanoramaViewer')
SwiftCompile normal arm64_32 (in target 'SwiftUIPanoramaViewer' from project 'SwiftUIPanoramaViewer')
cd /Users/admin/builder/spi-builder-workspace/.swiftpm/xcode
SwiftCompile normal arm64_32 Compiling\ CTPanoramaView.swift /Users/admin/builder/spi-builder-workspace/Sources/SwiftUIPanoramaViewer/Original/CTPanoramaView.swift (in target 'SwiftUIPanoramaViewer' from project 'SwiftUIPanoramaViewer')
SwiftCompile normal arm64_32 /Users/admin/builder/spi-builder-workspace/Sources/SwiftUIPanoramaViewer/Original/CTPanoramaView.swift (in target 'SwiftUIPanoramaViewer' from project 'SwiftUIPanoramaViewer')
cd /Users/admin/builder/spi-builder-workspace/.swiftpm/xcode
builtin-SwiftPerFileCompile CTPanoramaView.swift
SwiftCompile normal arm64_32 Compiling\ resource_bundle_accessor.swift /Users/admin/builder/spi-builder-workspace/.derivedData/Build/Intermediates.noindex/SwiftUIPanoramaViewer.build/Debug-watchos/SwiftUIPanoramaViewer-t.build/DerivedSources/resource_bundle_accessor.swift (in target 'SwiftUIPanoramaViewer' from project 'SwiftUIPanoramaViewer')
SwiftCompile normal arm64_32 /Users/admin/builder/spi-builder-workspace/.derivedData/Build/Intermediates.noindex/SwiftUIPanoramaViewer.build/Debug-watchos/SwiftUIPanoramaViewer-t.build/DerivedSources/resource_bundle_accessor.swift (in target 'SwiftUIPanoramaViewer' from project 'SwiftUIPanoramaViewer')
cd /Users/admin/builder/spi-builder-workspace/.swiftpm/xcode
builtin-SwiftPerFileCompile resource_bundle_accessor.swift
SwiftCompile normal arm64_32 Compiling\ EularAngleConverter.swift /Users/admin/builder/spi-builder-workspace/Sources/SwiftUIPanoramaViewer/Original/EularAngleConverter.swift (in target 'SwiftUIPanoramaViewer' from project 'SwiftUIPanoramaViewer')
SwiftCompile normal arm64_32 /Users/admin/builder/spi-builder-workspace/Sources/SwiftUIPanoramaViewer/Original/EularAngleConverter.swift (in target 'SwiftUIPanoramaViewer' from project 'SwiftUIPanoramaViewer')
cd /Users/admin/builder/spi-builder-workspace/.swiftpm/xcode
builtin-SwiftPerFileCompile EularAngleConverter.swift
SwiftCompile normal arm64_32 Compiling\ CTPieSliceView.swift /Users/admin/builder/spi-builder-workspace/Sources/SwiftUIPanoramaViewer/Original/CTPieSliceView.swift (in target 'SwiftUIPanoramaViewer' from project 'SwiftUIPanoramaViewer')
SwiftCompile normal arm64_32 /Users/admin/builder/spi-builder-workspace/Sources/SwiftUIPanoramaViewer/Original/CTPieSliceView.swift (in target 'SwiftUIPanoramaViewer' from project 'SwiftUIPanoramaViewer')
cd /Users/admin/builder/spi-builder-workspace/.swiftpm/xcode
builtin-SwiftPerFileCompile CTPieSliceView.swift
SwiftCompile normal arm64_32 Compiling\ CompassView.swift /Users/admin/builder/spi-builder-workspace/Sources/SwiftUIPanoramaViewer/Original/CompassView.swift (in target 'SwiftUIPanoramaViewer' from project 'SwiftUIPanoramaViewer')
/Users/admin/builder/spi-builder-workspace/Sources/SwiftUIPanoramaViewer/Original/CompassView.swift:62:37: error: cannot find type 'Context' in scope
60 | /// - Parameter context: The context to build the view in.
61 | /// - Returns: Returns the new `CompassView`.
62 | public func makeUIView(context: Context) -> UIViewType {
| `- error: cannot find type 'Context' in scope
63 | // Create and configure
64 | let view = CTPieSliceView()
/Users/admin/builder/spi-builder-workspace/Sources/SwiftUIPanoramaViewer/Original/CompassView.swift:80:61: error: cannot find type 'Context' in scope
78 | /// - uiView: The `CompassView` to update.
79 | /// - context: The update context.
80 | public func updateUIView(_ uiView: UIViewType, context: Context) {
| `- error: cannot find type 'Context' in scope
81 | //uiView.attributedText = text
82 | }
/Users/admin/builder/spi-builder-workspace/Sources/SwiftUIPanoramaViewer/Original/CompassView.swift:32:28: error: cannot find type 'UIViewRepresentable' in scope
30 | /// }
31 | /// ```
32 | public struct CompassView: UIViewRepresentable {
| `- error: cannot find type 'UIViewRepresentable' in scope
33 | /// The type of view being created and managed by `CompassView`.
34 | public typealias UIViewType = CTPieSliceView
/Users/admin/builder/spi-builder-workspace/Sources/SwiftUIPanoramaViewer/Original/CompassView.swift:64:20: error: 'init()' is unavailable in watchOS
62 | public func makeUIView(context: Context) -> UIViewType {
63 | // Create and configure
64 | let view = CTPieSliceView()
| `- error: 'init()' is unavailable in watchOS
65 | view.sliceColor = sliceColor
66 | view.outerRingColor = outerRingColor
/Applications/Xcode-27.0.0-Release.Candidate.app/Contents/Developer/Platforms/WatchOS.platform/Developer/SDKs/WatchOS27.0.sdk/System/Library/Frameworks/UIKit.framework/Headers/UIView.h:158:1: note: 'init()' has been explicitly marked unavailable here
156 | - (instancetype)initWithFrame:(CGRect)frame NS_DESIGNATED_INITIALIZER;
157 | - (nullable instancetype)initWithCoder:(NSCoder *)coder NS_DESIGNATED_INITIALIZER;
158 | - (instancetype)init API_AVAILABLE(ios(2.0), tvos(9.0), visionos(1.0)) API_UNAVAILABLE(watchos);
| `- note: 'init()' has been explicitly marked unavailable here
159 |
160 | @property(nonatomic,getter=isUserInteractionEnabled) BOOL userInteractionEnabled; // default is YES. if set to NO, user events (touch, keys) are ignored and removed from the event queue.
/Users/admin/builder/spi-builder-workspace/Sources/SwiftUIPanoramaViewer/Original/CompassView.swift:64:20: warning: call to main actor-isolated initializer 'init()' in a synchronous nonisolated context [#ActorIsolatedCall]
60 | /// - Parameter context: The context to build the view in.
61 | /// - Returns: Returns the new `CompassView`.
62 | public func makeUIView(context: Context) -> UIViewType {
| `- note: add '@MainActor' to make instance method 'makeUIView(context:)' part of global actor 'MainActor'
63 | // Create and configure
64 | let view = CTPieSliceView()
| `- warning: call to main actor-isolated initializer 'init()' in a synchronous nonisolated context [#ActorIsolatedCall]
65 | view.sliceColor = sliceColor
66 | view.outerRingColor = outerRingColor
/Applications/Xcode-27.0.0-Release.Candidate.app/Contents/Developer/Platforms/WatchOS.platform/Developer/SDKs/WatchOS27.0.sdk/System/Library/Frameworks/UIKit.framework/Headers/UIView.h:158:1: note: calls to initializer 'init()' from outside of its actor context are implicitly asynchronous
156 | - (instancetype)initWithFrame:(CGRect)frame NS_DESIGNATED_INITIALIZER;
157 | - (nullable instancetype)initWithCoder:(NSCoder *)coder NS_DESIGNATED_INITIALIZER;
158 | - (instancetype)init API_AVAILABLE(ios(2.0), tvos(9.0), visionos(1.0)) API_UNAVAILABLE(watchos);
| `- note: calls to initializer 'init()' from outside of its actor context are implicitly asynchronous
159 |
160 | @property(nonatomic,getter=isUserInteractionEnabled) BOOL userInteractionEnabled; // default is YES. if set to NO, user events (touch, keys) are ignored and removed from the event queue.
/Users/admin/builder/spi-builder-workspace/Sources/SwiftUIPanoramaViewer/Original/CompassView.swift:65:14: warning: main actor-isolated property 'sliceColor' can not be mutated from a nonisolated context
60 | /// - Parameter context: The context to build the view in.
61 | /// - Returns: Returns the new `CompassView`.
62 | public func makeUIView(context: Context) -> UIViewType {
| `- note: add '@MainActor' to make instance method 'makeUIView(context:)' part of global actor 'MainActor'
63 | // Create and configure
64 | let view = CTPieSliceView()
65 | view.sliceColor = sliceColor
| `- warning: main actor-isolated property 'sliceColor' can not be mutated from a nonisolated context
66 | view.outerRingColor = outerRingColor
67 | view.bgColor = bgColor
/Users/admin/builder/spi-builder-workspace/Sources/SwiftUIPanoramaViewer/Original/CTPieSliceView.swift:23:31: note: mutation of this property is only permitted within the actor
21 |
22 | /// The color of the indicator slice.
23 | @IBInspectable public var sliceColor: UIColor = .red {
| `- note: mutation of this property is only permitted within the actor
24 | didSet { setNeedsDisplay() }
25 | }
/Users/admin/builder/spi-builder-workspace/Sources/SwiftUIPanoramaViewer/Original/CompassView.swift:66:14: warning: main actor-isolated property 'outerRingColor' can not be mutated from a nonisolated context
60 | /// - Parameter context: The context to build the view in.
61 | /// - Returns: Returns the new `CompassView`.
62 | public func makeUIView(context: Context) -> UIViewType {
| `- note: add '@MainActor' to make instance method 'makeUIView(context:)' part of global actor 'MainActor'
63 | // Create and configure
64 | let view = CTPieSliceView()
65 | view.sliceColor = sliceColor
66 | view.outerRingColor = outerRingColor
| `- warning: main actor-isolated property 'outerRingColor' can not be mutated from a nonisolated context
67 | view.bgColor = bgColor
68 |
/Users/admin/builder/spi-builder-workspace/Sources/SwiftUIPanoramaViewer/Original/CTPieSliceView.swift:28:31: note: mutation of this property is only permitted within the actor
26 |
27 | /// The color of the outer ring.
28 | @IBInspectable public var outerRingColor: UIColor = .green {
| `- note: mutation of this property is only permitted within the actor
29 | didSet { setNeedsDisplay() }
30 | }
/Users/admin/builder/spi-builder-workspace/Sources/SwiftUIPanoramaViewer/Original/CompassView.swift:67:14: warning: main actor-isolated property 'bgColor' can not be mutated from a nonisolated context
60 | /// - Parameter context: The context to build the view in.
61 | /// - Returns: Returns the new `CompassView`.
62 | public func makeUIView(context: Context) -> UIViewType {
| `- note: add '@MainActor' to make instance method 'makeUIView(context:)' part of global actor 'MainActor'
63 | // Create and configure
64 | let view = CTPieSliceView()
65 | view.sliceColor = sliceColor
66 | view.outerRingColor = outerRingColor
67 | view.bgColor = bgColor
| `- warning: main actor-isolated property 'bgColor' can not be mutated from a nonisolated context
68 |
69 | // Attach compass to viewer
/Users/admin/builder/spi-builder-workspace/Sources/SwiftUIPanoramaViewer/Original/CTPieSliceView.swift:33:31: note: mutation of this property is only permitted within the actor
31 |
32 | /// The background color.
33 | @IBInspectable public var bgColor: UIColor = .black {
| `- note: mutation of this property is only permitted within the actor
34 | didSet { setNeedsDisplay() }
35 | }
[#ActorIsolatedCall]: <https://docs.swift.org/compiler/documentation/diagnostics/actor-isolated-call>
Failed frontend command:
/Applications/Xcode-27.0.0-Release.Candidate.app/Contents/Developer/Toolchains/XcodeDefault.xctoolchain/usr/bin/swift-frontend -frontend -c /Users/admin/builder/spi-builder-workspace/.derivedData/Build/Intermediates.noindex/SwiftUIPanoramaViewer.build/Debug-watchos/SwiftUIPanoramaViewer-t.build/DerivedSources/resource_bundle_accessor.swift /Users/admin/builder/spi-builder-workspace/Sources/SwiftUIPanoramaViewer/Original/CTPanoramaView.swift /Users/admin/builder/spi-builder-workspace/Sources/SwiftUIPanoramaViewer/Original/CTPieSliceView.swift -primary-file /Users/admin/builder/spi-builder-workspace/Sources/SwiftUIPanoramaViewer/Original/CompassView.swift /Users/admin/builder/spi-builder-workspace/Sources/SwiftUIPanoramaViewer/Original/EularAngleConverter.swift /Users/admin/builder/spi-builder-workspace/Sources/SwiftUIPanoramaViewer/Original/PanoramaManager.swift /Users/admin/builder/spi-builder-workspace/Sources/SwiftUIPanoramaViewer/Original/PanoramaViewer.swift /Users/admin/builder/spi-builder-workspace/Sources/SwiftUIPanoramaViewer/SwiftUIPanoramaViewer.swift -emit-dependencies-path /Users/admin/builder/spi-builder-workspace/.derivedData/Build/Intermediates.noindex/SwiftUIPanoramaViewer.build/Debug-watchos/SwiftUIPanoramaViewer-t.build/Objects-normal/arm64_32/CompassView.d -emit-const-values-path /Users/admin/builder/spi-builder-workspace/.derivedData/Build/Intermediates.noindex/SwiftUIPanoramaViewer.build/Debug-watchos/SwiftUIPanoramaViewer-t.build/Objects-normal/arm64_32/CompassView.swiftconstvalues -emit-reference-dependencies-path /Users/admin/builder/spi-builder-workspace/.derivedData/Build/Intermediates.noindex/SwiftUIPanoramaViewer.build/Debug-watchos/SwiftUIPanoramaViewer-t.build/Objects-normal/arm64_32/CompassView.swiftdeps -serialize-diagnostics-path /Users/admin/builder/spi-builder-workspace/.derivedData/Build/Intermediates.noindex/SwiftUIPanoramaViewer.build/Debug-watchos/SwiftUIPanoramaViewer-t.build/Objects-normal/arm64_32/CompassView.dia -target arm64_32-apple-watchos26.0 -disable-cross-import-overlay-search -swift-module-cross-import SceneKit /Applications/Xcode-27.0.0-Release.Candidate.app/Contents/Developer/Platforms/WatchOS.platform/Developer/SDKs/WatchOS.sdk/System/Library/Frameworks/SceneKit.framework/Modules/SceneKit.swiftcrossimport/SwiftUI.swiftoverlay -load-resolved-plugin /Applications/Xcode-27.0.0-Release.Candidate.app/Contents/Developer/Platforms/WatchOS.platform/Developer/usr/lib/swift/host/plugins/libFoundationMacros.dylib\#/Applications/Xcode-27.0.0-Release.Candidate.app/Contents/Developer/Platforms/WatchOS.platform/Developer/usr/bin/swift-plugin-server\#FoundationMacros -load-resolved-plugin /Applications/Xcode-27.0.0-Release.Candidate.app/Contents/Developer/Platforms/WatchOS.platform/Developer/usr/lib/swift/host/plugins/libObservationMacros.dylib\#/Applications/Xcode-27.0.0-Release.Candidate.app/Contents/Developer/Platforms/WatchOS.platform/Developer/usr/bin/swift-plugin-server\#ObservationMacros -load-resolved-plugin /Applications/Xcode-27.0.0-Release.Candidate.app/Contents/Developer/Platforms/WatchOS.platform/Developer/usr/lib/swift/host/plugins/libPreviewsMacros.dylib\#/Applications/Xcode-27.0.0-Release.Candidate.app/Contents/Developer/Platforms/WatchOS.platform/Developer/usr/bin/swift-plugin-server\#PreviewsMacros -load-resolved-plugin /Applications/Xcode-27.0.0-Release.Candidate.app/Contents/Developer/Platforms/WatchOS.platform/Developer/usr/lib/swift/host/plugins/libSwiftMacros.dylib\#/Applications/Xcode-27.0.0-Release.Candidate.app/Contents/Developer/Platforms/WatchOS.platform/Developer/usr/bin/swift-plugin-server\#SwiftMacros -load-resolved-plugin /Applications/Xcode-27.0.0-Release.Candidate.app/Contents/Developer/Platforms/WatchOS.platform/Developer/usr/lib/swift/host/plugins/libSwiftUIMacros.dylib\#/Applications/Xcode-27.0.0-Release.Candidate.app/Contents/Developer/Platforms/WatchOS.platform/Developer/usr/bin/swift-plugin-server\#SwiftUIMacros -disable-implicit-swift-modules -Xcc -fno-implicit-modules -Xcc -fno-implicit-module-maps -explicit-swift-module-map-file /Users/admin/builder/spi-builder-workspace/.derivedData/Build/Intermediates.noindex/SwiftUIPanoramaViewer.build/Debug-watchos/SwiftUIPanoramaViewer-t.build/Objects-normal/arm64_32/SwiftUIPanoramaViewer-dependencies-1.json -enable-objc-interop -sdk /Applications/Xcode-27.0.0-Release.Candidate.app/Contents/Developer/Platforms/WatchOS.platform/Developer/SDKs/WatchOS27.0.sdk -I /Users/admin/builder/spi-builder-workspace/.derivedData/Build/Products/Debug-watchos -Isystem /Applications/Xcode-27.0.0-Release.Candidate.app/Contents/Developer/Platforms/WatchOS.platform/Developer/usr/lib -F /Users/admin/builder/spi-builder-workspace/.derivedData/Build/Products/Debug-watchos/PackageFrameworks -F /Users/admin/builder/spi-builder-workspace/.derivedData/Build/Products/Debug-watchos -F /Applications/Xcode-27.0.0-Release.Candidate.app/Contents/Developer/Platforms/WatchOS.platform/Developer/Library/Frameworks -F /Applications/Xcode-27.0.0-Release.Candidate.app/Contents/Developer/Platforms/WatchOS.platform/Developer/SDKs/WatchOS27.0.sdk/Developer/Library/Frameworks -module-cache-path /Users/admin/builder/spi-builder-workspace/.derivedData/Build/Intermediates.noindex/SwiftExplicitPrecompiledModules -no-color-diagnostics -Xcc -fno-color-diagnostics -enable-testing -g -debug-info-format\=dwarf -dwarf-version\=5 -profile-generate -profile-coverage-mapping -swift-version 6 -Onone -D SWIFT_PACKAGE -D DEBUG -D SWIFT_MODULE_RESOURCE_BUNDLE_AVAILABLE -D Xcode -serialize-debugging-options -enable-experimental-feature DebugDescriptionMacro -empty-abi-descriptor -validate-clang-modules-once -clang-build-session-file /Users/admin/builder/spi-builder-workspace/.derivedData/ModuleCache.noindex/Session.modulevalidation -Xcc -working-directory -Xcc /Users/admin/builder/spi-builder-workspace/.swiftpm/xcode -enable-anonymous-context-mangled-names -file-compilation-dir /Users/admin/builder/spi-builder-workspace/.swiftpm/xcode -Xcc -D_LIBCPP_HARDENING_MODE\=_LIBCPP_HARDENING_MODE_DEBUG -Xcc -ivfsstatcache -Xcc /Users/admin/builder/spi-builder-workspace/.derivedData/SDKStatCaches.noindex/watchos27.0-24R360-e829b21a6f8c9b70876ba0858053c04477534ef55a1706bf4c1112bbb242f0a2.sdkstatcache -Xcc -fmodules-prune-interval\=86400 -Xcc -fmodules-prune-after\=345600 -Xcc -I/Users/admin/builder/spi-builder-workspace/.derivedData/Build/Products/Debug-watchos/include -Xcc -I/Users/admin/builder/spi-builder-workspace/.derivedData/Build/Intermediates.noindex/SwiftUIPanoramaViewer.build/Debug-watchos/SwiftUIPanoramaViewer-t.build/DerivedSources-normal/arm64_32 -Xcc -I/Users/admin/builder/spi-builder-workspace/.derivedData/Build/Intermediates.noindex/SwiftUIPanoramaViewer.build/Debug-watchos/SwiftUIPanoramaViewer-t.build/DerivedSources/arm64_32 -Xcc -I/Users/admin/builder/spi-builder-workspace/.derivedData/Build/Intermediates.noindex/SwiftUIPanoramaViewer.build/Debug-watchos/SwiftUIPanoramaViewer-t.build/DerivedSources -Xcc -DSWIFT_PACKAGE -Xcc -DDEBUG\=1 -no-auto-bridging-header-chaining -module-name SwiftUIPanoramaViewer -package-name spi_builder_workspace -const-gather-protocols-file /Users/admin/builder/spi-builder-workspace/.derivedData/Build/Intermediates.noindex/SwiftUIPanoramaViewer.build/Debug-watchos/SwiftUIPanoramaViewer-t.build/Objects-normal/arm64_32/SwiftUIPanoramaViewer_const_extract_protocols.json -disable-clang-spi -clang-target arm64_32-apple-watchos27.0 -target-sdk-version 27.0 -target-sdk-name watchos27.0 -in-process-plugin-server-path /Applications/Xcode-27.0.0-Release.Candidate.app/Contents/Developer/Toolchains/XcodeDefault.xctoolchain/usr/lib/swift/host/libSwiftInProcPluginServer.dylib -parse-as-library -o /Users/admin/builder/spi-builder-workspace/.derivedData/Build/Intermediates.noindex/SwiftUIPanoramaViewer.build/Debug-watchos/SwiftUIPanoramaViewer-t.build/Objects-normal/arm64_32/CompassView.o -debug-module-path /Users/admin/builder/spi-builder-workspace/.derivedData/Build/Intermediates.noindex/SwiftUIPanoramaViewer.build/Debug-watchos/SwiftUIPanoramaViewer-t.build/Objects-normal/arm64_32/SwiftUIPanoramaViewer.swiftmodule -index-unit-output-path /SwiftUIPanoramaViewer.build/Debug-watchos/SwiftUIPanoramaViewer-t.build/Objects-normal/arm64_32/CompassView.o -index-store-path /Users/admin/builder/spi-builder-workspace/.derivedData/Index.noindex/DataStore -index-system-modules
SwiftCompile normal arm64_32 /Users/admin/builder/spi-builder-workspace/Sources/SwiftUIPanoramaViewer/Original/CompassView.swift (in target 'SwiftUIPanoramaViewer' from project 'SwiftUIPanoramaViewer')
cd /Users/admin/builder/spi-builder-workspace/.swiftpm/xcode
builtin-SwiftPerFileCompile CompassView.swift
SwiftEmitModule normal arm64 Emitting\ module\ for\ SoundManager (in target 'SoundManager' from project 'SoundManager')
SwiftCompile normal arm64 (in target 'SoundManager' from project 'SoundManager')
cd /Users/admin/builder/spi-builder-workspace/.swiftpm/xcode
SwiftCompile normal arm64_32 Compiling\ PanoramaManager.swift /Users/admin/builder/spi-builder-workspace/Sources/SwiftUIPanoramaViewer/Original/PanoramaManager.swift (in target 'SwiftUIPanoramaViewer' from project 'SwiftUIPanoramaViewer')
SwiftCompile normal arm64_32 /Users/admin/builder/spi-builder-workspace/Sources/SwiftUIPanoramaViewer/Original/PanoramaManager.swift (in target 'SwiftUIPanoramaViewer' from project 'SwiftUIPanoramaViewer')
cd /Users/admin/builder/spi-builder-workspace/.swiftpm/xcode
builtin-SwiftPerFileCompile PanoramaManager.swift
SwiftCompile normal arm64_32 Compiling\ SwiftUIPanoramaViewer.swift /Users/admin/builder/spi-builder-workspace/Sources/SwiftUIPanoramaViewer/SwiftUIPanoramaViewer.swift (in target 'SwiftUIPanoramaViewer' from project 'SwiftUIPanoramaViewer')
SwiftCompile normal arm64_32 (in target 'SwiftUIPanoramaViewer' from project 'SwiftUIPanoramaViewer')
cd /Users/admin/builder/spi-builder-workspace/.swiftpm/xcode
SwiftEmitModule normal arm64 Emitting\ module\ for\ SwiftUIPanoramaViewer (in target 'SwiftUIPanoramaViewer' from project 'SwiftUIPanoramaViewer')
SwiftCompile normal arm64 (in target 'SwiftUIPanoramaViewer' from project 'SwiftUIPanoramaViewer')
cd /Users/admin/builder/spi-builder-workspace/.swiftpm/xcode
Ld /Users/admin/builder/spi-builder-workspace/.derivedData/Build/Intermediates.noindex/SwiftletUtilities.build/Debug-watchos/SwiftletUtilities-t.build/Objects-normal/arm64_32/Binary/SwiftletUtilities.o normal arm64_32 (in target 'SwiftletUtilities' from project 'SwiftletUtilities')
cd /Users/admin/builder/spi-builder-workspace/.dependencies/checkouts/SwiftletUtilities
/Applications/Xcode-27.0.0-Release.Candidate.app/Contents/Developer/Toolchains/XcodeDefault.xctoolchain/usr/bin/clang -Xlinker -reproducible -target arm64_32-apple-watchos26.0 -r -isysroot /Applications/Xcode-27.0.0-Release.Candidate.app/Contents/Developer/Platforms/WatchOS.platform/Developer/SDKs/WatchOS27.0.sdk -O0 -w -Xlinker -no_warn_duplicate_libraries -F/Users/admin/builder/spi-builder-workspace/.derivedData/Build/Intermediates.noindex/EagerLinkingTBDs/Debug-watchos -F/Users/admin/builder/spi-builder-workspace/.derivedData/Build/Products/Debug-watchos/PackageFrameworks -F/Users/admin/builder/spi-builder-workspace/.derivedData/Build/Products/Debug-watchos -iframework /Applications/Xcode-27.0.0-Release.Candidate.app/Contents/Developer/Platforms/WatchOS.platform/Developer/Library/Frameworks -iframework /Applications/Xcode-27.0.0-Release.Candidate.app/Contents/Developer/Platforms/WatchOS.platform/Developer/SDKs/WatchOS27.0.sdk/Developer/Library/Frameworks -filelist /Users/admin/builder/spi-builder-workspace/.derivedData/Build/Intermediates.noindex/SwiftletUtilities.build/Debug-watchos/SwiftletUtilities-t.build/Objects-normal/arm64_32/SwiftletUtilities.LinkFileList -nostdlib -Xlinker -object_path_lto -Xlinker /Users/admin/builder/spi-builder-workspace/.derivedData/Build/Intermediates.noindex/SwiftletUtilities.build/Debug-watchos/SwiftletUtilities-t.build/Objects-normal/arm64_32/SwiftletUtilities_lto.o -Xlinker -no_deduplicate -Xlinker -debug_variant -Xlinker -dependency_info -Xlinker /Users/admin/builder/spi-builder-workspace/.derivedData/Build/Intermediates.noindex/SwiftletUtilities.build/Debug-watchos/SwiftletUtilities-t.build/Objects-normal/arm64_32/SwiftletUtilities_dependency_info.dat -fobjc-link-runtime -L/Applications/Xcode-27.0.0-Release.Candidate.app/Contents/Developer/Toolchains/XcodeDefault.xctoolchain/usr/lib/swift/watchos -L/usr/lib/swift -Xlinker -add_ast_path -Xlinker /Users/admin/builder/spi-builder-workspace/.derivedData/Build/Intermediates.noindex/SwiftletUtilities.build/Debug-watchos/SwiftletUtilities-t.build/Objects-normal/arm64_32/SwiftletUtilities.swiftmodule -o /Users/admin/builder/spi-builder-workspace/.derivedData/Build/Intermediates.noindex/SwiftletUtilities.build/Debug-watchos/SwiftletUtilities-t.build/Objects-normal/arm64_32/Binary/SwiftletUtilities.o
SwiftDriverJobDiscovery normal arm64_32 Compiling SwiftUIPanoramaViewer.swift (in target 'SwiftUIPanoramaViewer' from project 'SwiftUIPanoramaViewer')
SwiftEmitModule normal arm64_32 Emitting\ module\ for\ SoundManager (in target 'SoundManager' from project 'SoundManager')
SwiftCompile normal arm64_32 (in target 'SoundManager' from project 'SoundManager')
cd /Users/admin/builder/spi-builder-workspace/.swiftpm/xcode
PruneExplicitPrecompiledModules /Users/admin/builder/spi-builder-workspace/.derivedData/SDKExplicitPrecompiledModules
PruneExplicitPrecompiledModules /Users/admin/builder/spi-builder-workspace/.derivedData/Build/Intermediates.noindex/ExplicitPrecompiledModules
PruneExplicitPrecompiledModules /Users/admin/builder/spi-builder-workspace/.derivedData/Build/Intermediates.noindex/SwiftExplicitPrecompiledModules
2026-09-27 13:19:55.447 xcodebuild[1003:5979] [MT] IDERunDestination: Supported platforms for the buildables in the current scheme is empty.
** BUILD FAILED **
The following build commands failed:
SwiftCompile normal arm64_32 Compiling\ CompassView.swift /Users/admin/builder/spi-builder-workspace/Sources/SwiftUIPanoramaViewer/Original/CompassView.swift (in target 'SwiftUIPanoramaViewer' from project 'SwiftUIPanoramaViewer')
SwiftCompile normal arm64_32 /Users/admin/builder/spi-builder-workspace/Sources/SwiftUIPanoramaViewer/Original/CompassView.swift (in target 'SwiftUIPanoramaViewer' from project 'SwiftUIPanoramaViewer')
Building workspace SwiftUIPanoramaViewer with scheme SwiftUIPanoramaViewer
(3 failures)
BUILD FAILURE 6.4 watchOS