The Swift Package Index logo.Swift Package Index

Build Information

Failed to build HealthKitOnOMH, reference 0.1.2 (904a2c), with Swift 6.4 for tvOS using Xcode 27.0 on 21 Sep 2026 22:12:36 UTC.

Build Command

env DEVELOPER_DIR=/Applications/Xcode-27.0.0-Release.Candidate.app xcrun xcodebuild -IDEClonedSourcePackagesDirPathOverride=$PWD/.dependencies -skipMacroValidation -skipPackagePluginValidation -derivedDataPath $PWD/.derivedData build -scheme HealthKitOnOMH -destination generic/platform=tvOS

Build Log

========================================
RunAll
========================================
Builder version: 5.1.0
Interrupt handler set up.
========================================
Checkout
========================================
Clone URL: https://github.com/StanfordBDHG/HealthKitOnOMH.git
Reference: 0.1.2
Initialized empty Git repository in /Users/admin/builder/spi-builder-workspace/.git/
From https://github.com/StanfordBDHG/HealthKitOnOMH
 * tag               0.1.2      -> FETCH_HEAD
HEAD is now at 904a2cb Convert unit tests to Swift Testing (#15)
Cloned https://github.com/StanfordBDHG/HealthKitOnOMH.git
Revision (git rev-parse @):
904a2cb6fa7f21dc43d5bad2bdb4783d535f9c6e
SPI manifest file found: $PWD/.spi.yml
SUCCESS checkout https://github.com/StanfordBDHG/HealthKitOnOMH.git at 0.1.2
========================================
Build
========================================
Selected platform:         tvOS
Swift version:             6.4
Building package at path:  $PWD
https://github.com/StanfordBDHG/HealthKitOnOMH.git
Command line invocation:
    /Applications/Xcode-27.0.0-Release.Candidate.app/Contents/Developer/usr/bin/xcodebuild -IDEClonedSourcePackagesDirPathOverride=/Users/admin/builder/spi-builder-workspace/.dependencies -resolvePackageDependencies
Resolve Package Graph
Fetching from https://github.com/StanfordBDHG/OMHModels.git
Creating working copy of package ‘OMHModels’
Checking out 0.2.0 of package ‘OMHModels’
Resolve Package Graph
Resolved source packages:
  OMHModels: https://github.com/StanfordBDHG/OMHModels.git @ 0.2.0
  HealthKitOnOMH: /Users/admin/builder/spi-builder-workspace
resolved source packages: OMHModels, HealthKitOnOMH
2026-09-21 18:11:43.984 xcodebuild[525:2984] [MT] IDERunDestination: Supported platforms for the buildables in the current scheme is empty.
{
  "dependencies" : [
    {
      "identity" : "omhmodels",
      "requirement" : {
        "range" : [
          {
            "lower_bound" : "0.1.0",
            "upper_bound" : "1.0.0"
          }
        ]
      },
      "type" : "sourceControl",
      "url" : "https://github.com/StanfordBDHG/OMHModels.git"
    }
  ],
  "manifest_display_name" : "HealthKitOnOMH",
  "name" : "HealthKitOnOMH",
  "path" : "/Users/admin/builder/spi-builder-workspace",
  "platforms" : [
    {
      "name" : "ios",
      "version" : "16.0"
    }
  ],
  "products" : [
    {
      "name" : "HealthKitOnOMH",
      "targets" : [
        "HealthKitOnOMH"
      ],
      "type" : {
        "library" : [
          "automatic"
        ]
      }
    }
  ],
  "targets" : [
    {
      "c99name" : "HealthKitOnOMHTests",
      "module_type" : "SwiftTarget",
      "name" : "HealthKitOnOMHTests",
      "path" : "Tests/HealthKitOnOMHTests",
      "sources" : [
        "HealthKitOnOMHTests.swift"
      ],
      "target_dependencies" : [
        "HealthKitOnOMH"
      ],
      "type" : "test"
    },
    {
      "c99name" : "HealthKitOnOMH",
      "module_type" : "SwiftTarget",
      "name" : "HealthKitOnOMH",
      "path" : "Sources/HealthKitOnOMH",
      "product_dependencies" : [
        "OMHModels"
      ],
      "product_memberships" : [
        "HealthKitOnOMH"
      ],
      "sources" : [
        "HealthKit Extensions/HKQuantitySample+OMH.swift",
        "HealthKit Extensions/SchemaDataPoint.swift",
        "HealthKitOnOMHError.swift"
      ],
      "type" : "library"
    }
  ],
  "tools_version" : "6.0"
}
{
  "workspace" : {
    "name" : "HealthKitOnOMH",
    "schemes" : [
      "HealthKitOnOMH"
    ]
  }
}
2026-09-21 18:12:25.439 xcodebuild[681:4236] [MT] IDERunDestination: Supported platforms for the buildables in the current scheme is empty.
Running build ...
env DEVELOPER_DIR=/Applications/Xcode-27.0.0-Release.Candidate.app xcrun xcodebuild -IDEClonedSourcePackagesDirPathOverride=$PWD/.dependencies -skipMacroValidation -skipPackagePluginValidation -derivedDataPath $PWD/.derivedData build -scheme HealthKitOnOMH -destination generic/platform=tvOS
Command line invocation:
    /Applications/Xcode-27.0.0-Release.Candidate.app/Contents/Developer/usr/bin/xcodebuild -IDEClonedSourcePackagesDirPathOverride=/Users/admin/builder/spi-builder-workspace/.dependencies -skipMacroValidation -skipPackagePluginValidation -derivedDataPath /Users/admin/builder/spi-builder-workspace/.derivedData build -scheme HealthKitOnOMH -destination generic/platform=tvOS
Resolve Package Graph
Resolve Package Graph
Resolved source packages:
  OMHModels: https://github.com/StanfordBDHG/OMHModels.git @ 0.2.0
  HealthKitOnOMH: /Users/admin/builder/spi-builder-workspace
ComputePackagePrebuildTargetDependencyGraph
Prepare packages
CreateBuildRequest
SendProjectDescription
CreateBuildOperation
ComputeTargetDependencyGraph
note: Building targets in dependency order
note: Target dependency graph (4 targets)
    Target 'HealthKitOnOMH-product' in project 'HealthKitOnOMH'
        ➜ Explicit dependency on target 'HealthKitOnOMH' in project 'HealthKitOnOMH'
        ➜ Explicit dependency on target 'OMHModels-product' in project 'OMHModels'
    Target 'HealthKitOnOMH' in project 'HealthKitOnOMH'
        ➜ Explicit dependency on target 'OMHModels-product' in project 'OMHModels'
    Target 'OMHModels-product' in project 'OMHModels'
        ➜ Explicit dependency on target 'OMHModels' in project 'OMHModels'
    Target 'OMHModels' in project 'OMHModels' (no dependencies)
GatherProvisioningInputs
CreateBuildDescription
ExecuteExternalTool /Applications/Xcode-27.0.0-Release.Candidate.app/Contents/Developer/Toolchains/XcodeDefault.xctoolchain/usr/bin/clang -v -E -dM -isysroot /Applications/Xcode-27.0.0-Release.Candidate.app/Contents/Developer/Platforms/AppleTVOS.platform/Developer/SDKs/AppleTVOS27.0.sdk -x c -c /dev/null
ExecuteExternalTool /Applications/Xcode-27.0.0-Release.Candidate.app/Contents/Developer/Toolchains/XcodeDefault.xctoolchain/usr/bin/swiftc --version
ExecuteExternalTool /Applications/Xcode-27.0.0-Release.Candidate.app/Contents/Developer/Toolchains/XcodeDefault.xctoolchain/usr/bin/ld -version_details
Build description signature: 77f437b1ae9265892cea6a512a2fa7db
Build description path: /Users/admin/builder/spi-builder-workspace/.derivedData/Build/Intermediates.noindex/XCBuildData/77f437b1ae9265892cea6a512a2fa7db.xcbuilddata
CreateBuildDirectory /Users/admin/builder/spi-builder-workspace/.derivedData/ModuleCache.noindex
    cd /Users/admin/builder/spi-builder-workspace/.swiftpm/xcode
    builtin-create-build-directory /Users/admin/builder/spi-builder-workspace/.derivedData/ModuleCache.noindex
CreateBuildDirectory /Users/admin/builder/spi-builder-workspace/.derivedData/CompilationCache.noindex
    cd /Users/admin/builder/spi-builder-workspace/.swiftpm/xcode
    builtin-create-build-directory /Users/admin/builder/spi-builder-workspace/.derivedData/CompilationCache.noindex
CreateBuildDirectory /Users/admin/builder/spi-builder-workspace/.derivedData/SDKExplicitPrecompiledModules
    cd /Users/admin/builder/spi-builder-workspace/.swiftpm/xcode
    builtin-create-build-directory /Users/admin/builder/spi-builder-workspace/.derivedData/SDKExplicitPrecompiledModules
ClangStatCache /Applications/Xcode-27.0.0-Release.Candidate.app/Contents/Developer/Toolchains/XcodeDefault.xctoolchain/usr/bin/clang-stat-cache /Applications/Xcode-27.0.0-Release.Candidate.app/Contents/Developer/Platforms/AppleTVOS.platform/Developer/SDKs/AppleTVOS27.0.sdk /Users/admin/builder/spi-builder-workspace/.derivedData/SDKStatCaches.noindex/appletvos27.0-24J360-e829b21a6f8c9b70876ba0858053c044b32bfd8d43560033f8d89884cdb90028.sdkstatcache
    cd /Users/admin/builder/spi-builder-workspace/.swiftpm/xcode
    /Applications/Xcode-27.0.0-Release.Candidate.app/Contents/Developer/Toolchains/XcodeDefault.xctoolchain/usr/bin/clang-stat-cache /Applications/Xcode-27.0.0-Release.Candidate.app/Contents/Developer/Platforms/AppleTVOS.platform/Developer/SDKs/AppleTVOS27.0.sdk -o /Users/admin/builder/spi-builder-workspace/.derivedData/SDKStatCaches.noindex/appletvos27.0-24J360-e829b21a6f8c9b70876ba0858053c044b32bfd8d43560033f8d89884cdb90028.sdkstatcache
CreateBuildDirectory /Users/admin/builder/spi-builder-workspace/.derivedData/Build/Products
    cd /Users/admin/builder/spi-builder-workspace/.swiftpm/xcode
    builtin-create-build-directory /Users/admin/builder/spi-builder-workspace/.derivedData/Build/Products
CreateBuildDirectory /Users/admin/builder/spi-builder-workspace/.derivedData/Build/Intermediates.noindex
    cd /Users/admin/builder/spi-builder-workspace/.swiftpm/xcode
    builtin-create-build-directory /Users/admin/builder/spi-builder-workspace/.derivedData/Build/Intermediates.noindex
CreateBuildDirectory /Users/admin/builder/spi-builder-workspace/.derivedData/Build/Intermediates.noindex/ExplicitPrecompiledModules
    cd /Users/admin/builder/spi-builder-workspace/.swiftpm/xcode
    builtin-create-build-directory /Users/admin/builder/spi-builder-workspace/.derivedData/Build/Intermediates.noindex/ExplicitPrecompiledModules
CreateBuildDirectory /Users/admin/builder/spi-builder-workspace/.derivedData/Build/Intermediates.noindex/PrecompiledHeaders
    cd /Users/admin/builder/spi-builder-workspace/.swiftpm/xcode
    builtin-create-build-directory /Users/admin/builder/spi-builder-workspace/.derivedData/Build/Intermediates.noindex/PrecompiledHeaders
CreateBuildDirectory /Users/admin/builder/spi-builder-workspace/.derivedData/Build/Intermediates.noindex/SwiftExplicitPrecompiledModules
    cd /Users/admin/builder/spi-builder-workspace/.swiftpm/xcode
    builtin-create-build-directory /Users/admin/builder/spi-builder-workspace/.derivedData/Build/Intermediates.noindex/SwiftExplicitPrecompiledModules
CreateBuildDirectory /Users/admin/builder/spi-builder-workspace/.derivedData/Build/Intermediates.noindex/EagerLinkingTBDs/Debug-appletvos
    cd /Users/admin/builder/spi-builder-workspace/.swiftpm/xcode
    builtin-create-build-directory /Users/admin/builder/spi-builder-workspace/.derivedData/Build/Intermediates.noindex/EagerLinkingTBDs/Debug-appletvos
CreateBuildDirectory /Users/admin/builder/spi-builder-workspace/.derivedData/Build/Products/Debug-appletvos
    cd /Users/admin/builder/spi-builder-workspace/.swiftpm/xcode
    builtin-create-build-directory /Users/admin/builder/spi-builder-workspace/.derivedData/Build/Products/Debug-appletvos
CreateBuildDirectory /Users/admin/builder/spi-builder-workspace/.derivedData/Build/Products/Debug-appletvos/PackageFrameworks
    cd /Users/admin/builder/spi-builder-workspace/.swiftpm/xcode
    builtin-create-build-directory /Users/admin/builder/spi-builder-workspace/.derivedData/Build/Products/Debug-appletvos/PackageFrameworks
WriteAuxiliaryFile /Users/admin/builder/spi-builder-workspace/.derivedData/Build/Intermediates.noindex/OMHModels.build/Debug-appletvos/OMHModels-t.build/OMHModels.modulemap (in target 'OMHModels' from project 'OMHModels')
    cd /Users/admin/builder/spi-builder-workspace/.dependencies/checkouts/OMHModels
    write-file /Users/admin/builder/spi-builder-workspace/.derivedData/Build/Intermediates.noindex/OMHModels.build/Debug-appletvos/OMHModels-t.build/OMHModels.modulemap
WriteAuxiliaryFile /Users/admin/builder/spi-builder-workspace/.derivedData/Build/Intermediates.noindex/OMHModels.build/Debug-appletvos/OMHModels-t.build/Objects-normal/arm64/OMHModels-OutputFileMap.json (in target 'OMHModels' from project 'OMHModels')
    cd /Users/admin/builder/spi-builder-workspace/.dependencies/checkouts/OMHModels
    write-file /Users/admin/builder/spi-builder-workspace/.derivedData/Build/Intermediates.noindex/OMHModels.build/Debug-appletvos/OMHModels-t.build/Objects-normal/arm64/OMHModels-OutputFileMap.json
WriteAuxiliaryFile /Users/admin/builder/spi-builder-workspace/.derivedData/Build/Intermediates.noindex/OMHModels.build/Debug-appletvos/OMHModels-t.build/Objects-normal/arm64/OMHModels.SwiftFileList (in target 'OMHModels' from project 'OMHModels')
    cd /Users/admin/builder/spi-builder-workspace/.dependencies/checkouts/OMHModels
    write-file /Users/admin/builder/spi-builder-workspace/.derivedData/Build/Intermediates.noindex/OMHModels.build/Debug-appletvos/OMHModels-t.build/Objects-normal/arm64/OMHModels.SwiftFileList
WriteAuxiliaryFile /Users/admin/builder/spi-builder-workspace/.derivedData/Build/Intermediates.noindex/OMHModels.build/Debug-appletvos/OMHModels-t.build/Objects-normal/arm64/OMHModels_const_extract_protocols.json (in target 'OMHModels' from project 'OMHModels')
    cd /Users/admin/builder/spi-builder-workspace/.dependencies/checkouts/OMHModels
    write-file /Users/admin/builder/spi-builder-workspace/.derivedData/Build/Intermediates.noindex/OMHModels.build/Debug-appletvos/OMHModels-t.build/Objects-normal/arm64/OMHModels_const_extract_protocols.json
WriteAuxiliaryFile /Users/admin/builder/spi-builder-workspace/.derivedData/Build/Intermediates.noindex/OMHModels.build/Debug-appletvos/OMHModels-t.build/Objects-normal/arm64/OMHModels.LinkFileList (in target 'OMHModels' from project 'OMHModels')
    cd /Users/admin/builder/spi-builder-workspace/.dependencies/checkouts/OMHModels
    write-file /Users/admin/builder/spi-builder-workspace/.derivedData/Build/Intermediates.noindex/OMHModels.build/Debug-appletvos/OMHModels-t.build/Objects-normal/arm64/OMHModels.LinkFileList
WriteAuxiliaryFile /Users/admin/builder/spi-builder-workspace/.derivedData/Build/Intermediates.noindex/OMHModels.build/Debug-appletvos/OMHModels-t.build/Objects-normal/arm64/OMHModels.SwiftConstValuesFileList (in target 'OMHModels' from project 'OMHModels')
    cd /Users/admin/builder/spi-builder-workspace/.dependencies/checkouts/OMHModels
    write-file /Users/admin/builder/spi-builder-workspace/.derivedData/Build/Intermediates.noindex/OMHModels.build/Debug-appletvos/OMHModels-t.build/Objects-normal/arm64/OMHModels.SwiftConstValuesFileList
WriteAuxiliaryFile /Users/admin/builder/spi-builder-workspace/.derivedData/Build/Intermediates.noindex/OMHModels.build/Debug-appletvos/OMHModels-t.build/OMHModels.DependencyStaticMetadataFileList (in target 'OMHModels' from project 'OMHModels')
    cd /Users/admin/builder/spi-builder-workspace/.dependencies/checkouts/OMHModels
    write-file /Users/admin/builder/spi-builder-workspace/.derivedData/Build/Intermediates.noindex/OMHModels.build/Debug-appletvos/OMHModels-t.build/OMHModels.DependencyStaticMetadataFileList
WriteAuxiliaryFile /Users/admin/builder/spi-builder-workspace/.derivedData/Build/Intermediates.noindex/OMHModels.build/Debug-appletvos/OMHModels-t.build/OMHModels.DependencyMetadataFileList (in target 'OMHModels' from project 'OMHModels')
    cd /Users/admin/builder/spi-builder-workspace/.dependencies/checkouts/OMHModels
    write-file /Users/admin/builder/spi-builder-workspace/.derivedData/Build/Intermediates.noindex/OMHModels.build/Debug-appletvos/OMHModels-t.build/OMHModels.DependencyMetadataFileList
WriteAuxiliaryFile /Users/admin/builder/spi-builder-workspace/.derivedData/Build/Intermediates.noindex/HealthKitOnOMH.build/Debug-appletvos/HealthKitOnOMH-t.build/Objects-normal/arm64/HealthKitOnOMH_const_extract_protocols.json (in target 'HealthKitOnOMH' from project 'HealthKitOnOMH')
    cd /Users/admin/builder/spi-builder-workspace
    write-file /Users/admin/builder/spi-builder-workspace/.derivedData/Build/Intermediates.noindex/HealthKitOnOMH.build/Debug-appletvos/HealthKitOnOMH-t.build/Objects-normal/arm64/HealthKitOnOMH_const_extract_protocols.json
WriteAuxiliaryFile /Users/admin/builder/spi-builder-workspace/.derivedData/Build/Intermediates.noindex/HealthKitOnOMH.build/Debug-appletvos/HealthKitOnOMH-t.build/Objects-normal/arm64/HealthKitOnOMH.SwiftFileList (in target 'HealthKitOnOMH' from project 'HealthKitOnOMH')
    cd /Users/admin/builder/spi-builder-workspace
    write-file /Users/admin/builder/spi-builder-workspace/.derivedData/Build/Intermediates.noindex/HealthKitOnOMH.build/Debug-appletvos/HealthKitOnOMH-t.build/Objects-normal/arm64/HealthKitOnOMH.SwiftFileList
WriteAuxiliaryFile /Users/admin/builder/spi-builder-workspace/.derivedData/Build/Intermediates.noindex/HealthKitOnOMH.build/Debug-appletvos/HealthKitOnOMH-t.build/Objects-normal/arm64/HealthKitOnOMH.SwiftConstValuesFileList (in target 'HealthKitOnOMH' from project 'HealthKitOnOMH')
    cd /Users/admin/builder/spi-builder-workspace
    write-file /Users/admin/builder/spi-builder-workspace/.derivedData/Build/Intermediates.noindex/HealthKitOnOMH.build/Debug-appletvos/HealthKitOnOMH-t.build/Objects-normal/arm64/HealthKitOnOMH.SwiftConstValuesFileList
WriteAuxiliaryFile /Users/admin/builder/spi-builder-workspace/.derivedData/Build/Intermediates.noindex/HealthKitOnOMH.build/Debug-appletvos/HealthKitOnOMH-t.build/Objects-normal/arm64/HealthKitOnOMH.LinkFileList (in target 'HealthKitOnOMH' from project 'HealthKitOnOMH')
    cd /Users/admin/builder/spi-builder-workspace
    write-file /Users/admin/builder/spi-builder-workspace/.derivedData/Build/Intermediates.noindex/HealthKitOnOMH.build/Debug-appletvos/HealthKitOnOMH-t.build/Objects-normal/arm64/HealthKitOnOMH.LinkFileList
WriteAuxiliaryFile /Users/admin/builder/spi-builder-workspace/.derivedData/Build/Intermediates.noindex/HealthKitOnOMH.build/Debug-appletvos/HealthKitOnOMH-t.build/Objects-normal/arm64/HealthKitOnOMH-OutputFileMap.json (in target 'HealthKitOnOMH' from project 'HealthKitOnOMH')
    cd /Users/admin/builder/spi-builder-workspace
    write-file /Users/admin/builder/spi-builder-workspace/.derivedData/Build/Intermediates.noindex/HealthKitOnOMH.build/Debug-appletvos/HealthKitOnOMH-t.build/Objects-normal/arm64/HealthKitOnOMH-OutputFileMap.json
WriteAuxiliaryFile /Users/admin/builder/spi-builder-workspace/.derivedData/Build/Intermediates.noindex/HealthKitOnOMH.build/Debug-appletvos/HealthKitOnOMH-t.build/HealthKitOnOMH.modulemap (in target 'HealthKitOnOMH' from project 'HealthKitOnOMH')
    cd /Users/admin/builder/spi-builder-workspace
    write-file /Users/admin/builder/spi-builder-workspace/.derivedData/Build/Intermediates.noindex/HealthKitOnOMH.build/Debug-appletvos/HealthKitOnOMH-t.build/HealthKitOnOMH.modulemap
WriteAuxiliaryFile /Users/admin/builder/spi-builder-workspace/.derivedData/Build/Intermediates.noindex/HealthKitOnOMH.build/Debug-appletvos/HealthKitOnOMH-t.build/HealthKitOnOMH.DependencyStaticMetadataFileList (in target 'HealthKitOnOMH' from project 'HealthKitOnOMH')
    cd /Users/admin/builder/spi-builder-workspace
    write-file /Users/admin/builder/spi-builder-workspace/.derivedData/Build/Intermediates.noindex/HealthKitOnOMH.build/Debug-appletvos/HealthKitOnOMH-t.build/HealthKitOnOMH.DependencyStaticMetadataFileList
WriteAuxiliaryFile /Users/admin/builder/spi-builder-workspace/.derivedData/Build/Intermediates.noindex/HealthKitOnOMH.build/Debug-appletvos/HealthKitOnOMH-t.build/HealthKitOnOMH.DependencyMetadataFileList (in target 'HealthKitOnOMH' from project 'HealthKitOnOMH')
    cd /Users/admin/builder/spi-builder-workspace
    write-file /Users/admin/builder/spi-builder-workspace/.derivedData/Build/Intermediates.noindex/HealthKitOnOMH.build/Debug-appletvos/HealthKitOnOMH-t.build/HealthKitOnOMH.DependencyMetadataFileList
Copy /Users/admin/builder/spi-builder-workspace/.derivedData/Build/Intermediates.noindex/GeneratedModuleMaps-appletvos/OMHModels.modulemap /Users/admin/builder/spi-builder-workspace/.derivedData/Build/Intermediates.noindex/OMHModels.build/Debug-appletvos/OMHModels-t.build/OMHModels.modulemap (in target 'OMHModels' from project 'OMHModels')
    cd /Users/admin/builder/spi-builder-workspace/.dependencies/checkouts/OMHModels
    builtin-copy -exclude .DS_Store -exclude CVS -exclude .svn -exclude .git -exclude .hg -resolve-src-symlinks /Users/admin/builder/spi-builder-workspace/.derivedData/Build/Intermediates.noindex/OMHModels.build/Debug-appletvos/OMHModels-t.build/OMHModels.modulemap /Users/admin/builder/spi-builder-workspace/.derivedData/Build/Intermediates.noindex/GeneratedModuleMaps-appletvos
Copy /Users/admin/builder/spi-builder-workspace/.derivedData/Build/Intermediates.noindex/GeneratedModuleMaps-appletvos/HealthKitOnOMH.modulemap /Users/admin/builder/spi-builder-workspace/.derivedData/Build/Intermediates.noindex/HealthKitOnOMH.build/Debug-appletvos/HealthKitOnOMH-t.build/HealthKitOnOMH.modulemap (in target 'HealthKitOnOMH' from project 'HealthKitOnOMH')
    cd /Users/admin/builder/spi-builder-workspace
    builtin-copy -exclude .DS_Store -exclude CVS -exclude .svn -exclude .git -exclude .hg -resolve-src-symlinks /Users/admin/builder/spi-builder-workspace/.derivedData/Build/Intermediates.noindex/HealthKitOnOMH.build/Debug-appletvos/HealthKitOnOMH-t.build/HealthKitOnOMH.modulemap /Users/admin/builder/spi-builder-workspace/.derivedData/Build/Intermediates.noindex/GeneratedModuleMaps-appletvos
SwiftDriver OMHModels normal arm64 com.apple.xcode.tools.swift.compiler (in target 'OMHModels' from project 'OMHModels')
    cd /Users/admin/builder/spi-builder-workspace/.swiftpm/xcode
    builtin-SwiftDriver -- /Applications/Xcode-27.0.0-Release.Candidate.app/Contents/Developer/Toolchains/XcodeDefault.xctoolchain/usr/bin/swiftc -parse-as-library -module-name OMHModels -Onone @/Users/admin/builder/spi-builder-workspace/.derivedData/Build/Intermediates.noindex/OMHModels.build/Debug-appletvos/OMHModels-t.build/Objects-normal/arm64/OMHModels.SwiftFileList -DSWIFT_PACKAGE -DDEBUG -DSWIFT_MODULE_RESOURCE_BUNDLE_UNAVAILABLE -DXcode -plugin-path /Applications/Xcode-27.0.0-Release.Candidate.app/Contents/Developer/Toolchains/XcodeDefault.xctoolchain/usr/lib/swift/host/plugins/testing -enable-experimental-feature DebugDescriptionMacro -sdk /Applications/Xcode-27.0.0-Release.Candidate.app/Contents/Developer/Platforms/AppleTVOS.platform/Developer/SDKs/AppleTVOS27.0.sdk -target arm64-apple-tvos16.0 -g -module-cache-path /Users/admin/builder/spi-builder-workspace/.derivedData/ModuleCache.noindex -Xfrontend -serialize-debugging-options -profile-coverage-mapping -profile-generate -enable-testing -suppress-warnings -index-store-path /Users/admin/builder/spi-builder-workspace/.derivedData/Index.noindex/DataStore -Xcc -D_LIBCPP_HARDENING_MODE\=_LIBCPP_HARDENING_MODE_DEBUG -swift-version 6 -I /Users/admin/builder/spi-builder-workspace/.derivedData/Build/Products/Debug-appletvos -Isystem /Applications/Xcode-27.0.0-Release.Candidate.app/Contents/Developer/Platforms/AppleTVOS.platform/Developer/usr/lib -F /Users/admin/builder/spi-builder-workspace/.derivedData/Build/Products/Debug-appletvos -F /Applications/Xcode-27.0.0-Release.Candidate.app/Contents/Developer/Platforms/AppleTVOS.platform/Developer/Library/Frameworks -F /Applications/Xcode-27.0.0-Release.Candidate.app/Contents/Developer/Platforms/AppleTVOS.platform/Developer/SDKs/AppleTVOS27.0.sdk/Developer/Library/Frameworks -c -j10 -enable-batch-mode -incremental -Xcc -ivfsstatcache -Xcc /Users/admin/builder/spi-builder-workspace/.derivedData/SDKStatCaches.noindex/appletvos27.0-24J360-e829b21a6f8c9b70876ba0858053c044b32bfd8d43560033f8d89884cdb90028.sdkstatcache -output-file-map /Users/admin/builder/spi-builder-workspace/.derivedData/Build/Intermediates.noindex/OMHModels.build/Debug-appletvos/OMHModels-t.build/Objects-normal/arm64/OMHModels-OutputFileMap.json -save-temps -no-color-diagnostics -explicit-module-build -module-cache-path /Users/admin/builder/spi-builder-workspace/.derivedData/Build/Intermediates.noindex/SwiftExplicitPrecompiledModules -clang-scanner-module-cache-path /Users/admin/builder/spi-builder-workspace/.derivedData/ModuleCache.noindex -sdk-module-cache-path /Users/admin/builder/spi-builder-workspace/.derivedData/SDKExplicitPrecompiledModules -emit-dependencies -emit-module -emit-module-path /Users/admin/builder/spi-builder-workspace/.derivedData/Build/Intermediates.noindex/OMHModels.build/Debug-appletvos/OMHModels-t.build/Objects-normal/arm64/OMHModels.swiftmodule -serialize-diagnostics -dependency-scan-serialize-diagnostics-path /Users/admin/builder/spi-builder-workspace/.derivedData/Build/Intermediates.noindex/OMHModels.build/Debug-appletvos/OMHModels-t.build/Objects-normal/arm64/OMHModels-dependency-scan.dia -user-module-version 0.2.0 -validate-clang-modules-once -clang-build-session-file /Users/admin/builder/spi-builder-workspace/.derivedData/ModuleCache.noindex/Session.modulevalidation -Xcc -fmodules-prune-interval\=86400 -Xcc -fmodules-prune-after\=345600 -package-name omhmodels -emit-const-values -const-gather-protocols-list /Users/admin/builder/spi-builder-workspace/.derivedData/Build/Intermediates.noindex/OMHModels.build/Debug-appletvos/OMHModels-t.build/Objects-normal/arm64/OMHModels_const_extract_protocols.json -Xcc -I/Users/admin/builder/spi-builder-workspace/.derivedData/Build/Products/Debug-appletvos/include -Xcc -I/Users/admin/builder/spi-builder-workspace/.derivedData/Build/Intermediates.noindex/OMHModels.build/Debug-appletvos/OMHModels-t.build/DerivedSources-normal/arm64 -Xcc -I/Users/admin/builder/spi-builder-workspace/.derivedData/Build/Intermediates.noindex/OMHModels.build/Debug-appletvos/OMHModels-t.build/DerivedSources/arm64 -Xcc -I/Users/admin/builder/spi-builder-workspace/.derivedData/Build/Intermediates.noindex/OMHModels.build/Debug-appletvos/OMHModels-t.build/DerivedSources -Xcc -DSWIFT_PACKAGE -Xcc -DDEBUG\=1 -emit-objc-header -emit-objc-header-path /Users/admin/builder/spi-builder-workspace/.derivedData/Build/Intermediates.noindex/OMHModels.build/Debug-appletvos/OMHModels-t.build/Objects-normal/arm64/OMHModels-Swift.h -working-directory /Users/admin/builder/spi-builder-workspace/.swiftpm/xcode -experimental-emit-module-separately -disable-cmo
SwiftExplicitDependencyGeneratePcm arm64 /Users/admin/builder/spi-builder-workspace/.derivedData/SDKExplicitPrecompiledModules/_Builtin_stdbool-4UUPXTY52W6RPSB0N2WGGLTJT.pcm
SwiftExplicitDependencyGeneratePcm arm64 /Users/admin/builder/spi-builder-workspace/.derivedData/SDKExplicitPrecompiledModules/ptrauth-EMKXYE8GN9BK4M3ODSTVDUJU2.pcm
SwiftExplicitDependencyGeneratePcm arm64 /Users/admin/builder/spi-builder-workspace/.derivedData/SDKExplicitPrecompiledModules/_AvailabilityInternal-99L1JVU5TYE8S0FGGB7E09QQS.pcm
SwiftExplicitDependencyGeneratePcm arm64 /Users/admin/builder/spi-builder-workspace/.derivedData/SDKExplicitPrecompiledModules/_SwiftConcurrencyShims-3HZGHPZQL3GY71QUHDRB0P39S.pcm
SwiftExplicitDependencyGeneratePcm arm64 /Users/admin/builder/spi-builder-workspace/.derivedData/SDKExplicitPrecompiledModules/SwiftShims-73G9EXEO9PVWB6PL1BR4TAJ0B.pcm
SwiftExplicitDependencyGeneratePcm arm64 /Users/admin/builder/spi-builder-workspace/.derivedData/SDKExplicitPrecompiledModules/_Builtin_stdarg-719DH4G2R3NRP3HRX5HE8WX08.pcm
SwiftExplicitDependencyGeneratePcm arm64 /Users/admin/builder/spi-builder-workspace/.derivedData/SDKExplicitPrecompiledModules/_Builtin_stddef-1MAO6P3OSQFGZFQEPM31XXNSS.pcm
SwiftExplicitDependencyGeneratePcm arm64 /Users/admin/builder/spi-builder-workspace/.derivedData/SDKExplicitPrecompiledModules/_Builtin_float-3RF4B70MBHPP952AX3GNZ8W3H.pcm
SwiftExplicitDependencyGeneratePcm arm64 /Users/admin/builder/spi-builder-workspace/.derivedData/SDKExplicitPrecompiledModules/ptrcheck-BA65H1NXYZJ0BLLWO9HZOAZ6Y.pcm
SwiftExplicitDependencyGeneratePcm arm64 /Users/admin/builder/spi-builder-workspace/.derivedData/SDKExplicitPrecompiledModules/_DarwinFoundation1-90NUFDXQ765U5FR62173FT21A.pcm
SwiftExplicitDependencyGeneratePcm arm64 /Users/admin/builder/spi-builder-workspace/.derivedData/SDKExplicitPrecompiledModules/_Builtin_limits-3JICJWOCEYXXXNXAMEJBF6UQN.pcm
SwiftExplicitDependencyGeneratePcm arm64 /Users/admin/builder/spi-builder-workspace/.derivedData/SDKExplicitPrecompiledModules/_DarwinFoundation2-EPKSYG5WMVE7WSPFQB4C0UC59.pcm
SwiftExplicitDependencyGeneratePcm arm64 /Users/admin/builder/spi-builder-workspace/.derivedData/SDKExplicitPrecompiledModules/string_h-B6D36UOVIZC2Y0YE3KEZLZAP6.pcm
SwiftExplicitDependencyGeneratePcm arm64 /Users/admin/builder/spi-builder-workspace/.derivedData/SDKExplicitPrecompiledModules/sys_types-CATSGLJDZ8UZUMKHO6M4I4PJT.pcm
SwiftExplicitDependencyGeneratePcm arm64 /Users/admin/builder/spi-builder-workspace/.derivedData/SDKExplicitPrecompiledModules/_Builtin_stdint-A8OKY0NXO26BZ4GWYKP79TKL9.pcm
SwiftExplicitDependencyGeneratePcm arm64 /Users/admin/builder/spi-builder-workspace/.derivedData/SDKExplicitPrecompiledModules/_DarwinFoundation3-63L5I5VCGX6CLI6HI7OWUXJN6.pcm
SwiftExplicitDependencyGeneratePcm arm64 /Users/admin/builder/spi-builder-workspace/.derivedData/SDKExplicitPrecompiledModules/_Builtin_inttypes-80RS02PM2X81SP8N0Q7X05540.pcm
SwiftExplicitDependencyGeneratePcm arm64 /Users/admin/builder/spi-builder-workspace/.derivedData/SDKExplicitPrecompiledModules/Darwin-1VTILT8KA42CNDAUB0H1FM7MC.pcm
SwiftExplicitDependencyGeneratePcm arm64 /Users/admin/builder/spi-builder-workspace/.derivedData/SDKExplicitPrecompiledModules/ObjectiveC-CC0BYHG21IQMMT48PGDNSK7G6.pcm
SwiftExplicitDependencyGeneratePcm arm64 /Users/admin/builder/spi-builder-workspace/.derivedData/SDKExplicitPrecompiledModules/os_object-1TJLDNS7X3UT7Y5TM4QQ2RN6G.pcm
SwiftExplicitDependencyGeneratePcm arm64 /Users/admin/builder/spi-builder-workspace/.derivedData/SDKExplicitPrecompiledModules/os_workgroup-E61GF9E8FAHZGKXVOV9QHUD27.pcm
SwiftExplicitDependencyGeneratePcm arm64 /Users/admin/builder/spi-builder-workspace/.derivedData/SDKExplicitPrecompiledModules/Dispatch-F564M6B2H1RRD83XZ8EBWFSHE.pcm
SwiftExplicitDependencyGeneratePcm arm64 /Users/admin/builder/spi-builder-workspace/.derivedData/SDKExplicitPrecompiledModules/CoreFoundation-A4LOYEEJIFQKOPZRDOG9M3N2K.pcm
SwiftExplicitDependencyGeneratePcm arm64 /Users/admin/builder/spi-builder-workspace/.derivedData/SDKExplicitPrecompiledModules/XPC-2WVXL0UION0MYZOZAJZC6DUXD.pcm
SwiftExplicitDependencyGeneratePcm arm64 /Users/admin/builder/spi-builder-workspace/.derivedData/SDKExplicitPrecompiledModules/Security-6KU6X9W8QDIJW83JUF0DRES83.pcm
SwiftExplicitDependencyGeneratePcm arm64 /Users/admin/builder/spi-builder-workspace/.derivedData/SDKExplicitPrecompiledModules/CFNetwork-8S7XZ5SI3TWM2JOZPDZPRY8W9.pcm
SwiftExplicitDependencyGeneratePcm arm64 /Users/admin/builder/spi-builder-workspace/.derivedData/SDKExplicitPrecompiledModules/Foundation-1AS5K10MY6XENLLR2NDUCKYTM.pcm
SwiftEmitModule normal arm64 Emitting\ module\ for\ OMHModels (in target 'OMHModels' from project 'OMHModels')
SwiftCompile normal arm64 (in target 'OMHModels' from project 'OMHModels')
    cd /Users/admin/builder/spi-builder-workspace/.swiftpm/xcode

SwiftCompile normal arm64 Compiling\ LengthUnitValue.swift,\ MassUnitValue.swift,\ Modality.swift,\ OxygenSaturation.swift,\ OxygenSaturationUnitValue.swift,\ PartOfDay.swift,\ PhysicalActivity.swift /Users/admin/builder/spi-builder-workspace/.dependencies/checkouts/OMHModels/Sources/OMHModels/LengthUnitValue.swift /Users/admin/builder/spi-builder-workspace/.dependencies/checkouts/OMHModels/Sources/OMHModels/MassUnitValue.swift /Users/admin/builder/spi-builder-workspace/.dependencies/checkouts/OMHModels/Sources/OMHModels/Modality.swift /Users/admin/builder/spi-builder-workspace/.dependencies/checkouts/OMHModels/Sources/OMHModels/OxygenSaturation.swift /Users/admin/builder/spi-builder-workspace/.dependencies/checkouts/OMHModels/Sources/OMHModels/OxygenSaturationUnitValue.swift /Users/admin/builder/spi-builder-workspace/.dependencies/checkouts/OMHModels/Sources/OMHModels/PartOfDay.swift /Users/admin/builder/spi-builder-workspace/.dependencies/checkouts/OMHModels/Sources/OMHModels/PhysicalActivity.swift (in target 'OMHModels' from project 'OMHModels')
SwiftCompile normal arm64 /Users/admin/builder/spi-builder-workspace/.dependencies/checkouts/OMHModels/Sources/OMHModels/LengthUnitValue.swift (in target 'OMHModels' from project 'OMHModels')
    cd /Users/admin/builder/spi-builder-workspace/.swiftpm/xcode
    builtin-SwiftPerFileCompile LengthUnitValue.swift
SwiftCompile normal arm64 /Users/admin/builder/spi-builder-workspace/.dependencies/checkouts/OMHModels/Sources/OMHModels/MassUnitValue.swift (in target 'OMHModels' from project 'OMHModels')
    cd /Users/admin/builder/spi-builder-workspace/.swiftpm/xcode
    builtin-SwiftPerFileCompile MassUnitValue.swift
SwiftCompile normal arm64 /Users/admin/builder/spi-builder-workspace/.dependencies/checkouts/OMHModels/Sources/OMHModels/Modality.swift (in target 'OMHModels' from project 'OMHModels')
    cd /Users/admin/builder/spi-builder-workspace/.swiftpm/xcode
    builtin-SwiftPerFileCompile Modality.swift
SwiftCompile normal arm64 /Users/admin/builder/spi-builder-workspace/.dependencies/checkouts/OMHModels/Sources/OMHModels/OxygenSaturation.swift (in target 'OMHModels' from project 'OMHModels')
    cd /Users/admin/builder/spi-builder-workspace/.swiftpm/xcode
    builtin-SwiftPerFileCompile OxygenSaturation.swift
SwiftCompile normal arm64 /Users/admin/builder/spi-builder-workspace/.dependencies/checkouts/OMHModels/Sources/OMHModels/OxygenSaturationUnitValue.swift (in target 'OMHModels' from project 'OMHModels')
    cd /Users/admin/builder/spi-builder-workspace/.swiftpm/xcode
    builtin-SwiftPerFileCompile OxygenSaturationUnitValue.swift
SwiftCompile normal arm64 /Users/admin/builder/spi-builder-workspace/.dependencies/checkouts/OMHModels/Sources/OMHModels/PartOfDay.swift (in target 'OMHModels' from project 'OMHModels')
    cd /Users/admin/builder/spi-builder-workspace/.swiftpm/xcode
    builtin-SwiftPerFileCompile PartOfDay.swift
SwiftCompile normal arm64 /Users/admin/builder/spi-builder-workspace/.dependencies/checkouts/OMHModels/Sources/OMHModels/PhysicalActivity.swift (in target 'OMHModels' from project 'OMHModels')
    cd /Users/admin/builder/spi-builder-workspace/.swiftpm/xcode
    builtin-SwiftPerFileCompile PhysicalActivity.swift
SwiftCompile normal arm64 Compiling\ SurveyCategoricalAnswer.swift,\ SurveyDateAnswer.swift,\ SurveyItem.swift,\ SurveyQuestion.swift,\ SurveyTimeAnswer.swift,\ SurveyUnitValueAnswer.swift /Users/admin/builder/spi-builder-workspace/.dependencies/checkouts/OMHModels/Sources/OMHModels/SurveyCategoricalAnswer.swift /Users/admin/builder/spi-builder-workspace/.dependencies/checkouts/OMHModels/Sources/OMHModels/SurveyDateAnswer.swift /Users/admin/builder/spi-builder-workspace/.dependencies/checkouts/OMHModels/Sources/OMHModels/SurveyItem.swift /Users/admin/builder/spi-builder-workspace/.dependencies/checkouts/OMHModels/Sources/OMHModels/SurveyQuestion.swift /Users/admin/builder/spi-builder-workspace/.dependencies/checkouts/OMHModels/Sources/OMHModels/SurveyTimeAnswer.swift /Users/admin/builder/spi-builder-workspace/.dependencies/checkouts/OMHModels/Sources/OMHModels/SurveyUnitValueAnswer.swift (in target 'OMHModels' from project 'OMHModels')
SwiftCompile normal arm64 /Users/admin/builder/spi-builder-workspace/.dependencies/checkouts/OMHModels/Sources/OMHModels/SurveyCategoricalAnswer.swift (in target 'OMHModels' from project 'OMHModels')
    cd /Users/admin/builder/spi-builder-workspace/.swiftpm/xcode
    builtin-SwiftPerFileCompile SurveyCategoricalAnswer.swift
SwiftCompile normal arm64 /Users/admin/builder/spi-builder-workspace/.dependencies/checkouts/OMHModels/Sources/OMHModels/SurveyDateAnswer.swift (in target 'OMHModels' from project 'OMHModels')
    cd /Users/admin/builder/spi-builder-workspace/.swiftpm/xcode
    builtin-SwiftPerFileCompile SurveyDateAnswer.swift
SwiftCompile normal arm64 /Users/admin/builder/spi-builder-workspace/.dependencies/checkouts/OMHModels/Sources/OMHModels/SurveyItem.swift (in target 'OMHModels' from project 'OMHModels')
    cd /Users/admin/builder/spi-builder-workspace/.swiftpm/xcode
    builtin-SwiftPerFileCompile SurveyItem.swift
SwiftCompile normal arm64 /Users/admin/builder/spi-builder-workspace/.dependencies/checkouts/OMHModels/Sources/OMHModels/SurveyQuestion.swift (in target 'OMHModels' from project 'OMHModels')
    cd /Users/admin/builder/spi-builder-workspace/.swiftpm/xcode
    builtin-SwiftPerFileCompile SurveyQuestion.swift
SwiftCompile normal arm64 /Users/admin/builder/spi-builder-workspace/.dependencies/checkouts/OMHModels/Sources/OMHModels/SurveyTimeAnswer.swift (in target 'OMHModels' from project 'OMHModels')
    cd /Users/admin/builder/spi-builder-workspace/.swiftpm/xcode
    builtin-SwiftPerFileCompile SurveyTimeAnswer.swift
SwiftCompile normal arm64 /Users/admin/builder/spi-builder-workspace/.dependencies/checkouts/OMHModels/Sources/OMHModels/SurveyUnitValueAnswer.swift (in target 'OMHModels' from project 'OMHModels')
    cd /Users/admin/builder/spi-builder-workspace/.swiftpm/xcode
    builtin-SwiftPerFileCompile SurveyUnitValueAnswer.swift
SwiftCompile normal arm64 Compiling\ TimeUnit.swift,\ TimeWindow.swift,\ TotalSleepTime.swift,\ TypedUnitValue.swift,\ TypedUnitValueRange.swift,\ UnitProtocol.swift /Users/admin/builder/spi-builder-workspace/.dependencies/checkouts/OMHModels/Sources/OMHModels/TimeUnit.swift /Users/admin/builder/spi-builder-workspace/.dependencies/checkouts/OMHModels/Sources/OMHModels/TimeWindow.swift /Users/admin/builder/spi-builder-workspace/.dependencies/checkouts/OMHModels/Sources/OMHModels/TotalSleepTime.swift /Users/admin/builder/spi-builder-workspace/.dependencies/checkouts/OMHModels/Sources/OMHModels/TypedUnitValue.swift /Users/admin/builder/spi-builder-workspace/.dependencies/checkouts/OMHModels/Sources/OMHModels/TypedUnitValueRange.swift /Users/admin/builder/spi-builder-workspace/.dependencies/checkouts/OMHModels/Sources/OMHModels/UnitProtocol.swift (in target 'OMHModels' from project 'OMHModels')
SwiftCompile normal arm64 /Users/admin/builder/spi-builder-workspace/.dependencies/checkouts/OMHModels/Sources/OMHModels/TimeUnit.swift (in target 'OMHModels' from project 'OMHModels')
    cd /Users/admin/builder/spi-builder-workspace/.swiftpm/xcode
    builtin-SwiftPerFileCompile TimeUnit.swift
SwiftCompile normal arm64 /Users/admin/builder/spi-builder-workspace/.dependencies/checkouts/OMHModels/Sources/OMHModels/TimeWindow.swift (in target 'OMHModels' from project 'OMHModels')
    cd /Users/admin/builder/spi-builder-workspace/.swiftpm/xcode
    builtin-SwiftPerFileCompile TimeWindow.swift
SwiftCompile normal arm64 /Users/admin/builder/spi-builder-workspace/.dependencies/checkouts/OMHModels/Sources/OMHModels/TotalSleepTime.swift (in target 'OMHModels' from project 'OMHModels')
    cd /Users/admin/builder/spi-builder-workspace/.swiftpm/xcode
    builtin-SwiftPerFileCompile TotalSleepTime.swift
SwiftCompile normal arm64 /Users/admin/builder/spi-builder-workspace/.dependencies/checkouts/OMHModels/Sources/OMHModels/TypedUnitValue.swift (in target 'OMHModels' from project 'OMHModels')
    cd /Users/admin/builder/spi-builder-workspace/.swiftpm/xcode
    builtin-SwiftPerFileCompile TypedUnitValue.swift
SwiftCompile normal arm64 /Users/admin/builder/spi-builder-workspace/.dependencies/checkouts/OMHModels/Sources/OMHModels/TypedUnitValueRange.swift (in target 'OMHModels' from project 'OMHModels')
    cd /Users/admin/builder/spi-builder-workspace/.swiftpm/xcode
    builtin-SwiftPerFileCompile TypedUnitValueRange.swift
SwiftCompile normal arm64 /Users/admin/builder/spi-builder-workspace/.dependencies/checkouts/OMHModels/Sources/OMHModels/UnitProtocol.swift (in target 'OMHModels' from project 'OMHModels')
    cd /Users/admin/builder/spi-builder-workspace/.swiftpm/xcode
    builtin-SwiftPerFileCompile UnitProtocol.swift
SwiftCompile normal arm64 Compiling\ BodyHeight.swift,\ BodyLocation.swift,\ BodyMassIndex.swift,\ BodyMassIndexUnitValue.swift,\ BodyPosture.swift,\ BodyTemperature.swift,\ BodyWeight.swift /Users/admin/builder/spi-builder-workspace/.dependencies/checkouts/OMHModels/Sources/OMHModels/BodyHeight.swift /Users/admin/builder/spi-builder-workspace/.dependencies/checkouts/OMHModels/Sources/OMHModels/BodyLocation.swift /Users/admin/builder/spi-builder-workspace/.dependencies/checkouts/OMHModels/Sources/OMHModels/BodyMassIndex.swift /Users/admin/builder/spi-builder-workspace/.dependencies/checkouts/OMHModels/Sources/OMHModels/BodyMassIndexUnitValue.swift /Users/admin/builder/spi-builder-workspace/.dependencies/checkouts/OMHModels/Sources/OMHModels/BodyPosture.swift /Users/admin/builder/spi-builder-workspace/.dependencies/checkouts/OMHModels/Sources/OMHModels/BodyTemperature.swift /Users/admin/builder/spi-builder-workspace/.dependencies/checkouts/OMHModels/Sources/OMHModels/BodyWeight.swift (in target 'OMHModels' from project 'OMHModels')
SwiftCompile normal arm64 /Users/admin/builder/spi-builder-workspace/.dependencies/checkouts/OMHModels/Sources/OMHModels/BodyHeight.swift (in target 'OMHModels' from project 'OMHModels')
    cd /Users/admin/builder/spi-builder-workspace/.swiftpm/xcode
    builtin-SwiftPerFileCompile BodyHeight.swift
SwiftCompile normal arm64 /Users/admin/builder/spi-builder-workspace/.dependencies/checkouts/OMHModels/Sources/OMHModels/BodyLocation.swift (in target 'OMHModels' from project 'OMHModels')
    cd /Users/admin/builder/spi-builder-workspace/.swiftpm/xcode
    builtin-SwiftPerFileCompile BodyLocation.swift
SwiftCompile normal arm64 /Users/admin/builder/spi-builder-workspace/.dependencies/checkouts/OMHModels/Sources/OMHModels/BodyMassIndex.swift (in target 'OMHModels' from project 'OMHModels')
    cd /Users/admin/builder/spi-builder-workspace/.swiftpm/xcode
    builtin-SwiftPerFileCompile BodyMassIndex.swift
SwiftCompile normal arm64 /Users/admin/builder/spi-builder-workspace/.dependencies/checkouts/OMHModels/Sources/OMHModels/BodyMassIndexUnitValue.swift (in target 'OMHModels' from project 'OMHModels')
    cd /Users/admin/builder/spi-builder-workspace/.swiftpm/xcode
    builtin-SwiftPerFileCompile BodyMassIndexUnitValue.swift
SwiftCompile normal arm64 /Users/admin/builder/spi-builder-workspace/.dependencies/checkouts/OMHModels/Sources/OMHModels/BodyPosture.swift (in target 'OMHModels' from project 'OMHModels')
    cd /Users/admin/builder/spi-builder-workspace/.swiftpm/xcode
    builtin-SwiftPerFileCompile BodyPosture.swift
SwiftCompile normal arm64 /Users/admin/builder/spi-builder-workspace/.dependencies/checkouts/OMHModels/Sources/OMHModels/BodyTemperature.swift (in target 'OMHModels' from project 'OMHModels')
    cd /Users/admin/builder/spi-builder-workspace/.swiftpm/xcode
    builtin-SwiftPerFileCompile BodyTemperature.swift
SwiftCompile normal arm64 /Users/admin/builder/spi-builder-workspace/.dependencies/checkouts/OMHModels/Sources/OMHModels/BodyWeight.swift (in target 'OMHModels' from project 'OMHModels')
    cd /Users/admin/builder/spi-builder-workspace/.swiftpm/xcode
    builtin-SwiftPerFileCompile BodyWeight.swift
SwiftCompile normal arm64 Compiling\ TemperatureUnitValue.swift,\ TemporalRelationshipToMeal.swift,\ TemporalRelationshipToPhysicalActivity.swift,\ TemporalRelationshipToSleep.swift,\ TimeFrame.swift,\ TimeInterval.swift /Users/admin/builder/spi-builder-workspace/.dependencies/checkouts/OMHModels/Sources/OMHModels/TemperatureUnitValue.swift /Users/admin/builder/spi-builder-workspace/.dependencies/checkouts/OMHModels/Sources/OMHModels/TemporalRelationshipToMeal.swift /Users/admin/builder/spi-builder-workspace/.dependencies/checkouts/OMHModels/Sources/OMHModels/TemporalRelationshipToPhysicalActivity.swift /Users/admin/builder/spi-builder-workspace/.dependencies/checkouts/OMHModels/Sources/OMHModels/TemporalRelationshipToSleep.swift /Users/admin/builder/spi-builder-workspace/.dependencies/checkouts/OMHModels/Sources/OMHModels/TimeFrame.swift /Users/admin/builder/spi-builder-workspace/.dependencies/checkouts/OMHModels/Sources/OMHModels/TimeInterval.swift (in target 'OMHModels' from project 'OMHModels')
SwiftCompile normal arm64 /Users/admin/builder/spi-builder-workspace/.dependencies/checkouts/OMHModels/Sources/OMHModels/TemperatureUnitValue.swift (in target 'OMHModels' from project 'OMHModels')
    cd /Users/admin/builder/spi-builder-workspace/.swiftpm/xcode
    builtin-SwiftPerFileCompile TemperatureUnitValue.swift
SwiftCompile normal arm64 /Users/admin/builder/spi-builder-workspace/.dependencies/checkouts/OMHModels/Sources/OMHModels/TemporalRelationshipToMeal.swift (in target 'OMHModels' from project 'OMHModels')
    cd /Users/admin/builder/spi-builder-workspace/.swiftpm/xcode
    builtin-SwiftPerFileCompile TemporalRelationshipToMeal.swift
SwiftCompile normal arm64 /Users/admin/builder/spi-builder-workspace/.dependencies/checkouts/OMHModels/Sources/OMHModels/TemporalRelationshipToPhysicalActivity.swift (in target 'OMHModels' from project 'OMHModels')
    cd /Users/admin/builder/spi-builder-workspace/.swiftpm/xcode
    builtin-SwiftPerFileCompile TemporalRelationshipToPhysicalActivity.swift
SwiftCompile normal arm64 /Users/admin/builder/spi-builder-workspace/.dependencies/checkouts/OMHModels/Sources/OMHModels/TemporalRelationshipToSleep.swift (in target 'OMHModels' from project 'OMHModels')
    cd /Users/admin/builder/spi-builder-workspace/.swiftpm/xcode
    builtin-SwiftPerFileCompile TemporalRelationshipToSleep.swift
SwiftCompile normal arm64 /Users/admin/builder/spi-builder-workspace/.dependencies/checkouts/OMHModels/Sources/OMHModels/TimeFrame.swift (in target 'OMHModels' from project 'OMHModels')
    cd /Users/admin/builder/spi-builder-workspace/.swiftpm/xcode
    builtin-SwiftPerFileCompile TimeFrame.swift
SwiftCompile normal arm64 /Users/admin/builder/spi-builder-workspace/.dependencies/checkouts/OMHModels/Sources/OMHModels/TimeInterval.swift (in target 'OMHModels' from project 'OMHModels')
    cd /Users/admin/builder/spi-builder-workspace/.swiftpm/xcode
    builtin-SwiftPerFileCompile TimeInterval.swift
SwiftCompile normal arm64 Compiling\ FrequencyUnitValue.swift,\ Header.swift,\ HealthKitQuantitySample.swift,\ HealthKitUnitValue.swift,\ HeartRate.swift,\ HeartRateUnitValue.swift,\ KcalUnit.swift /Users/admin/builder/spi-builder-workspace/.dependencies/checkouts/OMHModels/Sources/OMHModels/FrequencyUnitValue.swift /Users/admin/builder/spi-builder-workspace/.dependencies/checkouts/OMHModels/Sources/OMHModels/Header.swift /Users/admin/builder/spi-builder-workspace/.dependencies/checkouts/OMHModels/Sources/OMHModels/HealthKitQuantitySample.swift /Users/admin/builder/spi-builder-workspace/.dependencies/checkouts/OMHModels/Sources/OMHModels/HealthKitUnitValue.swift /Users/admin/builder/spi-builder-workspace/.dependencies/checkouts/OMHModels/Sources/OMHModels/HeartRate.swift /Users/admin/builder/spi-builder-workspace/.dependencies/checkouts/OMHModels/Sources/OMHModels/HeartRateUnitValue.swift /Users/admin/builder/spi-builder-workspace/.dependencies/checkouts/OMHModels/Sources/OMHModels/KcalUnit.swift (in target 'OMHModels' from project 'OMHModels')
SwiftCompile normal arm64 /Users/admin/builder/spi-builder-workspace/.dependencies/checkouts/OMHModels/Sources/OMHModels/FrequencyUnitValue.swift (in target 'OMHModels' from project 'OMHModels')
    cd /Users/admin/builder/spi-builder-workspace/.swiftpm/xcode
    builtin-SwiftPerFileCompile FrequencyUnitValue.swift
SwiftCompile normal arm64 /Users/admin/builder/spi-builder-workspace/.dependencies/checkouts/OMHModels/Sources/OMHModels/Header.swift (in target 'OMHModels' from project 'OMHModels')
    cd /Users/admin/builder/spi-builder-workspace/.swiftpm/xcode
    builtin-SwiftPerFileCompile Header.swift
SwiftCompile normal arm64 /Users/admin/builder/spi-builder-workspace/.dependencies/checkouts/OMHModels/Sources/OMHModels/HealthKitQuantitySample.swift (in target 'OMHModels' from project 'OMHModels')
    cd /Users/admin/builder/spi-builder-workspace/.swiftpm/xcode
    builtin-SwiftPerFileCompile HealthKitQuantitySample.swift
SwiftCompile normal arm64 /Users/admin/builder/spi-builder-workspace/.dependencies/checkouts/OMHModels/Sources/OMHModels/HealthKitUnitValue.swift (in target 'OMHModels' from project 'OMHModels')
    cd /Users/admin/builder/spi-builder-workspace/.swiftpm/xcode
    builtin-SwiftPerFileCompile HealthKitUnitValue.swift
SwiftCompile normal arm64 /Users/admin/builder/spi-builder-workspace/.dependencies/checkouts/OMHModels/Sources/OMHModels/HeartRate.swift (in target 'OMHModels' from project 'OMHModels')
    cd /Users/admin/builder/spi-builder-workspace/.swiftpm/xcode
    builtin-SwiftPerFileCompile HeartRate.swift
SwiftCompile normal arm64 /Users/admin/builder/spi-builder-workspace/.dependencies/checkouts/OMHModels/Sources/OMHModels/HeartRateUnitValue.swift (in target 'OMHModels' from project 'OMHModels')
    cd /Users/admin/builder/spi-builder-workspace/.swiftpm/xcode
    builtin-SwiftPerFileCompile HeartRateUnitValue.swift
SwiftCompile normal arm64 /Users/admin/builder/spi-builder-workspace/.dependencies/checkouts/OMHModels/Sources/OMHModels/KcalUnit.swift (in target 'OMHModels' from project 'OMHModels')
    cd /Users/admin/builder/spi-builder-workspace/.swiftpm/xcode
    builtin-SwiftPerFileCompile KcalUnit.swift
SwiftCompile normal arm64 Compiling\ DataPoint.swift,\ DateTime.swift,\ DescriptiveStatistic.swift,\ DescriptiveStatisticDenominator.swift,\ DurationUnitValue.swift,\ DurationUnitValueRange.swift,\ ExternalDataSheets.swift /Users/admin/builder/spi-builder-workspace/.dependencies/checkouts/OMHModels/Sources/OMHModels/DataPoint.swift /Users/admin/builder/spi-builder-workspace/.dependencies/checkouts/OMHModels/Sources/OMHModels/DateTime.swift /Users/admin/builder/spi-builder-workspace/.dependencies/checkouts/OMHModels/Sources/OMHModels/DescriptiveStatistic.swift /Users/admin/builder/spi-builder-workspace/.dependencies/checkouts/OMHModels/Sources/OMHModels/DescriptiveStatisticDenominator.swift /Users/admin/builder/spi-builder-workspace/.dependencies/checkouts/OMHModels/Sources/OMHModels/DurationUnitValue.swift /Users/admin/builder/spi-builder-workspace/.dependencies/checkouts/OMHModels/Sources/OMHModels/DurationUnitValueRange.swift /Users/admin/builder/spi-builder-workspace/.dependencies/checkouts/OMHModels/Sources/OMHModels/ExternalDataSheets.swift (in target 'OMHModels' from project 'OMHModels')
SwiftCompile normal arm64 /Users/admin/builder/spi-builder-workspace/.dependencies/checkouts/OMHModels/Sources/OMHModels/DataPoint.swift (in target 'OMHModels' from project 'OMHModels')
    cd /Users/admin/builder/spi-builder-workspace/.swiftpm/xcode
    builtin-SwiftPerFileCompile DataPoint.swift
SwiftCompile normal arm64 /Users/admin/builder/spi-builder-workspace/.dependencies/checkouts/OMHModels/Sources/OMHModels/DateTime.swift (in target 'OMHModels' from project 'OMHModels')
    cd /Users/admin/builder/spi-builder-workspace/.swiftpm/xcode
    builtin-SwiftPerFileCompile DateTime.swift
SwiftCompile normal arm64 /Users/admin/builder/spi-builder-workspace/.dependencies/checkouts/OMHModels/Sources/OMHModels/DescriptiveStatistic.swift (in target 'OMHModels' from project 'OMHModels')
    cd /Users/admin/builder/spi-builder-workspace/.swiftpm/xcode
    builtin-SwiftPerFileCompile DescriptiveStatistic.swift
SwiftCompile normal arm64 /Users/admin/builder/spi-builder-workspace/.dependencies/checkouts/OMHModels/Sources/OMHModels/DescriptiveStatisticDenominator.swift (in target 'OMHModels' from project 'OMHModels')
    cd /Users/admin/builder/spi-builder-workspace/.swiftpm/xcode
    builtin-SwiftPerFileCompile DescriptiveStatisticDenominator.swift
SwiftCompile normal arm64 /Users/admin/builder/spi-builder-workspace/.dependencies/checkouts/OMHModels/Sources/OMHModels/DurationUnitValue.swift (in target 'OMHModels' from project 'OMHModels')
    cd /Users/admin/builder/spi-builder-workspace/.swiftpm/xcode
    builtin-SwiftPerFileCompile DurationUnitValue.swift
SwiftCompile normal arm64 /Users/admin/builder/spi-builder-workspace/.dependencies/checkouts/OMHModels/Sources/OMHModels/DurationUnitValueRange.swift (in target 'OMHModels' from project 'OMHModels')
    cd /Users/admin/builder/spi-builder-workspace/.swiftpm/xcode
    builtin-SwiftPerFileCompile DurationUnitValueRange.swift
SwiftCompile normal arm64 /Users/admin/builder/spi-builder-workspace/.dependencies/checkouts/OMHModels/Sources/OMHModels/ExternalDataSheets.swift (in target 'OMHModels' from project 'OMHModels')
    cd /Users/admin/builder/spi-builder-workspace/.swiftpm/xcode
    builtin-SwiftPerFileCompile ExternalDataSheets.swift
SwiftCompile normal arm64 Compiling\ SpeedUnit.swift,\ StepCount.swift,\ StepCountUnitValue.swift,\ SupplementalOxygenFlowRateUnit.swift,\ Survey.swift,\ SurveyAnswer.swift /Users/admin/builder/spi-builder-workspace/.dependencies/checkouts/OMHModels/Sources/OMHModels/SpeedUnit.swift /Users/admin/builder/spi-builder-workspace/.dependencies/checkouts/OMHModels/Sources/OMHModels/StepCount.swift /Users/admin/builder/spi-builder-workspace/.dependencies/checkouts/OMHModels/Sources/OMHModels/StepCountUnitValue.swift /Users/admin/builder/spi-builder-workspace/.dependencies/checkouts/OMHModels/Sources/OMHModels/SupplementalOxygenFlowRateUnit.swift /Users/admin/builder/spi-builder-workspace/.dependencies/checkouts/OMHModels/Sources/OMHModels/Survey.swift /Users/admin/builder/spi-builder-workspace/.dependencies/checkouts/OMHModels/Sources/OMHModels/SurveyAnswer.swift (in target 'OMHModels' from project 'OMHModels')
SwiftCompile normal arm64 /Users/admin/builder/spi-builder-workspace/.dependencies/checkouts/OMHModels/Sources/OMHModels/SpeedUnit.swift (in target 'OMHModels' from project 'OMHModels')
    cd /Users/admin/builder/spi-builder-workspace/.swiftpm/xcode
    builtin-SwiftPerFileCompile SpeedUnit.swift
SwiftCompile normal arm64 /Users/admin/builder/spi-builder-workspace/.dependencies/checkouts/OMHModels/Sources/OMHModels/StepCount.swift (in target 'OMHModels' from project 'OMHModels')
    cd /Users/admin/builder/spi-builder-workspace/.swiftpm/xcode
    builtin-SwiftPerFileCompile StepCount.swift
SwiftCompile normal arm64 /Users/admin/builder/spi-builder-workspace/.dependencies/checkouts/OMHModels/Sources/OMHModels/StepCountUnitValue.swift (in target 'OMHModels' from project 'OMHModels')
    cd /Users/admin/builder/spi-builder-workspace/.swiftpm/xcode
    builtin-SwiftPerFileCompile StepCountUnitValue.swift
SwiftCompile normal arm64 /Users/admin/builder/spi-builder-workspace/.dependencies/checkouts/OMHModels/Sources/OMHModels/SupplementalOxygenFlowRateUnit.swift (in target 'OMHModels' from project 'OMHModels')
    cd /Users/admin/builder/spi-builder-workspace/.swiftpm/xcode
    builtin-SwiftPerFileCompile SupplementalOxygenFlowRateUnit.swift
SwiftCompile normal arm64 /Users/admin/builder/spi-builder-workspace/.dependencies/checkouts/OMHModels/Sources/OMHModels/Survey.swift (in target 'OMHModels' from project 'OMHModels')
    cd /Users/admin/builder/spi-builder-workspace/.swiftpm/xcode
    builtin-SwiftPerFileCompile Survey.swift
SwiftCompile normal arm64 /Users/admin/builder/spi-builder-workspace/.dependencies/checkouts/OMHModels/Sources/OMHModels/SurveyAnswer.swift (in target 'OMHModels' from project 'OMHModels')
    cd /Users/admin/builder/spi-builder-workspace/.swiftpm/xcode
    builtin-SwiftPerFileCompile SurveyAnswer.swift
SwiftCompile normal arm64 Compiling\ AcquisitionProvenance.swift,\ BloodGlucose.swift,\ BloodGlucoseUnitValue.swift,\ BloodPressure.swift,\ BloodPressureUnitValue.swift,\ BodyFatPercentage.swift,\ BodyFatPercentageUnitValue.swift /Users/admin/builder/spi-builder-workspace/.dependencies/checkouts/OMHModels/Sources/OMHModels/AcquisitionProvenance.swift /Users/admin/builder/spi-builder-workspace/.dependencies/checkouts/OMHModels/Sources/OMHModels/BloodGlucose.swift /Users/admin/builder/spi-builder-workspace/.dependencies/checkouts/OMHModels/Sources/OMHModels/BloodGlucoseUnitValue.swift /Users/admin/builder/spi-builder-workspace/.dependencies/checkouts/OMHModels/Sources/OMHModels/BloodPressure.swift /Users/admin/builder/spi-builder-workspace/.dependencies/checkouts/OMHModels/Sources/OMHModels/BloodPressureUnitValue.swift /Users/admin/builder/spi-builder-workspace/.dependencies/checkouts/OMHModels/Sources/OMHModels/BodyFatPercentage.swift /Users/admin/builder/spi-builder-workspace/.dependencies/checkouts/OMHModels/Sources/OMHModels/BodyFatPercentageUnitValue.swift (in target 'OMHModels' from project 'OMHModels')
SwiftCompile normal arm64 /Users/admin/builder/spi-builder-workspace/.dependencies/checkouts/OMHModels/Sources/OMHModels/AcquisitionProvenance.swift (in target 'OMHModels' from project 'OMHModels')
    cd /Users/admin/builder/spi-builder-workspace/.swiftpm/xcode
    builtin-SwiftPerFileCompile AcquisitionProvenance.swift
SwiftCompile normal arm64 /Users/admin/builder/spi-builder-workspace/.dependencies/checkouts/OMHModels/Sources/OMHModels/BloodGlucose.swift (in target 'OMHModels' from project 'OMHModels')
    cd /Users/admin/builder/spi-builder-workspace/.swiftpm/xcode
    builtin-SwiftPerFileCompile BloodGlucose.swift
SwiftCompile normal arm64 /Users/admin/builder/spi-builder-workspace/.dependencies/checkouts/OMHModels/Sources/OMHModels/BloodGlucoseUnitValue.swift (in target 'OMHModels' from project 'OMHModels')
    cd /Users/admin/builder/spi-builder-workspace/.swiftpm/xcode
    builtin-SwiftPerFileCompile BloodGlucoseUnitValue.swift
SwiftCompile normal arm64 /Users/admin/builder/spi-builder-workspace/.dependencies/checkouts/OMHModels/Sources/OMHModels/BloodPressure.swift (in target 'OMHModels' from project 'OMHModels')
    cd /Users/admin/builder/spi-builder-workspace/.swiftpm/xcode
    builtin-SwiftPerFileCompile BloodPressure.swift
SwiftCompile normal arm64 /Users/admin/builder/spi-builder-workspace/.dependencies/checkouts/OMHModels/Sources/OMHModels/BloodPressureUnitValue.swift (in target 'OMHModels' from project 'OMHModels')
    cd /Users/admin/builder/spi-builder-workspace/.swiftpm/xcode
    builtin-SwiftPerFileCompile BloodPressureUnitValue.swift
SwiftCompile normal arm64 /Users/admin/builder/spi-builder-workspace/.dependencies/checkouts/OMHModels/Sources/OMHModels/BodyFatPercentage.swift (in target 'OMHModels' from project 'OMHModels')
    cd /Users/admin/builder/spi-builder-workspace/.swiftpm/xcode
    builtin-SwiftPerFileCompile BodyFatPercentage.swift
SwiftCompile normal arm64 /Users/admin/builder/spi-builder-workspace/.dependencies/checkouts/OMHModels/Sources/OMHModels/BodyFatPercentageUnitValue.swift (in target 'OMHModels' from project 'OMHModels')
    cd /Users/admin/builder/spi-builder-workspace/.swiftpm/xcode
    builtin-SwiftPerFileCompile BodyFatPercentageUnitValue.swift
SwiftCompile normal arm64 Compiling\ RespiratoryRate.swift,\ RespiratoryRateUnitValue.swift,\ Schema.swift,\ SchemaId.swift,\ SchemaNamespace.swift,\ SpecimenSource.swift /Users/admin/builder/spi-builder-workspace/.dependencies/checkouts/OMHModels/Sources/OMHModels/RespiratoryRate.swift /Users/admin/builder/spi-builder-workspace/.dependencies/checkouts/OMHModels/Sources/OMHModels/RespiratoryRateUnitValue.swift /Users/admin/builder/spi-builder-workspace/.dependencies/checkouts/OMHModels/Sources/OMHModels/Schema.swift /Users/admin/builder/spi-builder-workspace/.dependencies/checkouts/OMHModels/Sources/OMHModels/SchemaId.swift /Users/admin/builder/spi-builder-workspace/.dependencies/checkouts/OMHModels/Sources/OMHModels/SchemaNamespace.swift /Users/admin/builder/spi-builder-workspace/.dependencies/checkouts/OMHModels/Sources/OMHModels/SpecimenSource.swift (in target 'OMHModels' from project 'OMHModels')
SwiftCompile normal arm64 /Users/admin/builder/spi-builder-workspace/.dependencies/checkouts/OMHModels/Sources/OMHModels/RespiratoryRate.swift (in target 'OMHModels' from project 'OMHModels')
    cd /Users/admin/builder/spi-builder-workspace/.swiftpm/xcode
    builtin-SwiftPerFileCompile RespiratoryRate.swift
SwiftCompile normal arm64 /Users/admin/builder/spi-builder-workspace/.dependencies/checkouts/OMHModels/Sources/OMHModels/RespiratoryRateUnitValue.swift (in target 'OMHModels' from project 'OMHModels')
    cd /Users/admin/builder/spi-builder-workspace/.swiftpm/xcode
    builtin-SwiftPerFileCompile RespiratoryRateUnitValue.swift
SwiftCompile normal arm64 /Users/admin/builder/spi-builder-workspace/.dependencies/checkouts/OMHModels/Sources/OMHModels/Schema.swift (in target 'OMHModels' from project 'OMHModels')
    cd /Users/admin/builder/spi-builder-workspace/.swiftpm/xcode
    builtin-SwiftPerFileCompile Schema.swift
SwiftCompile normal arm64 /Users/admin/builder/spi-builder-workspace/.dependencies/checkouts/OMHModels/Sources/OMHModels/SchemaId.swift (in target 'OMHModels' from project 'OMHModels')
    cd /Users/admin/builder/spi-builder-workspace/.swiftpm/xcode
    builtin-SwiftPerFileCompile SchemaId.swift
SwiftCompile normal arm64 /Users/admin/builder/spi-builder-workspace/.dependencies/checkouts/OMHModels/Sources/OMHModels/SchemaNamespace.swift (in target 'OMHModels' from project 'OMHModels')
    cd /Users/admin/builder/spi-builder-workspace/.swiftpm/xcode
    builtin-SwiftPerFileCompile SchemaNamespace.swift
SwiftCompile normal arm64 /Users/admin/builder/spi-builder-workspace/.dependencies/checkouts/OMHModels/Sources/OMHModels/SpecimenSource.swift (in target 'OMHModels' from project 'OMHModels')
    cd /Users/admin/builder/spi-builder-workspace/.swiftpm/xcode
    builtin-SwiftPerFileCompile SpecimenSource.swift
SwiftDriverJobDiscovery normal arm64 Emitting module for OMHModels (in target 'OMHModels' from project 'OMHModels')
SwiftDriver\ Compilation\ Requirements OMHModels normal arm64 com.apple.xcode.tools.swift.compiler (in target 'OMHModels' from project 'OMHModels')
    cd /Users/admin/builder/spi-builder-workspace/.swiftpm/xcode
    builtin-Swift-Compilation-Requirements -- /Applications/Xcode-27.0.0-Release.Candidate.app/Contents/Developer/Toolchains/XcodeDefault.xctoolchain/usr/bin/swiftc -parse-as-library -module-name OMHModels -Onone @/Users/admin/builder/spi-builder-workspace/.derivedData/Build/Intermediates.noindex/OMHModels.build/Debug-appletvos/OMHModels-t.build/Objects-normal/arm64/OMHModels.SwiftFileList -DSWIFT_PACKAGE -DDEBUG -DSWIFT_MODULE_RESOURCE_BUNDLE_UNAVAILABLE -DXcode -plugin-path /Applications/Xcode-27.0.0-Release.Candidate.app/Contents/Developer/Toolchains/XcodeDefault.xctoolchain/usr/lib/swift/host/plugins/testing -enable-experimental-feature DebugDescriptionMacro -sdk /Applications/Xcode-27.0.0-Release.Candidate.app/Contents/Developer/Platforms/AppleTVOS.platform/Developer/SDKs/AppleTVOS27.0.sdk -target arm64-apple-tvos16.0 -g -module-cache-path /Users/admin/builder/spi-builder-workspace/.derivedData/ModuleCache.noindex -Xfrontend -serialize-debugging-options -profile-coverage-mapping -profile-generate -enable-testing -suppress-warnings -index-store-path /Users/admin/builder/spi-builder-workspace/.derivedData/Index.noindex/DataStore -Xcc -D_LIBCPP_HARDENING_MODE\=_LIBCPP_HARDENING_MODE_DEBUG -swift-version 6 -I /Users/admin/builder/spi-builder-workspace/.derivedData/Build/Products/Debug-appletvos -Isystem /Applications/Xcode-27.0.0-Release.Candidate.app/Contents/Developer/Platforms/AppleTVOS.platform/Developer/usr/lib -F /Users/admin/builder/spi-builder-workspace/.derivedData/Build/Products/Debug-appletvos -F /Applications/Xcode-27.0.0-Release.Candidate.app/Contents/Developer/Platforms/AppleTVOS.platform/Developer/Library/Frameworks -F /Applications/Xcode-27.0.0-Release.Candidate.app/Contents/Developer/Platforms/AppleTVOS.platform/Developer/SDKs/AppleTVOS27.0.sdk/Developer/Library/Frameworks -c -j10 -enable-batch-mode -incremental -Xcc -ivfsstatcache -Xcc /Users/admin/builder/spi-builder-workspace/.derivedData/SDKStatCaches.noindex/appletvos27.0-24J360-e829b21a6f8c9b70876ba0858053c044b32bfd8d43560033f8d89884cdb90028.sdkstatcache -output-file-map /Users/admin/builder/spi-builder-workspace/.derivedData/Build/Intermediates.noindex/OMHModels.build/Debug-appletvos/OMHModels-t.build/Objects-normal/arm64/OMHModels-OutputFileMap.json -save-temps -no-color-diagnostics -explicit-module-build -module-cache-path /Users/admin/builder/spi-builder-workspace/.derivedData/Build/Intermediates.noindex/SwiftExplicitPrecompiledModules -clang-scanner-module-cache-path /Users/admin/builder/spi-builder-workspace/.derivedData/ModuleCache.noindex -sdk-module-cache-path /Users/admin/builder/spi-builder-workspace/.derivedData/SDKExplicitPrecompiledModules -emit-dependencies -emit-module -emit-module-path /Users/admin/builder/spi-builder-workspace/.derivedData/Build/Intermediates.noindex/OMHModels.build/Debug-appletvos/OMHModels-t.build/Objects-normal/arm64/OMHModels.swiftmodule -serialize-diagnostics -dependency-scan-serialize-diagnostics-path /Users/admin/builder/spi-builder-workspace/.derivedData/Build/Intermediates.noindex/OMHModels.build/Debug-appletvos/OMHModels-t.build/Objects-normal/arm64/OMHModels-dependency-scan.dia -user-module-version 0.2.0 -validate-clang-modules-once -clang-build-session-file /Users/admin/builder/spi-builder-workspace/.derivedData/ModuleCache.noindex/Session.modulevalidation -Xcc -fmodules-prune-interval\=86400 -Xcc -fmodules-prune-after\=345600 -package-name omhmodels -emit-const-values -const-gather-protocols-list /Users/admin/builder/spi-builder-workspace/.derivedData/Build/Intermediates.noindex/OMHModels.build/Debug-appletvos/OMHModels-t.build/Objects-normal/arm64/OMHModels_const_extract_protocols.json -Xcc -I/Users/admin/builder/spi-builder-workspace/.derivedData/Build/Products/Debug-appletvos/include -Xcc -I/Users/admin/builder/spi-builder-workspace/.derivedData/Build/Intermediates.noindex/OMHModels.build/Debug-appletvos/OMHModels-t.build/DerivedSources-normal/arm64 -Xcc -I/Users/admin/builder/spi-builder-workspace/.derivedData/Build/Intermediates.noindex/OMHModels.build/Debug-appletvos/OMHModels-t.build/DerivedSources/arm64 -Xcc -I/Users/admin/builder/spi-builder-workspace/.derivedData/Build/Intermediates.noindex/OMHModels.build/Debug-appletvos/OMHModels-t.build/DerivedSources -Xcc -DSWIFT_PACKAGE -Xcc -DDEBUG\=1 -emit-objc-header -emit-objc-header-path /Users/admin/builder/spi-builder-workspace/.derivedData/Build/Intermediates.noindex/OMHModels.build/Debug-appletvos/OMHModels-t.build/Objects-normal/arm64/OMHModels-Swift.h -working-directory /Users/admin/builder/spi-builder-workspace/.swiftpm/xcode -experimental-emit-module-separately -disable-cmo
SwiftDriverJobDiscovery normal arm64 Compiling SurveyCategoricalAnswer.swift, SurveyDateAnswer.swift, SurveyItem.swift, SurveyQuestion.swift, SurveyTimeAnswer.swift, SurveyUnitValueAnswer.swift (in target 'OMHModels' from project 'OMHModels')
SwiftMergeGeneratedHeaders /Users/admin/builder/spi-builder-workspace/.derivedData/Build/Intermediates.noindex/GeneratedModuleMaps-appletvos/OMHModels-Swift.h /Users/admin/builder/spi-builder-workspace/.derivedData/Build/Intermediates.noindex/OMHModels.build/Debug-appletvos/OMHModels-t.build/Objects-normal/arm64/OMHModels-Swift.h (in target 'OMHModels' from project 'OMHModels')
    cd /Users/admin/builder/spi-builder-workspace/.dependencies/checkouts/OMHModels
    builtin-swiftHeaderTool -arch arm64 /Users/admin/builder/spi-builder-workspace/.derivedData/Build/Intermediates.noindex/OMHModels.build/Debug-appletvos/OMHModels-t.build/Objects-normal/arm64/OMHModels-Swift.h -o /Users/admin/builder/spi-builder-workspace/.derivedData/Build/Intermediates.noindex/GeneratedModuleMaps-appletvos/OMHModels-Swift.h
Copy /Users/admin/builder/spi-builder-workspace/.derivedData/Build/Products/Debug-appletvos/OMHModels.swiftmodule/arm64-apple-tvos.swiftmodule /Users/admin/builder/spi-builder-workspace/.derivedData/Build/Intermediates.noindex/OMHModels.build/Debug-appletvos/OMHModels-t.build/Objects-normal/arm64/OMHModels.swiftmodule (in target 'OMHModels' from project 'OMHModels')
    cd /Users/admin/builder/spi-builder-workspace/.dependencies/checkouts/OMHModels
    builtin-copy -exclude .DS_Store -exclude CVS -exclude .svn -exclude .git -exclude .hg -resolve-src-symlinks -rename /Users/admin/builder/spi-builder-workspace/.derivedData/Build/Intermediates.noindex/OMHModels.build/Debug-appletvos/OMHModels-t.build/Objects-normal/arm64/OMHModels.swiftmodule /Users/admin/builder/spi-builder-workspace/.derivedData/Build/Products/Debug-appletvos/OMHModels.swiftmodule/arm64-apple-tvos.swiftmodule
Copy /Users/admin/builder/spi-builder-workspace/.derivedData/Build/Products/Debug-appletvos/OMHModels.swiftmodule/arm64-apple-tvos.swiftdoc /Users/admin/builder/spi-builder-workspace/.derivedData/Build/Intermediates.noindex/OMHModels.build/Debug-appletvos/OMHModels-t.build/Objects-normal/arm64/OMHModels.swiftdoc (in target 'OMHModels' from project 'OMHModels')
    cd /Users/admin/builder/spi-builder-workspace/.dependencies/checkouts/OMHModels
    builtin-copy -exclude .DS_Store -exclude CVS -exclude .svn -exclude .git -exclude .hg -resolve-src-symlinks -rename /Users/admin/builder/spi-builder-workspace/.derivedData/Build/Intermediates.noindex/OMHModels.build/Debug-appletvos/OMHModels-t.build/Objects-normal/arm64/OMHModels.swiftdoc /Users/admin/builder/spi-builder-workspace/.derivedData/Build/Products/Debug-appletvos/OMHModels.swiftmodule/arm64-apple-tvos.swiftdoc
Copy /Users/admin/builder/spi-builder-workspace/.derivedData/Build/Products/Debug-appletvos/OMHModels.swiftmodule/arm64-apple-tvos.abi.json /Users/admin/builder/spi-builder-workspace/.derivedData/Build/Intermediates.noindex/OMHModels.build/Debug-appletvos/OMHModels-t.build/Objects-normal/arm64/OMHModels.abi.json (in target 'OMHModels' from project 'OMHModels')
    cd /Users/admin/builder/spi-builder-workspace/.dependencies/checkouts/OMHModels
    builtin-copy -exclude .DS_Store -exclude CVS -exclude .svn -exclude .git -exclude .hg -resolve-src-symlinks -rename /Users/admin/builder/spi-builder-workspace/.derivedData/Build/Intermediates.noindex/OMHModels.build/Debug-appletvos/OMHModels-t.build/Objects-normal/arm64/OMHModels.abi.json /Users/admin/builder/spi-builder-workspace/.derivedData/Build/Products/Debug-appletvos/OMHModels.swiftmodule/arm64-apple-tvos.abi.json
Copy /Users/admin/builder/spi-builder-workspace/.derivedData/Build/Products/Debug-appletvos/OMHModels.swiftmodule/Project/arm64-apple-tvos.swiftsourceinfo /Users/admin/builder/spi-builder-workspace/.derivedData/Build/Intermediates.noindex/OMHModels.build/Debug-appletvos/OMHModels-t.build/Objects-normal/arm64/OMHModels.swiftsourceinfo (in target 'OMHModels' from project 'OMHModels')
    cd /Users/admin/builder/spi-builder-workspace/.dependencies/checkouts/OMHModels
    builtin-copy -exclude .DS_Store -exclude CVS -exclude .svn -exclude .git -exclude .hg -resolve-src-symlinks -rename /Users/admin/builder/spi-builder-workspace/.derivedData/Build/Intermediates.noindex/OMHModels.build/Debug-appletvos/OMHModels-t.build/Objects-normal/arm64/OMHModels.swiftsourceinfo /Users/admin/builder/spi-builder-workspace/.derivedData/Build/Products/Debug-appletvos/OMHModels.swiftmodule/Project/arm64-apple-tvos.swiftsourceinfo
SwiftDriver HealthKitOnOMH normal arm64 com.apple.xcode.tools.swift.compiler (in target 'HealthKitOnOMH' from project 'HealthKitOnOMH')
    cd /Users/admin/builder/spi-builder-workspace/.swiftpm/xcode
    builtin-SwiftDriver -- /Applications/Xcode-27.0.0-Release.Candidate.app/Contents/Developer/Toolchains/XcodeDefault.xctoolchain/usr/bin/swiftc -parse-as-library -module-name HealthKitOnOMH -Onone @/Users/admin/builder/spi-builder-workspace/.derivedData/Build/Intermediates.noindex/HealthKitOnOMH.build/Debug-appletvos/HealthKitOnOMH-t.build/Objects-normal/arm64/HealthKitOnOMH.SwiftFileList -DSWIFT_PACKAGE -DDEBUG -DSWIFT_MODULE_RESOURCE_BUNDLE_UNAVAILABLE -DXcode -plugin-path /Applications/Xcode-27.0.0-Release.Candidate.app/Contents/Developer/Toolchains/XcodeDefault.xctoolchain/usr/lib/swift/host/plugins/testing -enable-experimental-feature DebugDescriptionMacro -sdk /Applications/Xcode-27.0.0-Release.Candidate.app/Contents/Developer/Platforms/AppleTVOS.platform/Developer/SDKs/AppleTVOS27.0.sdk -target arm64-apple-tvos16.0 -g -module-cache-path /Users/admin/builder/spi-builder-workspace/.derivedData/ModuleCache.noindex -Xfrontend -serialize-debugging-options -profile-coverage-mapping -profile-generate -enable-testing -index-store-path /Users/admin/builder/spi-builder-workspace/.derivedData/Index.noindex/DataStore -Xcc -D_LIBCPP_HARDENING_MODE\=_LIBCPP_HARDENING_MODE_DEBUG -swift-version 6 -I /Users/admin/builder/spi-builder-workspace/.derivedData/Build/Products/Debug-appletvos -Isystem /Applications/Xcode-27.0.0-Release.Candidate.app/Contents/Developer/Platforms/AppleTVOS.platform/Developer/usr/lib -F /Users/admin/builder/spi-builder-workspace/.derivedData/Build/Products/Debug-appletvos/PackageFrameworks -F /Users/admin/builder/spi-builder-workspace/.derivedData/Build/Products/Debug-appletvos -F /Applications/Xcode-27.0.0-Release.Candidate.app/Contents/Developer/Platforms/AppleTVOS.platform/Developer/Library/Frameworks -F /Applications/Xcode-27.0.0-Release.Candidate.app/Contents/Developer/Platforms/AppleTVOS.platform/Developer/SDKs/AppleTVOS27.0.sdk/Developer/Library/Frameworks -c -j10 -enable-batch-mode -incremental -Xcc -ivfsstatcache -Xcc /Users/admin/builder/spi-builder-workspace/.derivedData/SDKStatCaches.noindex/appletvos27.0-24J360-e829b21a6f8c9b70876ba0858053c044b32bfd8d43560033f8d89884cdb90028.sdkstatcache -output-file-map /Users/admin/builder/spi-builder-workspace/.derivedData/Build/Intermediates.noindex/HealthKitOnOMH.build/Debug-appletvos/HealthKitOnOMH-t.build/Objects-normal/arm64/HealthKitOnOMH-OutputFileMap.json -save-temps -no-color-diagnostics -explicit-module-build -module-cache-path /Users/admin/builder/spi-builder-workspace/.derivedData/Build/Intermediates.noindex/SwiftExplicitPrecompiledModules -clang-scanner-module-cache-path /Users/admin/builder/spi-builder-workspace/.derivedData/ModuleCache.noindex -sdk-module-cache-path /Users/admin/builder/spi-builder-workspace/.derivedData/SDKExplicitPrecompiledModules -emit-dependencies -emit-module -emit-module-path /Users/admin/builder/spi-builder-workspace/.derivedData/Build/Intermediates.noindex/HealthKitOnOMH.build/Debug-appletvos/HealthKitOnOMH-t.build/Objects-normal/arm64/HealthKitOnOMH.swiftmodule -serialize-diagnostics -dependency-scan-serialize-diagnostics-path /Users/admin/builder/spi-builder-workspace/.derivedData/Build/Intermediates.noindex/HealthKitOnOMH.build/Debug-appletvos/HealthKitOnOMH-t.build/Objects-normal/arm64/HealthKitOnOMH-dependency-scan.dia -validate-clang-modules-once -clang-build-session-file /Users/admin/builder/spi-builder-workspace/.derivedData/ModuleCache.noindex/Session.modulevalidation -Xcc -fmodules-prune-interval\=86400 -Xcc -fmodules-prune-after\=345600 -package-name spi_builder_workspace -emit-const-values -const-gather-protocols-list /Users/admin/builder/spi-builder-workspace/.derivedData/Build/Intermediates.noindex/HealthKitOnOMH.build/Debug-appletvos/HealthKitOnOMH-t.build/Objects-normal/arm64/HealthKitOnOMH_const_extract_protocols.json -Xcc -I/Users/admin/builder/spi-builder-workspace/.derivedData/Build/Products/Debug-appletvos/include -Xcc -I/Users/admin/builder/spi-builder-workspace/.derivedData/Build/Intermediates.noindex/HealthKitOnOMH.build/Debug-appletvos/HealthKitOnOMH-t.build/DerivedSources-normal/arm64 -Xcc -I/Users/admin/builder/spi-builder-workspace/.derivedData/Build/Intermediates.noindex/HealthKitOnOMH.build/Debug-appletvos/HealthKitOnOMH-t.build/DerivedSources/arm64 -Xcc -I/Users/admin/builder/spi-builder-workspace/.derivedData/Build/Intermediates.noindex/HealthKitOnOMH.build/Debug-appletvos/HealthKitOnOMH-t.build/DerivedSources -Xcc -DSWIFT_PACKAGE -Xcc -DDEBUG\=1 -emit-objc-header -emit-objc-header-path /Users/admin/builder/spi-builder-workspace/.derivedData/Build/Intermediates.noindex/HealthKitOnOMH.build/Debug-appletvos/HealthKitOnOMH-t.build/Objects-normal/arm64/HealthKitOnOMH-Swift.h -working-directory /Users/admin/builder/spi-builder-workspace/.swiftpm/xcode -experimental-emit-module-separately -disable-cmo
error: Clang dependency scanning failure:  (in target 'HealthKitOnOMH' from project 'HealthKitOnOMH')
/Users/admin/builder/spi-builder-workspace/Sources/HealthKitOnOMH/HealthKit Extensions/HKQuantitySample+OMH.swift:9:8: error: Unable to resolve module dependency: 'HealthKit' (in target 'HealthKitOnOMH' from project 'HealthKitOnOMH')
    note: A dependency of main module 'HealthKitOnOMH'
/Users/admin/builder/spi-builder-workspace/Sources/HealthKitOnOMH/HealthKit Extensions/HKQuantitySample+OMH.swift:9:8: note: A dependency of main module 'HealthKitOnOMH'
import HealthKit
       ^ (in target 'HealthKitOnOMH' from project 'HealthKitOnOMH')
PruneExplicitPrecompiledModules /Users/admin/builder/spi-builder-workspace/.derivedData/Build/Intermediates.noindex/ExplicitPrecompiledModules
PruneExplicitPrecompiledModules /Users/admin/builder/spi-builder-workspace/.derivedData/Build/Intermediates.noindex/SwiftExplicitPrecompiledModules
PruneExplicitPrecompiledModules /Users/admin/builder/spi-builder-workspace/.derivedData/SDKExplicitPrecompiledModules
2026-09-21 18:12:27.709 xcodebuild[682:4279] [MT] IDERunDestination: Supported platforms for the buildables in the current scheme is empty.
** BUILD FAILED **
The following build commands failed:
	SwiftDriver HealthKitOnOMH normal arm64 com.apple.xcode.tools.swift.compiler (in target 'HealthKitOnOMH' from project 'HealthKitOnOMH')
	Building workspace HealthKitOnOMH with scheme HealthKitOnOMH
(2 failures)
Command line invocation:
    /Applications/Xcode-27.0.0-Release.Candidate.app/Contents/Developer/usr/bin/xcodebuild -IDEClonedSourcePackagesDirPathOverride=/Users/admin/builder/spi-builder-workspace/.dependencies -resolvePackageDependencies
Resolve Package Graph
Resolved source packages:
  HealthKitOnOMH: /Users/admin/builder/spi-builder-workspace
  OMHModels: https://github.com/StanfordBDHG/OMHModels.git @ 0.2.0
resolved source packages: HealthKitOnOMH, OMHModels
2026-09-21 18:12:33.096 xcodebuild[743:4670] [MT] IDERunDestination: Supported platforms for the buildables in the current scheme is empty.
{
  "dependencies" : [
    {
      "identity" : "omhmodels",
      "requirement" : {
        "range" : [
          {
            "lower_bound" : "0.1.0",
            "upper_bound" : "1.0.0"
          }
        ]
      },
      "type" : "sourceControl",
      "url" : "https://github.com/StanfordBDHG/OMHModels.git"
    }
  ],
  "manifest_display_name" : "HealthKitOnOMH",
  "name" : "HealthKitOnOMH",
  "path" : "/Users/admin/builder/spi-builder-workspace",
  "platforms" : [
    {
      "name" : "ios",
      "version" : "16.0"
    }
  ],
  "products" : [
    {
      "name" : "HealthKitOnOMH",
      "targets" : [
        "HealthKitOnOMH"
      ],
      "type" : {
        "library" : [
          "automatic"
        ]
      }
    }
  ],
  "targets" : [
    {
      "c99name" : "HealthKitOnOMHTests",
      "module_type" : "SwiftTarget",
      "name" : "HealthKitOnOMHTests",
      "path" : "Tests/HealthKitOnOMHTests",
      "sources" : [
        "HealthKitOnOMHTests.swift"
      ],
      "target_dependencies" : [
        "HealthKitOnOMH"
      ],
      "type" : "test"
    },
    {
      "c99name" : "HealthKitOnOMH",
      "module_type" : "SwiftTarget",
      "name" : "HealthKitOnOMH",
      "path" : "Sources/HealthKitOnOMH",
      "product_dependencies" : [
        "OMHModels"
      ],
      "product_memberships" : [
        "HealthKitOnOMH"
      ],
      "sources" : [
        "HealthKit Extensions/HKQuantitySample+OMH.swift",
        "HealthKit Extensions/SchemaDataPoint.swift",
        "HealthKitOnOMHError.swift"
      ],
      "type" : "library"
    }
  ],
  "tools_version" : "6.0"
}
{
  "workspace" : {
    "name" : "HealthKitOnOMH",
    "schemes" : [
      "HealthKitOnOMH"
    ]
  }
}
2026-09-21 18:12:34.364 xcodebuild[751:4737] [MT] IDERunDestination: Supported platforms for the buildables in the current scheme is empty.
Running build ...
env DEVELOPER_DIR=/Applications/Xcode-27.0.0-Release.Candidate.app xcrun xcodebuild -IDEClonedSourcePackagesDirPathOverride=$PWD/.dependencies -skipMacroValidation -skipPackagePluginValidation -derivedDataPath $PWD/.derivedData build -scheme HealthKitOnOMH -destination generic/platform=tvOS
Command line invocation:
    /Applications/Xcode-27.0.0-Release.Candidate.app/Contents/Developer/usr/bin/xcodebuild -IDEClonedSourcePackagesDirPathOverride=/Users/admin/builder/spi-builder-workspace/.dependencies -skipMacroValidation -skipPackagePluginValidation -derivedDataPath /Users/admin/builder/spi-builder-workspace/.derivedData build -scheme HealthKitOnOMH -destination generic/platform=tvOS
Resolve Package Graph
Resolved source packages:
  HealthKitOnOMH: /Users/admin/builder/spi-builder-workspace
  OMHModels: https://github.com/StanfordBDHG/OMHModels.git @ 0.2.0
ComputePackagePrebuildTargetDependencyGraph
Prepare packages
CreateBuildRequest
SendProjectDescription
CreateBuildOperation
ComputeTargetDependencyGraph
note: Building targets in dependency order
note: Target dependency graph (4 targets)
    Target 'HealthKitOnOMH-product' in project 'HealthKitOnOMH'
        ➜ Explicit dependency on target 'HealthKitOnOMH' in project 'HealthKitOnOMH'
        ➜ Explicit dependency on target 'OMHModels-product' in project 'OMHModels'
    Target 'HealthKitOnOMH' in project 'HealthKitOnOMH'
        ➜ Explicit dependency on target 'OMHModels-product' in project 'OMHModels'
    Target 'OMHModels-product' in project 'OMHModels'
        ➜ Explicit dependency on target 'OMHModels' in project 'OMHModels'
    Target 'OMHModels' in project 'OMHModels' (no dependencies)
GatherProvisioningInputs
CreateBuildDescription
ClangStatCache /Applications/Xcode-27.0.0-Release.Candidate.app/Contents/Developer/Toolchains/XcodeDefault.xctoolchain/usr/bin/clang-stat-cache /Applications/Xcode-27.0.0-Release.Candidate.app/Contents/Developer/Platforms/AppleTVOS.platform/Developer/SDKs/AppleTVOS27.0.sdk /Users/admin/builder/spi-builder-workspace/.derivedData/SDKStatCaches.noindex/appletvos27.0-24J360-e829b21a6f8c9b70876ba0858053c044b32bfd8d43560033f8d89884cdb90028.sdkstatcache
    cd /Users/admin/builder/spi-builder-workspace/.swiftpm/xcode
    /Applications/Xcode-27.0.0-Release.Candidate.app/Contents/Developer/Toolchains/XcodeDefault.xctoolchain/usr/bin/clang-stat-cache /Applications/Xcode-27.0.0-Release.Candidate.app/Contents/Developer/Platforms/AppleTVOS.platform/Developer/SDKs/AppleTVOS27.0.sdk -o /Users/admin/builder/spi-builder-workspace/.derivedData/SDKStatCaches.noindex/appletvos27.0-24J360-e829b21a6f8c9b70876ba0858053c044b32bfd8d43560033f8d89884cdb90028.sdkstatcache
SwiftDriver HealthKitOnOMH normal arm64 com.apple.xcode.tools.swift.compiler (in target 'HealthKitOnOMH' from project 'HealthKitOnOMH')
    cd /Users/admin/builder/spi-builder-workspace/.swiftpm/xcode
    builtin-SwiftDriver -- /Applications/Xcode-27.0.0-Release.Candidate.app/Contents/Developer/Toolchains/XcodeDefault.xctoolchain/usr/bin/swiftc -parse-as-library -module-name HealthKitOnOMH -Onone @/Users/admin/builder/spi-builder-workspace/.derivedData/Build/Intermediates.noindex/HealthKitOnOMH.build/Debug-appletvos/HealthKitOnOMH-t.build/Objects-normal/arm64/HealthKitOnOMH.SwiftFileList -DSWIFT_PACKAGE -DDEBUG -DSWIFT_MODULE_RESOURCE_BUNDLE_UNAVAILABLE -DXcode -plugin-path /Applications/Xcode-27.0.0-Release.Candidate.app/Contents/Developer/Toolchains/XcodeDefault.xctoolchain/usr/lib/swift/host/plugins/testing -enable-experimental-feature DebugDescriptionMacro -sdk /Applications/Xcode-27.0.0-Release.Candidate.app/Contents/Developer/Platforms/AppleTVOS.platform/Developer/SDKs/AppleTVOS27.0.sdk -target arm64-apple-tvos16.0 -g -module-cache-path /Users/admin/builder/spi-builder-workspace/.derivedData/ModuleCache.noindex -Xfrontend -serialize-debugging-options -profile-coverage-mapping -profile-generate -enable-testing -index-store-path /Users/admin/builder/spi-builder-workspace/.derivedData/Index.noindex/DataStore -Xcc -D_LIBCPP_HARDENING_MODE\=_LIBCPP_HARDENING_MODE_DEBUG -swift-version 6 -I /Users/admin/builder/spi-builder-workspace/.derivedData/Build/Products/Debug-appletvos -Isystem /Applications/Xcode-27.0.0-Release.Candidate.app/Contents/Developer/Platforms/AppleTVOS.platform/Developer/usr/lib -F /Users/admin/builder/spi-builder-workspace/.derivedData/Build/Products/Debug-appletvos/PackageFrameworks -F /Users/admin/builder/spi-builder-workspace/.derivedData/Build/Products/Debug-appletvos -F /Applications/Xcode-27.0.0-Release.Candidate.app/Contents/Developer/Platforms/AppleTVOS.platform/Developer/Library/Frameworks -F /Applications/Xcode-27.0.0-Release.Candidate.app/Contents/Developer/Platforms/AppleTVOS.platform/Developer/SDKs/AppleTVOS27.0.sdk/Developer/Library/Frameworks -c -j10 -enable-batch-mode -incremental -Xcc -ivfsstatcache -Xcc /Users/admin/builder/spi-builder-workspace/.derivedData/SDKStatCaches.noindex/appletvos27.0-24J360-e829b21a6f8c9b70876ba0858053c044b32bfd8d43560033f8d89884cdb90028.sdkstatcache -output-file-map /Users/admin/builder/spi-builder-workspace/.derivedData/Build/Intermediates.noindex/HealthKitOnOMH.build/Debug-appletvos/HealthKitOnOMH-t.build/Objects-normal/arm64/HealthKitOnOMH-OutputFileMap.json -save-temps -no-color-diagnostics -explicit-module-build -module-cache-path /Users/admin/builder/spi-builder-workspace/.derivedData/Build/Intermediates.noindex/SwiftExplicitPrecompiledModules -clang-scanner-module-cache-path /Users/admin/builder/spi-builder-workspace/.derivedData/ModuleCache.noindex -sdk-module-cache-path /Users/admin/builder/spi-builder-workspace/.derivedData/SDKExplicitPrecompiledModules -emit-dependencies -emit-module -emit-module-path /Users/admin/builder/spi-builder-workspace/.derivedData/Build/Intermediates.noindex/HealthKitOnOMH.build/Debug-appletvos/HealthKitOnOMH-t.build/Objects-normal/arm64/HealthKitOnOMH.swiftmodule -serialize-diagnostics -dependency-scan-serialize-diagnostics-path /Users/admin/builder/spi-builder-workspace/.derivedData/Build/Intermediates.noindex/HealthKitOnOMH.build/Debug-appletvos/HealthKitOnOMH-t.build/Objects-normal/arm64/HealthKitOnOMH-dependency-scan.dia -validate-clang-modules-once -clang-build-session-file /Users/admin/builder/spi-builder-workspace/.derivedData/ModuleCache.noindex/Session.modulevalidation -Xcc -fmodules-prune-interval\=86400 -Xcc -fmodules-prune-after\=345600 -package-name spi_builder_workspace -emit-const-values -const-gather-protocols-list /Users/admin/builder/spi-builder-workspace/.derivedData/Build/Intermediates.noindex/HealthKitOnOMH.build/Debug-appletvos/HealthKitOnOMH-t.build/Objects-normal/arm64/HealthKitOnOMH_const_extract_protocols.json -Xcc -I/Users/admin/builder/spi-builder-workspace/.derivedData/Build/Products/Debug-appletvos/include -Xcc -I/Users/admin/builder/spi-builder-workspace/.derivedData/Build/Intermediates.noindex/HealthKitOnOMH.build/Debug-appletvos/HealthKitOnOMH-t.build/DerivedSources-normal/arm64 -Xcc -I/Users/admin/builder/spi-builder-workspace/.derivedData/Build/Intermediates.noindex/HealthKitOnOMH.build/Debug-appletvos/HealthKitOnOMH-t.build/DerivedSources/arm64 -Xcc -I/Users/admin/builder/spi-builder-workspace/.derivedData/Build/Intermediates.noindex/HealthKitOnOMH.build/Debug-appletvos/HealthKitOnOMH-t.build/DerivedSources -Xcc -DSWIFT_PACKAGE -Xcc -DDEBUG\=1 -emit-objc-header -emit-objc-header-path /Users/admin/builder/spi-builder-workspace/.derivedData/Build/Intermediates.noindex/HealthKitOnOMH.build/Debug-appletvos/HealthKitOnOMH-t.build/Objects-normal/arm64/HealthKitOnOMH-Swift.h -working-directory /Users/admin/builder/spi-builder-workspace/.swiftpm/xcode -experimental-emit-module-separately -disable-cmo
error: Clang dependency scanning failure:  (in target 'HealthKitOnOMH' from project 'HealthKitOnOMH')
/Users/admin/builder/spi-builder-workspace/Sources/HealthKitOnOMH/HealthKit Extensions/HKQuantitySample+OMH.swift:9:8: error: Unable to resolve module dependency: 'HealthKit' (in target 'HealthKitOnOMH' from project 'HealthKitOnOMH')
    note: A dependency of main module 'HealthKitOnOMH'
/Users/admin/builder/spi-builder-workspace/Sources/HealthKitOnOMH/HealthKit Extensions/HKQuantitySample+OMH.swift:9:8: note: A dependency of main module 'HealthKitOnOMH'
import HealthKit
       ^ (in target 'HealthKitOnOMH' from project 'HealthKitOnOMH')
SwiftDriver OMHModels normal arm64 com.apple.xcode.tools.swift.compiler (in target 'OMHModels' from project 'OMHModels')
    cd /Users/admin/builder/spi-builder-workspace/.swiftpm/xcode
    builtin-SwiftDriver -- /Applications/Xcode-27.0.0-Release.Candidate.app/Contents/Developer/Toolchains/XcodeDefault.xctoolchain/usr/bin/swiftc -parse-as-library -module-name OMHModels -Onone @/Users/admin/builder/spi-builder-workspace/.derivedData/Build/Intermediates.noindex/OMHModels.build/Debug-appletvos/OMHModels-t.build/Objects-normal/arm64/OMHModels.SwiftFileList -DSWIFT_PACKAGE -DDEBUG -DSWIFT_MODULE_RESOURCE_BUNDLE_UNAVAILABLE -DXcode -plugin-path /Applications/Xcode-27.0.0-Release.Candidate.app/Contents/Developer/Toolchains/XcodeDefault.xctoolchain/usr/lib/swift/host/plugins/testing -enable-experimental-feature DebugDescriptionMacro -sdk /Applications/Xcode-27.0.0-Release.Candidate.app/Contents/Developer/Platforms/AppleTVOS.platform/Developer/SDKs/AppleTVOS27.0.sdk -target arm64-apple-tvos16.0 -g -module-cache-path /Users/admin/builder/spi-builder-workspace/.derivedData/ModuleCache.noindex -Xfrontend -serialize-debugging-options -profile-coverage-mapping -profile-generate -enable-testing -suppress-warnings -index-store-path /Users/admin/builder/spi-builder-workspace/.derivedData/Index.noindex/DataStore -Xcc -D_LIBCPP_HARDENING_MODE\=_LIBCPP_HARDENING_MODE_DEBUG -swift-version 6 -I /Users/admin/builder/spi-builder-workspace/.derivedData/Build/Products/Debug-appletvos -Isystem /Applications/Xcode-27.0.0-Release.Candidate.app/Contents/Developer/Platforms/AppleTVOS.platform/Developer/usr/lib -F /Users/admin/builder/spi-builder-workspace/.derivedData/Build/Products/Debug-appletvos -F /Applications/Xcode-27.0.0-Release.Candidate.app/Contents/Developer/Platforms/AppleTVOS.platform/Developer/Library/Frameworks -F /Applications/Xcode-27.0.0-Release.Candidate.app/Contents/Developer/Platforms/AppleTVOS.platform/Developer/SDKs/AppleTVOS27.0.sdk/Developer/Library/Frameworks -c -j10 -enable-batch-mode -incremental -Xcc -ivfsstatcache -Xcc /Users/admin/builder/spi-builder-workspace/.derivedData/SDKStatCaches.noindex/appletvos27.0-24J360-e829b21a6f8c9b70876ba0858053c044b32bfd8d43560033f8d89884cdb90028.sdkstatcache -output-file-map /Users/admin/builder/spi-builder-workspace/.derivedData/Build/Intermediates.noindex/OMHModels.build/Debug-appletvos/OMHModels-t.build/Objects-normal/arm64/OMHModels-OutputFileMap.json -save-temps -no-color-diagnostics -explicit-module-build -module-cache-path /Users/admin/builder/spi-builder-workspace/.derivedData/Build/Intermediates.noindex/SwiftExplicitPrecompiledModules -clang-scanner-module-cache-path /Users/admin/builder/spi-builder-workspace/.derivedData/ModuleCache.noindex -sdk-module-cache-path /Users/admin/builder/spi-builder-workspace/.derivedData/SDKExplicitPrecompiledModules -emit-dependencies -emit-module -emit-module-path /Users/admin/builder/spi-builder-workspace/.derivedData/Build/Intermediates.noindex/OMHModels.build/Debug-appletvos/OMHModels-t.build/Objects-normal/arm64/OMHModels.swiftmodule -serialize-diagnostics -dependency-scan-serialize-diagnostics-path /Users/admin/builder/spi-builder-workspace/.derivedData/Build/Intermediates.noindex/OMHModels.build/Debug-appletvos/OMHModels-t.build/Objects-normal/arm64/OMHModels-dependency-scan.dia -user-module-version 0.2.0 -validate-clang-modules-once -clang-build-session-file /Users/admin/builder/spi-builder-workspace/.derivedData/ModuleCache.noindex/Session.modulevalidation -Xcc -fmodules-prune-interval\=86400 -Xcc -fmodules-prune-after\=345600 -package-name omhmodels -emit-const-values -const-gather-protocols-list /Users/admin/builder/spi-builder-workspace/.derivedData/Build/Intermediates.noindex/OMHModels.build/Debug-appletvos/OMHModels-t.build/Objects-normal/arm64/OMHModels_const_extract_protocols.json -Xcc -I/Users/admin/builder/spi-builder-workspace/.derivedData/Build/Products/Debug-appletvos/include -Xcc -I/Users/admin/builder/spi-builder-workspace/.derivedData/Build/Intermediates.noindex/OMHModels.build/Debug-appletvos/OMHModels-t.build/DerivedSources-normal/arm64 -Xcc -I/Users/admin/builder/spi-builder-workspace/.derivedData/Build/Intermediates.noindex/OMHModels.build/Debug-appletvos/OMHModels-t.build/DerivedSources/arm64 -Xcc -I/Users/admin/builder/spi-builder-workspace/.derivedData/Build/Intermediates.noindex/OMHModels.build/Debug-appletvos/OMHModels-t.build/DerivedSources -Xcc -DSWIFT_PACKAGE -Xcc -DDEBUG\=1 -emit-objc-header -emit-objc-header-path /Users/admin/builder/spi-builder-workspace/.derivedData/Build/Intermediates.noindex/OMHModels.build/Debug-appletvos/OMHModels-t.build/Objects-normal/arm64/OMHModels-Swift.h -working-directory /Users/admin/builder/spi-builder-workspace/.swiftpm/xcode -experimental-emit-module-separately -disable-cmo
PruneExplicitPrecompiledModules /Users/admin/builder/spi-builder-workspace/.derivedData/Build/Intermediates.noindex/ExplicitPrecompiledModules
PruneExplicitPrecompiledModules /Users/admin/builder/spi-builder-workspace/.derivedData/SDKExplicitPrecompiledModules
PruneExplicitPrecompiledModules /Users/admin/builder/spi-builder-workspace/.derivedData/Build/Intermediates.noindex/SwiftExplicitPrecompiledModules
2026-09-21 18:12:35.373 xcodebuild[752:4763] [MT] IDERunDestination: Supported platforms for the buildables in the current scheme is empty.
** BUILD FAILED **
The following build commands failed:
	SwiftDriver HealthKitOnOMH normal arm64 com.apple.xcode.tools.swift.compiler (in target 'HealthKitOnOMH' from project 'HealthKitOnOMH')
	Building workspace HealthKitOnOMH with scheme HealthKitOnOMH
(2 failures)
BUILD FAILURE 6.4 tvOS