The Swift Package Index logo.Swift Package Index

Build Information

Failed to build RoktUXHelper, reference 2.1.5 (f16537), with Swift 6.1 for watchOS using Xcode 16.3 on 29 Oct 2026 00:41:44 UTC.

Build Command

env DEVELOPER_DIR=/Applications/Xcode-16.3.0.app xcrun xcodebuild -IDEClonedSourcePackagesDirPathOverride=$PWD/.dependencies -skipMacroValidation -skipPackagePluginValidation -derivedDataPath $PWD/.derivedData build -scheme RoktUXHelper -destination generic/platform=watchOS

Build Log

        "Data/Model/ExperienceResponse/CatalogProductResponse.swift",
        "Data/Model/ExperienceResponse/CreativeImage+Accessibility.swift",
        "Data/Model/ExperienceResponse/LayoutVariantModel.swift",
        "Data/Model/ExperienceResponse/OfferModel.swift",
        "Data/Model/ExperienceResponse/OuterLayoutSchemaNetworkModel.swift",
        "Data/Model/ExperienceResponse/RoktUXOpenURLType.swift",
        "Data/Model/ExperienceResponse/RoktUXPageModel.swift",
        "Data/Model/ExperienceResponse/RoktUXParseResult.swift",
        "Data/Model/ExperienceResponse/RoktUXPlacementLayoutCode.swift",
        "Data/Model/ExperienceResponse/RoktUXResponseOption.swift",
        "Data/Model/ExperienceResponse/SDKOption.swift",
        "Data/Model/ExperienceResponse/SelectCatalogItem.swift",
        "Data/Model/ExperienceResponse/SelectResponse+PageModel.swift",
        "Data/Model/ExperienceResponse/SelectResponse.swift",
        "Data/Model/ExperienceResponse/SelectSchemaParsing.swift",
        "Data/Model/ExperienceResponse/SlotModel.swift",
        "Data/Model/ExperienceResponse/TransactionData.swift",
        "Data/Model/PartnerEventHandler/RoktEventListenerType.swift",
        "Data/Model/RoktIntegrationInfoDetails.swift",
        "Data/Model/RoktPluginViewState.swift",
        "Data/Model/RoktUXCustomStateMap.swift",
        "Data/Model/Styles/BaseStyles.swift",
        "Data/Model/Styles/PseudoTypes/StatePseudoTypes.swift",
        "Data/Model/Styles/SelfStyle/SelfStyleModel.swift",
        "Data/Model/Styles/StyleModel.swift",
        "Data/Model/Styles/StylingProperties/Background/BackgroundImageStyleModel.swift",
        "Data/Model/Styles/StylingProperties/Background/BackgroundStylingPropertiesModel.swift",
        "Data/Model/Styles/StylingProperties/Background/ThemeColor.swift",
        "Data/Model/Styles/StylingProperties/BorderStylingPropertiesModel.swift",
        "Data/Model/Styles/StylingProperties/CommonContainerStylingProperties.swift",
        "Data/Model/Styles/StylingProperties/Dimension/DimensionStyleModel.swift",
        "Data/Model/Styles/StylingProperties/Dimension/HeightProperty.swift",
        "Data/Model/Styles/StylingProperties/Dimension/WidthProperty.swift",
        "Data/Model/Styles/StylingProperties/FlexChildStylingPropertiesModel.swift",
        "Data/Model/Styles/StylingProperties/ShadowStyleModel.swift",
        "Data/Model/Styles/StylingProperties/SpacingStyleModel.swift",
        "Data/Model/Styles/StylingProperties/StylingPropertiesModel.swift",
        "RoktUX.swift",
        "Services/ActionCollection.swift",
        "Services/Decoder/HelperIntegrationType.swift",
        "Services/Decoder/RoktDecoder.swift",
        "Services/DiagnosticServicing.swift",
        "Services/Events/CatalogCarouselCallbacks+Events.swift",
        "Services/Events/EventProcessor.swift",
        "Services/Events/EventService.swift",
        "Services/Events/EventServicing.swift",
        "Services/LayoutState.swift",
        "Services/LayoutStateRepresenting.swift",
        "Services/LayoutTransformer/AttributedStringTransformer.swift",
        "Services/LayoutTransformer/LayoutNodeKind.swift",
        "Services/LayoutTransformer/LayoutTransformer+Inline.swift",
        "Services/LayoutTransformer/LayoutTransformer+Nodes.swift",
        "Services/LayoutTransformer/LayoutTransformer.swift",
        "Services/LayoutTransformer/SchemaInteractionValidation.swift",
        "Services/LayoutTransformer/SchemaNodeAdapter.swift",
        "Services/LayoutTransformer/SchemaStyleAdapter.swift",
        "Services/LayoutTransformer/SchemaStyleValidation.swift",
        "Services/LayoutTransformer/StyleMergeable.swift",
        "Services/LayoutTransformer/StyleTransformer.swift",
        "Services/LayoutTransformer/TransformerError.swift",
        "Services/Logging/RoktUXLogLevel.swift",
        "Services/Logging/RoktUXLogger.swift",
        "Services/UXEventsDelegate.swift",
        "Services/Validation/FormValidationCoordinator.swift",
        "Services/Validator/LayoutValidator.swift",
        "Services/WideStack.swift",
        "UI/Components/BasicTextComponent.swift",
        "UI/Components/BottomSheetComponent.swift",
        "UI/Components/CatalogCarouselCollectionComponent.swift",
        "UI/Components/CatalogCombinedCollectionComponent.swift",
        "UI/Components/CatalogDevicePayButtonComponent.swift",
        "UI/Components/CatalogDropdownComponent.swift",
        "UI/Components/CatalogImageGalleryComponent.swift",
        "UI/Components/CatalogResponseButtonComponent.swift",
        "UI/Components/CatalogStackedCollectionComponent.swift",
        "UI/Components/CloseButtonComponent.swift",
        "UI/Components/ColumnComponent.swift",
        "UI/Components/Common/CGFloat+Extension.swift",
        "UI/Components/Common/CGRect+Extension.swift",
        "UI/Components/Common/CGSize+Extension.swift",
        "UI/Components/Common/CatalogCarouselScrollHost.swift",
        "UI/Components/Common/Color+Extension.swift",
        "UI/Components/Common/DispatchQueue+extension.swift",
        "UI/Components/Common/Double+Extension.swift",
        "UI/Components/Common/Image/AsyncImageView.swift",
        "UI/Components/Common/Image/Base64Image.swift",
        "UI/Components/Common/Image/ExternalAsyncImage.swift",
        "UI/Components/Common/Image/Image+Extension.swift",
        "UI/Components/Common/Image/ImageDownloader.swift",
        "UI/Components/Common/Image/ImageScale.swift",
        "UI/Components/Common/Image/RoktUXImageLoader.swift",
        "UI/Components/Common/InlineSpanStyle.swift",
        "UI/Components/Common/InlineTextAttributes.swift",
        "UI/Components/Common/InlineTextContainerView.swift",
        "UI/Components/Common/InlineTextLayoutManager.swift",
        "UI/Components/Common/InlineTextView.swift",
        "UI/Components/Common/LayoutLoader.swift",
        "UI/Components/Common/LightweightHTMLParser.swift",
        "UI/Components/Common/ResizableHostingController.swift",
        "UI/Components/Common/RoktBottomSheetPresentationController.swift",
        "UI/Components/Common/RoktUXPresentationResolver.swift",
        "UI/Components/Common/String+Extension.swift",
        "UI/Components/Common/TextComponentBNFHelper.swift",
        "UI/Components/Common/UIColor+Extension.swift",
        "UI/Components/Common/UIFont+Extension.swift",
        "UI/Components/Common/UIResponder+Extension.swift",
        "UI/Components/Common/UIViewController+Extension.swift",
        "UI/Components/Common/View+Extension.swift",
        "UI/Components/Config/ComponentConfig.swift",
        "UI/Components/Config/ComponentParentOverride.swift",
        "UI/Components/Config/ComponentParentType.swift",
        "UI/Components/Config/RoktUXConfig.swift",
        "UI/Components/CreativeResponseComponent.swift",
        "UI/Components/DataImageCarouselComponent.swift",
        "UI/Components/DataImageComponent.swift",
        "UI/Components/Distribution/CarouselDistributionComponent.swift",
        "UI/Components/Distribution/GroupedDistributionComponent.swift",
        "UI/Components/Distribution/OneByOneDistributionComponent.swift",
        "UI/Components/EmbeddedComponent/EmbeddedComponent.swift",
        "UI/Components/EmbeddedComponent/EmbeddedComponentViewModel.swift",
        "UI/Components/ImageCarouselIndicator.swift",
        "UI/Components/InlineContainerComponent.swift",
        "UI/Components/LayoutSchemaComponent.swift",
        "UI/Components/OuterLayerComponent.swift",
        "UI/Components/OverlayComponent.swift",
        "UI/Components/ProgressControlComponent.swift",
        "UI/Components/ProgressIndicatorComponent.swift",
        "UI/Components/ResizableBottomSheetComponent.swift",
        "UI/Components/RichTextComponent.swift",
        "UI/Components/RowComponent.swift",
        "UI/Components/StaticImageViewComponent.swift",
        "UI/Components/StaticLinkComponent.swift",
        "UI/Components/Style/AlignSelfModifier.swift",
        "UI/Components/Style/AlignSelfStretchModifier.swift",
        "UI/Components/Style/AnimationStyle.swift",
        "UI/Components/Style/BackgroundModifier.swift",
        "UI/Components/Style/FontPropertiesStyle.swift",
        "UI/Components/Style/HeightModifier.swift",
        "UI/Components/Style/LayoutSchemaModifier.swift",
        "UI/Components/Style/MarginModifier.swift",
        "UI/Components/Style/OverflowModifier.swift",
        "UI/Components/Style/ShadowModifier.swift",
        "UI/Components/Style/StyleComponent.swift",
        "UI/Components/Style/WeightModifier.swift",
        "UI/Components/Style/WidthModifier.swift",
        "UI/Components/ToggleButtonComponent.swift",
        "UI/Components/ViewModel/BasicTextViewModel.swift",
        "UI/Components/ViewModel/BottomSheetViewModel.swift",
        "UI/Components/ViewModel/CarouselViewModel.swift",
        "UI/Components/ViewModel/CatalogCarouselCollectionViewModel.swift",
        "UI/Components/ViewModel/CatalogCarouselGeometry.swift",
        "UI/Components/ViewModel/CatalogCombinedCollectionViewModel.swift",
        "UI/Components/ViewModel/CatalogDevicePayButtonViewModel.swift",
        "UI/Components/ViewModel/CatalogDropdownViewModel.swift",
        "UI/Components/ViewModel/CatalogImageGalleryViewModel.swift",
        "UI/Components/ViewModel/CatalogProductResponseViewModel.swift",
        "UI/Components/ViewModel/CatalogResponseButtonViewModel.swift",
        "UI/Components/ViewModel/CatalogStackedCollectionViewModel.swift",
        "UI/Components/ViewModel/CloseButtonViewModel.swift",
        "UI/Components/ViewModel/ColumnViewModel.swift",
        "UI/Components/ViewModel/ConditionalStyleBinding.swift",
        "UI/Components/ViewModel/CreativeResponseViewModel.swift",
        "UI/Components/ViewModel/DataImageCarouselViewModel.swift",
        "UI/Components/ViewModel/DataImageViewModel.swift",
        "UI/Components/ViewModel/DistributionViewModel.swift",
        "UI/Components/ViewModel/GroupedDistributionViewModel.swift",
        "UI/Components/ViewModel/ImageCarouselIndicatorItemViewModel.swift",
        "UI/Components/ViewModel/ImageCarouselIndicatorViewModel.swift",
        "UI/Components/ViewModel/InlineContainerViewModel.swift",
        "UI/Components/ViewModel/LayoutSchemaViewModel.swift",
        "UI/Components/ViewModel/OneByOneViewModel.swift",
        "UI/Components/ViewModel/OverlayViewModel.swift",
        "UI/Components/ViewModel/PredicateHandling.swift",
        "UI/Components/ViewModel/ProgressControlViewModel.swift",
        "UI/Components/ViewModel/ProgressIndicatorViewModel.swift",
        "UI/Components/ViewModel/RichTextViewModel.swift",
        "UI/Components/ViewModel/RoktEmbeddedViewModel.swift",
        "UI/Components/ViewModel/RowViewModel.swift",
        "UI/Components/ViewModel/ScreenSizeAdaptive.swift",
        "UI/Components/ViewModel/StaticImageViewModel.swift",
        "UI/Components/ViewModel/StaticLinkViewModel.swift",
        "UI/Components/ViewModel/ToggleButtonViewModel.swift",
        "UI/Components/ViewModel/WhenViewModel.swift",
        "UI/Components/ViewModel/ZStackViewModel.swift",
        "UI/Components/WhenComponent.swift",
        "UI/Components/ZStackComponent.swift",
        "UI/RoktLayoutUIView.swift",
        "UI/RoktLayoutView/RoktLayoutView.swift",
        "UI/RoktLayoutView/RoktLayoutViewModel.swift",
        "Utils/Collection+Extension.swift",
        "Utils/DebounceCollector.swift",
        "Utils/LazyPublished.swift",
        "Utils/Optional+Extension.swift",
        "Utils/RoktUXCaseIterableDefaultLast.swift",
        "Utils/SSOT+Extension.swift",
        "Utils/UIDeviceExtension.swift"
      ],
      "type" : "library"
    }
  ],
  "tools_version" : "5.9"
}
{
  "workspace" : {
    "name" : "spi-builder-workspace",
    "schemes" : [
      "RoktUXHelper"
    ]
  }
}
Running build ...
env DEVELOPER_DIR=/Applications/Xcode-16.3.0.app xcrun xcodebuild -IDEClonedSourcePackagesDirPathOverride=$PWD/.dependencies -skipMacroValidation -skipPackagePluginValidation -derivedDataPath $PWD/.derivedData build -scheme RoktUXHelper -destination generic/platform=watchOS
Command line invocation:
    /Applications/Xcode-16.3.0.app/Contents/Developer/usr/bin/xcodebuild -IDEClonedSourcePackagesDirPathOverride=/Users/admin/builder/spi-builder-workspace/.dependencies -skipMacroValidation -skipPackagePluginValidation -derivedDataPath /Users/admin/builder/spi-builder-workspace/.derivedData build -scheme RoktUXHelper -destination generic/platform=watchOS
Resolve Package Graph
Resolved source packages:
  xctest-dynamic-overlay: https://github.com/pointfreeco/xctest-dynamic-overlay @ 1.13.1
  swift-syntax: https://github.com/swiftlang/swift-syntax @ 604.0.0
  swift-snapshot-testing: https://github.com/pointfreeco/swift-snapshot-testing.git @ 1.19.7
  DcuiSchema: https://github.com/ROKT/dcui-swift-schema.git @ 2.10.0
  ViewInspector: https://github.com/nalexn/ViewInspector.git @ 0.10.5
  swift-custom-dump: https://github.com/pointfreeco/swift-custom-dump @ 1.7.3
  RoktUXHelper: /Users/admin/builder/spi-builder-workspace
ComputePackagePrebuildTargetDependencyGraph
Prepare packages
CreateBuildRequest
SendProjectDescription
CreateBuildOperation
ComputeTargetDependencyGraph
note: Building targets in dependency order
note: Target dependency graph (5 targets)
    Target 'RoktUXHelper' in project 'RoktUXHelper'
        ➜ Explicit dependency on target 'RoktUXHelper' in project 'RoktUXHelper'
        ➜ Explicit dependency on target 'RoktUXHelper_RoktUXHelper' in project 'RoktUXHelper'
        ➜ Explicit dependency on target 'DcuiSchema' in project 'DcuiSchema'
    Target 'RoktUXHelper' in project 'RoktUXHelper'
        ➜ Explicit dependency on target 'RoktUXHelper_RoktUXHelper' in project 'RoktUXHelper'
        ➜ Explicit dependency on target 'DcuiSchema' in project 'DcuiSchema'
    Target 'DcuiSchema' in project 'DcuiSchema'
        ➜ Explicit dependency on target 'DcuiSchema' in project 'DcuiSchema'
    Target 'DcuiSchema' in project 'DcuiSchema' (no dependencies)
    Target 'RoktUXHelper_RoktUXHelper' in project 'RoktUXHelper' (no dependencies)
GatherProvisioningInputs
CreateBuildDescription
ExecuteExternalTool /Applications/Xcode-16.3.0.app/Contents/Developer/Toolchains/XcodeDefault.xctoolchain/usr/bin/swiftc --version
ExecuteExternalTool /Applications/Xcode-16.3.0.app/Contents/Developer/Toolchains/XcodeDefault.xctoolchain/usr/bin/clang -v -E -dM -isysroot /Applications/Xcode-16.3.0.app/Contents/Developer/Platforms/WatchOS.platform/Developer/SDKs/WatchOS11.4.sdk -x c -c /dev/null
ExecuteExternalTool /Applications/Xcode-16.3.0.app/Contents/Developer/Toolchains/XcodeDefault.xctoolchain/usr/bin/ld -version_details
Build description signature: e2ee14842af5a85f137b1eea7f6b75d1
Build description path: /Users/admin/builder/spi-builder-workspace/.derivedData/Build/Intermediates.noindex/XCBuildData/e2ee14842af5a85f137b1eea7f6b75d1.xcbuilddata
ClangStatCache /Applications/Xcode-16.3.0.app/Contents/Developer/Toolchains/XcodeDefault.xctoolchain/usr/bin/clang-stat-cache /Applications/Xcode-16.3.0.app/Contents/Developer/Platforms/WatchOS.platform/Developer/SDKs/WatchOS11.4.sdk /Users/admin/builder/spi-builder-workspace/.derivedData/SDKStatCaches.noindex/watchos11.4-22T246-43efb940ff07ba2497b70ec94253f576.sdkstatcache
    cd /Users/admin/builder/spi-builder-workspace/.swiftpm/xcode
    /Applications/Xcode-16.3.0.app/Contents/Developer/Toolchains/XcodeDefault.xctoolchain/usr/bin/clang-stat-cache /Applications/Xcode-16.3.0.app/Contents/Developer/Platforms/WatchOS.platform/Developer/SDKs/WatchOS11.4.sdk -o /Users/admin/builder/spi-builder-workspace/.derivedData/SDKStatCaches.noindex/watchos11.4-22T246-43efb940ff07ba2497b70ec94253f576.sdkstatcache
ProcessInfoPlistFile /Users/admin/builder/spi-builder-workspace/.derivedData/Build/Products/Debug-watchos/RoktUXHelper_RoktUXHelper.bundle/Info.plist /Users/admin/builder/spi-builder-workspace/.derivedData/Build/Intermediates.noindex/RoktUXHelper.build/Debug-watchos/RoktUXHelper_RoktUXHelper.build/empty-RoktUXHelper_RoktUXHelper.plist (in target 'RoktUXHelper_RoktUXHelper' from project 'RoktUXHelper')
    cd /Users/admin/builder/spi-builder-workspace
    builtin-infoPlistUtility /Users/admin/builder/spi-builder-workspace/.derivedData/Build/Intermediates.noindex/RoktUXHelper.build/Debug-watchos/RoktUXHelper_RoktUXHelper.build/empty-RoktUXHelper_RoktUXHelper.plist -producttype com.apple.product-type.bundle -expandbuildsettings -format binary -platform watchos -o /Users/admin/builder/spi-builder-workspace/.derivedData/Build/Products/Debug-watchos/RoktUXHelper_RoktUXHelper.bundle/Info.plist
SwiftDriver DcuiSchema normal arm64 com.apple.xcode.tools.swift.compiler (in target 'DcuiSchema' from project 'DcuiSchema')
    cd /Users/admin/builder/spi-builder-workspace/.swiftpm/xcode
    builtin-SwiftDriver -- /Applications/Xcode-16.3.0.app/Contents/Developer/Toolchains/XcodeDefault.xctoolchain/usr/bin/swiftc -module-name DcuiSchema -Onone -enforce-exclusivity\=checked @/Users/admin/builder/spi-builder-workspace/.derivedData/Build/Intermediates.noindex/DcuiSchema.build/Debug-watchos/DcuiSchema.build/Objects-normal/arm64/DcuiSchema.SwiftFileList -DSWIFT_PACKAGE -DDEBUG -DXcode -plugin-path /Applications/Xcode-16.3.0.app/Contents/Developer/Toolchains/XcodeDefault.xctoolchain/usr/lib/swift/host/plugins/testing -enable-experimental-feature DebugDescriptionMacro -sdk /Applications/Xcode-16.3.0.app/Contents/Developer/Platforms/WatchOS.platform/Developer/SDKs/WatchOS11.4.sdk -target arm64-apple-watchos5.0 -g -module-cache-path /Users/admin/builder/spi-builder-workspace/.derivedData/ModuleCache.noindex -Xfrontend -serialize-debugging-options -profile-coverage-mapping -profile-generate -enable-testing -suppress-warnings -index-store-path /Users/admin/builder/spi-builder-workspace/.derivedData/Index.noindex/DataStore -swift-version 5 -I /Users/admin/builder/spi-builder-workspace/.derivedData/Build/Products/Debug-watchos -I /Applications/Xcode-16.3.0.app/Contents/Developer/Platforms/WatchOS.platform/Developer/usr/lib -F /Users/admin/builder/spi-builder-workspace/.derivedData/Build/Products/Debug-watchos -F /Applications/Xcode-16.3.0.app/Contents/Developer/Platforms/WatchOS.platform/Developer/Library/Frameworks -F /Applications/Xcode-16.3.0.app/Contents/Developer/Platforms/WatchOS.platform/Developer/SDKs/WatchOS11.4.sdk/Developer/Library/Frameworks -parse-as-library -c -j10 -enable-batch-mode -incremental -Xcc -ivfsstatcache -Xcc /Users/admin/builder/spi-builder-workspace/.derivedData/SDKStatCaches.noindex/watchos11.4-22T246-43efb940ff07ba2497b70ec94253f576.sdkstatcache -output-file-map /Users/admin/builder/spi-builder-workspace/.derivedData/Build/Intermediates.noindex/DcuiSchema.build/Debug-watchos/DcuiSchema.build/Objects-normal/arm64/DcuiSchema-OutputFileMap.json -use-frontend-parseable-output -save-temps -no-color-diagnostics -serialize-diagnostics -emit-dependencies -emit-module -emit-module-path /Users/admin/builder/spi-builder-workspace/.derivedData/Build/Intermediates.noindex/DcuiSchema.build/Debug-watchos/DcuiSchema.build/Objects-normal/arm64/DcuiSchema.swiftmodule -validate-clang-modules-once -clang-build-session-file /Users/admin/builder/spi-builder-workspace/.derivedData/ModuleCache.noindex/Session.modulevalidation -Xcc -I/Users/admin/builder/spi-builder-workspace/.derivedData/Build/Intermediates.noindex/DcuiSchema.build/Debug-watchos/DcuiSchema.build/swift-overrides.hmap -emit-const-values -Xfrontend -const-gather-protocols-file -Xfrontend /Users/admin/builder/spi-builder-workspace/.derivedData/Build/Intermediates.noindex/DcuiSchema.build/Debug-watchos/DcuiSchema.build/Objects-normal/arm64/DcuiSchema_const_extract_protocols.json -Xcc -I/Users/admin/builder/spi-builder-workspace/.derivedData/Build/Products/Debug-watchos/include -Xcc -I/Users/admin/builder/spi-builder-workspace/.derivedData/Build/Intermediates.noindex/DcuiSchema.build/Debug-watchos/DcuiSchema.build/DerivedSources-normal/arm64 -Xcc -I/Users/admin/builder/spi-builder-workspace/.derivedData/Build/Intermediates.noindex/DcuiSchema.build/Debug-watchos/DcuiSchema.build/DerivedSources/arm64 -Xcc -I/Users/admin/builder/spi-builder-workspace/.derivedData/Build/Intermediates.noindex/DcuiSchema.build/Debug-watchos/DcuiSchema.build/DerivedSources -Xcc -DSWIFT_PACKAGE -Xcc -DDEBUG\=1 -emit-objc-header -emit-objc-header-path /Users/admin/builder/spi-builder-workspace/.derivedData/Build/Intermediates.noindex/DcuiSchema.build/Debug-watchos/DcuiSchema.build/Objects-normal/arm64/DcuiSchema-Swift.h -working-directory /Users/admin/builder/spi-builder-workspace/.swiftpm/xcode -experimental-emit-module-separately -disable-cmo
SwiftDriver DcuiSchema normal arm64_32 com.apple.xcode.tools.swift.compiler (in target 'DcuiSchema' from project 'DcuiSchema')
    cd /Users/admin/builder/spi-builder-workspace/.swiftpm/xcode
    builtin-SwiftDriver -- /Applications/Xcode-16.3.0.app/Contents/Developer/Toolchains/XcodeDefault.xctoolchain/usr/bin/swiftc -module-name DcuiSchema -Onone -enforce-exclusivity\=checked @/Users/admin/builder/spi-builder-workspace/.derivedData/Build/Intermediates.noindex/DcuiSchema.build/Debug-watchos/DcuiSchema.build/Objects-normal/arm64_32/DcuiSchema.SwiftFileList -DSWIFT_PACKAGE -DDEBUG -DXcode -plugin-path /Applications/Xcode-16.3.0.app/Contents/Developer/Toolchains/XcodeDefault.xctoolchain/usr/lib/swift/host/plugins/testing -enable-experimental-feature DebugDescriptionMacro -sdk /Applications/Xcode-16.3.0.app/Contents/Developer/Platforms/WatchOS.platform/Developer/SDKs/WatchOS11.4.sdk -target arm64_32-apple-watchos5.0 -g -module-cache-path /Users/admin/builder/spi-builder-workspace/.derivedData/ModuleCache.noindex -Xfrontend -serialize-debugging-options -profile-coverage-mapping -profile-generate -enable-testing -suppress-warnings -index-store-path /Users/admin/builder/spi-builder-workspace/.derivedData/Index.noindex/DataStore -swift-version 5 -I /Users/admin/builder/spi-builder-workspace/.derivedData/Build/Products/Debug-watchos -I /Applications/Xcode-16.3.0.app/Contents/Developer/Platforms/WatchOS.platform/Developer/usr/lib -F /Users/admin/builder/spi-builder-workspace/.derivedData/Build/Products/Debug-watchos -F /Applications/Xcode-16.3.0.app/Contents/Developer/Platforms/WatchOS.platform/Developer/Library/Frameworks -F /Applications/Xcode-16.3.0.app/Contents/Developer/Platforms/WatchOS.platform/Developer/SDKs/WatchOS11.4.sdk/Developer/Library/Frameworks -parse-as-library -c -j10 -enable-batch-mode -incremental -Xcc -ivfsstatcache -Xcc /Users/admin/builder/spi-builder-workspace/.derivedData/SDKStatCaches.noindex/watchos11.4-22T246-43efb940ff07ba2497b70ec94253f576.sdkstatcache -output-file-map /Users/admin/builder/spi-builder-workspace/.derivedData/Build/Intermediates.noindex/DcuiSchema.build/Debug-watchos/DcuiSchema.build/Objects-normal/arm64_32/DcuiSchema-OutputFileMap.json -use-frontend-parseable-output -save-temps -no-color-diagnostics -serialize-diagnostics -emit-dependencies -emit-module -emit-module-path /Users/admin/builder/spi-builder-workspace/.derivedData/Build/Intermediates.noindex/DcuiSchema.build/Debug-watchos/DcuiSchema.build/Objects-normal/arm64_32/DcuiSchema.swiftmodule -validate-clang-modules-once -clang-build-session-file /Users/admin/builder/spi-builder-workspace/.derivedData/ModuleCache.noindex/Session.modulevalidation -Xcc -I/Users/admin/builder/spi-builder-workspace/.derivedData/Build/Intermediates.noindex/DcuiSchema.build/Debug-watchos/DcuiSchema.build/swift-overrides.hmap -emit-const-values -Xfrontend -const-gather-protocols-file -Xfrontend /Users/admin/builder/spi-builder-workspace/.derivedData/Build/Intermediates.noindex/DcuiSchema.build/Debug-watchos/DcuiSchema.build/Objects-normal/arm64_32/DcuiSchema_const_extract_protocols.json -Xcc -I/Users/admin/builder/spi-builder-workspace/.derivedData/Build/Products/Debug-watchos/include -Xcc -I/Users/admin/builder/spi-builder-workspace/.derivedData/Build/Intermediates.noindex/DcuiSchema.build/Debug-watchos/DcuiSchema.build/DerivedSources-normal/arm64_32 -Xcc -I/Users/admin/builder/spi-builder-workspace/.derivedData/Build/Intermediates.noindex/DcuiSchema.build/Debug-watchos/DcuiSchema.build/DerivedSources/arm64_32 -Xcc -I/Users/admin/builder/spi-builder-workspace/.derivedData/Build/Intermediates.noindex/DcuiSchema.build/Debug-watchos/DcuiSchema.build/DerivedSources -Xcc -DSWIFT_PACKAGE -Xcc -DDEBUG\=1 -emit-objc-header -emit-objc-header-path /Users/admin/builder/spi-builder-workspace/.derivedData/Build/Intermediates.noindex/DcuiSchema.build/Debug-watchos/DcuiSchema.build/Objects-normal/arm64_32/DcuiSchema-Swift.h -working-directory /Users/admin/builder/spi-builder-workspace/.swiftpm/xcode -experimental-emit-module-separately -disable-cmo
SwiftDriver DcuiSchema normal armv7k com.apple.xcode.tools.swift.compiler (in target 'DcuiSchema' from project 'DcuiSchema')
    cd /Users/admin/builder/spi-builder-workspace/.swiftpm/xcode
    builtin-SwiftDriver -- /Applications/Xcode-16.3.0.app/Contents/Developer/Toolchains/XcodeDefault.xctoolchain/usr/bin/swiftc -module-name DcuiSchema -Onone -enforce-exclusivity\=checked @/Users/admin/builder/spi-builder-workspace/.derivedData/Build/Intermediates.noindex/DcuiSchema.build/Debug-watchos/DcuiSchema.build/Objects-normal/armv7k/DcuiSchema.SwiftFileList -DSWIFT_PACKAGE -DDEBUG -DXcode -plugin-path /Applications/Xcode-16.3.0.app/Contents/Developer/Toolchains/XcodeDefault.xctoolchain/usr/lib/swift/host/plugins/testing -enable-experimental-feature DebugDescriptionMacro -sdk /Applications/Xcode-16.3.0.app/Contents/Developer/Platforms/WatchOS.platform/Developer/SDKs/WatchOS11.4.sdk -target armv7k-apple-watchos5.0 -g -module-cache-path /Users/admin/builder/spi-builder-workspace/.derivedData/ModuleCache.noindex -Xfrontend -serialize-debugging-options -profile-coverage-mapping -profile-generate -enable-testing -suppress-warnings -index-store-path /Users/admin/builder/spi-builder-workspace/.derivedData/Index.noindex/DataStore -swift-version 5 -I /Users/admin/builder/spi-builder-workspace/.derivedData/Build/Products/Debug-watchos -I /Applications/Xcode-16.3.0.app/Contents/Developer/Platforms/WatchOS.platform/Developer/usr/lib -F /Users/admin/builder/spi-builder-workspace/.derivedData/Build/Products/Debug-watchos -F /Applications/Xcode-16.3.0.app/Contents/Developer/Platforms/WatchOS.platform/Developer/Library/Frameworks -F /Applications/Xcode-16.3.0.app/Contents/Developer/Platforms/WatchOS.platform/Developer/SDKs/WatchOS11.4.sdk/Developer/Library/Frameworks -parse-as-library -c -j10 -enable-batch-mode -incremental -Xcc -ivfsstatcache -Xcc /Users/admin/builder/spi-builder-workspace/.derivedData/SDKStatCaches.noindex/watchos11.4-22T246-43efb940ff07ba2497b70ec94253f576.sdkstatcache -output-file-map /Users/admin/builder/spi-builder-workspace/.derivedData/Build/Intermediates.noindex/DcuiSchema.build/Debug-watchos/DcuiSchema.build/Objects-normal/armv7k/DcuiSchema-OutputFileMap.json -use-frontend-parseable-output -save-temps -no-color-diagnostics -serialize-diagnostics -emit-dependencies -emit-module -emit-module-path /Users/admin/builder/spi-builder-workspace/.derivedData/Build/Intermediates.noindex/DcuiSchema.build/Debug-watchos/DcuiSchema.build/Objects-normal/armv7k/DcuiSchema.swiftmodule -validate-clang-modules-once -clang-build-session-file /Users/admin/builder/spi-builder-workspace/.derivedData/ModuleCache.noindex/Session.modulevalidation -Xcc -I/Users/admin/builder/spi-builder-workspace/.derivedData/Build/Intermediates.noindex/DcuiSchema.build/Debug-watchos/DcuiSchema.build/swift-overrides.hmap -emit-const-values -Xfrontend -const-gather-protocols-file -Xfrontend /Users/admin/builder/spi-builder-workspace/.derivedData/Build/Intermediates.noindex/DcuiSchema.build/Debug-watchos/DcuiSchema.build/Objects-normal/armv7k/DcuiSchema_const_extract_protocols.json -Xcc -I/Users/admin/builder/spi-builder-workspace/.derivedData/Build/Products/Debug-watchos/include -Xcc -I/Users/admin/builder/spi-builder-workspace/.derivedData/Build/Intermediates.noindex/DcuiSchema.build/Debug-watchos/DcuiSchema.build/DerivedSources-normal/armv7k -Xcc -I/Users/admin/builder/spi-builder-workspace/.derivedData/Build/Intermediates.noindex/DcuiSchema.build/Debug-watchos/DcuiSchema.build/DerivedSources/armv7k -Xcc -I/Users/admin/builder/spi-builder-workspace/.derivedData/Build/Intermediates.noindex/DcuiSchema.build/Debug-watchos/DcuiSchema.build/DerivedSources -Xcc -DSWIFT_PACKAGE -Xcc -DDEBUG\=1 -emit-objc-header -emit-objc-header-path /Users/admin/builder/spi-builder-workspace/.derivedData/Build/Intermediates.noindex/DcuiSchema.build/Debug-watchos/DcuiSchema.build/Objects-normal/armv7k/DcuiSchema-Swift.h -working-directory /Users/admin/builder/spi-builder-workspace/.swiftpm/xcode -experimental-emit-module-separately -disable-cmo
SwiftEmitModule normal arm64 Emitting\ module\ for\ DcuiSchema (in target 'DcuiSchema' from project 'DcuiSchema')
SwiftCompile normal arm64 /Users/admin/builder/spi-builder-workspace/.dependencies/checkouts/dcui-swift-schema/Sources/DcuiSchema/schema.swift (in target 'DcuiSchema' from project 'DcuiSchema')
    cd /Users/admin/builder/spi-builder-workspace/.swiftpm/xcode

SwiftEmitModule normal armv7k Emitting\ module\ for\ DcuiSchema (in target 'DcuiSchema' from project 'DcuiSchema')
SwiftCompile normal armv7k /Users/admin/builder/spi-builder-workspace/.dependencies/checkouts/dcui-swift-schema/Sources/DcuiSchema/schema.swift (in target 'DcuiSchema' from project 'DcuiSchema')
    cd /Users/admin/builder/spi-builder-workspace/.swiftpm/xcode

SwiftCompile normal armv7k Compiling\ schema.swift /Users/admin/builder/spi-builder-workspace/.dependencies/checkouts/dcui-swift-schema/Sources/DcuiSchema/schema.swift (in target 'DcuiSchema' from project 'DcuiSchema')
SwiftCompile normal armv7k /Users/admin/builder/spi-builder-workspace/.dependencies/checkouts/dcui-swift-schema/Sources/DcuiSchema/schema.swift (in target 'DcuiSchema' from project 'DcuiSchema')
    cd /Users/admin/builder/spi-builder-workspace/.swiftpm/xcode

SwiftCompile normal arm64_32 Compiling\ schema.swift /Users/admin/builder/spi-builder-workspace/.dependencies/checkouts/dcui-swift-schema/Sources/DcuiSchema/schema.swift (in target 'DcuiSchema' from project 'DcuiSchema')
SwiftCompile normal arm64_32 /Users/admin/builder/spi-builder-workspace/.dependencies/checkouts/dcui-swift-schema/Sources/DcuiSchema/schema.swift (in target 'DcuiSchema' from project 'DcuiSchema')
    cd /Users/admin/builder/spi-builder-workspace/.swiftpm/xcode

SwiftEmitModule normal arm64_32 Emitting\ module\ for\ DcuiSchema (in target 'DcuiSchema' from project 'DcuiSchema')
SwiftCompile normal arm64_32 /Users/admin/builder/spi-builder-workspace/.dependencies/checkouts/dcui-swift-schema/Sources/DcuiSchema/schema.swift (in target 'DcuiSchema' from project 'DcuiSchema')
    cd /Users/admin/builder/spi-builder-workspace/.swiftpm/xcode

SwiftCompile normal arm64 Compiling\ schema.swift /Users/admin/builder/spi-builder-workspace/.dependencies/checkouts/dcui-swift-schema/Sources/DcuiSchema/schema.swift (in target 'DcuiSchema' from project 'DcuiSchema')
SwiftCompile normal arm64 /Users/admin/builder/spi-builder-workspace/.dependencies/checkouts/dcui-swift-schema/Sources/DcuiSchema/schema.swift (in target 'DcuiSchema' from project 'DcuiSchema')
    cd /Users/admin/builder/spi-builder-workspace/.swiftpm/xcode

SwiftDriverJobDiscovery normal arm64_32 Emitting module for DcuiSchema (in target 'DcuiSchema' from project 'DcuiSchema')
SwiftDriver\ Compilation\ Requirements DcuiSchema normal arm64_32 com.apple.xcode.tools.swift.compiler (in target 'DcuiSchema' from project 'DcuiSchema')
    cd /Users/admin/builder/spi-builder-workspace/.swiftpm/xcode
    builtin-Swift-Compilation-Requirements -- /Applications/Xcode-16.3.0.app/Contents/Developer/Toolchains/XcodeDefault.xctoolchain/usr/bin/swiftc -module-name DcuiSchema -Onone -enforce-exclusivity\=checked @/Users/admin/builder/spi-builder-workspace/.derivedData/Build/Intermediates.noindex/DcuiSchema.build/Debug-watchos/DcuiSchema.build/Objects-normal/arm64_32/DcuiSchema.SwiftFileList -DSWIFT_PACKAGE -DDEBUG -DXcode -plugin-path /Applications/Xcode-16.3.0.app/Contents/Developer/Toolchains/XcodeDefault.xctoolchain/usr/lib/swift/host/plugins/testing -enable-experimental-feature DebugDescriptionMacro -sdk /Applications/Xcode-16.3.0.app/Contents/Developer/Platforms/WatchOS.platform/Developer/SDKs/WatchOS11.4.sdk -target arm64_32-apple-watchos5.0 -g -module-cache-path /Users/admin/builder/spi-builder-workspace/.derivedData/ModuleCache.noindex -Xfrontend -serialize-debugging-options -profile-coverage-mapping -profile-generate -enable-testing -suppress-warnings -index-store-path /Users/admin/builder/spi-builder-workspace/.derivedData/Index.noindex/DataStore -swift-version 5 -I /Users/admin/builder/spi-builder-workspace/.derivedData/Build/Products/Debug-watchos -I /Applications/Xcode-16.3.0.app/Contents/Developer/Platforms/WatchOS.platform/Developer/usr/lib -F /Users/admin/builder/spi-builder-workspace/.derivedData/Build/Products/Debug-watchos -F /Applications/Xcode-16.3.0.app/Contents/Developer/Platforms/WatchOS.platform/Developer/Library/Frameworks -F /Applications/Xcode-16.3.0.app/Contents/Developer/Platforms/WatchOS.platform/Developer/SDKs/WatchOS11.4.sdk/Developer/Library/Frameworks -parse-as-library -c -j10 -enable-batch-mode -incremental -Xcc -ivfsstatcache -Xcc /Users/admin/builder/spi-builder-workspace/.derivedData/SDKStatCaches.noindex/watchos11.4-22T246-43efb940ff07ba2497b70ec94253f576.sdkstatcache -output-file-map /Users/admin/builder/spi-builder-workspace/.derivedData/Build/Intermediates.noindex/DcuiSchema.build/Debug-watchos/DcuiSchema.build/Objects-normal/arm64_32/DcuiSchema-OutputFileMap.json -use-frontend-parseable-output -save-temps -no-color-diagnostics -serialize-diagnostics -emit-dependencies -emit-module -emit-module-path /Users/admin/builder/spi-builder-workspace/.derivedData/Build/Intermediates.noindex/DcuiSchema.build/Debug-watchos/DcuiSchema.build/Objects-normal/arm64_32/DcuiSchema.swiftmodule -validate-clang-modules-once -clang-build-session-file /Users/admin/builder/spi-builder-workspace/.derivedData/ModuleCache.noindex/Session.modulevalidation -Xcc -I/Users/admin/builder/spi-builder-workspace/.derivedData/Build/Intermediates.noindex/DcuiSchema.build/Debug-watchos/DcuiSchema.build/swift-overrides.hmap -emit-const-values -Xfrontend -const-gather-protocols-file -Xfrontend /Users/admin/builder/spi-builder-workspace/.derivedData/Build/Intermediates.noindex/DcuiSchema.build/Debug-watchos/DcuiSchema.build/Objects-normal/arm64_32/DcuiSchema_const_extract_protocols.json -Xcc -I/Users/admin/builder/spi-builder-workspace/.derivedData/Build/Products/Debug-watchos/include -Xcc -I/Users/admin/builder/spi-builder-workspace/.derivedData/Build/Intermediates.noindex/DcuiSchema.build/Debug-watchos/DcuiSchema.build/DerivedSources-normal/arm64_32 -Xcc -I/Users/admin/builder/spi-builder-workspace/.derivedData/Build/Intermediates.noindex/DcuiSchema.build/Debug-watchos/DcuiSchema.build/DerivedSources/arm64_32 -Xcc -I/Users/admin/builder/spi-builder-workspace/.derivedData/Build/Intermediates.noindex/DcuiSchema.build/Debug-watchos/DcuiSchema.build/DerivedSources -Xcc -DSWIFT_PACKAGE -Xcc -DDEBUG\=1 -emit-objc-header -emit-objc-header-path /Users/admin/builder/spi-builder-workspace/.derivedData/Build/Intermediates.noindex/DcuiSchema.build/Debug-watchos/DcuiSchema.build/Objects-normal/arm64_32/DcuiSchema-Swift.h -working-directory /Users/admin/builder/spi-builder-workspace/.swiftpm/xcode -experimental-emit-module-separately -disable-cmo
Copy /Users/admin/builder/spi-builder-workspace/.derivedData/Build/Products/Debug-watchos/DcuiSchema.swiftmodule/arm64_32-apple-watchos.abi.json /Users/admin/builder/spi-builder-workspace/.derivedData/Build/Intermediates.noindex/DcuiSchema.build/Debug-watchos/DcuiSchema.build/Objects-normal/arm64_32/DcuiSchema.abi.json (in target 'DcuiSchema' from project 'DcuiSchema')
    cd /Users/admin/builder/spi-builder-workspace/.dependencies/checkouts/dcui-swift-schema
    builtin-copy -exclude .DS_Store -exclude CVS -exclude .svn -exclude .git -exclude .hg -resolve-src-symlinks -rename /Users/admin/builder/spi-builder-workspace/.derivedData/Build/Intermediates.noindex/DcuiSchema.build/Debug-watchos/DcuiSchema.build/Objects-normal/arm64_32/DcuiSchema.abi.json /Users/admin/builder/spi-builder-workspace/.derivedData/Build/Products/Debug-watchos/DcuiSchema.swiftmodule/arm64_32-apple-watchos.abi.json
SwiftDriverJobDiscovery normal arm64 Emitting module for DcuiSchema (in target 'DcuiSchema' from project 'DcuiSchema')
SwiftDriver\ Compilation\ Requirements DcuiSchema normal arm64 com.apple.xcode.tools.swift.compiler (in target 'DcuiSchema' from project 'DcuiSchema')
    cd /Users/admin/builder/spi-builder-workspace/.swiftpm/xcode
    builtin-Swift-Compilation-Requirements -- /Applications/Xcode-16.3.0.app/Contents/Developer/Toolchains/XcodeDefault.xctoolchain/usr/bin/swiftc -module-name DcuiSchema -Onone -enforce-exclusivity\=checked @/Users/admin/builder/spi-builder-workspace/.derivedData/Build/Intermediates.noindex/DcuiSchema.build/Debug-watchos/DcuiSchema.build/Objects-normal/arm64/DcuiSchema.SwiftFileList -DSWIFT_PACKAGE -DDEBUG -DXcode -plugin-path /Applications/Xcode-16.3.0.app/Contents/Developer/Toolchains/XcodeDefault.xctoolchain/usr/lib/swift/host/plugins/testing -enable-experimental-feature DebugDescriptionMacro -sdk /Applications/Xcode-16.3.0.app/Contents/Developer/Platforms/WatchOS.platform/Developer/SDKs/WatchOS11.4.sdk -target arm64-apple-watchos5.0 -g -module-cache-path /Users/admin/builder/spi-builder-workspace/.derivedData/ModuleCache.noindex -Xfrontend -serialize-debugging-options -profile-coverage-mapping -profile-generate -enable-testing -suppress-warnings -index-store-path /Users/admin/builder/spi-builder-workspace/.derivedData/Index.noindex/DataStore -swift-version 5 -I /Users/admin/builder/spi-builder-workspace/.derivedData/Build/Products/Debug-watchos -I /Applications/Xcode-16.3.0.app/Contents/Developer/Platforms/WatchOS.platform/Developer/usr/lib -F /Users/admin/builder/spi-builder-workspace/.derivedData/Build/Products/Debug-watchos -F /Applications/Xcode-16.3.0.app/Contents/Developer/Platforms/WatchOS.platform/Developer/Library/Frameworks -F /Applications/Xcode-16.3.0.app/Contents/Developer/Platforms/WatchOS.platform/Developer/SDKs/WatchOS11.4.sdk/Developer/Library/Frameworks -parse-as-library -c -j10 -enable-batch-mode -incremental -Xcc -ivfsstatcache -Xcc /Users/admin/builder/spi-builder-workspace/.derivedData/SDKStatCaches.noindex/watchos11.4-22T246-43efb940ff07ba2497b70ec94253f576.sdkstatcache -output-file-map /Users/admin/builder/spi-builder-workspace/.derivedData/Build/Intermediates.noindex/DcuiSchema.build/Debug-watchos/DcuiSchema.build/Objects-normal/arm64/DcuiSchema-OutputFileMap.json -use-frontend-parseable-output -save-temps -no-color-diagnostics -serialize-diagnostics -emit-dependencies -emit-module -emit-module-path /Users/admin/builder/spi-builder-workspace/.derivedData/Build/Intermediates.noindex/DcuiSchema.build/Debug-watchos/DcuiSchema.build/Objects-normal/arm64/DcuiSchema.swiftmodule -validate-clang-modules-once -clang-build-session-file /Users/admin/builder/spi-builder-workspace/.derivedData/ModuleCache.noindex/Session.modulevalidation -Xcc -I/Users/admin/builder/spi-builder-workspace/.derivedData/Build/Intermediates.noindex/DcuiSchema.build/Debug-watchos/DcuiSchema.build/swift-overrides.hmap -emit-const-values -Xfrontend -const-gather-protocols-file -Xfrontend /Users/admin/builder/spi-builder-workspace/.derivedData/Build/Intermediates.noindex/DcuiSchema.build/Debug-watchos/DcuiSchema.build/Objects-normal/arm64/DcuiSchema_const_extract_protocols.json -Xcc -I/Users/admin/builder/spi-builder-workspace/.derivedData/Build/Products/Debug-watchos/include -Xcc -I/Users/admin/builder/spi-builder-workspace/.derivedData/Build/Intermediates.noindex/DcuiSchema.build/Debug-watchos/DcuiSchema.build/DerivedSources-normal/arm64 -Xcc -I/Users/admin/builder/spi-builder-workspace/.derivedData/Build/Intermediates.noindex/DcuiSchema.build/Debug-watchos/DcuiSchema.build/DerivedSources/arm64 -Xcc -I/Users/admin/builder/spi-builder-workspace/.derivedData/Build/Intermediates.noindex/DcuiSchema.build/Debug-watchos/DcuiSchema.build/DerivedSources -Xcc -DSWIFT_PACKAGE -Xcc -DDEBUG\=1 -emit-objc-header -emit-objc-header-path /Users/admin/builder/spi-builder-workspace/.derivedData/Build/Intermediates.noindex/DcuiSchema.build/Debug-watchos/DcuiSchema.build/Objects-normal/arm64/DcuiSchema-Swift.h -working-directory /Users/admin/builder/spi-builder-workspace/.swiftpm/xcode -experimental-emit-module-separately -disable-cmo
SwiftDriverJobDiscovery normal armv7k Emitting module for DcuiSchema (in target 'DcuiSchema' from project 'DcuiSchema')
SwiftDriver\ Compilation\ Requirements DcuiSchema normal armv7k com.apple.xcode.tools.swift.compiler (in target 'DcuiSchema' from project 'DcuiSchema')
    cd /Users/admin/builder/spi-builder-workspace/.swiftpm/xcode
    builtin-Swift-Compilation-Requirements -- /Applications/Xcode-16.3.0.app/Contents/Developer/Toolchains/XcodeDefault.xctoolchain/usr/bin/swiftc -module-name DcuiSchema -Onone -enforce-exclusivity\=checked @/Users/admin/builder/spi-builder-workspace/.derivedData/Build/Intermediates.noindex/DcuiSchema.build/Debug-watchos/DcuiSchema.build/Objects-normal/armv7k/DcuiSchema.SwiftFileList -DSWIFT_PACKAGE -DDEBUG -DXcode -plugin-path /Applications/Xcode-16.3.0.app/Contents/Developer/Toolchains/XcodeDefault.xctoolchain/usr/lib/swift/host/plugins/testing -enable-experimental-feature DebugDescriptionMacro -sdk /Applications/Xcode-16.3.0.app/Contents/Developer/Platforms/WatchOS.platform/Developer/SDKs/WatchOS11.4.sdk -target armv7k-apple-watchos5.0 -g -module-cache-path /Users/admin/builder/spi-builder-workspace/.derivedData/ModuleCache.noindex -Xfrontend -serialize-debugging-options -profile-coverage-mapping -profile-generate -enable-testing -suppress-warnings -index-store-path /Users/admin/builder/spi-builder-workspace/.derivedData/Index.noindex/DataStore -swift-version 5 -I /Users/admin/builder/spi-builder-workspace/.derivedData/Build/Products/Debug-watchos -I /Applications/Xcode-16.3.0.app/Contents/Developer/Platforms/WatchOS.platform/Developer/usr/lib -F /Users/admin/builder/spi-builder-workspace/.derivedData/Build/Products/Debug-watchos -F /Applications/Xcode-16.3.0.app/Contents/Developer/Platforms/WatchOS.platform/Developer/Library/Frameworks -F /Applications/Xcode-16.3.0.app/Contents/Developer/Platforms/WatchOS.platform/Developer/SDKs/WatchOS11.4.sdk/Developer/Library/Frameworks -parse-as-library -c -j10 -enable-batch-mode -incremental -Xcc -ivfsstatcache -Xcc /Users/admin/builder/spi-builder-workspace/.derivedData/SDKStatCaches.noindex/watchos11.4-22T246-43efb940ff07ba2497b70ec94253f576.sdkstatcache -output-file-map /Users/admin/builder/spi-builder-workspace/.derivedData/Build/Intermediates.noindex/DcuiSchema.build/Debug-watchos/DcuiSchema.build/Objects-normal/armv7k/DcuiSchema-OutputFileMap.json -use-frontend-parseable-output -save-temps -no-color-diagnostics -serialize-diagnostics -emit-dependencies -emit-module -emit-module-path /Users/admin/builder/spi-builder-workspace/.derivedData/Build/Intermediates.noindex/DcuiSchema.build/Debug-watchos/DcuiSchema.build/Objects-normal/armv7k/DcuiSchema.swiftmodule -validate-clang-modules-once -clang-build-session-file /Users/admin/builder/spi-builder-workspace/.derivedData/ModuleCache.noindex/Session.modulevalidation -Xcc -I/Users/admin/builder/spi-builder-workspace/.derivedData/Build/Intermediates.noindex/DcuiSchema.build/Debug-watchos/DcuiSchema.build/swift-overrides.hmap -emit-const-values -Xfrontend -const-gather-protocols-file -Xfrontend /Users/admin/builder/spi-builder-workspace/.derivedData/Build/Intermediates.noindex/DcuiSchema.build/Debug-watchos/DcuiSchema.build/Objects-normal/armv7k/DcuiSchema_const_extract_protocols.json -Xcc -I/Users/admin/builder/spi-builder-workspace/.derivedData/Build/Products/Debug-watchos/include -Xcc -I/Users/admin/builder/spi-builder-workspace/.derivedData/Build/Intermediates.noindex/DcuiSchema.build/Debug-watchos/DcuiSchema.build/DerivedSources-normal/armv7k -Xcc -I/Users/admin/builder/spi-builder-workspace/.derivedData/Build/Intermediates.noindex/DcuiSchema.build/Debug-watchos/DcuiSchema.build/DerivedSources/armv7k -Xcc -I/Users/admin/builder/spi-builder-workspace/.derivedData/Build/Intermediates.noindex/DcuiSchema.build/Debug-watchos/DcuiSchema.build/DerivedSources -Xcc -DSWIFT_PACKAGE -Xcc -DDEBUG\=1 -emit-objc-header -emit-objc-header-path /Users/admin/builder/spi-builder-workspace/.derivedData/Build/Intermediates.noindex/DcuiSchema.build/Debug-watchos/DcuiSchema.build/Objects-normal/armv7k/DcuiSchema-Swift.h -working-directory /Users/admin/builder/spi-builder-workspace/.swiftpm/xcode -experimental-emit-module-separately -disable-cmo
Copy /Users/admin/builder/spi-builder-workspace/.derivedData/Build/Products/Debug-watchos/DcuiSchema.swiftmodule/arm64-apple-watchos.abi.json /Users/admin/builder/spi-builder-workspace/.derivedData/Build/Intermediates.noindex/DcuiSchema.build/Debug-watchos/DcuiSchema.build/Objects-normal/arm64/DcuiSchema.abi.json (in target 'DcuiSchema' from project 'DcuiSchema')
    cd /Users/admin/builder/spi-builder-workspace/.dependencies/checkouts/dcui-swift-schema
    builtin-copy -exclude .DS_Store -exclude CVS -exclude .svn -exclude .git -exclude .hg -resolve-src-symlinks -rename /Users/admin/builder/spi-builder-workspace/.derivedData/Build/Intermediates.noindex/DcuiSchema.build/Debug-watchos/DcuiSchema.build/Objects-normal/arm64/DcuiSchema.abi.json /Users/admin/builder/spi-builder-workspace/.derivedData/Build/Products/Debug-watchos/DcuiSchema.swiftmodule/arm64-apple-watchos.abi.json
Copy /Users/admin/builder/spi-builder-workspace/.derivedData/Build/Products/Debug-watchos/DcuiSchema.swiftmodule/armv7k-apple-watchos.abi.json /Users/admin/builder/spi-builder-workspace/.derivedData/Build/Intermediates.noindex/DcuiSchema.build/Debug-watchos/DcuiSchema.build/Objects-normal/armv7k/DcuiSchema.abi.json (in target 'DcuiSchema' from project 'DcuiSchema')
    cd /Users/admin/builder/spi-builder-workspace/.dependencies/checkouts/dcui-swift-schema
    builtin-copy -exclude .DS_Store -exclude CVS -exclude .svn -exclude .git -exclude .hg -resolve-src-symlinks -rename /Users/admin/builder/spi-builder-workspace/.derivedData/Build/Intermediates.noindex/DcuiSchema.build/Debug-watchos/DcuiSchema.build/Objects-normal/armv7k/DcuiSchema.abi.json /Users/admin/builder/spi-builder-workspace/.derivedData/Build/Products/Debug-watchos/DcuiSchema.swiftmodule/armv7k-apple-watchos.abi.json
SwiftDriver RoktUXHelper normal arm64_32 com.apple.xcode.tools.swift.compiler (in target 'RoktUXHelper' from project 'RoktUXHelper')
    cd /Users/admin/builder/spi-builder-workspace/.swiftpm/xcode
    builtin-SwiftDriver -- /Applications/Xcode-16.3.0.app/Contents/Developer/Toolchains/XcodeDefault.xctoolchain/usr/bin/swiftc -module-name RoktUXHelper -Onone -enforce-exclusivity\=checked @/Users/admin/builder/spi-builder-workspace/.derivedData/Build/Intermediates.noindex/RoktUXHelper.build/Debug-watchos/RoktUXHelper.build/Objects-normal/arm64_32/RoktUXHelper.SwiftFileList -DSWIFT_PACKAGE -DDEBUG -DXcode -plugin-path /Applications/Xcode-16.3.0.app/Contents/Developer/Toolchains/XcodeDefault.xctoolchain/usr/lib/swift/host/plugins/testing -enable-experimental-feature DebugDescriptionMacro -sdk /Applications/Xcode-16.3.0.app/Contents/Developer/Platforms/WatchOS.platform/Developer/SDKs/WatchOS11.4.sdk -target arm64_32-apple-watchos8.0 -g -module-cache-path /Users/admin/builder/spi-builder-workspace/.derivedData/ModuleCache.noindex -Xfrontend -serialize-debugging-options -profile-coverage-mapping -profile-generate -enable-testing -index-store-path /Users/admin/builder/spi-builder-workspace/.derivedData/Index.noindex/DataStore -swift-version 5 -I /Users/admin/builder/spi-builder-workspace/.derivedData/Build/Products/Debug-watchos -I /Applications/Xcode-16.3.0.app/Contents/Developer/Platforms/WatchOS.platform/Developer/usr/lib -F /Users/admin/builder/spi-builder-workspace/.derivedData/Build/Products/Debug-watchos/PackageFrameworks -F /Users/admin/builder/spi-builder-workspace/.derivedData/Build/Products/Debug-watchos -F /Applications/Xcode-16.3.0.app/Contents/Developer/Platforms/WatchOS.platform/Developer/Library/Frameworks -F /Applications/Xcode-16.3.0.app/Contents/Developer/Platforms/WatchOS.platform/Developer/SDKs/WatchOS11.4.sdk/Developer/Library/Frameworks -c -j10 -enable-batch-mode -incremental -Xcc -ivfsstatcache -Xcc /Users/admin/builder/spi-builder-workspace/.derivedData/SDKStatCaches.noindex/watchos11.4-22T246-43efb940ff07ba2497b70ec94253f576.sdkstatcache -output-file-map /Users/admin/builder/spi-builder-workspace/.derivedData/Build/Intermediates.noindex/RoktUXHelper.build/Debug-watchos/RoktUXHelper.build/Objects-normal/arm64_32/RoktUXHelper-OutputFileMap.json -use-frontend-parseable-output -save-temps -no-color-diagnostics -serialize-diagnostics -emit-dependencies -emit-module -emit-module-path /Users/admin/builder/spi-builder-workspace/.derivedData/Build/Intermediates.noindex/RoktUXHelper.build/Debug-watchos/RoktUXHelper.build/Objects-normal/arm64_32/RoktUXHelper.swiftmodule -validate-clang-modules-once -clang-build-session-file /Users/admin/builder/spi-builder-workspace/.derivedData/ModuleCache.noindex/Session.modulevalidation -package-name spi_builder_workspace -Xcc -I/Users/admin/builder/spi-builder-workspace/.derivedData/Build/Intermediates.noindex/RoktUXHelper.build/Debug-watchos/RoktUXHelper.build/swift-overrides.hmap -emit-const-values -Xfrontend -const-gather-protocols-file -Xfrontend /Users/admin/builder/spi-builder-workspace/.derivedData/Build/Intermediates.noindex/RoktUXHelper.build/Debug-watchos/RoktUXHelper.build/Objects-normal/arm64_32/RoktUXHelper_const_extract_protocols.json -Xcc -I/Users/admin/builder/spi-builder-workspace/.derivedData/Build/Products/Debug-watchos/include -Xcc -I/Users/admin/builder/spi-builder-workspace/.derivedData/Build/Intermediates.noindex/RoktUXHelper.build/Debug-watchos/RoktUXHelper.build/DerivedSources-normal/arm64_32 -Xcc -I/Users/admin/builder/spi-builder-workspace/.derivedData/Build/Intermediates.noindex/RoktUXHelper.build/Debug-watchos/RoktUXHelper.build/DerivedSources/arm64_32 -Xcc -I/Users/admin/builder/spi-builder-workspace/.derivedData/Build/Intermediates.noindex/RoktUXHelper.build/Debug-watchos/RoktUXHelper.build/DerivedSources -Xcc -DSWIFT_PACKAGE -Xcc -DDEBUG\=1 -emit-objc-header -emit-objc-header-path /Users/admin/builder/spi-builder-workspace/.derivedData/Build/Intermediates.noindex/RoktUXHelper.build/Debug-watchos/RoktUXHelper.build/Objects-normal/arm64_32/RoktUXHelper-Swift.h -working-directory /Users/admin/builder/spi-builder-workspace/.swiftpm/xcode -experimental-emit-module-separately -disable-cmo
SwiftDriver RoktUXHelper normal arm64 com.apple.xcode.tools.swift.compiler (in target 'RoktUXHelper' from project 'RoktUXHelper')
    cd /Users/admin/builder/spi-builder-workspace/.swiftpm/xcode
    builtin-SwiftDriver -- /Applications/Xcode-16.3.0.app/Contents/Developer/Toolchains/XcodeDefault.xctoolchain/usr/bin/swiftc -module-name RoktUXHelper -Onone -enforce-exclusivity\=checked @/Users/admin/builder/spi-builder-workspace/.derivedData/Build/Intermediates.noindex/RoktUXHelper.build/Debug-watchos/RoktUXHelper.build/Objects-normal/arm64/RoktUXHelper.SwiftFileList -DSWIFT_PACKAGE -DDEBUG -DXcode -plugin-path /Applications/Xcode-16.3.0.app/Contents/Developer/Toolchains/XcodeDefault.xctoolchain/usr/lib/swift/host/plugins/testing -enable-experimental-feature DebugDescriptionMacro -sdk /Applications/Xcode-16.3.0.app/Contents/Developer/Platforms/WatchOS.platform/Developer/SDKs/WatchOS11.4.sdk -target arm64-apple-watchos8.0 -g -module-cache-path /Users/admin/builder/spi-builder-workspace/.derivedData/ModuleCache.noindex -Xfrontend -serialize-debugging-options -profile-coverage-mapping -profile-generate -enable-testing -index-store-path /Users/admin/builder/spi-builder-workspace/.derivedData/Index.noindex/DataStore -swift-version 5 -I /Users/admin/builder/spi-builder-workspace/.derivedData/Build/Products/Debug-watchos -I /Applications/Xcode-16.3.0.app/Contents/Developer/Platforms/WatchOS.platform/Developer/usr/lib -F /Users/admin/builder/spi-builder-workspace/.derivedData/Build/Products/Debug-watchos/PackageFrameworks -F /Users/admin/builder/spi-builder-workspace/.derivedData/Build/Products/Debug-watchos -F /Applications/Xcode-16.3.0.app/Contents/Developer/Platforms/WatchOS.platform/Developer/Library/Frameworks -F /Applications/Xcode-16.3.0.app/Contents/Developer/Platforms/WatchOS.platform/Developer/SDKs/WatchOS11.4.sdk/Developer/Library/Frameworks -c -j10 -enable-batch-mode -incremental -Xcc -ivfsstatcache -Xcc /Users/admin/builder/spi-builder-workspace/.derivedData/SDKStatCaches.noindex/watchos11.4-22T246-43efb940ff07ba2497b70ec94253f576.sdkstatcache -output-file-map /Users/admin/builder/spi-builder-workspace/.derivedData/Build/Intermediates.noindex/RoktUXHelper.build/Debug-watchos/RoktUXHelper.build/Objects-normal/arm64/RoktUXHelper-OutputFileMap.json -use-frontend-parseable-output -save-temps -no-color-diagnostics -serialize-diagnostics -emit-dependencies -emit-module -emit-module-path /Users/admin/builder/spi-builder-workspace/.derivedData/Build/Intermediates.noindex/RoktUXHelper.build/Debug-watchos/RoktUXHelper.build/Objects-normal/arm64/RoktUXHelper.swiftmodule -validate-clang-modules-once -clang-build-session-file /Users/admin/builder/spi-builder-workspace/.derivedData/ModuleCache.noindex/Session.modulevalidation -package-name spi_builder_workspace -Xcc -I/Users/admin/builder/spi-builder-workspace/.derivedData/Build/Intermediates.noindex/RoktUXHelper.build/Debug-watchos/RoktUXHelper.build/swift-overrides.hmap -emit-const-values -Xfrontend -const-gather-protocols-file -Xfrontend /Users/admin/builder/spi-builder-workspace/.derivedData/Build/Intermediates.noindex/RoktUXHelper.build/Debug-watchos/RoktUXHelper.build/Objects-normal/arm64/RoktUXHelper_const_extract_protocols.json -Xcc -I/Users/admin/builder/spi-builder-workspace/.derivedData/Build/Products/Debug-watchos/include -Xcc -I/Users/admin/builder/spi-builder-workspace/.derivedData/Build/Intermediates.noindex/RoktUXHelper.build/Debug-watchos/RoktUXHelper.build/DerivedSources-normal/arm64 -Xcc -I/Users/admin/builder/spi-builder-workspace/.derivedData/Build/Intermediates.noindex/RoktUXHelper.build/Debug-watchos/RoktUXHelper.build/DerivedSources/arm64 -Xcc -I/Users/admin/builder/spi-builder-workspace/.derivedData/Build/Intermediates.noindex/RoktUXHelper.build/Debug-watchos/RoktUXHelper.build/DerivedSources -Xcc -DSWIFT_PACKAGE -Xcc -DDEBUG\=1 -emit-objc-header -emit-objc-header-path /Users/admin/builder/spi-builder-workspace/.derivedData/Build/Intermediates.noindex/RoktUXHelper.build/Debug-watchos/RoktUXHelper.build/Objects-normal/arm64/RoktUXHelper-Swift.h -working-directory /Users/admin/builder/spi-builder-workspace/.swiftpm/xcode -experimental-emit-module-separately -disable-cmo
SwiftDriver RoktUXHelper normal armv7k com.apple.xcode.tools.swift.compiler (in target 'RoktUXHelper' from project 'RoktUXHelper')
    cd /Users/admin/builder/spi-builder-workspace/.swiftpm/xcode
    builtin-SwiftDriver -- /Applications/Xcode-16.3.0.app/Contents/Developer/Toolchains/XcodeDefault.xctoolchain/usr/bin/swiftc -module-name RoktUXHelper -Onone -enforce-exclusivity\=checked @/Users/admin/builder/spi-builder-workspace/.derivedData/Build/Intermediates.noindex/RoktUXHelper.build/Debug-watchos/RoktUXHelper.build/Objects-normal/armv7k/RoktUXHelper.SwiftFileList -DSWIFT_PACKAGE -DDEBUG -DXcode -plugin-path /Applications/Xcode-16.3.0.app/Contents/Developer/Toolchains/XcodeDefault.xctoolchain/usr/lib/swift/host/plugins/testing -enable-experimental-feature DebugDescriptionMacro -sdk /Applications/Xcode-16.3.0.app/Contents/Developer/Platforms/WatchOS.platform/Developer/SDKs/WatchOS11.4.sdk -target armv7k-apple-watchos8.0 -g -module-cache-path /Users/admin/builder/spi-builder-workspace/.derivedData/ModuleCache.noindex -Xfrontend -serialize-debugging-options -profile-coverage-mapping -profile-generate -enable-testing -index-store-path /Users/admin/builder/spi-builder-workspace/.derivedData/Index.noindex/DataStore -swift-version 5 -I /Users/admin/builder/spi-builder-workspace/.derivedData/Build/Products/Debug-watchos -I /Applications/Xcode-16.3.0.app/Contents/Developer/Platforms/WatchOS.platform/Developer/usr/lib -F /Users/admin/builder/spi-builder-workspace/.derivedData/Build/Products/Debug-watchos/PackageFrameworks -F /Users/admin/builder/spi-builder-workspace/.derivedData/Build/Products/Debug-watchos -F /Applications/Xcode-16.3.0.app/Contents/Developer/Platforms/WatchOS.platform/Developer/Library/Frameworks -F /Applications/Xcode-16.3.0.app/Contents/Developer/Platforms/WatchOS.platform/Developer/SDKs/WatchOS11.4.sdk/Developer/Library/Frameworks -c -j10 -enable-batch-mode -incremental -Xcc -ivfsstatcache -Xcc /Users/admin/builder/spi-builder-workspace/.derivedData/SDKStatCaches.noindex/watchos11.4-22T246-43efb940ff07ba2497b70ec94253f576.sdkstatcache -output-file-map /Users/admin/builder/spi-builder-workspace/.derivedData/Build/Intermediates.noindex/RoktUXHelper.build/Debug-watchos/RoktUXHelper.build/Objects-normal/armv7k/RoktUXHelper-OutputFileMap.json -use-frontend-parseable-output -save-temps -no-color-diagnostics -serialize-diagnostics -emit-dependencies -emit-module -emit-module-path /Users/admin/builder/spi-builder-workspace/.derivedData/Build/Intermediates.noindex/RoktUXHelper.build/Debug-watchos/RoktUXHelper.build/Objects-normal/armv7k/RoktUXHelper.swiftmodule -validate-clang-modules-once -clang-build-session-file /Users/admin/builder/spi-builder-workspace/.derivedData/ModuleCache.noindex/Session.modulevalidation -package-name spi_builder_workspace -Xcc -I/Users/admin/builder/spi-builder-workspace/.derivedData/Build/Intermediates.noindex/RoktUXHelper.build/Debug-watchos/RoktUXHelper.build/swift-overrides.hmap -emit-const-values -Xfrontend -const-gather-protocols-file -Xfrontend /Users/admin/builder/spi-builder-workspace/.derivedData/Build/Intermediates.noindex/RoktUXHelper.build/Debug-watchos/RoktUXHelper.build/Objects-normal/armv7k/RoktUXHelper_const_extract_protocols.json -Xcc -I/Users/admin/builder/spi-builder-workspace/.derivedData/Build/Products/Debug-watchos/include -Xcc -I/Users/admin/builder/spi-builder-workspace/.derivedData/Build/Intermediates.noindex/RoktUXHelper.build/Debug-watchos/RoktUXHelper.build/DerivedSources-normal/armv7k -Xcc -I/Users/admin/builder/spi-builder-workspace/.derivedData/Build/Intermediates.noindex/RoktUXHelper.build/Debug-watchos/RoktUXHelper.build/DerivedSources/armv7k -Xcc -I/Users/admin/builder/spi-builder-workspace/.derivedData/Build/Intermediates.noindex/RoktUXHelper.build/Debug-watchos/RoktUXHelper.build/DerivedSources -Xcc -DSWIFT_PACKAGE -Xcc -DDEBUG\=1 -emit-objc-header -emit-objc-header-path /Users/admin/builder/spi-builder-workspace/.derivedData/Build/Intermediates.noindex/RoktUXHelper.build/Debug-watchos/RoktUXHelper.build/Objects-normal/armv7k/RoktUXHelper-Swift.h -working-directory /Users/admin/builder/spi-builder-workspace/.swiftpm/xcode -experimental-emit-module-separately -disable-cmo
SwiftCompile normal arm64_32 Compiling\ resource_bundle_accessor.swift,\ BNFPlaceholder.swift,\ BNFTextOperation.swift,\ BNFTokenScanner.swift,\ BNFNamespace.swift,\ BNFSeparator.swift,\ CatalogMapper.swift,\ CatalogRuntimePlaceholderResolver.swift,\ CreativeMapper.swift,\ DomainMappable.swift,\ DomainMappableParent.swift,\ DomainMappingSource.swift,\ OrphanedPlaceholderResolver.swift,\ SyntaxMapping.swift,\ TransactionDataMapper.swift,\ CatalogDataExtractor.swift,\ CreativeDataExtractor.swift,\ DataExtracting.swift,\ DataReflector.swift,\ DataSanitiser.swift,\ PlaceholderValidator.swift,\ PropertyChainDataParser.swift,\ TransactionDataExtractor.swift,\ PlaceholderPredicateResolver.swift /Users/admin/builder/spi-builder-workspace/.derivedData/Build/Intermediates.noindex/RoktUXHelper.build/Debug-watchos/RoktUXHelper.build/DerivedSources/resource_bundle_accessor.swift /Users/admin/builder/spi-builder-workspace/Sources/RoktUXHelper/Data/Expansion/BNFPlaceholder.swift /Users/admin/builder/spi-builder-workspace/Sources/RoktUXHelper/Data/Expansion/BNFTextOperation.swift /Users/admin/builder/spi-builder-workspace/Sources/RoktUXHelper/Data/Expansion/BNFTokenScanner.swift /Users/admin/builder/spi-builder-workspace/Sources/RoktUXHelper/Data/Expansion/Constant/BNFNamespace.swift /Users/admin/builder/spi-builder-workspace/Sources/RoktUXHelper/Data/Expansion/Constant/BNFSeparator.swift /Users/admin/builder/spi-builder-workspace/Sources/RoktUXHelper/Data/Expansion/Domain/CatalogMapper.swift /Users/admin/builder/spi-builder-workspace/Sources/RoktUXHelper/Data/Expansion/Domain/CatalogRuntimePlaceholderResolver.swift /Users/admin/builder/spi-builder-workspace/Sources/RoktUXHelper/Data/Expansion/Domain/CreativeMapper.swift /Users/admin/builder/spi-builder-workspace/Sources/RoktUXHelper/Data/Expansion/Domain/DomainMappable.swift /Users/admin/builder/spi-builder-workspace/Sources/RoktUXHelper/Data/Expansion/Domain/DomainMappableParent.swift /Users/admin/builder/spi-builder-workspace/Sources/RoktUXHelper/Data/Expansion/Domain/DomainMappingSource.swift /Users/admin/builder/spi-builder-workspace/Sources/RoktUXHelper/Data/Expansion/Domain/OrphanedPlaceholderResolver.swift /Users/admin/builder/spi-builder-workspace/Sources/RoktUXHelper/Data/Expansion/Domain/SyntaxMapping.swift /Users/admin/builder/spi-builder-workspace/Sources/RoktUXHelper/Data/Expansion/Domain/TransactionDataMapper.swift /Users/admin/builder/spi-builder-workspace/Sources/RoktUXHelper/Data/Expansion/Extractor/CatalogDataExtractor.swift /Users/admin/builder/spi-builder-workspace/Sources/RoktUXHelper/Data/Expansion/Extractor/CreativeDataExtractor.swift /Users/admin/builder/spi-builder-workspace/Sources/RoktUXHelper/Data/Expansion/Extractor/DataExtracting.swift /Users/admin/builder/spi-builder-workspace/Sources/RoktUXHelper/Data/Expansion/Extractor/DataReflector.swift /Users/admin/builder/spi-builder-workspace/Sources/RoktUXHelper/Data/Expansion/Extractor/DataSanitiser.swift /Users/admin/builder/spi-builder-workspace/Sources/RoktUXHelper/Data/Expansion/Extractor/PlaceholderValidator.swift /Users/admin/builder/spi-builder-workspace/Sources/RoktUXHelper/Data/Expansion/Extractor/PropertyChainDataParser.swift /Users/admin/builder/spi-builder-workspace/Sources/RoktUXHelper/Data/Expansion/Extractor/TransactionDataExtractor.swift /Users/admin/builder/spi-builder-workspace/Sources/RoktUXHelper/Data/Expansion/PlaceholderPredicateResolver.swift (in target 'RoktUXHelper' from project 'RoktUXHelper')
SwiftCompile normal arm64_32 /Users/admin/builder/spi-builder-workspace/.derivedData/Build/Intermediates.noindex/RoktUXHelper.build/Debug-watchos/RoktUXHelper.build/DerivedSources/resource_bundle_accessor.swift (in target 'RoktUXHelper' from project 'RoktUXHelper')
    cd /Users/admin/builder/spi-builder-workspace/.swiftpm/xcode

SwiftCompile normal arm64_32 /Users/admin/builder/spi-builder-workspace/Sources/RoktUXHelper/Data/Expansion/BNFPlaceholder.swift (in target 'RoktUXHelper' from project 'RoktUXHelper')
    cd /Users/admin/builder/spi-builder-workspace/.swiftpm/xcode

SwiftCompile normal arm64_32 /Users/admin/builder/spi-builder-workspace/Sources/RoktUXHelper/Data/Expansion/BNFTextOperation.swift (in target 'RoktUXHelper' from project 'RoktUXHelper')
    cd /Users/admin/builder/spi-builder-workspace/.swiftpm/xcode

SwiftCompile normal arm64_32 /Users/admin/builder/spi-builder-workspace/Sources/RoktUXHelper/Data/Expansion/BNFTokenScanner.swift (in target 'RoktUXHelper' from project 'RoktUXHelper')
    cd /Users/admin/builder/spi-builder-workspace/.swiftpm/xcode

SwiftCompile normal arm64_32 /Users/admin/builder/spi-builder-workspace/Sources/RoktUXHelper/Data/Expansion/Constant/BNFNamespace.swift (in target 'RoktUXHelper' from project 'RoktUXHelper')
    cd /Users/admin/builder/spi-builder-workspace/.swiftpm/xcode

SwiftCompile normal arm64_32 /Users/admin/builder/spi-builder-workspace/Sources/RoktUXHelper/Data/Expansion/Constant/BNFSeparator.swift (in target 'RoktUXHelper' from project 'RoktUXHelper')
    cd /Users/admin/builder/spi-builder-workspace/.swiftpm/xcode

SwiftCompile normal arm64_32 /Users/admin/builder/spi-builder-workspace/Sources/RoktUXHelper/Data/Expansion/Domain/CatalogMapper.swift (in target 'RoktUXHelper' from project 'RoktUXHelper')
    cd /Users/admin/builder/spi-builder-workspace/.swiftpm/xcode

SwiftCompile normal arm64_32 /Users/admin/builder/spi-builder-workspace/Sources/RoktUXHelper/Data/Expansion/Domain/CatalogRuntimePlaceholderResolver.swift (in target 'RoktUXHelper' from project 'RoktUXHelper')
    cd /Users/admin/builder/spi-builder-workspace/.swiftpm/xcode

SwiftCompile normal arm64_32 /Users/admin/builder/spi-builder-workspace/Sources/RoktUXHelper/Data/Expansion/Domain/CreativeMapper.swift (in target 'RoktUXHelper' from project 'RoktUXHelper')
    cd /Users/admin/builder/spi-builder-workspace/.swiftpm/xcode

SwiftCompile normal arm64_32 /Users/admin/builder/spi-builder-workspace/Sources/RoktUXHelper/Data/Expansion/Domain/DomainMappable.swift (in target 'RoktUXHelper' from project 'RoktUXHelper')
    cd /Users/admin/builder/spi-builder-workspace/.swiftpm/xcode

SwiftCompile normal arm64_32 /Users/admin/builder/spi-builder-workspace/Sources/RoktUXHelper/Data/Expansion/Domain/DomainMappableParent.swift (in target 'RoktUXHelper' from project 'RoktUXHelper')
    cd /Users/admin/builder/spi-builder-workspace/.swiftpm/xcode

SwiftCompile normal arm64_32 /Users/admin/builder/spi-builder-workspace/Sources/RoktUXHelper/Data/Expansion/Domain/DomainMappingSource.swift (in target 'RoktUXHelper' from project 'RoktUXHelper')
    cd /Users/admin/builder/spi-builder-workspace/.swiftpm/xcode

SwiftCompile normal arm64_32 /Users/admin/builder/spi-builder-workspace/Sources/RoktUXHelper/Data/Expansion/Domain/OrphanedPlaceholderResolver.swift (in target 'RoktUXHelper' from project 'RoktUXHelper')
    cd /Users/admin/builder/spi-builder-workspace/.swiftpm/xcode

SwiftCompile normal arm64_32 /Users/admin/builder/spi-builder-workspace/Sources/RoktUXHelper/Data/Expansion/Domain/SyntaxMapping.swift (in target 'RoktUXHelper' from project 'RoktUXHelper')
    cd /Users/admin/builder/spi-builder-workspace/.swiftpm/xcode

SwiftCompile normal arm64_32 /Users/admin/builder/spi-builder-workspace/Sources/RoktUXHelper/Data/Expansion/Domain/TransactionDataMapper.swift (in target 'RoktUXHelper' from project 'RoktUXHelper')
    cd /Users/admin/builder/spi-builder-workspace/.swiftpm/xcode

SwiftCompile normal arm64_32 /Users/admin/builder/spi-builder-workspace/Sources/RoktUXHelper/Data/Expansion/Extractor/CatalogDataExtractor.swift (in target 'RoktUXHelper' from project 'RoktUXHelper')
    cd /Users/admin/builder/spi-builder-workspace/.swiftpm/xcode

SwiftCompile normal arm64_32 /Users/admin/builder/spi-builder-workspace/Sources/RoktUXHelper/Data/Expansion/Extractor/CreativeDataExtractor.swift (in target 'RoktUXHelper' from project 'RoktUXHelper')
    cd /Users/admin/builder/spi-builder-workspace/.swiftpm/xcode

SwiftCompile normal arm64_32 /Users/admin/builder/spi-builder-workspace/Sources/RoktUXHelper/Data/Expansion/Extractor/DataExtracting.swift (in target 'RoktUXHelper' from project 'RoktUXHelper')
    cd /Users/admin/builder/spi-builder-workspace/.swiftpm/xcode

SwiftCompile normal arm64_32 /Users/admin/builder/spi-builder-workspace/Sources/RoktUXHelper/Data/Expansion/Extractor/DataReflector.swift (in target 'RoktUXHelper' from project 'RoktUXHelper')
    cd /Users/admin/builder/spi-builder-workspace/.swiftpm/xcode

SwiftCompile normal arm64_32 /Users/admin/builder/spi-builder-workspace/Sources/RoktUXHelper/Data/Expansion/Extractor/DataSanitiser.swift (in target 'RoktUXHelper' from project 'RoktUXHelper')
    cd /Users/admin/builder/spi-builder-workspace/.swiftpm/xcode

SwiftCompile normal arm64_32 /Users/admin/builder/spi-builder-workspace/Sources/RoktUXHelper/Data/Expansion/Extractor/PlaceholderValidator.swift (in target 'RoktUXHelper' from project 'RoktUXHelper')
    cd /Users/admin/builder/spi-builder-workspace/.swiftpm/xcode

SwiftCompile normal arm64_32 /Users/admin/builder/spi-builder-workspace/Sources/RoktUXHelper/Data/Expansion/Extractor/PropertyChainDataParser.swift (in target 'RoktUXHelper' from project 'RoktUXHelper')
    cd /Users/admin/builder/spi-builder-workspace/.swiftpm/xcode

SwiftCompile normal arm64_32 /Users/admin/builder/spi-builder-workspace/Sources/RoktUXHelper/Data/Expansion/Extractor/TransactionDataExtractor.swift (in target 'RoktUXHelper' from project 'RoktUXHelper')
    cd /Users/admin/builder/spi-builder-workspace/.swiftpm/xcode

SwiftCompile normal arm64_32 /Users/admin/builder/spi-builder-workspace/Sources/RoktUXHelper/Data/Expansion/PlaceholderPredicateResolver.swift (in target 'RoktUXHelper' from project 'RoktUXHelper')
    cd /Users/admin/builder/spi-builder-workspace/.swiftpm/xcode

SwiftEmitModule normal arm64_32 Emitting\ module\ for\ RoktUXHelper (in target 'RoktUXHelper' from project 'RoktUXHelper')
Failed frontend command:
/Applications/Xcode-16.3.0.app/Contents/Developer/Toolchains/XcodeDefault.xctoolchain/usr/bin/swift-frontend -frontend -emit-module -experimental-skip-non-inlinable-function-bodies-without-types /Users/admin/builder/spi-builder-workspace/.derivedData/Build/Intermediates.noindex/RoktUXHelper.build/Debug-watchos/RoktUXHelper.build/DerivedSources/resource_bundle_accessor.swift /Users/admin/builder/spi-builder-workspace/Sources/RoktUXHelper/Data/Expansion/BNFPlaceholder.swift /Users/admin/builder/spi-builder-workspace/Sources/RoktUXHelper/Data/Expansion/BNFTextOperation.swift /Users/admin/builder/spi-builder-workspace/Sources/RoktUXHelper/Data/Expansion/BNFTokenScanner.swift /Users/admin/builder/spi-builder-workspace/Sources/RoktUXHelper/Data/Expansion/Constant/BNFNamespace.swift /Users/admin/builder/spi-builder-workspace/Sources/RoktUXHelper/Data/Expansion/Constant/BNFSeparator.swift /Users/admin/builder/spi-builder-workspace/Sources/RoktUXHelper/Data/Expansion/Domain/CatalogMapper.swift /Users/admin/builder/spi-builder-workspace/Sources/RoktUXHelper/Data/Expansion/Domain/CatalogRuntimePlaceholderResolver.swift /Users/admin/builder/spi-builder-workspace/Sources/RoktUXHelper/Data/Expansion/Domain/CreativeMapper.swift /Users/admin/builder/spi-builder-workspace/Sources/RoktUXHelper/Data/Expansion/Domain/DomainMappable.swift /Users/admin/builder/spi-builder-workspace/Sources/RoktUXHelper/Data/Expansion/Domain/DomainMappableParent.swift /Users/admin/builder/spi-builder-workspace/Sources/RoktUXHelper/Data/Expansion/Domain/DomainMappingSource.swift /Users/admin/builder/spi-builder-workspace/Sources/RoktUXHelper/Data/Expansion/Domain/OrphanedPlaceholderResolver.swift /Users/admin/builder/spi-builder-workspace/Sources/RoktUXHelper/Data/Expansion/Domain/SyntaxMapping.swift /Users/admin/builder/spi-builder-workspace/Sources/RoktUXHelper/Data/Expansion/Domain/TransactionDataMapper.swift /Users/admin/builder/spi-builder-workspace/Sources/RoktUXHelper/Data/Expansion/Extractor/CatalogDataExtractor.swift /Users/admin/builder/spi-builder-workspace/Sources/RoktUXHelper/Data/Expansion/Extractor/CreativeDataExtractor.swift /Users/admin/builder/spi-builder-workspace/Sources/RoktUXHelper/Data/Expansion/Extractor/DataExtracting.swift /Users/admin/builder/spi-builder-workspace/Sources/RoktUXHelper/Data/Expansion/Extractor/DataReflector.swift /Users/admin/builder/spi-builder-workspace/Sources/RoktUXHelper/Data/Expansion/Extractor/DataSanitiser.swift /Users/admin/builder/spi-builder-workspace/Sources/RoktUXHelper/Data/Expansion/Extractor/PlaceholderValidator.swift /Users/admin/builder/spi-builder-workspace/Sources/RoktUXHelper/Data/Expansion/Extractor/PropertyChainDataParser.swift /Users/admin/builder/spi-builder-workspace/Sources/RoktUXHelper/Data/Expansion/Extractor/TransactionDataExtractor.swift /Users/admin/builder/spi-builder-workspace/Sources/RoktUXHelper/Data/Expansion/PlaceholderPredicateResolver.swift /Users/admin/builder/spi-builder-workspace/Sources/RoktUXHelper/Data/Model/Constants.swift /Users/admin/builder/spi-builder-workspace/Sources/RoktUXHelper/Data/Model/Event/EventRequest.swift /Users/admin/builder/spi-builder-workspace/Sources/RoktUXHelper/Data/Model/Event/ProcessedEvent.swift /Users/admin/builder/spi-builder-workspace/Sources/RoktUXHelper/Data/Model/Event/RoktEventNameValue.swift /Users/admin/builder/spi-builder-workspace/Sources/RoktUXHelper/Data/Model/Event/RoktSessionEvent.swift /Users/admin/builder/spi-builder-workspace/Sources/RoktUXHelper/Data/Model/Event/RoktUXError.swift /Users/admin/builder/spi-builder-workspace/Sources/RoktUXHelper/Data/Model/Event/RoktUXEvent.swift /Users/admin/builder/spi-builder-workspace/Sources/RoktUXHelper/Data/Model/Event/RoktUXEventType.swift /Users/admin/builder/spi-builder-workspace/Sources/RoktUXHelper/Data/Model/Event/RoktUXEventsPayload.swift /Users/admin/builder/spi-builder-workspace/Sources/RoktUXHelper/Data/Model/ExperienceResponse/CatalogItem.swift /Users/admin/builder/spi-builder-workspace/Sources/RoktUXHelper/Data/Model/ExperienceResponse/CatalogItemContext.swift /Users/admin/builder/spi-builder-workspace/Sources/RoktUXHelper/Data/Model/ExperienceResponse/CatalogItemGroup.swift /Users/admin/builder/spi-builder-workspace/Sources/RoktUXHelper/Data/Model/ExperienceResponse/CatalogProductResponse.swift /Users/admin/builder/spi-builder-workspace/Sources/RoktUXHelper/Data/Model/ExperienceResponse/CreativeImage+Accessibility.swift /Users/admin/builder/spi-builder-workspace/Sources/RoktUXHelper/Data/Model/ExperienceResponse/LayoutVariantModel.swift /Users/admin/builder/spi-builder-workspace/Sources/RoktUXHelper/Data/Model/ExperienceResponse/OfferModel.swift /Users/admin/builder/spi-builder-workspace/Sources/RoktUXHelper/Data/Model/ExperienceResponse/OuterLayoutSchemaNetworkModel.swift /Users/admin/builder/spi-builder-workspace/Sources/RoktUXHelper/Data/Model/ExperienceResponse/RoktUXOpenURLType.swift /Users/admin/builder/spi-builder-workspace/Sources/RoktUXHelper/Data/Model/ExperienceResponse/RoktUXPageModel.swift /Users/admin/builder/spi-builder-workspace/Sources/RoktUXHelper/Data/Model/ExperienceResponse/RoktUXParseResult.swift /Users/admin/builder/spi-builder-workspace/Sources/RoktUXHelper/Data/Model/ExperienceResponse/RoktUXPlacementLayoutCode.swift /Users/admin/builder/spi-builder-workspace/Sources/RoktUXHelper/Data/Model/ExperienceResponse/RoktUXResponseOption.swift /Users/admin/builder/spi-builder-workspace/Sources/RoktUXHelper/Data/Model/ExperienceResponse/SDKOption.swift /Users/admin/builder/spi-builder-workspace/Sources/RoktUXHelper/Data/Model/ExperienceResponse/SelectCatalogItem.swift /Users/admin/builder/spi-builder-workspace/Sources/RoktUXHelper/Data/Model/ExperienceResponse/SelectResponse+PageModel.swift /Users/admin/builder/spi-builder-workspace/Sources/RoktUXHelper/Data/Model/ExperienceResponse/SelectResponse.swift /Users/admin/builder/spi-builder-workspace/Sources/RoktUXHelper/Data/Model/ExperienceResponse/SelectSchemaParsing.swift /Users/admin/builder/spi-builder-workspace/Sources/RoktUXHelper/Data/Model/ExperienceResponse/SlotModel.swift /Users/admin/builder/spi-builder-workspace/Sources/RoktUXHelper/Data/Model/ExperienceResponse/TransactionData.swift /Users/admin/builder/spi-builder-workspace/Sources/RoktUXHelper/Data/Model/PartnerEventHandler/RoktEventListenerType.swift /Users/admin/builder/spi-builder-workspace/Sources/RoktUXHelper/Data/Model/RoktIntegrationInfoDetails.swift /Users/admin/builder/spi-builder-workspace/Sources/RoktUXHelper/Data/Model/RoktPluginViewState.swift /Users/admin/builder/spi-builder-workspace/Sources/RoktUXHelper/Data/Model/RoktUXCustomStateMap.swift /Users/admin/builder/spi-builder-workspace/Sources/RoktUXHelper/Data/Model/Styles/BaseStyles.swift /Users/admin/builder/spi-builder-workspace/Sources/RoktUXHelper/Data/Model/Styles/PseudoTypes/StatePseudoTypes.swift /Users/admin/builder/spi-builder-workspace/Sources/RoktUXHelper/Data/Model/Styles/SelfStyle/SelfStyleModel.swift /Users/admin/builder/spi-builder-workspace/Sources/RoktUXHelper/Data/Model/Styles/StyleModel.swift /Users/admin/builder/spi-builder-workspace/Sources/RoktUXHelper/Data/Model/Styles/StylingProperties/Background/BackgroundImageStyleModel.swift /Users/admin/builder/spi-builder-workspace/Sources/RoktUXHelper/Data/Model/Styles/StylingProperties/Background/BackgroundStylingPropertiesModel.swift /Users/admin/builder/spi-builder-workspace/Sources/RoktUXHelper/Data/Model/Styles/StylingProperties/Background/ThemeColor.swift /Users/admin/builder/spi-builder-workspace/Sources/RoktUXHelper/Data/Model/Styles/StylingProperties/BorderStylingPropertiesModel.swift /Users/admin/builder/spi-builder-workspace/Sources/RoktUXHelper/Data/Model/Styles/StylingProperties/CommonContainerStylingProperties.swift /Users/admin/builder/spi-builder-workspace/Sources/RoktUXHelper/Data/Model/Styles/StylingProperties/Dimension/DimensionStyleModel.swift /Users/admin/builder/spi-builder-workspace/Sources/RoktUXHelper/Data/Model/Styles/StylingProperties/Dimension/HeightProperty.swift /Users/admin/builder/spi-builder-workspace/Sources/RoktUXHelper/Data/Model/Styles/StylingProperties/Dimension/WidthProperty.swift /Users/admin/builder/spi-builder-workspace/Sources/RoktUXHelper/Data/Model/Styles/StylingProperties/FlexChildStylingPropertiesModel.swift /Users/admin/builder/spi-builder-workspace/Sources/RoktUXHelper/Data/Model/Styles/StylingProperties/ShadowStyleModel.swift /Users/admin/builder/spi-builder-workspace/Sources/RoktUXHelper/Data/Model/Styles/StylingProperties/SpacingStyleModel.swift /Users/admin/builder/spi-builder-workspace/Sources/RoktUXHelper/Data/Model/Styles/StylingProperties/StylingPropertiesModel.swift /Users/admin/builder/spi-builder-workspace/Sources/RoktUXHelper/RoktUX.swift /Users/admin/builder/spi-builder-workspace/Sources/RoktUXHelper/Services/ActionCollection.swift /Users/admin/builder/spi-builder-workspace/Sources/RoktUXHelper/Services/Decoder/HelperIntegrationType.swift /Users/admin/builder/spi-builder-workspace/Sources/RoktUXHelper/Services/Decoder/RoktDecoder.swift /Users/admin/builder/spi-builder-workspace/Sources/RoktUXHelper/Services/DiagnosticServicing.swift /Users/admin/builder/spi-builder-workspace/Sources/RoktUXHelper/Services/Events/CatalogCarouselCallbacks+Events.swift /Users/admin/builder/spi-builder-workspace/Sources/RoktUXHelper/Services/Events/EventProcessor.swift /Users/admin/builder/spi-builder-workspace/Sources/RoktUXHelper/Services/Events/EventService.swift /Users/admin/builder/spi-builder-workspace/Sources/RoktUXHelper/Services/Events/EventServicing.swift /Users/admin/builder/spi-builder-workspace/Sources/RoktUXHelper/Services/LayoutState.swift /Users/admin/builder/spi-builder-workspace/Sources/RoktUXHelper/Services/LayoutStateRepresenting.swift /Users/admin/builder/spi-builder-workspace/Sources/RoktUXHelper/Services/LayoutTransformer/AttributedStringTransformer.swift /Users/admin/builder/spi-builder-workspace/Sources/RoktUXHelper/Services/LayoutTransformer/LayoutNodeKind.swift /Users/admin/builder/spi-builder-workspace/Sources/RoktUXHelper/Services/LayoutTransformer/LayoutTransformer+Inline.swift /Users/admin/builder/spi-builder-workspace/Sources/RoktUXHelper/Services/LayoutTransformer/LayoutTransformer+Nodes.swift /Users/admin/builder/spi-builder-workspace/Sources/RoktUXHelper/Services/LayoutTransformer/LayoutTransformer.swift /Users/admin/builder/spi-builder-workspace/Sources/RoktUXHelper/Services/LayoutTransformer/SchemaInteractionValidation.swift /Users/admin/builder/spi-builder-workspace/Sources/RoktUXHelper/Services/LayoutTransformer/SchemaNodeAdapter.swift /Users/admin/builder/spi-builder-workspace/Sources/RoktUXHelper/Services/LayoutTransformer/SchemaStyleAdapter.swift /Users/admin/builder/spi-builder-workspace/Sources/RoktUXHelper/Services/LayoutTransformer/SchemaStyleValidation.swift /Users/admin/builder/spi-builder-workspace/Sources/RoktUXHelper/Services/LayoutTransformer/StyleMergeable.swift /Users/admin/builder/spi-builder-workspace/Sources/RoktUXHelper/Services/LayoutTransformer/StyleTransformer.swift /Users/admin/builder/spi-builder-workspace/Sources/RoktUXHelper/Services/LayoutTransformer/TransformerError.swift /Users/admin/builder/spi-builder-workspace/Sources/RoktUXHelper/Services/Logging/RoktUXLogLevel.swift /Users/admin/builder/spi-builder-workspace/Sources/RoktUXHelper/Services/Logging/RoktUXLogger.swift /Users/admin/builder/spi-builder-workspace/Sources/RoktUXHelper/Services/UXEventsDelegate.swift /Users/admin/builder/spi-builder-workspace/Sources/RoktUXHelper/Services/Validation/FormValidationCoordinator.swift /Users/admin/builder/spi-builder-workspace/Sources/RoktUXHelper/Services/Validator/LayoutValidator.swift /Users/admin/builder/spi-builder-workspace/Sources/RoktUXHelper/Services/WideStack.swift /Users/admin/builder/spi-builder-workspace/Sources/RoktUXHelper/UI/Components/BasicTextComponent.swift /Users/admin/builder/spi-builder-workspace/Sources/RoktUXHelper/UI/Components/BottomSheetComponent.swift /Users/admin/builder/spi-builder-workspace/Sources/RoktUXHelper/UI/Components/CatalogCarouselCollectionComponent.swift /Users/admin/builder/spi-builder-workspace/Sources/RoktUXHelper/UI/Components/CatalogCombinedCollectionComponent.swift /Users/admin/builder/spi-builder-workspace/Sources/RoktUXHelper/UI/Components/CatalogDevicePayButtonComponent.swift /Users/admin/builder/spi-builder-workspace/Sources/RoktUXHelper/UI/Components/CatalogDropdownComponent.swift /Users/admin/builder/spi-builder-workspace/Sources/RoktUXHelper/UI/Components/CatalogImageGalleryComponent.swift /Users/admin/builder/spi-builder-workspace/Sources/RoktUXHelper/UI/Components/CatalogResponseButtonComponent.swift /Users/admin/builder/spi-builder-workspace/Sources/RoktUXHelper/UI/Components/CatalogStackedCollectionComponent.swift /Users/admin/builder/spi-builder-workspace/Sources/RoktUXHelper/UI/Components/CloseButtonComponent.swift /Users/admin/builder/spi-builder-workspace/Sources/RoktUXHelper/UI/Components/ColumnComponent.swift /Users/admin/builder/spi-builder-workspace/Sources/RoktUXHelper/UI/Components/Common/CGFloat+Extension.swift /Users/admin/builder/spi-builder-workspace/Sources/RoktUXHelper/UI/Components/Common/CGRect+Extension.swift /Users/admin/builder/spi-builder-workspace/Sources/RoktUXHelper/UI/Components/Common/CGSize+Extension.swift /Users/admin/builder/spi-builder-workspace/Sources/RoktUXHelper/UI/Components/Common/CatalogCarouselScrollHost.swift /Users/admin/builder/spi-builder-workspace/Sources/RoktUXHelper/UI/Components/Common/Color+Extension.swift /Users/admin/builder/spi-builder-workspace/Sources/RoktUXHelper/UI/Components/Common/DispatchQueue+extension.swift /Users/admin/builder/spi-builder-workspace/Sources/RoktUXHelper/UI/Components/Common/Double+Extension.swift /Users/admin/builder/spi-builder-workspace/Sources/RoktUXHelper/UI/Components/Common/Image/AsyncImageView.swift /Users/admin/builder/spi-builder-workspace/Sources/RoktUXHelper/UI/Components/Common/Image/Base64Image.swift /Users/admin/builder/spi-builder-workspace/Sources/RoktUXHelper/UI/Components/Common/Image/ExternalAsyncImage.swift /Users/admin/builder/spi-builder-workspace/Sources/RoktUXHelper/UI/Components/Common/Image/Image+Extension.swift /Users/admin/builder/spi-builder-workspace/Sources/RoktUXHelper/UI/Components/Common/Image/ImageDownloader.swift /Users/admin/builder/spi-builder-workspace/Sources/RoktUXHelper/UI/Components/Common/Image/ImageScale.swift /Users/admin/builder/spi-builder-workspace/Sources/RoktUXHelper/UI/Components/Common/Image/RoktUXImageLoader.swift /Users/admin/builder/spi-builder-workspace/Sources/RoktUXHelper/UI/Components/Common/InlineSpanStyle.swift /Users/admin/builder/spi-builder-workspace/Sources/RoktUXHelper/UI/Components/Common/InlineTextAttributes.swift /Users/admin/builder/spi-builder-workspace/Sources/RoktUXHelper/UI/Components/Common/InlineTextContainerView.swift /Users/admin/builder/spi-builder-workspace/Sources/RoktUXHelper/UI/Components/Common/InlineTextLayoutManager.swift /Users/admin/builder/spi-builder-workspace/Sources/RoktUXHelper/UI/Components/Common/InlineTextView.swift /Users/admin/builder/spi-builder-workspace/Sources/RoktUXHelper/UI/Components/Common/LayoutLoader.swift /Users/admin/builder/spi-builder-workspace/Sources/RoktUXHelper/UI/Components/Common/LightweightHTMLParser.swift /Users/admin/builder/spi-builder-workspace/Sources/RoktUXHelper/UI/Components/Common/ResizableHostingController.swift /Users/admin/builder/spi-builder-workspace/Sources/RoktUXHelper/UI/Components/Common/RoktBottomSheetPresentationController.swift /Users/admin/builder/spi-builder-workspace/Sources/RoktUXHelper/UI/Components/Common/RoktUXPresentationResolver.swift /Users/admin/builder/spi-builder-workspace/Sources/RoktUXHelper/UI/Components/Common/String+Extension.swift /Users/admin/builder/spi-builder-workspace/Sources/RoktUXHelper/UI/Components/Common/TextComponentBNFHelper.swift /Users/admin/builder/spi-builder-workspace/Sources/RoktUXHelper/UI/Components/Common/UIColor+Extension.swift /Users/admin/builder/spi-builder-workspace/Sources/RoktUXHelper/UI/Components/Common/UIFont+Extension.swift /Users/admin/builder/spi-builder-workspace/Sources/RoktUXHelper/UI/Components/Common/UIResponder+Extension.swift /Users/admin/builder/spi-builder-workspace/Sources/RoktUXHelper/UI/Components/Common/UIViewController+Extension.swift /Users/admin/builder/spi-builder-workspace/Sources/RoktUXHelper/UI/Components/Common/View+Extension.swift /Users/admin/builder/spi-builder-workspace/Sources/RoktUXHelper/UI/Components/Config/ComponentConfig.swift /Users/admin/builder/spi-builder-workspace/Sources/RoktUXHelper/UI/Components/Config/ComponentParentOverride.swift /Users/admin/builder/spi-builder-workspace/Sources/RoktUXHelper/UI/Components/Config/ComponentParentType.swift /Users/admin/builder/spi-builder-workspace/Sources/RoktUXHelper/UI/Components/Config/RoktUXConfig.swift /Users/admin/builder/spi-builder-workspace/Sources/RoktUXHelper/UI/Components/CreativeResponseComponent.swift /Users/admin/builder/spi-builder-workspace/Sources/RoktUXHelper/UI/Components/DataImageCarouselComponent.swift /Users/admin/builder/spi-builder-workspace/Sources/RoktUXHelper/UI/Components/DataImageComponent.swift /Users/admin/builder/spi-builder-workspace/Sources/RoktUXHelper/UI/Components/Distribution/CarouselDistributionComponent.swift /Users/admin/builder/spi-builder-workspace/Sources/RoktUXHelper/UI/Components/Distribution/GroupedDistributionComponent.swift /Users/admin/builder/spi-builder-workspace/Sources/RoktUXHelper/UI/Components/Distribution/OneByOneDistributionComponent.swift /Users/admin/builder/spi-builder-workspace/Sources/RoktUXHelper/UI/Components/EmbeddedComponent/EmbeddedComponent.swift /Users/admin/builder/spi-builder-workspace/Sources/RoktUXHelper/UI/Components/EmbeddedComponent/EmbeddedComponentViewModel.swift /Users/admin/builder/spi-builder-workspace/Sources/RoktUXHelper/UI/Components/ImageCarouselIndicator.swift /Users/admin/builder/spi-builder-workspace/Sources/RoktUXHelper/UI/Components/InlineContainerComponent.swift /Users/admin/builder/spi-builder-workspace/Sources/RoktUXHelper/UI/Components/LayoutSchemaComponent.swift /Users/admin/builder/spi-builder-workspace/Sources/RoktUXHelper/UI/Components/OuterLayerComponent.swift /Users/admin/builder/spi-builder-workspace/Sources/RoktUXHelper/UI/Components/OverlayComponent.swift /Users/admin/builder/spi-builder-workspace/Sources/RoktUXHelper/UI/Components/ProgressControlComponent.swift /Users/admin/builder/spi-builder-workspace/Sources/RoktUXHelper/UI/Components/ProgressIndicatorComponent.swift /Users/admin/builder/spi-builder-workspace/Sources/RoktUXHelper/UI/Components/ResizableBottomSheetComponent.swift /Users/admin/builder/spi-builder-workspace/Sources/RoktUXHelper/UI/Components/RichTextComponent.swift /Users/admin/builder/spi-builder-workspace/Sources/RoktUXHelper/UI/Components/RowComponent.swift /Users/admin/builder/spi-builder-workspace/Sources/RoktUXHelper/UI/Components/StaticImageViewComponent.swift /Users/admin/builder/spi-builder-workspace/Sources/RoktUXHelper/UI/Components/StaticLinkComponent.swift /Users/admin/builder/spi-builder-workspace/Sources/RoktUXHelper/UI/Components/Style/AlignSelfModifier.swift /Users/admin/builder/spi-builder-workspace/Sources/RoktUXHelper/UI/Components/Style/AlignSelfStretchModifier.swift /Users/admin/builder/spi-builder-workspace/Sources/RoktUXHelper/UI/Components/Style/AnimationStyle.swift /Users/admin/builder/spi-builder-workspace/Sources/RoktUXHelper/UI/Components/Style/BackgroundModifier.swift /Users/admin/builder/spi-builder-workspace/Sources/RoktUXHelper/UI/Components/Style/FontPropertiesStyle.swift /Users/admin/builder/spi-builder-workspace/Sources/RoktUXHelper/UI/Components/Style/HeightModifier.swift /Users/admin/builder/spi-builder-workspace/Sources/RoktUXHelper/UI/Components/Style/LayoutSchemaModifier.swift /Users/admin/builder/spi-builder-workspace/Sources/RoktUXHelper/UI/Components/Style/MarginModifier.swift /Users/admin/builder/spi-builder-workspace/Sources/RoktUXHelper/UI/Components/Style/OverflowModifier.swift /Users/admin/builder/spi-builder-workspace/Sources/RoktUXHelper/UI/Components/Style/ShadowModifier.swift /Users/admin/builder/spi-builder-workspace/Sources/RoktUXHelper/UI/Components/Style/StyleComponent.swift /Users/admin/builder/spi-builder-workspace/Sources/RoktUXHelper/UI/Components/Style/WeightModifier.swift /Users/admin/builder/spi-builder-workspace/Sources/RoktUXHelper/UI/Components/Style/WidthModifier.swift /Users/admin/builder/spi-builder-workspace/Sources/RoktUXHelper/UI/Components/ToggleButtonComponent.swift /Users/admin/builder/spi-builder-workspace/Sources/RoktUXHelper/UI/Components/ViewModel/BasicTextViewModel.swift /Users/admin/builder/spi-builder-workspace/Sources/RoktUXHelper/UI/Components/ViewModel/BottomSheetViewModel.swift /Users/admin/builder/spi-builder-workspace/Sources/RoktUXHelper/UI/Components/ViewModel/CarouselViewModel.swift /Users/admin/builder/spi-builder-workspace/Sources/RoktUXHelper/UI/Components/ViewModel/CatalogCarouselCollectionViewModel.swift /Users/admin/builder/spi-builder-workspace/Sources/RoktUXHelper/UI/Components/ViewModel/CatalogCarouselGeometry.swift /Users/admin/builder/spi-builder-workspace/Sources/RoktUXHelper/UI/Components/ViewModel/CatalogCombinedCollectionViewModel.swift /Users/admin/builder/spi-builder-workspace/Sources/RoktUXHelper/UI/Components/ViewModel/CatalogDevicePayButtonViewModel.swift /Users/admin/builder/spi-builder-workspace/Sources/RoktUXHelper/UI/Components/ViewModel/CatalogDropdownViewModel.swift /Users/admin/builder/spi-builder-workspace/Sources/RoktUXHelper/UI/Components/ViewModel/CatalogImageGalleryViewModel.swift /Users/admin/builder/spi-builder-workspace/Sources/RoktUXHelper/UI/Components/ViewModel/CatalogProductResponseViewModel.swift /Users/admin/builder/spi-builder-workspace/Sources/RoktUXHelper/UI/Components/ViewModel/CatalogResponseButtonViewModel.swift /Users/admin/builder/spi-builder-workspace/Sources/RoktUXHelper/UI/Components/ViewModel/CatalogStackedCollectionViewModel.swift /Users/admin/builder/spi-builder-workspace/Sources/RoktUXHelper/UI/Components/ViewModel/CloseButtonViewModel.swift /Users/admin/builder/spi-builder-workspace/Sources/RoktUXHelper/UI/Components/ViewModel/ColumnViewModel.swift /Users/admin/builder/spi-builder-workspace/Sources/RoktUXHelper/UI/Components/ViewModel/ConditionalStyleBinding.swift /Users/admin/builder/spi-builder-workspace/Sources/RoktUXHelper/UI/Components/ViewModel/CreativeResponseViewModel.swift /Users/admin/builder/spi-builder-workspace/Sources/RoktUXHelper/UI/Components/ViewModel/DataImageCarouselViewModel.swift /Users/admin/builder/spi-builder-workspace/Sources/RoktUXHelper/UI/Components/ViewModel/DataImageViewModel.swift /Users/admin/builder/spi-builder-workspace/Sources/RoktUXHelper/UI/Components/ViewModel/DistributionViewModel.swift /Users/admin/builder/spi-builder-workspace/Sources/RoktUXHelper/UI/Components/ViewModel/GroupedDistributionViewModel.swift /Users/admin/builder/spi-builder-workspace/Sources/RoktUXHelper/UI/Components/ViewModel/ImageCarouselIndicatorItemViewModel.swift /Users/admin/builder/spi-builder-workspace/Sources/RoktUXHelper/UI/Components/ViewModel/ImageCarouselIndicatorViewModel.swift /Users/admin/builder/spi-builder-workspace/Sources/RoktUXHelper/UI/Components/ViewModel/InlineContainerViewModel.swift /Users/admin/builder/spi-builder-workspace/Sources/RoktUXHelper/UI/Components/ViewModel/LayoutSchemaViewModel.swift /Users/admin/builder/spi-builder-workspace/Sources/RoktUXHelper/UI/Components/ViewModel/OneByOneViewModel.swift /Users/admin/builder/spi-builder-workspace/Sources/RoktUXHelper/UI/Components/ViewModel/OverlayViewModel.swift /Users/admin/builder/spi-builder-workspace/Sources/RoktUXHelper/UI/Components/ViewModel/PredicateHandling.swift /Users/admin/builder/spi-builder-workspace/Sources/RoktUXHelper/UI/Components/ViewModel/ProgressControlViewModel.swift /Users/admin/builder/spi-builder-workspace/Sources/RoktUXHelper/UI/Components/ViewModel/ProgressIndicatorViewModel.swift /Users/admin/builder/spi-builder-workspace/Sources/RoktUXHelper/UI/Components/ViewModel/RichTextViewModel.swift /Users/admin/builder/spi-builder-workspace/Sources/RoktUXHelper/UI/Components/ViewModel/RoktEmbeddedViewModel.swift /Users/admin/builder/spi-builder-workspace/Sources/RoktUXHelper/UI/Components/ViewModel/RowViewModel.swift /Users/admin/builder/spi-builder-workspace/Sources/RoktUXHelper/UI/Components/ViewModel/ScreenSizeAdaptive.swift /Users/admin/builder/spi-builder-workspace/Sources/RoktUXHelper/UI/Components/ViewModel/StaticImageViewModel.swift /Users/admin/builder/spi-builder-workspace/Sources/RoktUXHelper/UI/Components/ViewModel/StaticLinkViewModel.swift /Users/admin/builder/spi-builder-workspace/Sources/RoktUXHelper/UI/Components/ViewModel/ToggleButtonViewModel.swift /Users/admin/builder/spi-builder-workspace/Sources/RoktUXHelper/UI/Components/ViewModel/WhenViewModel.swift /Users/admin/builder/spi-builder-workspace/Sources/RoktUXHelper/UI/Components/ViewModel/ZStackViewModel.swift /Users/admin/builder/spi-builder-workspace/Sources/RoktUXHelper/UI/Components/WhenComponent.swift /Users/admin/builder/spi-builder-workspace/Sources/RoktUXHelper/UI/Components/ZStackComponent.swift /Users/admin/builder/spi-builder-workspace/Sources/RoktUXHelper/UI/RoktLayoutUIView.swift /Users/admin/builder/spi-builder-workspace/Sources/RoktUXHelper/UI/RoktLayoutView/RoktLayoutView.swift /Users/admin/builder/spi-builder-workspace/Sources/RoktUXHelper/UI/RoktLayoutView/RoktLayoutViewModel.swift /Users/admin/builder/spi-builder-workspace/Sources/RoktUXHelper/Utils/Collection+Extension.swift /Users/admin/builder/spi-builder-workspace/Sources/RoktUXHelper/Utils/DebounceCollector.swift /Users/admin/builder/spi-builder-workspace/Sources/RoktUXHelper/Utils/LazyPublished.swift /Users/admin/builder/spi-builder-workspace/Sources/RoktUXHelper/Utils/Optional+Extension.swift /Users/admin/builder/spi-builder-workspace/Sources/RoktUXHelper/Utils/RoktUXCaseIterableDefaultLast.swift /Users/admin/builder/spi-builder-workspace/Sources/RoktUXHelper/Utils/SSOT+Extension.swift /Users/admin/builder/spi-builder-workspace/Sources/RoktUXHelper/Utils/UIDeviceExtension.swift -target arm64_32-apple-watchos8.0 -enable-objc-interop -sdk /Applications/Xcode-16.3.0.app/Contents/Developer/Platforms/WatchOS.platform/Developer/SDKs/WatchOS11.4.sdk -I /Users/admin/builder/spi-builder-workspace/.derivedData/Build/Products/Debug-watchos -I /Applications/Xcode-16.3.0.app/Contents/Developer/Platforms/WatchOS.platform/Developer/usr/lib -F /Users/admin/builder/spi-builder-workspace/.derivedData/Build/Products/Debug-watchos/PackageFrameworks -F /Users/admin/builder/spi-builder-workspace/.derivedData/Build/Products/Debug-watchos -F /Applications/Xcode-16.3.0.app/Contents/Developer/Platforms/WatchOS.platform/Developer/Library/Frameworks -F /Applications/Xcode-16.3.0.app/Contents/Developer/Platforms/WatchOS.platform/Developer/SDKs/WatchOS11.4.sdk/Developer/Library/Frameworks -no-color-diagnostics -enable-testing -g -debug-info-format\=dwarf -dwarf-version\=4 -module-cache-path /Users/admin/builder/spi-builder-workspace/.derivedData/ModuleCache.noindex -profile-generate -profile-coverage-mapping -swift-version 5 -enforce-exclusivity\=checked -Onone -D SWIFT_PACKAGE -D DEBUG -D Xcode -serialize-debugging-options -const-gather-protocols-file /Users/admin/builder/spi-builder-workspace/.derivedData/Build/Intermediates.noindex/RoktUXHelper.build/Debug-watchos/RoktUXHelper.build/Objects-normal/arm64_32/RoktUXHelper_const_extract_protocols.json -enable-experimental-feature DebugDescriptionMacro -empty-abi-descriptor -plugin-path /Applications/Xcode-16.3.0.app/Contents/Developer/Toolchains/XcodeDefault.xctoolchain/usr/lib/swift/host/plugins/testing -validate-clang-modules-once -clang-build-session-file /Users/admin/builder/spi-builder-workspace/.derivedData/ModuleCache.noindex/Session.modulevalidation -Xcc -working-directory -Xcc /Users/admin/builder/spi-builder-workspace/.swiftpm/xcode -resource-dir /Applications/Xcode-16.3.0.app/Contents/Developer/Toolchains/XcodeDefault.xctoolchain/usr/lib/swift -enable-anonymous-context-mangled-names -file-compilation-dir /Users/admin/builder/spi-builder-workspace/.swiftpm/xcode -Xcc -ivfsstatcache -Xcc /Users/admin/builder/spi-builder-workspace/.derivedData/SDKStatCaches.noindex/watchos11.4-22T246-43efb940ff07ba2497b70ec94253f576.sdkstatcache -Xcc -I/Users/admin/builder/spi-builder-workspace/.derivedData/Build/Intermediates.noindex/RoktUXHelper.build/Debug-watchos/RoktUXHelper.build/swift-overrides.hmap -Xcc -I/Users/admin/builder/spi-builder-workspace/.derivedData/Build/Products/Debug-watchos/include -Xcc -I/Users/admin/builder/spi-builder-workspace/.derivedData/Build/Intermediates.noindex/RoktUXHelper.build/Debug-watchos/RoktUXHelper.build/DerivedSources-normal/arm64_32 -Xcc -I/Users/admin/builder/spi-builder-workspace/.derivedData/Build/Intermediates.noindex/RoktUXHelper.build/Debug-watchos/RoktUXHelper.build/DerivedSources/arm64_32 -Xcc -I/Users/admin/builder/spi-builder-workspace/.derivedData/Build/Intermediates.noindex/RoktUXHelper.build/Debug-watchos/RoktUXHelper.build/DerivedSources -Xcc -DSWIFT_PACKAGE -Xcc -DDEBUG\=1 -module-name RoktUXHelper -package-name spi_builder_workspace -frontend-parseable-output -disable-clang-spi -target-sdk-version 11.4 -target-sdk-name watchos11.4 -external-plugin-path /Applications/Xcode-16.3.0.app/Contents/Developer/Platforms/WatchOS.platform/Developer/usr/lib/swift/host/plugins\#/Applications/Xcode-16.3.0.app/Contents/Developer/Platforms/WatchOS.platform/Developer/usr/bin/swift-plugin-server -external-plugin-path /Applications/Xcode-16.3.0.app/Contents/Developer/Platforms/WatchOS.platform/Developer/usr/local/lib/swift/host/plugins\#/Applications/Xcode-16.3.0.app/Contents/Developer/Platforms/WatchOS.platform/Developer/usr/bin/swift-plugin-server -in-process-plugin-server-path /Applications/Xcode-16.3.0.app/Contents/Developer/Toolchains/XcodeDefault.xctoolchain/usr/lib/swift/host/libSwiftInProcPluginServer.dylib -plugin-path /Applications/Xcode-16.3.0.app/Contents/Developer/Toolchains/XcodeDefault.xctoolchain/usr/lib/swift/host/plugins -plugin-path /Applications/Xcode-16.3.0.app/Contents/Developer/Toolchains/XcodeDefault.xctoolchain/usr/local/lib/swift/host/plugins -emit-module-doc-path /Users/admin/builder/spi-builder-workspace/.derivedData/Build/Intermediates.noindex/RoktUXHelper.build/Debug-watchos/RoktUXHelper.build/Objects-normal/arm64_32/RoktUXHelper.swiftdoc -emit-module-source-info-path /Users/admin/builder/spi-builder-workspace/.derivedData/Build/Intermediates.noindex/RoktUXHelper.build/Debug-watchos/RoktUXHelper.build/Objects-normal/arm64_32/RoktUXHelper.swiftsourceinfo -emit-objc-header-path /Users/admin/builder/spi-builder-workspace/.derivedData/Build/Intermediates.noindex/RoktUXHelper.build/Debug-watchos/RoktUXHelper.build/Objects-normal/arm64_32/RoktUXHelper-Swift.h -serialize-diagnostics-path /Users/admin/builder/spi-builder-workspace/.derivedData/Build/Intermediates.noindex/RoktUXHelper.build/Debug-watchos/RoktUXHelper.build/Objects-normal/arm64_32/RoktUXHelper-master-emit-module.dia -emit-dependencies-path /Users/admin/builder/spi-builder-workspace/.derivedData/Build/Intermediates.noindex/RoktUXHelper.build/Debug-watchos/RoktUXHelper.build/Objects-normal/arm64_32/RoktUXHelper-master-emit-module.d -o /Users/admin/builder/spi-builder-workspace/.derivedData/Build/Intermediates.noindex/RoktUXHelper.build/Debug-watchos/RoktUXHelper.build/Objects-normal/arm64_32/RoktUXHelper.swiftmodule -emit-abi-descriptor-path /Users/admin/builder/spi-builder-workspace/.derivedData/Build/Intermediates.noindex/RoktUXHelper.build/Debug-watchos/RoktUXHelper.build/Objects-normal/arm64_32/RoktUXHelper.abi.json
EmitSwiftModule normal arm64_32 (in target 'RoktUXHelper' from project 'RoktUXHelper')
    cd /Users/admin/builder/spi-builder-workspace/.swiftpm/xcode

/Users/admin/builder/spi-builder-workspace/Sources/RoktUXHelper/Data/Model/RoktIntegrationInfoDetails.swift:46:30: error: cannot find 'UIDevice' in scope
        deviceType: String = UIDevice.current.userInterfaceIdiom.string,
                             ^~~~~~~~
/Users/admin/builder/spi-builder-workspace/Sources/RoktUXHelper/Data/Model/RoktIntegrationInfoDetails.swift:47:31: error: cannot find 'UIDevice' in scope
        deviceModel: String = UIDevice.modelName,
                              ^~~~~~~~
/Users/admin/builder/spi-builder-workspace/Sources/RoktUXHelper/Data/Model/RoktIntegrationInfoDetails.swift:52:35: error: cannot find 'UIDevice' in scope
        operatingSystem: String = UIDevice.current.systemName,
                                  ^~~~~~~~
/Users/admin/builder/spi-builder-workspace/Sources/RoktUXHelper/Data/Model/RoktIntegrationInfoDetails.swift:53:42: error: cannot find 'UIDevice' in scope
        operatingSystemVersion: String = UIDevice.current.systemVersion,
                                         ^~~~~~~~
/Users/admin/builder/spi-builder-workspace/Sources/RoktUXHelper/Data/Model/RoktIntegrationInfoDetails.swift:54:28: error: cannot find 'UIDevice' in scope
        platform: String = UIDevice.current.systemName,
                           ^~~~~~~~
/Users/admin/builder/spi-builder-workspace/Sources/RoktUXHelper/Data/Model/RoktIntegrationInfoDetails.swift:74:19: error: cannot find type 'UIUserInterfaceIdiom' in scope
private extension UIUserInterfaceIdiom {
                  ^~~~~~~~~~~~~~~~~~~~
/Users/admin/builder/spi-builder-workspace/Sources/RoktUXHelper/Data/Model/Styles/StylingProperties/Background/ThemeColor.swift:20:11: error: cannot find type 'UITraitCollection' in scope
extension UITraitCollection {
          ^~~~~~~~~~~~~~~~~
/Users/admin/builder/spi-builder-workspace/Sources/RoktUXHelper/RoktUX.swift:670:43: error: cannot find type 'UIViewController' in scope
    var topViewControllerProvider: (() -> UIViewController?)?
                                          ^~~~~~~~~~~~~~~~
/Users/admin/builder/spi-builder-workspace/Sources/RoktUXHelper/RoktUX.swift:678:37: error: cannot find type 'UIViewController' in scope
    var deferOverlayPresentation: ((UIViewController, @escaping () -> Void) -> OverlayPresentationDeferral)?
                                    ^~~~~~~~~~~~~~~~
/Users/admin/builder/spi-builder-workspace/Sources/RoktUXHelper/RoktUX.swift:710:57: error: cannot find type 'UIViewController' in scope
                                    present: @escaping (UIViewController) -> Void) {
                                                        ^~~~~~~~~~~~~~~~
/Users/admin/builder/spi-builder-workspace/Sources/RoktUXHelper/RoktUX.swift:803:68: error: cannot find type 'UIViewController' in scope
    private func getTopViewController(logFailures: Bool = true) -> UIViewController? {
                                                                   ^~~~~~~~~~~~~~~~
/Users/admin/builder/spi-builder-workspace/Sources/RoktUXHelper/UI/Components/CatalogDevicePayButtonComponent.swift:249:42: error: cannot find type 'PKPaymentButton' in scope
    func makeUIView(context: Context) -> PKPaymentButton {
                                         ^~~~~~~~~~~~~~~
/Users/admin/builder/spi-builder-workspace/Sources/RoktUXHelper/UI/Components/CatalogDevicePayButtonComponent.swift:249:30: error: cannot find type 'Context' in scope
    func makeUIView(context: Context) -> PKPaymentButton {
                             ^~~~~~~
/Users/admin/builder/spi-builder-workspace/Sources/RoktUXHelper/UI/Components/CatalogDevicePayButtonComponent.swift:255:33: error: cannot find type 'PKPaymentButton' in scope
    func updateUIView(_ uiView: PKPaymentButton, context: Context) {
                                ^~~~~~~~~~~~~~~
/Users/admin/builder/spi-builder-workspace/Sources/RoktUXHelper/UI/Components/CatalogDevicePayButtonComponent.swift:255:59: error: cannot find type 'Context' in scope
    func updateUIView(_ uiView: PKPaymentButton, context: Context) {
                                                          ^~~~~~~
/Users/admin/builder/spi-builder-workspace/Sources/RoktUXHelper/UI/Components/CatalogDevicePayButtonComponent.swift:244:38: error: cannot find type 'UIViewRepresentable' in scope
private struct LegacyApplePayButton: UIViewRepresentable {
                                     ^~~~~~~~~~~~~~~~~~~
/Users/admin/builder/spi-builder-workspace/Sources/RoktUXHelper/UI/Components/CatalogDropdownComponent.swift:412:30: error: cannot find type 'Context' in scope
    func makeUIView(context: Context) -> FrameObserverView {
                             ^~~~~~~
/Users/admin/builder/spi-builder-workspace/Sources/RoktUXHelper/UI/Components/CatalogDropdownComponent.swift:420:61: error: cannot find type 'Context' in scope
    func updateUIView(_ uiView: FrameObserverView, context: Context) {
                                                            ^~~~~~~
/Users/admin/builder/spi-builder-workspace/Sources/RoktUXHelper/UI/Components/CatalogDropdownComponent.swift:409:33: error: cannot find type 'UIViewRepresentable' in scope
private struct ViewFrameReader: UIViewRepresentable {
                                ^~~~~~~~~~~~~~~~~~~
/Users/admin/builder/spi-builder-workspace/Sources/RoktUXHelper/UI/Components/CatalogDropdownComponent.swift:429:40: error: cannot find type 'UIView' in scope
private final class FrameObserverView: UIView {
                                       ^~~~~~
/Applications/Xcode-16.3.0.app/Contents/Developer/Platforms/WatchOS.platform/Developer/SDKs/WatchOS11.4.sdk/System/Library/Frameworks/UIKit.framework/Headers/NSTextAttachment.h:23:1: note: interface 'UIView' forward declared here
@class UIView;
^
/Users/admin/builder/spi-builder-workspace/Sources/RoktUXHelper/UI/Components/CatalogDropdownComponent.swift:433:19: error: method does not override any method from its superclass
    override func layoutSubviews() {
    ~~~~~~~~      ^
/Users/admin/builder/spi-builder-workspace/Sources/RoktUXHelper/UI/Components/CatalogDropdownComponent.swift:450:30: error: cannot find type 'Context' in scope
    func makeUIView(context: Context) -> DropdownOverlayHostingView {
                             ^~~~~~~
/Users/admin/builder/spi-builder-workspace/Sources/RoktUXHelper/UI/Components/CatalogDropdownComponent.swift:454:70: error: cannot find type 'Context' in scope
    func updateUIView(_ uiView: DropdownOverlayHostingView, context: Context) {
                                                                     ^~~~~~~
/Users/admin/builder/spi-builder-workspace/Sources/RoktUXHelper/UI/Components/CatalogDropdownComponent.swift:446:70: error: cannot find type 'UIViewRepresentable' in scope
private struct DropdownWindowOverlayPresenter<OverlayContent: View>: UIViewRepresentable {
                                                                     ^~~~~~~~~~~~~~~~~~~
/Users/admin/builder/spi-builder-workspace/Sources/RoktUXHelper/UI/Components/CatalogDropdownComponent.swift:467:49: error: cannot find type 'UIView' in scope
private final class DropdownOverlayHostingView: UIView {
                                                ^~~~~~
/Applications/Xcode-16.3.0.app/Contents/Developer/Platforms/WatchOS.platform/Developer/SDKs/WatchOS11.4.sdk/System/Library/Frameworks/UIKit.framework/Headers/NSTextAttachment.h:23:1: note: interface 'UIView' forward declared here
@class UIView;
^
/Users/admin/builder/spi-builder-workspace/Sources/RoktUXHelper/UI/Components/CatalogDropdownComponent.swift:468:36: error: cannot find type 'UIHostingController' in scope
    private var hostingController: UIHostingController<AnyView>?
                                   ^~~~~~~~~~~~~~~~~~~
/Users/admin/builder/spi-builder-workspace/Sources/RoktUXHelper/UI/Components/CatalogDropdownComponent.swift:469:38: error: cannot find type 'UIWindow' in scope
    private weak var attachedWindow: UIWindow?
                                     ^~~~~~~~
/Users/admin/builder/spi-builder-workspace/Sources/RoktUXHelper/UI/Components/CatalogDropdownComponent.swift:471:14: error: initializer does not override a designated initializer from its superclass
    override init(frame: CGRect) {
    ~~~~~~~~ ^
/Users/admin/builder/spi-builder-workspace/Sources/RoktUXHelper/UI/Components/CatalogDropdownComponent.swift:518:32: error: cannot find type 'UIWindow' in scope
    private var currentWindow: UIWindow? {
                               ^~~~~~~~
/Users/admin/builder/spi-builder-workspace/Sources/RoktUXHelper/UI/Components/CatalogImageGalleryComponent.swift:13:42: error: cannot find type 'UIView' in scope
    func makeUIView(context: Context) -> UIView {
                                         ^~~~~~
/Applications/Xcode-16.3.0.app/Contents/Developer/Platforms/WatchOS.platform/Developer/SDKs/WatchOS11.4.sdk/System/Library/Frameworks/UIKit.framework/Headers/NSTextAttachment.h:23:1: note: interface 'UIView' forward declared here
@class UIView;
^
/Users/admin/builder/spi-builder-workspace/Sources/RoktUXHelper/UI/Components/CatalogImageGalleryComponent.swift:13:30: error: cannot find type 'Context' in scope
    func makeUIView(context: Context) -> UIView {
                             ^~~~~~~
/Users/admin/builder/spi-builder-workspace/Sources/RoktUXHelper/UI/Components/CatalogImageGalleryComponent.swift:33:26: error: cannot find type 'UIView' in scope
    func updateUIView(_: UIView, context: Context) {
                         ^~~~~~
/Applications/Xcode-16.3.0.app/Contents/Developer/Platforms/WatchOS.platform/Developer/SDKs/WatchOS11.4.sdk/System/Library/Frameworks/UIKit.framework/Headers/NSTextAttachment.h:23:1: note: interface 'UIView' forward declared here
@class UIView;
^
/Users/admin/builder/spi-builder-workspace/Sources/RoktUXHelper/UI/Components/CatalogImageGalleryComponent.swift:33:43: error: cannot find type 'Context' in scope
    func updateUIView(_: UIView, context: Context) {
                                          ^~~~~~~
/Users/admin/builder/spi-builder-workspace/Sources/RoktUXHelper/UI/Components/CatalogImageGalleryComponent.swift:43:34: error: cannot find type 'UIGestureRecognizerDelegate' in scope
    class Coordinator: NSObject, UIGestureRecognizerDelegate {
                                 ^~~~~~~~~~~~~~~~~~~~~~~~~~~
/Users/admin/builder/spi-builder-workspace/Sources/RoktUXHelper/UI/Components/CatalogImageGalleryComponent.swift:59:40: error: cannot find type 'UITapGestureRecognizer' in scope
        @objc func handleTap(_ sender: UITapGestureRecognizer) {
                                       ^~~~~~~~~~~~~~~~~~~~~~
/Users/admin/builder/spi-builder-workspace/Sources/RoktUXHelper/UI/Components/CatalogImageGalleryComponent.swift:64:40: error: cannot find type 'UIPanGestureRecognizer' in scope
        @objc func handlePan(_ sender: UIPanGestureRecognizer) {
                                       ^~~~~~~~~~~~~~~~~~~~~~
/Users/admin/builder/spi-builder-workspace/Sources/RoktUXHelper/UI/Components/CatalogImageGalleryComponent.swift:84:64: error: cannot find type 'UIGestureRecognizer' in scope
        func gestureRecognizerShouldBegin(_ gestureRecognizer: UIGestureRecognizer) -> Bool {
                                                               ^~~~~~~~~~~~~~~~~~~
/Users/admin/builder/spi-builder-workspace/Sources/RoktUXHelper/UI/Components/CatalogImageGalleryComponent.swift:93:34: error: cannot find type 'UIGestureRecognizer' in scope
            _ gestureRecognizer: UIGestureRecognizer,
                                 ^~~~~~~~~~~~~~~~~~~
/Users/admin/builder/spi-builder-workspace/Sources/RoktUXHelper/UI/Components/CatalogImageGalleryComponent.swift:94:50: error: cannot find type 'UIGestureRecognizer' in scope
            shouldRecognizeSimultaneouslyWith _: UIGestureRecognizer
                                                 ^~~~~~~~~~~~~~~~~~~
/Users/admin/builder/spi-builder-workspace/Sources/RoktUXHelper/UI/Components/CatalogImageGalleryComponent.swift:8:28: error: cannot find type 'UIViewRepresentable' in scope
struct GalleryGestureView: UIViewRepresentable {
                           ^~~~~~~~~~~~~~~~~~~
/Users/admin/builder/spi-builder-workspace/Sources/RoktUXHelper/UI/Components/Common/CatalogCarouselScrollHost.swift:11:40: error: cannot find type 'Context' in scope
    func makeUIViewController(context: Context) -> CatalogCarouselViewController {
                                       ^~~~~~~
/Users/admin/builder/spi-builder-workspace/Sources/RoktUXHelper/UI/Components/Common/CatalogCarouselScrollHost.swift:15:87: error: cannot find type 'Context' in scope
    func updateUIViewController(_ controller: CatalogCarouselViewController, context: Context) {
                                                                                      ^~~~~~~
/Users/admin/builder/spi-builder-workspace/Sources/RoktUXHelper/UI/Components/Common/CatalogCarouselScrollHost.swift:5:50: error: cannot find type 'UIViewControllerRepresentable' in scope
struct CatalogCarouselScrollHost<Content: View>: UIViewControllerRepresentable {
                                                 ^~~~~~~~~~~~~~~~~~~~~~~~~~~~~
/Users/admin/builder/spi-builder-workspace/Sources/RoktUXHelper/UI/Components/Common/CatalogCarouselScrollHost.swift:30:44: error: cannot find type 'UIViewController' in scope
final class CatalogCarouselViewController: UIViewController, UIScrollViewDelegate {
                                           ^~~~~~~~~~~~~~~~
/Users/admin/builder/spi-builder-workspace/Sources/RoktUXHelper/UI/Components/Common/CatalogCarouselScrollHost.swift:30:62: error: cannot find type 'UIScrollViewDelegate' in scope
final class CatalogCarouselViewController: UIViewController, UIScrollViewDelegate {
                                                             ^~~~~~~~~~~~~~~~~~~~
/Users/admin/builder/spi-builder-workspace/Sources/RoktUXHelper/UI/Components/Common/CatalogCarouselScrollHost.swift:34:34: error: cannot find type 'NSLayoutConstraint' in scope
    private var widthConstraint: NSLayoutConstraint?
                                 ^~~~~~~~~~~~~~~~~~
/Users/admin/builder/spi-builder-workspace/Sources/RoktUXHelper/UI/Components/Common/CatalogCarouselScrollHost.swift:48:19: error: method does not override any method from its superclass
    override func viewDidLoad() {
    ~~~~~~~~      ^
/Users/admin/builder/spi-builder-workspace/Sources/RoktUXHelper/UI/Components/Common/CatalogCarouselScrollHost.swift:104:19: error: method does not override any method from its superclass
    override func viewDidLayoutSubviews() {
    ~~~~~~~~      ^
/Users/admin/builder/spi-builder-workspace/Sources/RoktUXHelper/UI/Components/Common/CatalogCarouselScrollHost.swift:118:19: error: method does not override any method from its superclass
    override func viewDidAppear(_ animated: Bool) {
    ~~~~~~~~      ^
/Users/admin/builder/spi-builder-workspace/Sources/RoktUXHelper/UI/Components/Common/CatalogCarouselScrollHost.swift:123:52: error: cannot find type 'UIScrollView' in scope
    func scrollViewWillBeginDragging(_ scrollView: UIScrollView) {
                                                   ^~~~~~~~~~~~
/Users/admin/builder/spi-builder-workspace/Sources/RoktUXHelper/UI/Components/Common/CatalogCarouselScrollHost.swift:128:44: error: cannot find type 'UIScrollView' in scope
    func scrollViewDidScroll(_ scrollView: UIScrollView) {
                                           ^~~~~~~~~~~~
/Users/admin/builder/spi-builder-workspace/Sources/RoktUXHelper/UI/Components/Common/CatalogCarouselScrollHost.swift:133:50: error: cannot find type 'UIScrollView' in scope
    func scrollViewWillEndDragging(_ scrollView: UIScrollView, withVelocity velocity: CGPoint,
                                                 ^~~~~~~~~~~~
/Users/admin/builder/spi-builder-workspace/Sources/RoktUXHelper/UI/Components/Common/CatalogCarouselScrollHost.swift:141:49: error: cannot find type 'UIScrollView' in scope
    func scrollViewDidEndDragging(_ scrollView: UIScrollView, willDecelerate decelerate: Bool) {
                                                ^~~~~~~~~~~~
/Users/admin/builder/spi-builder-workspace/Sources/RoktUXHelper/UI/Components/Common/CatalogCarouselScrollHost.swift:145:53: error: cannot find type 'UIScrollView' in scope
    func scrollViewDidEndDecelerating(_ scrollView: UIScrollView) {
                                                    ^~~~~~~~~~~~
/Users/admin/builder/spi-builder-workspace/Sources/RoktUXHelper/UI/Components/Common/CatalogCarouselScrollHost.swift:149:59: error: cannot find type 'UIScrollView' in scope
    func scrollViewDidEndScrollingAnimation(_ scrollView: UIScrollView) {
                                                          ^~~~~~~~~~~~
/Users/admin/builder/spi-builder-workspace/Sources/RoktUXHelper/UI/Components/Common/CatalogCarouselScrollHost.swift:175:58: error: cannot find type 'UIAccessibilityScrollDirection' in scope
    private func performAccessibilityScroll(_ direction: UIAccessibilityScrollDirection) -> Bool {
                                                         ^~~~~~~~~~~~~~~~~~~~~~~~~~~~~~
/Users/admin/builder/spi-builder-workspace/Sources/RoktUXHelper/UI/Components/Common/CatalogCarouselScrollHost.swift:198:40: error: cannot find type 'UIScrollView' in scope
final class CatalogCarouselScrollView: UIScrollView {
                                       ^~~~~~~~~~~~
/Users/admin/builder/spi-builder-workspace/Sources/RoktUXHelper/UI/Components/Common/CatalogCarouselScrollHost.swift:199:39: error: cannot find type 'UIAccessibilityScrollDirection' in scope
    var accessibilityScrollHandler: ((UIAccessibilityScrollDirection) -> Bool)?
                                      ^~~~~~~~~~~~~~~~~~~~~~~~~~~~~~
/Users/admin/builder/spi-builder-workspace/Sources/RoktUXHelper/UI/Components/Common/CatalogCarouselScrollHost.swift:201:69: error: cannot find type 'UIGestureRecognizer' in scope
    override func gestureRecognizerShouldBegin(_ gestureRecognizer: UIGestureRecognizer) -> Bool {
                                                                    ^~~~~~~~~~~~~~~~~~~
/Users/admin/builder/spi-builder-workspace/Sources/RoktUXHelper/UI/Components/Common/CatalogCarouselScrollHost.swift:209:52: error: cannot find type 'UIAccessibilityScrollDirection' in scope
    override func accessibilityScroll(_ direction: UIAccessibilityScrollDirection) -> Bool {
                                                   ^~~~~~~~~~~~~~~~~~~~~~~~~~~~~~
/Users/admin/builder/spi-builder-workspace/Sources/RoktUXHelper/UI/Components/Common/InlineTextAttributes.swift:7:35: error: cannot find type 'UIContentSizeCategory' in scope
                     contentSize: UIContentSizeCategory) -> NSAttributedString {
                                  ^~~~~~~~~~~~~~~~~~~~~
/Users/admin/builder/spi-builder-workspace/Sources/RoktUXHelper/UI/Components/Common/InlineTextContainerView.swift:3:38: error: cannot find type 'UIView' in scope
final class InlineTextContainerView: UIView {
                                     ^~~~~~
/Applications/Xcode-16.3.0.app/Contents/Developer/Platforms/WatchOS.platform/Developer/SDKs/WatchOS11.4.sdk/System/Library/Frameworks/UIKit.framework/Headers/NSTextAttachment.h:23:1: note: interface 'UIView' forward declared here
@class UIView;
^
/Users/admin/builder/spi-builder-workspace/Sources/RoktUXHelper/UI/Components/Common/InlineTextView.swift:51:57: error: cannot find type 'NSTextContainer' in scope
    override init(frame: CGRect = .zero, textContainer: NSTextContainer? = nil) {
                                                        ^~~~~~~~~~~~~~~
/Applications/Xcode-16.3.0.app/Contents/Developer/Platforms/WatchOS.platform/Developer/SDKs/WatchOS11.4.sdk/System/Library/Frameworks/UIKit.framework/Headers/NSTextAttachment.h:20:1: note: interface 'NSTextContainer' forward declared here
@class NSTextContainer;
^
/Users/admin/builder/spi-builder-workspace/Sources/RoktUXHelper/UI/Components/Common/InlineTextContainerView.swift:4:35: error: missing argument for parameter 'coder' in call
    let textView = InlineTextView()
                                  ^
                                  coder: <#NSCoder#>
/Users/admin/builder/spi-builder-workspace/Sources/RoktUXHelper/UI/Components/Common/InlineTextView.swift:74:14: note: 'init(coder:)' declared here
    required init?(coder: NSCoder) { return nil }
             ^
/Users/admin/builder/spi-builder-workspace/Sources/RoktUXHelper/UI/Components/Common/InlineTextContainerView.swift:6:14: error: initializer does not override a designated initializer from its superclass
    override init(frame: CGRect = .zero) {
    ~~~~~~~~ ^
/Users/admin/builder/spi-builder-workspace/Sources/RoktUXHelper/UI/Components/Common/InlineTextContainerView.swift:18:19: error: method does not override any method from its superclass
    override func layoutSubviews() {
    ~~~~~~~~      ^
/Users/admin/builder/spi-builder-workspace/Sources/RoktUXHelper/UI/Components/Common/InlineTextLayoutManager.swift:4:38: error: cannot find type 'NSLayoutManager' in scope
final class InlineTextLayoutManager: NSLayoutManager, NSLayoutManagerDelegate {
                                     ^~~~~~~~~~~~~~~
/Applications/Xcode-16.3.0.app/Contents/Developer/Platforms/WatchOS.platform/Developer/SDKs/WatchOS11.4.sdk/System/Library/Frameworks/UIKit.framework/Headers/NSTextAttachment.h:21:1: note: interface 'NSLayoutManager' forward declared here
@class NSLayoutManager;
^
/Users/admin/builder/spi-builder-workspace/Sources/RoktUXHelper/UI/Components/Common/InlineTextLayoutManager.swift:4:55: error: cannot find type 'NSLayoutManagerDelegate' in scope
final class InlineTextLayoutManager: NSLayoutManager, NSLayoutManagerDelegate {
                                                      ^~~~~~~~~~~~~~~~~~~~~~~
/Users/admin/builder/spi-builder-workspace/Sources/RoktUXHelper/UI/Components/Common/InlineTextLayoutManager.swift:7:14: error: initializer does not override a designated initializer from its superclass
    override init() {
    ~~~~~~~~ ^
/Users/admin/builder/spi-builder-workspace/Sources/RoktUXHelper/UI/Components/Common/InlineTextLayoutManager.swift:14:41: error: cannot find type 'NSLayoutManager' in scope
    func layoutManager(_ layoutManager: NSLayoutManager,
                                        ^~~~~~~~~~~~~~~
/Applications/Xcode-16.3.0.app/Contents/Developer/Platforms/WatchOS.platform/Developer/SDKs/WatchOS11.4.sdk/System/Library/Frameworks/UIKit.framework/Headers/NSTextAttachment.h:21:1: note: interface 'NSLayoutManager' forward declared here
@class NSLayoutManager;
^
/Users/admin/builder/spi-builder-workspace/Sources/RoktUXHelper/UI/Components/Common/InlineTextLayoutManager.swift:18:42: error: cannot find type 'NSTextContainer' in scope
                       in textContainer: NSTextContainer, forGlyphRange glyphRange: NSRange) -> Bool {
                                         ^~~~~~~~~~~~~~~
/Applications/Xcode-16.3.0.app/Contents/Developer/Platforms/WatchOS.platform/Developer/SDKs/WatchOS11.4.sdk/System/Library/Frameworks/UIKit.framework/Headers/NSTextAttachment.h:20:1: note: interface 'NSTextContainer' forward declared here
@class NSTextContainer;
^
/Users/admin/builder/spi-builder-workspace/Sources/RoktUXHelper/UI/Components/Common/InlineTextLayoutManager.swift:34:19: error: method does not override any method from its superclass
    override func drawBackground(forGlyphRange glyphsToShow: NSRange, at origin: CGPoint) {
    ~~~~~~~~      ^
/Users/admin/builder/spi-builder-workspace/Sources/RoktUXHelper/UI/Components/Common/InlineTextView.swift:24:29: error: cannot find type 'UITextView' in scope
final class InlineTextView: UITextView, UIGestureRecognizerDelegate {
                            ^~~~~~~~~~
/Users/admin/builder/spi-builder-workspace/Sources/RoktUXHelper/UI/Components/Common/InlineTextView.swift:24:41: error: cannot find type 'UIGestureRecognizerDelegate' in scope
final class InlineTextView: UITextView, UIGestureRecognizerDelegate {
                                        ^~~~~~~~~~~~~~~~~~~~~~~~~~~
/Users/admin/builder/spi-builder-workspace/Sources/RoktUXHelper/UI/Components/Common/InlineTextView.swift:27:42: error: cannot find type 'UIView' in scope
    weak var accessibilityContainerView: UIView? {
                                         ^~~~~~
/Applications/Xcode-16.3.0.app/Contents/Developer/Platforms/WatchOS.platform/Developer/SDKs/WatchOS11.4.sdk/System/Library/Frameworks/UIKit.framework/Headers/NSTextAttachment.h:23:1: note: interface 'UIView' forward declared here
@class UIView;
^
/Users/admin/builder/spi-builder-workspace/Sources/RoktUXHelper/UI/Components/Common/InlineTextView.swift:115:18: error: property does not override any property from its superclass
    override var intrinsicContentSize: CGSize {
    ~~~~~~~~     ^
/Users/admin/builder/spi-builder-workspace/Sources/RoktUXHelper/UI/Components/Common/InlineTextView.swift:119:19: error: method does not override any method from its superclass
    override func layoutSubviews() {
    ~~~~~~~~      ^
/Users/admin/builder/spi-builder-workspace/Sources/RoktUXHelper/UI/Components/Common/InlineTextView.swift:167:69: error: cannot find type 'UIGestureRecognizer' in scope
    override func gestureRecognizerShouldBegin(_ gestureRecognizer: UIGestureRecognizer) -> Bool {
                                                                    ^~~~~~~~~~~~~~~~~~~
/Users/admin/builder/spi-builder-workspace/Sources/RoktUXHelper/UI/Components/Common/InlineTextView.swift:174:48: error: cannot find type 'UITapGestureRecognizer' in scope
    @objc private func handleTap(_ recognizer: UITapGestureRecognizer) {
                                               ^~~~~~~~~~~~~~~~~~~~~~
/Users/admin/builder/spi-builder-workspace/Sources/RoktUXHelper/UI/Components/Common/InlineTextView.swift:179:50: error: cannot find type 'UIHoverGestureRecognizer' in scope
    @objc private func handleHover(_ recognizer: UIHoverGestureRecognizer) {
                                                 ^~~~~~~~~~~~~~~~~~~~~~~~
/Users/admin/builder/spi-builder-workspace/Sources/RoktUXHelper/UI/Components/Common/InlineTextView.swift:190:47: error: cannot find type 'UITouch' in scope
    override func touchesBegan(_ touches: Set<UITouch>, with event: UIEvent?) {
                                              ^~~~~~~
/Users/admin/builder/spi-builder-workspace/Sources/RoktUXHelper/UI/Components/Common/InlineTextView.swift:190:69: error: cannot find type 'UIEvent' in scope
    override func touchesBegan(_ touches: Set<UITouch>, with event: UIEvent?) {
                                                                    ^~~~~~~
/Users/admin/builder/spi-builder-workspace/Sources/RoktUXHelper/UI/Components/Common/InlineTextView.swift:195:47: error: cannot find type 'UITouch' in scope
    override func touchesEnded(_ touches: Set<UITouch>, with event: UIEvent?) {
                                              ^~~~~~~
/Users/admin/builder/spi-builder-workspace/Sources/RoktUXHelper/UI/Components/Common/InlineTextView.swift:195:69: error: cannot find type 'UIEvent' in scope
    override func touchesEnded(_ touches: Set<UITouch>, with event: UIEvent?) {
                                                                    ^~~~~~~
/Users/admin/builder/spi-builder-workspace/Sources/RoktUXHelper/UI/Components/Common/InlineTextView.swift:200:51: error: cannot find type 'UITouch' in scope
    override func touchesCancelled(_ touches: Set<UITouch>, with event: UIEvent?) {
                                                  ^~~~~~~
/Users/admin/builder/spi-builder-workspace/Sources/RoktUXHelper/UI/Components/Common/InlineTextView.swift:200:73: error: cannot find type 'UIEvent' in scope
    override func touchesCancelled(_ touches: Set<UITouch>, with event: UIEvent?) {
                                                                        ^~~~~~~
/Users/admin/builder/spi-builder-workspace/Sources/RoktUXHelper/UI/Components/Common/InlineTextView.swift:260:49: error: cannot find type 'UIAccessibilityElement' in scope
private final class InlineAccessibilityElement: UIAccessibilityElement {
                                                ^~~~~~~~~~~~~~~~~~~~~~
/Users/admin/builder/spi-builder-workspace/Sources/RoktUXHelper/UI/Components/Common/InlineTextView.swift:264:18: error: property does not override any property from its superclass
    override var accessibilityActivationPoint: CGPoint {
    ~~~~~~~~     ^
/Users/admin/builder/spi-builder-workspace/Sources/RoktUXHelper/UI/Components/Common/InlineTextView.swift:275:19: error: method does not override any method from its superclass
    override func accessibilityActivate() -> Bool { activation?() ?? false }
    ~~~~~~~~      ^
/Users/admin/builder/spi-builder-workspace/Sources/RoktUXHelper/UI/Components/Common/ResizableHostingController.swift:5:44: error: cannot find type 'UIHostingController' in scope
class ResizableHostingController<Content>: UIHostingController<Content> where Content: View {
                                           ^~~~~~~~~~~~~~~~~~~
/Users/admin/builder/spi-builder-workspace/Sources/RoktUXHelper/UI/Components/Common/ResizableHostingController.swift:6:19: error: method does not override any method from its superclass
    override func viewDidLoad() {
    ~~~~~~~~      ^
/Users/admin/builder/spi-builder-workspace/Sources/RoktUXHelper/UI/Components/Common/ResizableHostingController.swift:12:19: error: method does not override any method from its superclass
    override func viewDidLayoutSubviews() {
    ~~~~~~~~      ^
/Users/admin/builder/spi-builder-workspace/Sources/RoktUXHelper/UI/Components/Common/RoktBottomSheetPresentationController.swift:11:52: error: cannot find type 'UIPresentationController' in scope
final class RoktBottomSheetPresentationController: UIPresentationController {
                                                   ^~~~~~~~~~~~~~~~~~~~~~~~
/Users/admin/builder/spi-builder-workspace/Sources/RoktUXHelper/UI/Components/Common/RoktBottomSheetPresentationController.swift:199:35: error: cannot find type 'UIView' in scope
    static func makeBackdrop() -> UIView {
                                  ^~~~~~
/Applications/Xcode-16.3.0.app/Contents/Developer/Platforms/WatchOS.platform/Developer/SDKs/WatchOS11.4.sdk/System/Library/Frameworks/UIKit.framework/Headers/NSTextAttachment.h:23:1: note: interface 'UIView' forward declared here
@class UIView;
^
/Users/admin/builder/spi-builder-workspace/Sources/RoktUXHelper/UI/Components/Common/RoktBottomSheetPresentationController.swift:24:29: error: cannot find type 'UIPanGestureRecognizer' in scope
    private var panGesture: UIPanGestureRecognizer?
                            ^~~~~~~~~~~~~~~~~~~~~~
/Users/admin/builder/spi-builder-workspace/Sources/RoktUXHelper/UI/Components/Common/RoktBottomSheetPresentationController.swift:33:35: error: cannot find type 'UIViewController' in scope
    init(presentedViewController: UIViewController,
                                  ^~~~~~~~~~~~~~~~
/Users/admin/builder/spi-builder-workspace/Sources/RoktUXHelper/UI/Components/Common/RoktBottomSheetPresentationController.swift:34:47: error: cannot find type 'UIViewController' in scope
         presenting presentingViewController: UIViewController?,
                                              ^~~~~~~~~~~~~~~~
/Users/admin/builder/spi-builder-workspace/Sources/RoktUXHelper/UI/Components/Common/RoktBottomSheetPresentationController.swift:82:61: error: cannot find type 'UIUserInterfaceSizeClass' in scope
                                       horizontalSizeClass: UIUserInterfaceSizeClass) -> Bool {
                                                            ^~~~~~~~~~~~~~~~~~~~~~~~
/Users/admin/builder/spi-builder-workspace/Sources/RoktUXHelper/UI/Components/Common/RoktBottomSheetPresentationController.swift:151:18: error: property does not override any property from its superclass
    override var frameOfPresentedViewInContainerView: CGRect {
    ~~~~~~~~     ^
/Users/admin/builder/spi-builder-workspace/Sources/RoktUXHelper/UI/Components/Common/RoktBottomSheetPresentationController.swift:159:19: error: method does not override any method from its superclass
    override func containerViewDidLayoutSubviews() {
    ~~~~~~~~      ^
/Users/admin/builder/spi-builder-workspace/Sources/RoktUXHelper/UI/Components/Common/RoktBottomSheetPresentationController.swift:210:47: error: cannot find type 'UIView' in scope
    static func applySheetAppearance(to view: UIView, cornerRadius: CGFloat) {
                                              ^~~~~~
/Applications/Xcode-16.3.0.app/Contents/Developer/Platforms/WatchOS.platform/Developer/SDKs/WatchOS11.4.sdk/System/Library/Frameworks/UIKit.framework/Headers/NSTextAttachment.h:23:1: note: interface 'UIView' forward declared here
@class UIView;
^
/Users/admin/builder/spi-builder-workspace/Sources/RoktUXHelper/UI/Components/Common/RoktBottomSheetPresentationController.swift:218:19: error: method does not override any method from its superclass
    override func presentationTransitionWillBegin() {
    ~~~~~~~~      ^
/Users/admin/builder/spi-builder-workspace/Sources/RoktUXHelper/UI/Components/Common/RoktBottomSheetPresentationController.swift:251:19: error: method does not override any method from its superclass
    override func dismissalTransitionWillBegin() {
    ~~~~~~~~      ^
/Users/admin/builder/spi-builder-workspace/Sources/RoktUXHelper/UI/Components/Common/RoktBottomSheetPresentationController.swift:258:19: error: method does not override any method from its superclass
    override func dismissalTransitionDidEnd(_ completed: Bool) {
    ~~~~~~~~      ^
/Users/admin/builder/spi-builder-workspace/Sources/RoktUXHelper/UI/Components/Common/RoktBottomSheetPresentationController.swift:283:45: error: cannot find type 'UIPanGestureRecognizer' in scope
    @objc private func handlePan(_ gesture: UIPanGestureRecognizer) {
                                            ^~~~~~~~~~~~~~~~~~~~~~
/Users/admin/builder/spi-builder-workspace/Sources/RoktUXHelper/UI/Components/Common/RoktBottomSheetPresentationController.swift:319:50: error: cannot find type 'UIGestureRecognizerDelegate' in scope
extension RoktBottomSheetPresentationController: UIGestureRecognizerDelegate {
                                                 ^~~~~~~~~~~~~~~~~~~~~~~~~~~
/Users/admin/builder/spi-builder-workspace/Sources/RoktUXHelper/UI/Components/Common/RoktBottomSheetPresentationController.swift:323:49: error: cannot find type 'UIGestureRecognizer' in scope
    func gestureRecognizer(_ gestureRecognizer: UIGestureRecognizer,
                                                ^~~~~~~~~~~~~~~~~~~
/Users/admin/builder/spi-builder-workspace/Sources/RoktUXHelper/UI/Components/Common/RoktBottomSheetPresentationController.swift:324:69: error: cannot find type 'UIGestureRecognizer' in scope
                           shouldRecognizeSimultaneouslyWith other: UIGestureRecognizer) -> Bool {
                                                                    ^~~~~~~~~~~~~~~~~~~
/Users/admin/builder/spi-builder-workspace/Sources/RoktUXHelper/UI/Components/Common/RoktBottomSheetPresentationController.swift:328:60: error: cannot find type 'UIGestureRecognizer' in scope
    func gestureRecognizerShouldBegin(_ gestureRecognizer: UIGestureRecognizer) -> Bool {
                                                           ^~~~~~~~~~~~~~~~~~~
/Users/admin/builder/spi-builder-workspace/Sources/RoktUXHelper/UI/Components/Common/RoktBottomSheetPresentationController.swift:338:74: error: cannot find type 'UIScrollView' in scope
    private func scrollViewUnderTouch(of pan: UIPanGestureRecognizer) -> UIScrollView? {
                                                                         ^~~~~~~~~~~~
/Users/admin/builder/spi-builder-workspace/Sources/RoktUXHelper/UI/Components/Common/RoktBottomSheetPresentationController.swift:338:47: error: cannot find type 'UIPanGestureRecognizer' in scope
    private func scrollViewUnderTouch(of pan: UIPanGestureRecognizer) -> UIScrollView? {
                                              ^~~~~~~~~~~~~~~~~~~~~~
/Users/admin/builder/spi-builder-workspace/Sources/RoktUXHelper/UI/Components/Common/RoktBottomSheetPresentationController.swift:355:61: error: cannot find type 'UIViewControllerTransitioningDelegate' in scope
final class RoktBottomSheetTransitioningDelegate: NSObject, UIViewControllerTransitioningDelegate {
                                                            ^~~~~~~~~~~~~~~~~~~~~~~~~~~~~~~~~~~~~
/Users/admin/builder/spi-builder-workspace/Sources/RoktUXHelper/UI/Components/Common/RoktBottomSheetPresentationController.swift:372:62: error: cannot find type 'UIPresentationController' in scope
                                source: UIViewController) -> UIPresentationController? {
                                                             ^~~~~~~~~~~~~~~~~~~~~~~~
/Users/admin/builder/spi-builder-workspace/Sources/RoktUXHelper/UI/Components/Common/RoktBottomSheetPresentationController.swift:370:57: error: cannot find type 'UIViewController' in scope
    func presentationController(forPresented presented: UIViewController,
                                                        ^~~~~~~~~~~~~~~~
/Users/admin/builder/spi-builder-workspace/Sources/RoktUXHelper/UI/Components/Common/RoktBottomSheetPresentationController.swift:371:45: error: cannot find type 'UIViewController' in scope
                                presenting: UIViewController?,
                                            ^~~~~~~~~~~~~~~~
/Users/admin/builder/spi-builder-workspace/Sources/RoktUXHelper/UI/Components/Common/RoktBottomSheetPresentationController.swift:372:41: error: cannot find type 'UIViewController' in scope
                                source: UIViewController) -> UIPresentationController? {
                                        ^~~~~~~~~~~~~~~~
/Users/admin/builder/spi-builder-workspace/Sources/RoktUXHelper/UI/Components/Common/RoktBottomSheetPresentationController.swift:386:59: error: cannot find type 'UIViewControllerAnimatedTransitioning' in scope
                             source: UIViewController) -> UIViewControllerAnimatedTransitioning? {
                                                          ^~~~~~~~~~~~~~~~~~~~~~~~~~~~~~~~~~~~~
/Users/admin/builder/spi-builder-workspace/Sources/RoktUXHelper/UI/Components/Common/RoktBottomSheetPresentationController.swift:384:54: error: cannot find type 'UIViewController' in scope
    func animationController(forPresented presented: UIViewController,
                                                     ^~~~~~~~~~~~~~~~
/Users/admin/builder/spi-builder-workspace/Sources/RoktUXHelper/UI/Components/Common/RoktBottomSheetPresentationController.swift:385:42: error: cannot find type 'UIViewController' in scope
                             presenting: UIViewController,
                                         ^~~~~~~~~~~~~~~~
/Users/admin/builder/spi-builder-workspace/Sources/RoktUXHelper/UI/Components/Common/RoktBottomSheetPresentationController.swift:386:38: error: cannot find type 'UIViewController' in scope
                             source: UIViewController) -> UIViewControllerAnimatedTransitioning? {
                                     ^~~~~~~~~~~~~~~~
/Users/admin/builder/spi-builder-workspace/Sources/RoktUXHelper/UI/Components/Common/RoktBottomSheetPresentationController.swift:390:75: error: cannot find type 'UIViewControllerAnimatedTransitioning' in scope
    func animationController(forDismissed dismissed: UIViewController) -> UIViewControllerAnimatedTransitioning? {
                                                                          ^~~~~~~~~~~~~~~~~~~~~~~~~~~~~~~~~~~~~
/Users/admin/builder/spi-builder-workspace/Sources/RoktUXHelper/UI/Components/Common/RoktBottomSheetPresentationController.swift:390:54: error: cannot find type 'UIViewController' in scope
    func animationController(forDismissed dismissed: UIViewController) -> UIViewControllerAnimatedTransitioning? {
                                                     ^~~~~~~~~~~~~~~~
/Users/admin/builder/spi-builder-workspace/Sources/RoktUXHelper/UI/Components/Common/RoktBottomSheetPresentationController.swift:396:53: error: cannot find type 'UIViewControllerAnimatedTransitioning' in scope
final class RoktBottomSheetSlideAnimator: NSObject, UIViewControllerAnimatedTransitioning {
                                                    ^~~~~~~~~~~~~~~~~~~~~~~~~~~~~~~~~~~~~
/Users/admin/builder/spi-builder-workspace/Sources/RoktUXHelper/UI/Components/Common/RoktBottomSheetPresentationController.swift:403:44: error: cannot find type 'UIViewControllerContextTransitioning' in scope
    func transitionDuration(using context: UIViewControllerContextTransitioning?) -> TimeInterval {
                                           ^~~~~~~~~~~~~~~~~~~~~~~~~~~~~~~~~~~~
/Users/admin/builder/spi-builder-workspace/Sources/RoktUXHelper/UI/Components/Common/RoktBottomSheetPresentationController.swift:407:43: error: cannot find type 'UIViewControllerContextTransitioning' in scope
    func animateTransition(using context: UIViewControllerContextTransitioning) {
                                          ^~~~~~~~~~~~~~~~~~~~~~~~~~~~~~~~~~~~
/Users/admin/builder/spi-builder-workspace/Sources/RoktUXHelper/UI/Components/Common/RoktUXPresentationResolver.swift:5:32: error: cannot find type 'UIWindow' in scope
    static func keyWindow() -> UIWindow? {
                               ^~~~~~~~
/Users/admin/builder/spi-builder-workspace/Sources/RoktUXHelper/UI/Components/Common/RoktUXPresentationResolver.swift:24:10: error: cannot find type 'UIViewController' in scope
    ) -> UIViewController? {
         ^~~~~~~~~~~~~~~~
/Users/admin/builder/spi-builder-workspace/Sources/RoktUXHelper/UI/Components/Common/RoktUXPresentationResolver.swift:22:20: error: cannot find type 'UIViewController' in scope
        from root: UIViewController?,
                   ^~~~~~~~~~~~~~~~
/Users/admin/builder/spi-builder-workspace/Sources/RoktUXHelper/UI/Components/Common/RoktUXPresentationResolver.swift:23:29: error: cannot find type 'UIViewController' in scope
        isPresenterUsable: (UIViewController) -> Bool
                            ^~~~~~~~~~~~~~~~
/Users/admin/builder/spi-builder-workspace/Sources/RoktUXHelper/UI/Components/Common/RoktUXPresentationResolver.swift:59:10: error: cannot find type 'UIViewController' in scope
    ) -> UIViewController? {
         ^~~~~~~~~~~~~~~~
/Users/admin/builder/spi-builder-workspace/Sources/RoktUXHelper/UI/Components/Common/RoktUXPresentationResolver.swift:56:32: error: cannot find type 'UIViewController' in scope
        startingAt controller: UIViewController?,
                               ^~~~~~~~~~~~~~~~
/Users/admin/builder/spi-builder-workspace/Sources/RoktUXHelper/UI/Components/Common/RoktUXPresentationResolver.swift:58:29: error: cannot find type 'UIViewController' in scope
        isPresenterUsable: (UIViewController) -> Bool = defaultIsPresenterUsable
                            ^~~~~~~~~~~~~~~~
/Users/admin/builder/spi-builder-workspace/Sources/RoktUXHelper/UI/Components/Common/RoktUXPresentationResolver.swift:97:22: error: cannot find type 'UIViewController' in scope
        _ presented: UIViewController,
                     ^~~~~~~~~~~~~~~~
/Users/admin/builder/spi-builder-workspace/Sources/RoktUXHelper/UI/Components/Common/RoktUXPresentationResolver.swift:98:29: error: cannot find type 'UIViewController' in scope
        isPresenterUsable: (UIViewController) -> Bool
                            ^~~~~~~~~~~~~~~~
/Users/admin/builder/spi-builder-workspace/Sources/RoktUXHelper/UI/Components/Common/RoktUXPresentationResolver.swift:106:64: error: cannot find type 'UIViewController' in scope
    private static func defaultIsPresenterUsable(_ controller: UIViewController) -> Bool {
                                                               ^~~~~~~~~~~~~~~~
/Users/admin/builder/spi-builder-workspace/Sources/RoktUXHelper/UI/Components/Common/UIResponder+Extension.swift:4:11: error: cannot find type 'UIResponder' in scope
extension UIResponder {
          ^~~~~~~~~~~
/Users/admin/builder/spi-builder-workspace/Sources/RoktUXHelper/UI/Components/Common/UIViewController+Extension.swift:15:21: error: cannot find type 'UIViewController' in scope
    weak var value: UIViewController?
                    ^~~~~~~~~~~~~~~~
/Users/admin/builder/spi-builder-workspace/Sources/RoktUXHelper/UI/Components/Common/UIViewController+Extension.swift:19:11: error: cannot find type 'UIViewController' in scope
extension UIViewController {
          ^~~~~~~~~~~~~~~~
/Users/admin/builder/spi-builder-workspace/Sources/RoktUXHelper/UI/Components/Common/UIViewController+Extension.swift:380:26: error: method does not override any method from its superclass
    override public func accessibilityPerformEscape() -> Bool {
    ~~~~~~~~             ^
/Users/admin/builder/spi-builder-workspace/Sources/RoktUXHelper/UI/Components/Common/UIViewController+Extension.swift:401:26: error: method does not override any method from its superclass
    public override func viewDidDisappear(_ animated: Bool) {
           ~~~~~~~~      ^
/Users/admin/builder/spi-builder-workspace/Sources/RoktUXHelper/UI/Components/Common/UIViewController+Extension.swift:362:49: error: cannot find type 'UIHostingController' in scope
public final class RoktUXSwiftUIViewController: UIHostingController<AnyView> {
                                                ^~~~~~~~~~~~~~~~~~~
/Users/admin/builder/spi-builder-workspace/Sources/RoktUXHelper/UI/Components/Common/UIViewController+Extension.swift:431:46: error: cannot find type 'UISheetPresentationController' in scope
    init(layoutState: LayoutState, mediumId: UISheetPresentationController.Detent.Identifier) {
                                             ^~~~~~~~~~~~~~~~~~~~~~~~~~~~~
/Users/admin/builder/spi-builder-workspace/Sources/RoktUXHelper/UI/Components/Common/UIViewController+Extension.swift:427:54: error: cannot find type 'UISheetPresentationControllerDelegate' in scope
final class BottomSheetDetentSyncDelegate: NSObject, UISheetPresentationControllerDelegate {
                                                     ^~~~~~~~~~~~~~~~~~~~~~~~~~~~~~~~~~~~~
/Users/admin/builder/spi-builder-workspace/Sources/RoktUXHelper/UI/Components/Common/UIViewController+Extension.swift:429:19: error: cannot find type 'UISheetPresentationController' in scope
    let mediumId: UISheetPresentationController.Detent.Identifier
                  ^~~~~~~~~~~~~~~~~~~~~~~~~~~~~
/Users/admin/builder/spi-builder-workspace/Sources/RoktUXHelper/UI/Components/Common/UIViewController+Extension.swift:436:80: error: cannot find type 'UISheetPresentationController' in scope
    func sheetPresentationControllerDidChangeSelectedDetentIdentifier(_ sheet: UISheetPresentationController) {
                                                                               ^~~~~~~~~~~~~~~~~~~~~~~~~~~~~
/Users/admin/builder/spi-builder-workspace/Sources/RoktUXHelper/UI/Components/InlineContainerComponent.swift:100:30: error: cannot find type 'Context' in scope
    func makeUIView(context: Context) -> InlineTextContainerView { InlineTextContainerView() }
                             ^~~~~~~
/Users/admin/builder/spi-builder-workspace/Sources/RoktUXHelper/UI/Components/InlineContainerComponent.swift:102:70: error: cannot find type 'Context' in scope
    func updateUIView(_ container: InlineTextContainerView, context: Context) {
                                                                     ^~~~~~~
/Users/admin/builder/spi-builder-workspace/Sources/RoktUXHelper/UI/Components/InlineContainerComponent.swift:92:33: error: cannot find type 'UIViewRepresentable' in scope
struct InlineTextRepresentable: UIViewRepresentable {
                                ^~~~~~~~~~~~~~~~~~~
/Users/admin/builder/spi-builder-workspace/Sources/RoktUXHelper/UI/Components/Style/FontPropertiesStyle.swift:162:43: error: cannot find type 'UIContentSizeCategory' in scope
    func getAsScaledFontSize(contentSize: UIContentSizeCategory? = nil) -> CGFloat {
                                          ^~~~~~~~~~~~~~~~~~~~~
/Users/admin/builder/spi-builder-workspace/Sources/RoktUXHelper/UI/Components/ViewModel/InlineContainerViewModel.swift:163:35: error: cannot find type 'UIContentSizeCategory' in scope
                     contentSize: UIContentSizeCategory, layoutDirection: LayoutDirection,
                                  ^~~~~~~~~~~~~~~~~~~~~
/Users/admin/builder/spi-builder-workspace/Sources/RoktUXHelper/UI/RoktLayoutUIView.swift:18:40: error: cannot find type 'NSLayoutConstraint' in scope
    private lazy var heightConstraint: NSLayoutConstraint = .init(item: self,
                                       ^~~~~~~~~~~~~~~~~~
/Users/admin/builder/spi-builder-workspace/Sources/RoktUXHelper/UI/RoktLayoutUIView.swift:9:47: error: cannot find type 'UIView' in scope
    private(set) var roktEmbeddedSwiftUIView: UIView?
                                              ^~~~~~
/Applications/Xcode-16.3.0.app/Contents/Developer/Platforms/WatchOS.platform/Developer/SDKs/WatchOS11.4.sdk/System/Library/Frameworks/UIKit.framework/Headers/NSTextAttachment.h:23:1: note: interface 'UIView' forward declared here
@class UIView;
^
/Users/admin/builder/spi-builder-workspace/Sources/RoktUXHelper/UI/RoktLayoutUIView.swift:26:21: error: initializer does not override a designated initializer from its superclass
    public override init(frame: CGRect) {
           ~~~~~~~~ ^
/Users/admin/builder/spi-builder-workspace/Sources/RoktUXHelper/UI/RoktLayoutUIView.swift:57:26: error: method does not override any method from its superclass
    override public func layoutSubviews() {
    ~~~~~~~~             ^
/Users/admin/builder/spi-builder-workspace/Sources/RoktUXHelper/UI/RoktLayoutUIView.swift:156:61: error: cannot find type 'UIView' in scope
    private func addEmbeddedLayoutConstraints(embeddedView: UIView) {
                                                            ^~~~~~
/Applications/Xcode-16.3.0.app/Contents/Developer/Platforms/WatchOS.platform/Developer/SDKs/WatchOS11.4.sdk/System/Library/Frameworks/UIKit.framework/Headers/NSTextAttachment.h:23:1: note: interface 'UIView' forward declared here
@class UIView;
^
/Users/admin/builder/spi-builder-workspace/Sources/RoktUXHelper/UI/RoktLayoutUIView.swift:8:38: error: cannot find type 'UIView' in scope
@objc public class RoktLayoutUIView: UIView {
                                     ^~~~~~
/Applications/Xcode-16.3.0.app/Contents/Developer/Platforms/WatchOS.platform/Developer/SDKs/WatchOS11.4.sdk/System/Library/Frameworks/UIKit.framework/Headers/NSTextAttachment.h:23:1: note: interface 'UIView' forward declared here
@class UIView;
^
/Users/admin/builder/spi-builder-workspace/Sources/RoktUXHelper/UI/RoktLayoutUIView.swift:8:2: error: only classes that inherit from NSObject can be declared @objc
@objc public class RoktLayoutUIView: UIView {
~^~~~~
/Users/admin/builder/spi-builder-workspace/Sources/RoktUXHelper/UI/RoktLayoutUIView.swift:8:20: note: inherit from 'NSObject' to silence this error
@objc public class RoktLayoutUIView: UIView {
                   ^
                                     NSObject,
/Users/admin/builder/spi-builder-workspace/Sources/RoktUXHelper/Utils/UIDeviceExtension.swift:4:11: error: cannot find type 'UIDevice' in scope
extension UIDevice {
          ^~~~~~~~
SwiftCompile normal arm64_32 Compiling\ Color+Extension.swift,\ DispatchQueue+extension.swift,\ Double+Extension.swift,\ AsyncImageView.swift,\ Base64Image.swift,\ ExternalAsyncImage.swift,\ Image+Extension.swift,\ ImageDownloader.swift,\ ImageScale.swift,\ RoktUXImageLoader.swift,\ InlineSpanStyle.swift,\ InlineTextAttributes.swift,\ InlineTextContainerView.swift,\ InlineTextLayoutManager.swift,\ InlineTextView.swift,\ LayoutLoader.swift,\ LightweightHTMLParser.swift,\ ResizableHostingController.swift,\ RoktBottomSheetPresentationController.swift,\ RoktUXPresentationResolver.swift,\ String+Extension.swift,\ TextComponentBNFHelper.swift,\ UIColor+Extension.swift /Users/admin/builder/spi-builder-workspace/Sources/RoktUXHelper/UI/Components/Common/Color+Extension.swift /Users/admin/builder/spi-builder-workspace/Sources/RoktUXHelper/UI/Components/Common/DispatchQueue+extension.swift /Users/admin/builder/spi-builder-workspace/Sources/RoktUXHelper/UI/Components/Common/Double+Extension.swift /Users/admin/builder/spi-builder-workspace/Sources/RoktUXHelper/UI/Components/Common/Image/AsyncImageView.swift /Users/admin/builder/spi-builder-workspace/Sources/RoktUXHelper/UI/Components/Common/Image/Base64Image.swift /Users/admin/builder/spi-builder-workspace/Sources/RoktUXHelper/UI/Components/Common/Image/ExternalAsyncImage.swift /Users/admin/builder/spi-builder-workspace/Sources/RoktUXHelper/UI/Components/Common/Image/Image+Extension.swift /Users/admin/builder/spi-builder-workspace/Sources/RoktUXHelper/UI/Components/Common/Image/ImageDownloader.swift /Users/admin/builder/spi-builder-workspace/Sources/RoktUXHelper/UI/Components/Common/Image/ImageScale.swift /Users/admin/builder/spi-builder-workspace/Sources/RoktUXHelper/UI/Components/Common/Image/RoktUXImageLoader.swift /Users/admin/builder/spi-builder-workspace/Sources/RoktUXHelper/UI/Components/Common/InlineSpanStyle.swift /Users/admin/builder/spi-builder-workspace/Sources/RoktUXHelper/UI/Components/Common/InlineTextAttributes.swift /Users/admin/builder/spi-builder-workspace/Sources/RoktUXHelper/UI/Components/Common/InlineTextContainerView.swift /Users/admin/builder/spi-builder-workspace/Sources/RoktUXHelper/UI/Components/Common/InlineTextLayoutManager.swift /Users/admin/builder/spi-builder-workspace/Sources/RoktUXHelper/UI/Components/Common/InlineTextView.swift /Users/admin/builder/spi-builder-workspace/Sources/RoktUXHelper/UI/Components/Common/LayoutLoader.swift /Users/admin/builder/spi-builder-workspace/Sources/RoktUXHelper/UI/Components/Common/LightweightHTMLParser.swift /Users/admin/builder/spi-builder-workspace/Sources/RoktUXHelper/UI/Components/Common/ResizableHostingController.swift /Users/admin/builder/spi-builder-workspace/Sources/RoktUXHelper/UI/Components/Common/RoktBottomSheetPresentationController.swift /Users/admin/builder/spi-builder-workspace/Sources/RoktUXHelper/UI/Components/Common/RoktUXPresentationResolver.swift /Users/admin/builder/spi-builder-workspace/Sources/RoktUXHelper/UI/Components/Common/String+Extension.swift /Users/admin/builder/spi-builder-workspace/Sources/RoktUXHelper/UI/Components/Common/TextComponentBNFHelper.swift /Users/admin/builder/spi-builder-workspace/Sources/RoktUXHelper/UI/Components/Common/UIColor+Extension.swift (in target 'RoktUXHelper' from project 'RoktUXHelper')
SwiftCompile normal arm64_32 /Users/admin/builder/spi-builder-workspace/Sources/RoktUXHelper/UI/Components/Common/Color+Extension.swift (in target 'RoktUXHelper' from project 'RoktUXHelper')
    cd /Users/admin/builder/spi-builder-workspace/.swiftpm/xcode

SwiftCompile normal arm64_32 /Users/admin/builder/spi-builder-workspace/Sources/RoktUXHelper/UI/Components/Common/DispatchQueue+extension.swift (in target 'RoktUXHelper' from project 'RoktUXHelper')
    cd /Users/admin/builder/spi-builder-workspace/.swiftpm/xcode

SwiftCompile normal arm64_32 /Users/admin/builder/spi-builder-workspace/Sources/RoktUXHelper/UI/Components/Common/Double+Extension.swift (in target 'RoktUXHelper' from project 'RoktUXHelper')
    cd /Users/admin/builder/spi-builder-workspace/.swiftpm/xcode

SwiftCompile normal arm64_32 /Users/admin/builder/spi-builder-workspace/Sources/RoktUXHelper/UI/Components/Common/Image/AsyncImageView.swift (in target 'RoktUXHelper' from project 'RoktUXHelper')
    cd /Users/admin/builder/spi-builder-workspace/.swiftpm/xcode

SwiftCompile normal arm64_32 /Users/admin/builder/spi-builder-workspace/Sources/RoktUXHelper/UI/Components/Common/Image/Base64Image.swift (in target 'RoktUXHelper' from project 'RoktUXHelper')
    cd /Users/admin/builder/spi-builder-workspace/.swiftpm/xcode

SwiftCompile normal arm64_32 /Users/admin/builder/spi-builder-workspace/Sources/RoktUXHelper/UI/Components/Common/Image/ExternalAsyncImage.swift (in target 'RoktUXHelper' from project 'RoktUXHelper')
    cd /Users/admin/builder/spi-builder-workspace/.swiftpm/xcode

SwiftCompile normal arm64_32 /Users/admin/builder/spi-builder-workspace/Sources/RoktUXHelper/UI/Components/Common/Image/Image+Extension.swift (in target 'RoktUXHelper' from project 'RoktUXHelper')
    cd /Users/admin/builder/spi-builder-workspace/.swiftpm/xcode

SwiftCompile normal arm64_32 /Users/admin/builder/spi-builder-workspace/Sources/RoktUXHelper/UI/Components/Common/Image/ImageDownloader.swift (in target 'RoktUXHelper' from project 'RoktUXHelper')
    cd /Users/admin/builder/spi-builder-workspace/.swiftpm/xcode

SwiftCompile normal arm64_32 /Users/admin/builder/spi-builder-workspace/Sources/RoktUXHelper/UI/Components/Common/Image/ImageScale.swift (in target 'RoktUXHelper' from project 'RoktUXHelper')
    cd /Users/admin/builder/spi-builder-workspace/.swiftpm/xcode

SwiftCompile normal arm64_32 /Users/admin/builder/spi-builder-workspace/Sources/RoktUXHelper/UI/Components/Common/Image/RoktUXImageLoader.swift (in target 'RoktUXHelper' from project 'RoktUXHelper')
    cd /Users/admin/builder/spi-builder-workspace/.swiftpm/xcode

SwiftCompile normal arm64_32 /Users/admin/builder/spi-builder-workspace/Sources/RoktUXHelper/UI/Components/Common/InlineSpanStyle.swift (in target 'RoktUXHelper' from project 'RoktUXHelper')
    cd /Users/admin/builder/spi-builder-workspace/.swiftpm/xcode

SwiftCompile normal arm64_32 /Users/admin/builder/spi-builder-workspace/Sources/RoktUXHelper/UI/Components/Common/InlineTextAttributes.swift (in target 'RoktUXHelper' from project 'RoktUXHelper')
    cd /Users/admin/builder/spi-builder-workspace/.swiftpm/xcode

SwiftCompile normal arm64_32 /Users/admin/builder/spi-builder-workspace/Sources/RoktUXHelper/UI/Components/Common/InlineTextContainerView.swift (in target 'RoktUXHelper' from project 'RoktUXHelper')
    cd /Users/admin/builder/spi-builder-workspace/.swiftpm/xcode

SwiftCompile normal arm64_32 /Users/admin/builder/spi-builder-workspace/Sources/RoktUXHelper/UI/Components/Common/InlineTextLayoutManager.swift (in target 'RoktUXHelper' from project 'RoktUXHelper')
    cd /Users/admin/builder/spi-builder-workspace/.swiftpm/xcode

SwiftCompile normal arm64_32 /Users/admin/builder/spi-builder-workspace/Sources/RoktUXHelper/UI/Components/Common/InlineTextView.swift (in target 'RoktUXHelper' from project 'RoktUXHelper')
    cd /Users/admin/builder/spi-builder-workspace/.swiftpm/xcode

SwiftCompile normal arm64_32 /Users/admin/builder/spi-builder-workspace/Sources/RoktUXHelper/UI/Components/Common/LayoutLoader.swift (in target 'RoktUXHelper' from project 'RoktUXHelper')
    cd /Users/admin/builder/spi-builder-workspace/.swiftpm/xcode

SwiftCompile normal arm64_32 /Users/admin/builder/spi-builder-workspace/Sources/RoktUXHelper/UI/Components/Common/LightweightHTMLParser.swift (in target 'RoktUXHelper' from project 'RoktUXHelper')
    cd /Users/admin/builder/spi-builder-workspace/.swiftpm/xcode

SwiftCompile normal arm64_32 /Users/admin/builder/spi-builder-workspace/Sources/RoktUXHelper/UI/Components/Common/ResizableHostingController.swift (in target 'RoktUXHelper' from project 'RoktUXHelper')
    cd /Users/admin/builder/spi-builder-workspace/.swiftpm/xcode

SwiftCompile normal arm64_32 /Users/admin/builder/spi-builder-workspace/Sources/RoktUXHelper/UI/Components/Common/RoktBottomSheetPresentationController.swift (in target 'RoktUXHelper' from project 'RoktUXHelper')
    cd /Users/admin/builder/spi-builder-workspace/.swiftpm/xcode

SwiftCompile normal arm64_32 /Users/admin/builder/spi-builder-workspace/Sources/RoktUXHelper/UI/Components/Common/RoktUXPresentationResolver.swift (in target 'RoktUXHelper' from project 'RoktUXHelper')
    cd /Users/admin/builder/spi-builder-workspace/.swiftpm/xcode

SwiftCompile normal arm64_32 /Users/admin/builder/spi-builder-workspace/Sources/RoktUXHelper/UI/Components/Common/String+Extension.swift (in target 'RoktUXHelper' from project 'RoktUXHelper')
    cd /Users/admin/builder/spi-builder-workspace/.swiftpm/xcode

SwiftCompile normal arm64_32 /Users/admin/builder/spi-builder-workspace/Sources/RoktUXHelper/UI/Components/Common/TextComponentBNFHelper.swift (in target 'RoktUXHelper' from project 'RoktUXHelper')
    cd /Users/admin/builder/spi-builder-workspace/.swiftpm/xcode

SwiftCompile normal arm64_32 /Users/admin/builder/spi-builder-workspace/Sources/RoktUXHelper/UI/Components/Common/UIColor+Extension.swift (in target 'RoktUXHelper' from project 'RoktUXHelper')
    cd /Users/admin/builder/spi-builder-workspace/.swiftpm/xcode

SwiftCompile normal arm64_32 Compiling\ ProgressControlViewModel.swift,\ ProgressIndicatorViewModel.swift,\ RichTextViewModel.swift,\ RoktEmbeddedViewModel.swift,\ RowViewModel.swift,\ ScreenSizeAdaptive.swift,\ StaticImageViewModel.swift,\ StaticLinkViewModel.swift,\ ToggleButtonViewModel.swift,\ WhenViewModel.swift,\ ZStackViewModel.swift,\ WhenComponent.swift,\ ZStackComponent.swift,\ RoktLayoutUIView.swift,\ RoktLayoutView.swift,\ RoktLayoutViewModel.swift,\ Collection+Extension.swift,\ DebounceCollector.swift,\ LazyPublished.swift,\ Optional+Extension.swift,\ RoktUXCaseIterableDefaultLast.swift,\ SSOT+Extension.swift,\ UIDeviceExtension.swift /Users/admin/builder/spi-builder-workspace/Sources/RoktUXHelper/UI/Components/ViewModel/ProgressControlViewModel.swift /Users/admin/builder/spi-builder-workspace/Sources/RoktUXHelper/UI/Components/ViewModel/ProgressIndicatorViewModel.swift /Users/admin/builder/spi-builder-workspace/Sources/RoktUXHelper/UI/Components/ViewModel/RichTextViewModel.swift /Users/admin/builder/spi-builder-workspace/Sources/RoktUXHelper/UI/Components/ViewModel/RoktEmbeddedViewModel.swift /Users/admin/builder/spi-builder-workspace/Sources/RoktUXHelper/UI/Components/ViewModel/RowViewModel.swift /Users/admin/builder/spi-builder-workspace/Sources/RoktUXHelper/UI/Components/ViewModel/ScreenSizeAdaptive.swift /Users/admin/builder/spi-builder-workspace/Sources/RoktUXHelper/UI/Components/ViewModel/StaticImageViewModel.swift /Users/admin/builder/spi-builder-workspace/Sources/RoktUXHelper/UI/Components/ViewModel/StaticLinkViewModel.swift /Users/admin/builder/spi-builder-workspace/Sources/RoktUXHelper/UI/Components/ViewModel/ToggleButtonViewModel.swift /Users/admin/builder/spi-builder-workspace/Sources/RoktUXHelper/UI/Components/ViewModel/WhenViewModel.swift /Users/admin/builder/spi-builder-workspace/Sources/RoktUXHelper/UI/Components/ViewModel/ZStackViewModel.swift /Users/admin/builder/spi-builder-workspace/Sources/RoktUXHelper/UI/Components/WhenComponent.swift /Users/admin/builder/spi-builder-workspace/Sources/RoktUXHelper/UI/Components/ZStackComponent.swift /Users/admin/builder/spi-builder-workspace/Sources/RoktUXHelper/UI/RoktLayoutUIView.swift /Users/admin/builder/spi-builder-workspace/Sources/RoktUXHelper/UI/RoktLayoutView/RoktLayoutView.swift /Users/admin/builder/spi-builder-workspace/Sources/RoktUXHelper/UI/RoktLayoutView/RoktLayoutViewModel.swift /Users/admin/builder/spi-builder-workspace/Sources/RoktUXHelper/Utils/Collection+Extension.swift /Users/admin/builder/spi-builder-workspace/Sources/RoktUXHelper/Utils/DebounceCollector.swift /Users/admin/builder/spi-builder-workspace/Sources/RoktUXHelper/Utils/LazyPublished.swift /Users/admin/builder/spi-builder-workspace/Sources/RoktUXHelper/Utils/Optional+Extension.swift /Users/admin/builder/spi-builder-workspace/Sources/RoktUXHelper/Utils/RoktUXCaseIterableDefaultLast.swift /Users/admin/builder/spi-builder-workspace/Sources/RoktUXHelper/Utils/SSOT+Extension.swift /Users/admin/builder/spi-builder-workspace/Sources/RoktUXHelper/Utils/UIDeviceExtension.swift (in target 'RoktUXHelper' from project 'RoktUXHelper')
SwiftCompile normal arm64_32 /Users/admin/builder/spi-builder-workspace/Sources/RoktUXHelper/UI/Components/ViewModel/ProgressControlViewModel.swift (in target 'RoktUXHelper' from project 'RoktUXHelper')
    cd /Users/admin/builder/spi-builder-workspace/.swiftpm/xcode

SwiftCompile normal arm64_32 /Users/admin/builder/spi-builder-workspace/Sources/RoktUXHelper/UI/Components/ViewModel/ProgressIndicatorViewModel.swift (in target 'RoktUXHelper' from project 'RoktUXHelper')
    cd /Users/admin/builder/spi-builder-workspace/.swiftpm/xcode

SwiftCompile normal arm64_32 /Users/admin/builder/spi-builder-workspace/Sources/RoktUXHelper/UI/Components/ViewModel/RichTextViewModel.swift (in target 'RoktUXHelper' from project 'RoktUXHelper')
    cd /Users/admin/builder/spi-builder-workspace/.swiftpm/xcode

SwiftCompile normal arm64_32 /Users/admin/builder/spi-builder-workspace/Sources/RoktUXHelper/UI/Components/ViewModel/RoktEmbeddedViewModel.swift (in target 'RoktUXHelper' from project 'RoktUXHelper')
    cd /Users/admin/builder/spi-builder-workspace/.swiftpm/xcode

SwiftCompile normal arm64_32 /Users/admin/builder/spi-builder-workspace/Sources/RoktUXHelper/UI/Components/ViewModel/RowViewModel.swift (in target 'RoktUXHelper' from project 'RoktUXHelper')
    cd /Users/admin/builder/spi-builder-workspace/.swiftpm/xcode

SwiftCompile normal arm64_32 /Users/admin/builder/spi-builder-workspace/Sources/RoktUXHelper/UI/Components/ViewModel/ScreenSizeAdaptive.swift (in target 'RoktUXHelper' from project 'RoktUXHelper')
    cd /Users/admin/builder/spi-builder-workspace/.swiftpm/xcode

SwiftCompile normal arm64_32 /Users/admin/builder/spi-builder-workspace/Sources/RoktUXHelper/UI/Components/ViewModel/StaticImageViewModel.swift (in target 'RoktUXHelper' from project 'RoktUXHelper')
    cd /Users/admin/builder/spi-builder-workspace/.swiftpm/xcode

SwiftCompile normal arm64_32 /Users/admin/builder/spi-builder-workspace/Sources/RoktUXHelper/UI/Components/ViewModel/StaticLinkViewModel.swift (in target 'RoktUXHelper' from project 'RoktUXHelper')
    cd /Users/admin/builder/spi-builder-workspace/.swiftpm/xcode

SwiftCompile normal arm64_32 /Users/admin/builder/spi-builder-workspace/Sources/RoktUXHelper/UI/Components/ViewModel/ToggleButtonViewModel.swift (in target 'RoktUXHelper' from project 'RoktUXHelper')
    cd /Users/admin/builder/spi-builder-workspace/.swiftpm/xcode

SwiftCompile normal arm64_32 /Users/admin/builder/spi-builder-workspace/Sources/RoktUXHelper/UI/Components/ViewModel/WhenViewModel.swift (in target 'RoktUXHelper' from project 'RoktUXHelper')
    cd /Users/admin/builder/spi-builder-workspace/.swiftpm/xcode

SwiftCompile normal arm64_32 /Users/admin/builder/spi-builder-workspace/Sources/RoktUXHelper/UI/Components/ViewModel/ZStackViewModel.swift (in target 'RoktUXHelper' from project 'RoktUXHelper')
    cd /Users/admin/builder/spi-builder-workspace/.swiftpm/xcode

SwiftCompile normal arm64_32 /Users/admin/builder/spi-builder-workspace/Sources/RoktUXHelper/UI/Components/WhenComponent.swift (in target 'RoktUXHelper' from project 'RoktUXHelper')
    cd /Users/admin/builder/spi-builder-workspace/.swiftpm/xcode

SwiftCompile normal arm64_32 /Users/admin/builder/spi-builder-workspace/Sources/RoktUXHelper/UI/Components/ZStackComponent.swift (in target 'RoktUXHelper' from project 'RoktUXHelper')
    cd /Users/admin/builder/spi-builder-workspace/.swiftpm/xcode

SwiftCompile normal arm64_32 /Users/admin/builder/spi-builder-workspace/Sources/RoktUXHelper/UI/RoktLayoutUIView.swift (in target 'RoktUXHelper' from project 'RoktUXHelper')
    cd /Users/admin/builder/spi-builder-workspace/.swiftpm/xcode

SwiftCompile normal arm64_32 /Users/admin/builder/spi-builder-workspace/Sources/RoktUXHelper/UI/RoktLayoutView/RoktLayoutView.swift (in target 'RoktUXHelper' from project 'RoktUXHelper')
    cd /Users/admin/builder/spi-builder-workspace/.swiftpm/xcode

SwiftCompile normal arm64_32 /Users/admin/builder/spi-builder-workspace/Sources/RoktUXHelper/UI/RoktLayoutView/RoktLayoutViewModel.swift (in target 'RoktUXHelper' from project 'RoktUXHelper')
    cd /Users/admin/builder/spi-builder-workspace/.swiftpm/xcode

SwiftCompile normal arm64_32 /Users/admin/builder/spi-builder-workspace/Sources/RoktUXHelper/Utils/Collection+Extension.swift (in target 'RoktUXHelper' from project 'RoktUXHelper')
    cd /Users/admin/builder/spi-builder-workspace/.swiftpm/xcode

SwiftCompile normal arm64_32 /Users/admin/builder/spi-builder-workspace/Sources/RoktUXHelper/Utils/DebounceCollector.swift (in target 'RoktUXHelper' from project 'RoktUXHelper')
    cd /Users/admin/builder/spi-builder-workspace/.swiftpm/xcode

SwiftCompile normal arm64_32 /Users/admin/builder/spi-builder-workspace/Sources/RoktUXHelper/Utils/LazyPublished.swift (in target 'RoktUXHelper' from project 'RoktUXHelper')
    cd /Users/admin/builder/spi-builder-workspace/.swiftpm/xcode

SwiftCompile normal arm64_32 /Users/admin/builder/spi-builder-workspace/Sources/RoktUXHelper/Utils/Optional+Extension.swift (in target 'RoktUXHelper' from project 'RoktUXHelper')
    cd /Users/admin/builder/spi-builder-workspace/.swiftpm/xcode

SwiftCompile normal arm64_32 /Users/admin/builder/spi-builder-workspace/Sources/RoktUXHelper/Utils/RoktUXCaseIterableDefaultLast.swift (in target 'RoktUXHelper' from project 'RoktUXHelper')
    cd /Users/admin/builder/spi-builder-workspace/.swiftpm/xcode

SwiftCompile normal arm64_32 /Users/admin/builder/spi-builder-workspace/Sources/RoktUXHelper/Utils/SSOT+Extension.swift (in target 'RoktUXHelper' from project 'RoktUXHelper')
    cd /Users/admin/builder/spi-builder-workspace/.swiftpm/xcode

SwiftCompile normal arm64_32 /Users/admin/builder/spi-builder-workspace/Sources/RoktUXHelper/Utils/UIDeviceExtension.swift (in target 'RoktUXHelper' from project 'RoktUXHelper')
    cd /Users/admin/builder/spi-builder-workspace/.swiftpm/xcode

SwiftCompile normal arm64_32 Compiling\ StyleTransformer.swift,\ TransformerError.swift,\ RoktUXLogLevel.swift,\ RoktUXLogger.swift,\ UXEventsDelegate.swift,\ FormValidationCoordinator.swift,\ LayoutValidator.swift,\ WideStack.swift,\ BasicTextComponent.swift,\ BottomSheetComponent.swift,\ CatalogCarouselCollectionComponent.swift,\ CatalogCombinedCollectionComponent.swift,\ CatalogDevicePayButtonComponent.swift,\ CatalogDropdownComponent.swift,\ CatalogImageGalleryComponent.swift,\ CatalogResponseButtonComponent.swift,\ CatalogStackedCollectionComponent.swift,\ CloseButtonComponent.swift,\ ColumnComponent.swift,\ CGFloat+Extension.swift,\ CGRect+Extension.swift,\ CGSize+Extension.swift,\ CatalogCarouselScrollHost.swift /Users/admin/builder/spi-builder-workspace/Sources/RoktUXHelper/Services/LayoutTransformer/StyleTransformer.swift /Users/admin/builder/spi-builder-workspace/Sources/RoktUXHelper/Services/LayoutTransformer/TransformerError.swift /Users/admin/builder/spi-builder-workspace/Sources/RoktUXHelper/Services/Logging/RoktUXLogLevel.swift /Users/admin/builder/spi-builder-workspace/Sources/RoktUXHelper/Services/Logging/RoktUXLogger.swift /Users/admin/builder/spi-builder-workspace/Sources/RoktUXHelper/Services/UXEventsDelegate.swift /Users/admin/builder/spi-builder-workspace/Sources/RoktUXHelper/Services/Validation/FormValidationCoordinator.swift /Users/admin/builder/spi-builder-workspace/Sources/RoktUXHelper/Services/Validator/LayoutValidator.swift /Users/admin/builder/spi-builder-workspace/Sources/RoktUXHelper/Services/WideStack.swift /Users/admin/builder/spi-builder-workspace/Sources/RoktUXHelper/UI/Components/BasicTextComponent.swift /Users/admin/builder/spi-builder-workspace/Sources/RoktUXHelper/UI/Components/BottomSheetComponent.swift /Users/admin/builder/spi-builder-workspace/Sources/RoktUXHelper/UI/Components/CatalogCarouselCollectionComponent.swift /Users/admin/builder/spi-builder-workspace/Sources/RoktUXHelper/UI/Components/CatalogCombinedCollectionComponent.swift /Users/admin/builder/spi-builder-workspace/Sources/RoktUXHelper/UI/Components/CatalogDevicePayButtonComponent.swift /Users/admin/builder/spi-builder-workspace/Sources/RoktUXHelper/UI/Components/CatalogDropdownComponent.swift /Users/admin/builder/spi-builder-workspace/Sources/RoktUXHelper/UI/Components/CatalogImageGalleryComponent.swift /Users/admin/builder/spi-builder-workspace/Sources/RoktUXHelper/UI/Components/CatalogResponseButtonComponent.swift /Users/admin/builder/spi-builder-workspace/Sources/RoktUXHelper/UI/Components/CatalogStackedCollectionComponent.swift /Users/admin/builder/spi-builder-workspace/Sources/RoktUXHelper/UI/Components/CloseButtonComponent.swift /Users/admin/builder/spi-builder-workspace/Sources/RoktUXHelper/UI/Components/ColumnComponent.swift /Users/admin/builder/spi-builder-workspace/Sources/RoktUXHelper/UI/Components/Common/CGFloat+Extension.swift /Users/admin/builder/spi-builder-workspace/Sources/RoktUXHelper/UI/Components/Common/CGRect+Extension.swift /Users/admin/builder/spi-builder-workspace/Sources/RoktUXHelper/UI/Components/Common/CGSize+Extension.swift /Users/admin/builder/spi-builder-workspace/Sources/RoktUXHelper/UI/Components/Common/CatalogCarouselScrollHost.swift (in target 'RoktUXHelper' from project 'RoktUXHelper')
SwiftCompile normal arm64_32 /Users/admin/builder/spi-builder-workspace/Sources/RoktUXHelper/Services/LayoutTransformer/StyleTransformer.swift (in target 'RoktUXHelper' from project 'RoktUXHelper')
    cd /Users/admin/builder/spi-builder-workspace/.swiftpm/xcode

SwiftCompile normal arm64_32 /Users/admin/builder/spi-builder-workspace/Sources/RoktUXHelper/Services/LayoutTransformer/TransformerError.swift (in target 'RoktUXHelper' from project 'RoktUXHelper')
    cd /Users/admin/builder/spi-builder-workspace/.swiftpm/xcode

SwiftCompile normal arm64_32 /Users/admin/builder/spi-builder-workspace/Sources/RoktUXHelper/Services/Logging/RoktUXLogLevel.swift (in target 'RoktUXHelper' from project 'RoktUXHelper')
    cd /Users/admin/builder/spi-builder-workspace/.swiftpm/xcode

SwiftCompile normal arm64_32 /Users/admin/builder/spi-builder-workspace/Sources/RoktUXHelper/Services/Logging/RoktUXLogger.swift (in target 'RoktUXHelper' from project 'RoktUXHelper')
    cd /Users/admin/builder/spi-builder-workspace/.swiftpm/xcode

SwiftCompile normal arm64_32 /Users/admin/builder/spi-builder-workspace/Sources/RoktUXHelper/Services/UXEventsDelegate.swift (in target 'RoktUXHelper' from project 'RoktUXHelper')
    cd /Users/admin/builder/spi-builder-workspace/.swiftpm/xcode

SwiftCompile normal arm64_32 /Users/admin/builder/spi-builder-workspace/Sources/RoktUXHelper/Services/Validation/FormValidationCoordinator.swift (in target 'RoktUXHelper' from project 'RoktUXHelper')
    cd /Users/admin/builder/spi-builder-workspace/.swiftpm/xcode

SwiftCompile normal arm64_32 /Users/admin/builder/spi-builder-workspace/Sources/RoktUXHelper/Services/Validator/LayoutValidator.swift (in target 'RoktUXHelper' from project 'RoktUXHelper')
    cd /Users/admin/builder/spi-builder-workspace/.swiftpm/xcode

SwiftCompile normal arm64_32 /Users/admin/builder/spi-builder-workspace/Sources/RoktUXHelper/Services/WideStack.swift (in target 'RoktUXHelper' from project 'RoktUXHelper')
    cd /Users/admin/builder/spi-builder-workspace/.swiftpm/xcode

SwiftCompile normal arm64_32 /Users/admin/builder/spi-builder-workspace/Sources/RoktUXHelper/UI/Components/BasicTextComponent.swift (in target 'RoktUXHelper' from project 'RoktUXHelper')
    cd /Users/admin/builder/spi-builder-workspace/.swiftpm/xcode

SwiftCompile normal arm64_32 /Users/admin/builder/spi-builder-workspace/Sources/RoktUXHelper/UI/Components/BottomSheetComponent.swift (in target 'RoktUXHelper' from project 'RoktUXHelper')
    cd /Users/admin/builder/spi-builder-workspace/.swiftpm/xcode

SwiftCompile normal arm64_32 /Users/admin/builder/spi-builder-workspace/Sources/RoktUXHelper/UI/Components/CatalogCarouselCollectionComponent.swift (in target 'RoktUXHelper' from project 'RoktUXHelper')
    cd /Users/admin/builder/spi-builder-workspace/.swiftpm/xcode

SwiftCompile normal arm64_32 /Users/admin/builder/spi-builder-workspace/Sources/RoktUXHelper/UI/Components/CatalogCombinedCollectionComponent.swift (in target 'RoktUXHelper' from project 'RoktUXHelper')
    cd /Users/admin/builder/spi-builder-workspace/.swiftpm/xcode

SwiftCompile normal arm64_32 /Users/admin/builder/spi-builder-workspace/Sources/RoktUXHelper/UI/Components/CatalogDevicePayButtonComponent.swift (in target 'RoktUXHelper' from project 'RoktUXHelper')
    cd /Users/admin/builder/spi-builder-workspace/.swiftpm/xcode

SwiftCompile normal arm64_32 /Users/admin/builder/spi-builder-workspace/Sources/RoktUXHelper/UI/Components/CatalogDropdownComponent.swift (in target 'RoktUXHelper' from project 'RoktUXHelper')
    cd /Users/admin/builder/spi-builder-workspace/.swiftpm/xcode

SwiftCompile normal arm64_32 /Users/admin/builder/spi-builder-workspace/Sources/RoktUXHelper/UI/Components/CatalogImageGalleryComponent.swift (in target 'RoktUXHelper' from project 'RoktUXHelper')
    cd /Users/admin/builder/spi-builder-workspace/.swiftpm/xcode

SwiftCompile normal arm64_32 /Users/admin/builder/spi-builder-workspace/Sources/RoktUXHelper/UI/Components/CatalogResponseButtonComponent.swift (in target 'RoktUXHelper' from project 'RoktUXHelper')
    cd /Users/admin/builder/spi-builder-workspace/.swiftpm/xcode

SwiftCompile normal arm64_32 /Users/admin/builder/spi-builder-workspace/Sources/RoktUXHelper/UI/Components/CatalogStackedCollectionComponent.swift (in target 'RoktUXHelper' from project 'RoktUXHelper')
    cd /Users/admin/builder/spi-builder-workspace/.swiftpm/xcode

SwiftCompile normal arm64_32 /Users/admin/builder/spi-builder-workspace/Sources/RoktUXHelper/UI/Components/CloseButtonComponent.swift (in target 'RoktUXHelper' from project 'RoktUXHelper')
    cd /Users/admin/builder/spi-builder-workspace/.swiftpm/xcode

SwiftCompile normal arm64_32 /Users/admin/builder/spi-builder-workspace/Sources/RoktUXHelper/UI/Components/ColumnComponent.swift (in target 'RoktUXHelper' from project 'RoktUXHelper')
    cd /Users/admin/builder/spi-builder-workspace/.swiftpm/xcode

SwiftCompile normal arm64_32 /Users/admin/builder/spi-builder-workspace/Sources/RoktUXHelper/UI/Components/Common/CGFloat+Extension.swift (in target 'RoktUXHelper' from project 'RoktUXHelper')
    cd /Users/admin/builder/spi-builder-workspace/.swiftpm/xcode

SwiftCompile normal arm64_32 /Users/admin/builder/spi-builder-workspace/Sources/RoktUXHelper/UI/Components/Common/CGRect+Extension.swift (in target 'RoktUXHelper' from project 'RoktUXHelper')
    cd /Users/admin/builder/spi-builder-workspace/.swiftpm/xcode

SwiftCompile normal arm64_32 /Users/admin/builder/spi-builder-workspace/Sources/RoktUXHelper/UI/Components/Common/CGSize+Extension.swift (in target 'RoktUXHelper' from project 'RoktUXHelper')
    cd /Users/admin/builder/spi-builder-workspace/.swiftpm/xcode

SwiftCompile normal arm64_32 /Users/admin/builder/spi-builder-workspace/Sources/RoktUXHelper/UI/Components/Common/CatalogCarouselScrollHost.swift (in target 'RoktUXHelper' from project 'RoktUXHelper')
    cd /Users/admin/builder/spi-builder-workspace/.swiftpm/xcode

SwiftCompile normal arm64_32 Compiling\ ResizableBottomSheetComponent.swift,\ RichTextComponent.swift,\ RowComponent.swift,\ StaticImageViewComponent.swift,\ StaticLinkComponent.swift,\ AlignSelfModifier.swift,\ AlignSelfStretchModifier.swift,\ AnimationStyle.swift,\ BackgroundModifier.swift,\ FontPropertiesStyle.swift,\ HeightModifier.swift,\ LayoutSchemaModifier.swift,\ MarginModifier.swift,\ OverflowModifier.swift,\ ShadowModifier.swift,\ StyleComponent.swift,\ WeightModifier.swift,\ WidthModifier.swift,\ ToggleButtonComponent.swift,\ BasicTextViewModel.swift,\ BottomSheetViewModel.swift,\ CarouselViewModel.swift,\ CatalogCarouselCollectionViewModel.swift /Users/admin/builder/spi-builder-workspace/Sources/RoktUXHelper/UI/Components/ResizableBottomSheetComponent.swift /Users/admin/builder/spi-builder-workspace/Sources/RoktUXHelper/UI/Components/RichTextComponent.swift /Users/admin/builder/spi-builder-workspace/Sources/RoktUXHelper/UI/Components/RowComponent.swift /Users/admin/builder/spi-builder-workspace/Sources/RoktUXHelper/UI/Components/StaticImageViewComponent.swift /Users/admin/builder/spi-builder-workspace/Sources/RoktUXHelper/UI/Components/StaticLinkComponent.swift /Users/admin/builder/spi-builder-workspace/Sources/RoktUXHelper/UI/Components/Style/AlignSelfModifier.swift /Users/admin/builder/spi-builder-workspace/Sources/RoktUXHelper/UI/Components/Style/AlignSelfStretchModifier.swift /Users/admin/builder/spi-builder-workspace/Sources/RoktUXHelper/UI/Components/Style/AnimationStyle.swift /Users/admin/builder/spi-builder-workspace/Sources/RoktUXHelper/UI/Components/Style/BackgroundModifier.swift /Users/admin/builder/spi-builder-workspace/Sources/RoktUXHelper/UI/Components/Style/FontPropertiesStyle.swift /Users/admin/builder/spi-builder-workspace/Sources/RoktUXHelper/UI/Components/Style/HeightModifier.swift /Users/admin/builder/spi-builder-workspace/Sources/RoktUXHelper/UI/Components/Style/LayoutSchemaModifier.swift /Users/admin/builder/spi-builder-workspace/Sources/RoktUXHelper/UI/Components/Style/MarginModifier.swift /Users/admin/builder/spi-builder-workspace/Sources/RoktUXHelper/UI/Components/Style/OverflowModifier.swift /Users/admin/builder/spi-builder-workspace/Sources/RoktUXHelper/UI/Components/Style/ShadowModifier.swift /Users/admin/builder/spi-builder-workspace/Sources/RoktUXHelper/UI/Components/Style/StyleComponent.swift /Users/admin/builder/spi-builder-workspace/Sources/RoktUXHelper/UI/Components/Style/WeightModifier.swift /Users/admin/builder/spi-builder-workspace/Sources/RoktUXHelper/UI/Components/Style/WidthModifier.swift /Users/admin/builder/spi-builder-workspace/Sources/RoktUXHelper/UI/Components/ToggleButtonComponent.swift /Users/admin/builder/spi-builder-workspace/Sources/RoktUXHelper/UI/Components/ViewModel/BasicTextViewModel.swift /Users/admin/builder/spi-builder-workspace/Sources/RoktUXHelper/UI/Components/ViewModel/BottomSheetViewModel.swift /Users/admin/builder/spi-builder-workspace/Sources/RoktUXHelper/UI/Components/ViewModel/CarouselViewModel.swift /Users/admin/builder/spi-builder-workspace/Sources/RoktUXHelper/UI/Components/ViewModel/CatalogCarouselCollectionViewModel.swift (in target 'RoktUXHelper' from project 'RoktUXHelper')
SwiftCompile normal arm64_32 /Users/admin/builder/spi-builder-workspace/Sources/RoktUXHelper/UI/Components/ResizableBottomSheetComponent.swift (in target 'RoktUXHelper' from project 'RoktUXHelper')
    cd /Users/admin/builder/spi-builder-workspace/.swiftpm/xcode

SwiftCompile normal arm64_32 /Users/admin/builder/spi-builder-workspace/Sources/RoktUXHelper/UI/Components/RichTextComponent.swift (in target 'RoktUXHelper' from project 'RoktUXHelper')
    cd /Users/admin/builder/spi-builder-workspace/.swiftpm/xcode

SwiftCompile normal arm64_32 /Users/admin/builder/spi-builder-workspace/Sources/RoktUXHelper/UI/Components/RowComponent.swift (in target 'RoktUXHelper' from project 'RoktUXHelper')
    cd /Users/admin/builder/spi-builder-workspace/.swiftpm/xcode

SwiftCompile normal arm64_32 /Users/admin/builder/spi-builder-workspace/Sources/RoktUXHelper/UI/Components/StaticImageViewComponent.swift (in target 'RoktUXHelper' from project 'RoktUXHelper')
    cd /Users/admin/builder/spi-builder-workspace/.swiftpm/xcode

SwiftCompile normal arm64_32 /Users/admin/builder/spi-builder-workspace/Sources/RoktUXHelper/UI/Components/StaticLinkComponent.swift (in target 'RoktUXHelper' from project 'RoktUXHelper')
    cd /Users/admin/builder/spi-builder-workspace/.swiftpm/xcode

SwiftCompile normal arm64_32 /Users/admin/builder/spi-builder-workspace/Sources/RoktUXHelper/UI/Components/Style/AlignSelfModifier.swift (in target 'RoktUXHelper' from project 'RoktUXHelper')
    cd /Users/admin/builder/spi-builder-workspace/.swiftpm/xcode

SwiftCompile normal arm64_32 /Users/admin/builder/spi-builder-workspace/Sources/RoktUXHelper/UI/Components/Style/AlignSelfStretchModifier.swift (in target 'RoktUXHelper' from project 'RoktUXHelper')
    cd /Users/admin/builder/spi-builder-workspace/.swiftpm/xcode

SwiftCompile normal arm64_32 /Users/admin/builder/spi-builder-workspace/Sources/RoktUXHelper/UI/Components/Style/AnimationStyle.swift (in target 'RoktUXHelper' from project 'RoktUXHelper')
    cd /Users/admin/builder/spi-builder-workspace/.swiftpm/xcode

SwiftCompile normal arm64_32 /Users/admin/builder/spi-builder-workspace/Sources/RoktUXHelper/UI/Components/Style/BackgroundModifier.swift (in target 'RoktUXHelper' from project 'RoktUXHelper')
    cd /Users/admin/builder/spi-builder-workspace/.swiftpm/xcode

SwiftCompile normal arm64_32 /Users/admin/builder/spi-builder-workspace/Sources/RoktUXHelper/UI/Components/Style/FontPropertiesStyle.swift (in target 'RoktUXHelper' from project 'RoktUXHelper')
    cd /Users/admin/builder/spi-builder-workspace/.swiftpm/xcode

SwiftCompile normal arm64_32 /Users/admin/builder/spi-builder-workspace/Sources/RoktUXHelper/UI/Components/Style/HeightModifier.swift (in target 'RoktUXHelper' from project 'RoktUXHelper')
    cd /Users/admin/builder/spi-builder-workspace/.swiftpm/xcode

SwiftCompile normal arm64_32 /Users/admin/builder/spi-builder-workspace/Sources/RoktUXHelper/UI/Components/Style/LayoutSchemaModifier.swift (in target 'RoktUXHelper' from project 'RoktUXHelper')
    cd /Users/admin/builder/spi-builder-workspace/.swiftpm/xcode

SwiftCompile normal arm64_32 /Users/admin/builder/spi-builder-workspace/Sources/RoktUXHelper/UI/Components/Style/MarginModifier.swift (in target 'RoktUXHelper' from project 'RoktUXHelper')
    cd /Users/admin/builder/spi-builder-workspace/.swiftpm/xcode

SwiftCompile normal arm64_32 /Users/admin/builder/spi-builder-workspace/Sources/RoktUXHelper/UI/Components/Style/OverflowModifier.swift (in target 'RoktUXHelper' from project 'RoktUXHelper')
    cd /Users/admin/builder/spi-builder-workspace/.swiftpm/xcode

SwiftCompile normal arm64_32 /Users/admin/builder/spi-builder-workspace/Sources/RoktUXHelper/UI/Components/Style/ShadowModifier.swift (in target 'RoktUXHelper' from project 'RoktUXHelper')
    cd /Users/admin/builder/spi-builder-workspace/.swiftpm/xcode

SwiftCompile normal arm64_32 /Users/admin/builder/spi-builder-workspace/Sources/RoktUXHelper/UI/Components/Style/StyleComponent.swift (in target 'RoktUXHelper' from project 'RoktUXHelper')
    cd /Users/admin/builder/spi-builder-workspace/.swiftpm/xcode

SwiftCompile normal arm64_32 /Users/admin/builder/spi-builder-workspace/Sources/RoktUXHelper/UI/Components/Style/WeightModifier.swift (in target 'RoktUXHelper' from project 'RoktUXHelper')
    cd /Users/admin/builder/spi-builder-workspace/.swiftpm/xcode

SwiftCompile normal arm64_32 /Users/admin/builder/spi-builder-workspace/Sources/RoktUXHelper/UI/Components/Style/WidthModifier.swift (in target 'RoktUXHelper' from project 'RoktUXHelper')
    cd /Users/admin/builder/spi-builder-workspace/.swiftpm/xcode

SwiftCompile normal arm64_32 /Users/admin/builder/spi-builder-workspace/Sources/RoktUXHelper/UI/Components/ToggleButtonComponent.swift (in target 'RoktUXHelper' from project 'RoktUXHelper')
    cd /Users/admin/builder/spi-builder-workspace/.swiftpm/xcode

SwiftCompile normal arm64_32 /Users/admin/builder/spi-builder-workspace/Sources/RoktUXHelper/UI/Components/ViewModel/BasicTextViewModel.swift (in target 'RoktUXHelper' from project 'RoktUXHelper')
    cd /Users/admin/builder/spi-builder-workspace/.swiftpm/xcode

SwiftCompile normal arm64_32 /Users/admin/builder/spi-builder-workspace/Sources/RoktUXHelper/UI/Components/ViewModel/BottomSheetViewModel.swift (in target 'RoktUXHelper' from project 'RoktUXHelper')
    cd /Users/admin/builder/spi-builder-workspace/.swiftpm/xcode

SwiftCompile normal arm64_32 /Users/admin/builder/spi-builder-workspace/Sources/RoktUXHelper/UI/Components/ViewModel/CarouselViewModel.swift (in target 'RoktUXHelper' from project 'RoktUXHelper')
    cd /Users/admin/builder/spi-builder-workspace/.swiftpm/xcode

SwiftCompile normal arm64_32 /Users/admin/builder/spi-builder-workspace/Sources/RoktUXHelper/UI/Components/ViewModel/CatalogCarouselCollectionViewModel.swift (in target 'RoktUXHelper' from project 'RoktUXHelper')
    cd /Users/admin/builder/spi-builder-workspace/.swiftpm/xcode

SwiftCompile normal arm64_32 Compiling\ Constants.swift,\ EventRequest.swift,\ ProcessedEvent.swift,\ RoktEventNameValue.swift,\ RoktSessionEvent.swift,\ RoktUXError.swift,\ RoktUXEvent.swift,\ RoktUXEventType.swift,\ RoktUXEventsPayload.swift,\ CatalogItem.swift,\ CatalogItemContext.swift,\ CatalogItemGroup.swift,\ CatalogProductResponse.swift,\ CreativeImage+Accessibility.swift,\ LayoutVariantModel.swift,\ OfferModel.swift,\ OuterLayoutSchemaNetworkModel.swift,\ RoktUXOpenURLType.swift,\ RoktUXPageModel.swift,\ RoktUXParseResult.swift,\ RoktUXPlacementLayoutCode.swift,\ RoktUXResponseOption.swift,\ SDKOption.swift,\ SelectCatalogItem.swift /Users/admin/builder/spi-builder-workspace/Sources/RoktUXHelper/Data/Model/Constants.swift /Users/admin/builder/spi-builder-workspace/Sources/RoktUXHelper/Data/Model/Event/EventRequest.swift /Users/admin/builder/spi-builder-workspace/Sources/RoktUXHelper/Data/Model/Event/ProcessedEvent.swift /Users/admin/builder/spi-builder-workspace/Sources/RoktUXHelper/Data/Model/Event/RoktEventNameValue.swift /Users/admin/builder/spi-builder-workspace/Sources/RoktUXHelper/Data/Model/Event/RoktSessionEvent.swift /Users/admin/builder/spi-builder-workspace/Sources/RoktUXHelper/Data/Model/Event/RoktUXError.swift /Users/admin/builder/spi-builder-workspace/Sources/RoktUXHelper/Data/Model/Event/RoktUXEvent.swift /Users/admin/builder/spi-builder-workspace/Sources/RoktUXHelper/Data/Model/Event/RoktUXEventType.swift /Users/admin/builder/spi-builder-workspace/Sources/RoktUXHelper/Data/Model/Event/RoktUXEventsPayload.swift /Users/admin/builder/spi-builder-workspace/Sources/RoktUXHelper/Data/Model/ExperienceResponse/CatalogItem.swift /Users/admin/builder/spi-builder-workspace/Sources/RoktUXHelper/Data/Model/ExperienceResponse/CatalogItemContext.swift /Users/admin/builder/spi-builder-workspace/Sources/RoktUXHelper/Data/Model/ExperienceResponse/CatalogItemGroup.swift /Users/admin/builder/spi-builder-workspace/Sources/RoktUXHelper/Data/Model/ExperienceResponse/CatalogProductResponse.swift /Users/admin/builder/spi-builder-workspace/Sources/RoktUXHelper/Data/Model/ExperienceResponse/CreativeImage+Accessibility.swift /Users/admin/builder/spi-builder-workspace/Sources/RoktUXHelper/Data/Model/ExperienceResponse/LayoutVariantModel.swift /Users/admin/builder/spi-builder-workspace/Sources/RoktUXHelper/Data/Model/ExperienceResponse/OfferModel.swift /Users/admin/builder/spi-builder-workspace/Sources/RoktUXHelper/Data/Model/ExperienceResponse/OuterLayoutSchemaNetworkModel.swift /Users/admin/builder/spi-builder-workspace/Sources/RoktUXHelper/Data/Model/ExperienceResponse/RoktUXOpenURLType.swift /Users/admin/builder/spi-builder-workspace/Sources/RoktUXHelper/Data/Model/ExperienceResponse/RoktUXPageModel.swift /Users/admin/builder/spi-builder-workspace/Sources/RoktUXHelper/Data/Model/ExperienceResponse/RoktUXParseResult.swift /Users/admin/builder/spi-builder-workspace/Sources/RoktUXHelper/Data/Model/ExperienceResponse/RoktUXPlacementLayoutCode.swift /Users/admin/builder/spi-builder-workspace/Sources/RoktUXHelper/Data/Model/ExperienceResponse/RoktUXResponseOption.swift /Users/admin/builder/spi-builder-workspace/Sources/RoktUXHelper/Data/Model/ExperienceResponse/SDKOption.swift /Users/admin/builder/spi-builder-workspace/Sources/RoktUXHelper/Data/Model/ExperienceResponse/SelectCatalogItem.swift (in target 'RoktUXHelper' from project 'RoktUXHelper')
SwiftCompile normal arm64_32 /Users/admin/builder/spi-builder-workspace/Sources/RoktUXHelper/Data/Model/Constants.swift (in target 'RoktUXHelper' from project 'RoktUXHelper')
    cd /Users/admin/builder/spi-builder-workspace/.swiftpm/xcode

SwiftCompile normal arm64_32 /Users/admin/builder/spi-builder-workspace/Sources/RoktUXHelper/Data/Model/Event/EventRequest.swift (in target 'RoktUXHelper' from project 'RoktUXHelper')
    cd /Users/admin/builder/spi-builder-workspace/.swiftpm/xcode

SwiftCompile normal arm64_32 /Users/admin/builder/spi-builder-workspace/Sources/RoktUXHelper/Data/Model/Event/ProcessedEvent.swift (in target 'RoktUXHelper' from project 'RoktUXHelper')
    cd /Users/admin/builder/spi-builder-workspace/.swiftpm/xcode

SwiftCompile normal arm64_32 /Users/admin/builder/spi-builder-workspace/Sources/RoktUXHelper/Data/Model/Event/RoktEventNameValue.swift (in target 'RoktUXHelper' from project 'RoktUXHelper')
    cd /Users/admin/builder/spi-builder-workspace/.swiftpm/xcode

SwiftCompile normal arm64_32 /Users/admin/builder/spi-builder-workspace/Sources/RoktUXHelper/Data/Model/Event/RoktSessionEvent.swift (in target 'RoktUXHelper' from project 'RoktUXHelper')
    cd /Users/admin/builder/spi-builder-workspace/.swiftpm/xcode

SwiftCompile normal arm64_32 /Users/admin/builder/spi-builder-workspace/Sources/RoktUXHelper/Data/Model/Event/RoktUXError.swift (in target 'RoktUXHelper' from project 'RoktUXHelper')
    cd /Users/admin/builder/spi-builder-workspace/.swiftpm/xcode

SwiftCompile normal arm64_32 /Users/admin/builder/spi-builder-workspace/Sources/RoktUXHelper/Data/Model/Event/RoktUXEvent.swift (in target 'RoktUXHelper' from project 'RoktUXHelper')
    cd /Users/admin/builder/spi-builder-workspace/.swiftpm/xcode

SwiftCompile normal arm64_32 /Users/admin/builder/spi-builder-workspace/Sources/RoktUXHelper/Data/Model/Event/RoktUXEventType.swift (in target 'RoktUXHelper' from project 'RoktUXHelper')
    cd /Users/admin/builder/spi-builder-workspace/.swiftpm/xcode

SwiftCompile normal arm64_32 /Users/admin/builder/spi-builder-workspace/Sources/RoktUXHelper/Data/Model/Event/RoktUXEventsPayload.swift (in target 'RoktUXHelper' from project 'RoktUXHelper')
    cd /Users/admin/builder/spi-builder-workspace/.swiftpm/xcode

SwiftCompile normal arm64_32 /Users/admin/builder/spi-builder-workspace/Sources/RoktUXHelper/Data/Model/ExperienceResponse/CatalogItem.swift (in target 'RoktUXHelper' from project 'RoktUXHelper')
    cd /Users/admin/builder/spi-builder-workspace/.swiftpm/xcode

SwiftCompile normal arm64_32 /Users/admin/builder/spi-builder-workspace/Sources/RoktUXHelper/Data/Model/ExperienceResponse/CatalogItemContext.swift (in target 'RoktUXHelper' from project 'RoktUXHelper')
    cd /Users/admin/builder/spi-builder-workspace/.swiftpm/xcode

SwiftCompile normal arm64_32 /Users/admin/builder/spi-builder-workspace/Sources/RoktUXHelper/Data/Model/ExperienceResponse/CatalogItemGroup.swift (in target 'RoktUXHelper' from project 'RoktUXHelper')
    cd /Users/admin/builder/spi-builder-workspace/.swiftpm/xcode

SwiftCompile normal arm64_32 /Users/admin/builder/spi-builder-workspace/Sources/RoktUXHelper/Data/Model/ExperienceResponse/CatalogProductResponse.swift (in target 'RoktUXHelper' from project 'RoktUXHelper')
    cd /Users/admin/builder/spi-builder-workspace/.swiftpm/xcode

SwiftCompile normal arm64_32 /Users/admin/builder/spi-builder-workspace/Sources/RoktUXHelper/Data/Model/ExperienceResponse/CreativeImage+Accessibility.swift (in target 'RoktUXHelper' from project 'RoktUXHelper')
    cd /Users/admin/builder/spi-builder-workspace/.swiftpm/xcode

SwiftCompile normal arm64_32 /Users/admin/builder/spi-builder-workspace/Sources/RoktUXHelper/Data/Model/ExperienceResponse/LayoutVariantModel.swift (in target 'RoktUXHelper' from project 'RoktUXHelper')
    cd /Users/admin/builder/spi-builder-workspace/.swiftpm/xcode

SwiftCompile normal arm64_32 /Users/admin/builder/spi-builder-workspace/Sources/RoktUXHelper/Data/Model/ExperienceResponse/OfferModel.swift (in target 'RoktUXHelper' from project 'RoktUXHelper')
    cd /Users/admin/builder/spi-builder-workspace/.swiftpm/xcode

SwiftCompile normal arm64_32 /Users/admin/builder/spi-builder-workspace/Sources/RoktUXHelper/Data/Model/ExperienceResponse/OuterLayoutSchemaNetworkModel.swift (in target 'RoktUXHelper' from project 'RoktUXHelper')
    cd /Users/admin/builder/spi-builder-workspace/.swiftpm/xcode

SwiftCompile normal arm64_32 /Users/admin/builder/spi-builder-workspace/Sources/RoktUXHelper/Data/Model/ExperienceResponse/RoktUXOpenURLType.swift (in target 'RoktUXHelper' from project 'RoktUXHelper')
    cd /Users/admin/builder/spi-builder-workspace/.swiftpm/xcode

SwiftCompile normal arm64_32 /Users/admin/builder/spi-builder-workspace/Sources/RoktUXHelper/Data/Model/ExperienceResponse/RoktUXPageModel.swift (in target 'RoktUXHelper' from project 'RoktUXHelper')
    cd /Users/admin/builder/spi-builder-workspace/.swiftpm/xcode

SwiftCompile normal arm64_32 /Users/admin/builder/spi-builder-workspace/Sources/RoktUXHelper/Data/Model/ExperienceResponse/RoktUXParseResult.swift (in target 'RoktUXHelper' from project 'RoktUXHelper')
    cd /Users/admin/builder/spi-builder-workspace/.swiftpm/xcode

SwiftCompile normal arm64_32 /Users/admin/builder/spi-builder-workspace/Sources/RoktUXHelper/Data/Model/ExperienceResponse/RoktUXPlacementLayoutCode.swift (in target 'RoktUXHelper' from project 'RoktUXHelper')
    cd /Users/admin/builder/spi-builder-workspace/.swiftpm/xcode

SwiftCompile normal arm64_32 /Users/admin/builder/spi-builder-workspace/Sources/RoktUXHelper/Data/Model/ExperienceResponse/RoktUXResponseOption.swift (in target 'RoktUXHelper' from project 'RoktUXHelper')
    cd /Users/admin/builder/spi-builder-workspace/.swiftpm/xcode

SwiftCompile normal arm64_32 /Users/admin/builder/spi-builder-workspace/Sources/RoktUXHelper/Data/Model/ExperienceResponse/SDKOption.swift (in target 'RoktUXHelper' from project 'RoktUXHelper')
    cd /Users/admin/builder/spi-builder-workspace/.swiftpm/xcode

SwiftCompile normal arm64_32 /Users/admin/builder/spi-builder-workspace/Sources/RoktUXHelper/Data/Model/ExperienceResponse/SelectCatalogItem.swift (in target 'RoktUXHelper' from project 'RoktUXHelper')
    cd /Users/admin/builder/spi-builder-workspace/.swiftpm/xcode

SwiftEmitModule normal arm64 Emitting\ module\ for\ RoktUXHelper (in target 'RoktUXHelper' from project 'RoktUXHelper')
Command SwiftEmitModule failed with a nonzero exit code
** BUILD FAILED **
The following build commands failed:
	SwiftEmitModule normal arm64_32 Emitting\ module\ for\ RoktUXHelper (in target 'RoktUXHelper' from project 'RoktUXHelper')
	EmitSwiftModule normal arm64_32 (in target 'RoktUXHelper' from project 'RoktUXHelper')
	SwiftEmitModule normal arm64 Emitting\ module\ for\ RoktUXHelper (in target 'RoktUXHelper' from project 'RoktUXHelper')
	Building workspace spi-builder-workspace with scheme RoktUXHelper
(4 failures)
BUILD FAILURE 6.1 watchOS