Build Information
Failed to build DurationPicker, reference main (798a9f), with Swift 6.4 for tvOS using Xcode 27.0 on 20 Sep 2026 11:27:28 UTC.
Build Command
env DEVELOPER_DIR=/Applications/Xcode-27.0.0-Release.Candidate.app xcrun xcodebuild -IDEClonedSourcePackagesDirPathOverride=$PWD/.dependencies -skipMacroValidation -skipPackagePluginValidation -derivedDataPath $PWD/.derivedData build -scheme DurationPicker -destination generic/platform=tvOSBuild Log
========================================
RunAll
========================================
Builder version: 5.1.0
Interrupt handler set up.
========================================
Checkout
========================================
Clone URL: https://github.com/mac-gallagher/DurationPicker.git
Reference: main
Initialized empty Git repository in /Users/admin/builder/spi-builder-workspace/.git/
From https://github.com/mac-gallagher/DurationPicker
* branch main -> FETCH_HEAD
* [new branch] main -> origin/main
HEAD is now at 798a9f9 Update README (#3)
Cloned https://github.com/mac-gallagher/DurationPicker.git
Revision (git rev-parse @):
798a9f9b6c162eb6f00deb29d10175c00d1caa25
SUCCESS checkout https://github.com/mac-gallagher/DurationPicker.git at main
========================================
Build
========================================
Selected platform: tvOS
Swift version: 6.4
Building package at path: $PWD
https://github.com/mac-gallagher/DurationPicker.git
Command line invocation:
/Applications/Xcode-27.0.0-Release.Candidate.app/Contents/Developer/usr/bin/xcodebuild -IDEClonedSourcePackagesDirPathOverride=/Users/admin/builder/spi-builder-workspace/.dependencies -resolvePackageDependencies
Resolve Package Graph
Resolve Package Graph
Resolved source packages:
DurationPicker: /Users/admin/builder/spi-builder-workspace
resolved source packages: DurationPicker
2026-09-20 07:26:45.195 xcodebuild[529:3021] [MT] IDERunDestination: Supported platforms for the buildables in the current scheme is empty.
{
"default_localization" : "en",
"dependencies" : [
],
"manifest_display_name" : "DurationPicker",
"name" : "DurationPicker",
"path" : "/Users/admin/builder/spi-builder-workspace",
"platforms" : [
{
"name" : "ios",
"version" : "15.0"
}
],
"products" : [
{
"name" : "DurationPicker",
"targets" : [
"DurationPicker"
],
"type" : {
"library" : [
"automatic"
]
}
}
],
"targets" : [
{
"c99name" : "DurationPickerTests",
"module_type" : "SwiftTarget",
"name" : "DurationPickerTests",
"path" : "Tests/DurationPickerTests",
"sources" : [
"DurationPickerTests.swift",
"TestConstants.swift",
"TimeComponentsTests.swift"
],
"target_dependencies" : [
"DurationPicker"
],
"type" : "test"
},
{
"c99name" : "DurationPicker",
"module_type" : "SwiftTarget",
"name" : "DurationPicker",
"path" : "Sources/DurationPicker",
"product_memberships" : [
"DurationPicker"
],
"sources" : [
"Internal/DurationPickerContentView.swift",
"Internal/DurationPickerView.swift",
"Internal/Extensions/CGFloat++.swift",
"Internal/Extensions/CGSize++.swift",
"Internal/Extensions/Numbers++.swift",
"Internal/Extensions/String++.swift",
"Internal/Extensions/UILabel++.swift",
"Internal/TimeComponents.swift",
"Internal/Utilities/DurationFormatter.swift",
"Internal/Utilities/TimeConstants.swift",
"Internal/Utilities/TimeUtils.swift",
"Public/DurationPicker+Mode.swift",
"Public/DurationPicker.swift"
],
"type" : "library"
}
],
"tools_version" : "5.9"
}
{
"workspace" : {
"name" : "DurationPicker",
"schemes" : [
"DurationPicker"
]
}
}
2026-09-20 07:27:17.135 xcodebuild[626:3830] [MT] IDERunDestination: Supported platforms for the buildables in the current scheme is empty.
Running build ...
env DEVELOPER_DIR=/Applications/Xcode-27.0.0-Release.Candidate.app xcrun xcodebuild -IDEClonedSourcePackagesDirPathOverride=$PWD/.dependencies -skipMacroValidation -skipPackagePluginValidation -derivedDataPath $PWD/.derivedData build -scheme DurationPicker -destination generic/platform=tvOS
Command line invocation:
/Applications/Xcode-27.0.0-Release.Candidate.app/Contents/Developer/usr/bin/xcodebuild -IDEClonedSourcePackagesDirPathOverride=/Users/admin/builder/spi-builder-workspace/.dependencies -skipMacroValidation -skipPackagePluginValidation -derivedDataPath /Users/admin/builder/spi-builder-workspace/.derivedData build -scheme DurationPicker -destination generic/platform=tvOS
Resolve Package Graph
Resolved source packages:
DurationPicker: /Users/admin/builder/spi-builder-workspace
ComputePackagePrebuildTargetDependencyGraph
Prepare packages
CreateBuildRequest
SendProjectDescription
CreateBuildOperation
ComputeTargetDependencyGraph
note: Building targets in dependency order
note: Target dependency graph (3 targets)
Target 'DurationPicker-product' in project 'DurationPicker'
➜ Explicit dependency on target 'DurationPicker' in project 'DurationPicker'
➜ Explicit dependency on target 'DurationPicker_DurationPicker' in project 'DurationPicker'
Target 'DurationPicker' in project 'DurationPicker'
➜ Explicit dependency on target 'DurationPicker_DurationPicker' in project 'DurationPicker'
Target 'DurationPicker_DurationPicker' in project 'DurationPicker' (no dependencies)
GatherProvisioningInputs
CreateBuildDescription
ExecuteExternalTool /Applications/Xcode-27.0.0-Release.Candidate.app/Contents/Developer/Toolchains/XcodeDefault.xctoolchain/usr/bin/clang -v -E -dM -isysroot /Applications/Xcode-27.0.0-Release.Candidate.app/Contents/Developer/Platforms/AppleTVOS.platform/Developer/SDKs/AppleTVOS27.0.sdk -x c -c /dev/null
ExecuteExternalTool /Applications/Xcode-27.0.0-Release.Candidate.app/Contents/Developer/usr/bin/xcstringstool compile --dry-run --output-directory /Users/admin/builder/spi-builder-workspace/.derivedData/Build/Intermediates.noindex/DurationPicker.build/Debug-appletvos/DurationPicker_DurationPicker-b.build /Users/admin/builder/spi-builder-workspace/Sources/DurationPicker/Resources/Localizable.xcstrings
ExecuteExternalTool /Applications/Xcode-27.0.0-Release.Candidate.app/Contents/Developer/Toolchains/XcodeDefault.xctoolchain/usr/bin/swiftc --version
ExecuteExternalTool /Applications/Xcode-27.0.0-Release.Candidate.app/Contents/Developer/Toolchains/XcodeDefault.xctoolchain/usr/bin/ld -version_details
ReadFileContents /Applications/Xcode-27.0.0-Release.Candidate.app/Contents/Developer/Toolchains/XcodeDefault.xctoolchain/usr/share/docc/features.json
Build description signature: 058896245167b0c322d778b9c85a1e7a
Build description path: /Users/admin/builder/spi-builder-workspace/.derivedData/Build/Intermediates.noindex/XCBuildData/058896245167b0c322d778b9c85a1e7a.xcbuilddata
CreateBuildDirectory /Users/admin/builder/spi-builder-workspace/.derivedData/CompilationCache.noindex
cd /Users/admin/builder/spi-builder-workspace/.swiftpm/xcode
builtin-create-build-directory /Users/admin/builder/spi-builder-workspace/.derivedData/CompilationCache.noindex
CreateBuildDirectory /Users/admin/builder/spi-builder-workspace/.derivedData/ModuleCache.noindex
cd /Users/admin/builder/spi-builder-workspace/.swiftpm/xcode
builtin-create-build-directory /Users/admin/builder/spi-builder-workspace/.derivedData/ModuleCache.noindex
CreateBuildDirectory /Users/admin/builder/spi-builder-workspace/.derivedData/SDKExplicitPrecompiledModules
cd /Users/admin/builder/spi-builder-workspace/.swiftpm/xcode
builtin-create-build-directory /Users/admin/builder/spi-builder-workspace/.derivedData/SDKExplicitPrecompiledModules
ClangStatCache /Applications/Xcode-27.0.0-Release.Candidate.app/Contents/Developer/Toolchains/XcodeDefault.xctoolchain/usr/bin/clang-stat-cache /Applications/Xcode-27.0.0-Release.Candidate.app/Contents/Developer/Platforms/AppleTVOS.platform/Developer/SDKs/AppleTVOS27.0.sdk /Users/admin/builder/spi-builder-workspace/.derivedData/SDKStatCaches.noindex/appletvos27.0-24J360-e829b21a6f8c9b70876ba0858053c044b32bfd8d43560033f8d89884cdb90028.sdkstatcache
cd /Users/admin/builder/spi-builder-workspace/.swiftpm/xcode
/Applications/Xcode-27.0.0-Release.Candidate.app/Contents/Developer/Toolchains/XcodeDefault.xctoolchain/usr/bin/clang-stat-cache /Applications/Xcode-27.0.0-Release.Candidate.app/Contents/Developer/Platforms/AppleTVOS.platform/Developer/SDKs/AppleTVOS27.0.sdk -o /Users/admin/builder/spi-builder-workspace/.derivedData/SDKStatCaches.noindex/appletvos27.0-24J360-e829b21a6f8c9b70876ba0858053c044b32bfd8d43560033f8d89884cdb90028.sdkstatcache
CreateBuildDirectory /Users/admin/builder/spi-builder-workspace/.derivedData/Build/Intermediates.noindex
cd /Users/admin/builder/spi-builder-workspace/.swiftpm/xcode
builtin-create-build-directory /Users/admin/builder/spi-builder-workspace/.derivedData/Build/Intermediates.noindex
CreateBuildDirectory /Users/admin/builder/spi-builder-workspace/.derivedData/Build/Products
cd /Users/admin/builder/spi-builder-workspace/.swiftpm/xcode
builtin-create-build-directory /Users/admin/builder/spi-builder-workspace/.derivedData/Build/Products
CreateBuildDirectory /Users/admin/builder/spi-builder-workspace/.derivedData/Build/Intermediates.noindex/SwiftExplicitPrecompiledModules
cd /Users/admin/builder/spi-builder-workspace/.swiftpm/xcode
builtin-create-build-directory /Users/admin/builder/spi-builder-workspace/.derivedData/Build/Intermediates.noindex/SwiftExplicitPrecompiledModules
CreateBuildDirectory /Users/admin/builder/spi-builder-workspace/.derivedData/Build/Intermediates.noindex/ExplicitPrecompiledModules
cd /Users/admin/builder/spi-builder-workspace/.swiftpm/xcode
builtin-create-build-directory /Users/admin/builder/spi-builder-workspace/.derivedData/Build/Intermediates.noindex/ExplicitPrecompiledModules
CreateBuildDirectory /Users/admin/builder/spi-builder-workspace/.derivedData/Build/Intermediates.noindex/PrecompiledHeaders
cd /Users/admin/builder/spi-builder-workspace/.swiftpm/xcode
builtin-create-build-directory /Users/admin/builder/spi-builder-workspace/.derivedData/Build/Intermediates.noindex/PrecompiledHeaders
CreateBuildDirectory /Users/admin/builder/spi-builder-workspace/.derivedData/Build/Intermediates.noindex/EagerLinkingTBDs/Debug-appletvos
cd /Users/admin/builder/spi-builder-workspace/.swiftpm/xcode
builtin-create-build-directory /Users/admin/builder/spi-builder-workspace/.derivedData/Build/Intermediates.noindex/EagerLinkingTBDs/Debug-appletvos
CreateBuildDirectory /Users/admin/builder/spi-builder-workspace/.derivedData/Build/Products/Debug-appletvos
cd /Users/admin/builder/spi-builder-workspace/.swiftpm/xcode
builtin-create-build-directory /Users/admin/builder/spi-builder-workspace/.derivedData/Build/Products/Debug-appletvos
CreateBuildDirectory /Users/admin/builder/spi-builder-workspace/.derivedData/Build/Products/Debug-appletvos/PackageFrameworks
cd /Users/admin/builder/spi-builder-workspace/.swiftpm/xcode
builtin-create-build-directory /Users/admin/builder/spi-builder-workspace/.derivedData/Build/Products/Debug-appletvos/PackageFrameworks
MkDir /Users/admin/builder/spi-builder-workspace/.derivedData/Build/Products/Debug-appletvos/DurationPicker_DurationPicker.bundle (in target 'DurationPicker_DurationPicker' from project 'DurationPicker')
cd /Users/admin/builder/spi-builder-workspace
/bin/mkdir -p /Users/admin/builder/spi-builder-workspace/.derivedData/Build/Products/Debug-appletvos/DurationPicker_DurationPicker.bundle
WriteAuxiliaryFile /Users/admin/builder/spi-builder-workspace/.derivedData/Build/Intermediates.noindex/DurationPicker.build/Debug-appletvos/DurationPicker-t.build/DurationPicker.modulemap (in target 'DurationPicker' from project 'DurationPicker')
cd /Users/admin/builder/spi-builder-workspace
write-file /Users/admin/builder/spi-builder-workspace/.derivedData/Build/Intermediates.noindex/DurationPicker.build/Debug-appletvos/DurationPicker-t.build/DurationPicker.modulemap
WriteAuxiliaryFile /Users/admin/builder/spi-builder-workspace/.derivedData/Build/Intermediates.noindex/DurationPicker.build/Debug-appletvos/DurationPicker_DurationPicker-b.build/DurationPicker_DurationPicker.DependencyMetadataFileList (in target 'DurationPicker_DurationPicker' from project 'DurationPicker')
cd /Users/admin/builder/spi-builder-workspace
write-file /Users/admin/builder/spi-builder-workspace/.derivedData/Build/Intermediates.noindex/DurationPicker.build/Debug-appletvos/DurationPicker_DurationPicker-b.build/DurationPicker_DurationPicker.DependencyMetadataFileList
WriteAuxiliaryFile /Users/admin/builder/spi-builder-workspace/.derivedData/Build/Intermediates.noindex/DurationPicker.build/Debug-appletvos/DurationPicker_DurationPicker-b.build/DurationPicker_DurationPicker.DependencyStaticMetadataFileList (in target 'DurationPicker_DurationPicker' from project 'DurationPicker')
cd /Users/admin/builder/spi-builder-workspace
write-file /Users/admin/builder/spi-builder-workspace/.derivedData/Build/Intermediates.noindex/DurationPicker.build/Debug-appletvos/DurationPicker_DurationPicker-b.build/DurationPicker_DurationPicker.DependencyStaticMetadataFileList
WriteAuxiliaryFile /Users/admin/builder/spi-builder-workspace/.derivedData/Build/Intermediates.noindex/DurationPicker.build/Debug-appletvos/DurationPicker_DurationPicker-b.build/empty-DurationPicker_DurationPicker.plist (in target 'DurationPicker_DurationPicker' from project 'DurationPicker')
cd /Users/admin/builder/spi-builder-workspace
write-file /Users/admin/builder/spi-builder-workspace/.derivedData/Build/Intermediates.noindex/DurationPicker.build/Debug-appletvos/DurationPicker_DurationPicker-b.build/empty-DurationPicker_DurationPicker.plist
WriteAuxiliaryFile /Users/admin/builder/spi-builder-workspace/.derivedData/Build/Intermediates.noindex/DurationPicker.build/Debug-appletvos/DurationPicker-t.build/Objects-normal/arm64/DurationPicker.LinkFileList (in target 'DurationPicker' from project 'DurationPicker')
cd /Users/admin/builder/spi-builder-workspace
write-file /Users/admin/builder/spi-builder-workspace/.derivedData/Build/Intermediates.noindex/DurationPicker.build/Debug-appletvos/DurationPicker-t.build/Objects-normal/arm64/DurationPicker.LinkFileList
WriteAuxiliaryFile /Users/admin/builder/spi-builder-workspace/.derivedData/Build/Intermediates.noindex/DurationPicker.build/Debug-appletvos/DurationPicker-t.build/Objects-normal/arm64/DurationPicker-OutputFileMap.json (in target 'DurationPicker' from project 'DurationPicker')
cd /Users/admin/builder/spi-builder-workspace
write-file /Users/admin/builder/spi-builder-workspace/.derivedData/Build/Intermediates.noindex/DurationPicker.build/Debug-appletvos/DurationPicker-t.build/Objects-normal/arm64/DurationPicker-OutputFileMap.json
WriteAuxiliaryFile /Users/admin/builder/spi-builder-workspace/.derivedData/Build/Intermediates.noindex/DurationPicker.build/Debug-appletvos/DurationPicker-t.build/Objects-normal/arm64/DurationPicker.SwiftConstValuesFileList (in target 'DurationPicker' from project 'DurationPicker')
cd /Users/admin/builder/spi-builder-workspace
write-file /Users/admin/builder/spi-builder-workspace/.derivedData/Build/Intermediates.noindex/DurationPicker.build/Debug-appletvos/DurationPicker-t.build/Objects-normal/arm64/DurationPicker.SwiftConstValuesFileList
WriteAuxiliaryFile /Users/admin/builder/spi-builder-workspace/.derivedData/Build/Intermediates.noindex/DurationPicker.build/Debug-appletvos/DurationPicker-t.build/Objects-normal/arm64/DurationPicker.SwiftFileList (in target 'DurationPicker' from project 'DurationPicker')
cd /Users/admin/builder/spi-builder-workspace
write-file /Users/admin/builder/spi-builder-workspace/.derivedData/Build/Intermediates.noindex/DurationPicker.build/Debug-appletvos/DurationPicker-t.build/Objects-normal/arm64/DurationPicker.SwiftFileList
WriteAuxiliaryFile /Users/admin/builder/spi-builder-workspace/.derivedData/Build/Intermediates.noindex/DurationPicker.build/Debug-appletvos/DurationPicker-t.build/Objects-normal/arm64/DurationPicker_const_extract_protocols.json (in target 'DurationPicker' from project 'DurationPicker')
cd /Users/admin/builder/spi-builder-workspace
write-file /Users/admin/builder/spi-builder-workspace/.derivedData/Build/Intermediates.noindex/DurationPicker.build/Debug-appletvos/DurationPicker-t.build/Objects-normal/arm64/DurationPicker_const_extract_protocols.json
WriteAuxiliaryFile /Users/admin/builder/spi-builder-workspace/.derivedData/Build/Intermediates.noindex/DurationPicker.build/Debug-appletvos/DurationPicker-t.build/DurationPicker.DependencyStaticMetadataFileList (in target 'DurationPicker' from project 'DurationPicker')
cd /Users/admin/builder/spi-builder-workspace
write-file /Users/admin/builder/spi-builder-workspace/.derivedData/Build/Intermediates.noindex/DurationPicker.build/Debug-appletvos/DurationPicker-t.build/DurationPicker.DependencyStaticMetadataFileList
WriteAuxiliaryFile /Users/admin/builder/spi-builder-workspace/.derivedData/Build/Intermediates.noindex/DurationPicker.build/Debug-appletvos/DurationPicker-t.build/DurationPicker.DependencyMetadataFileList (in target 'DurationPicker' from project 'DurationPicker')
cd /Users/admin/builder/spi-builder-workspace
write-file /Users/admin/builder/spi-builder-workspace/.derivedData/Build/Intermediates.noindex/DurationPicker.build/Debug-appletvos/DurationPicker-t.build/DurationPicker.DependencyMetadataFileList
WriteAuxiliaryFile /Users/admin/builder/spi-builder-workspace/.derivedData/Build/Intermediates.noindex/DurationPicker.build/Debug-appletvos/DurationPicker-t.build/DerivedSources/resource_bundle_accessor.swift (in target 'DurationPicker' from project 'DurationPicker')
cd /Users/admin/builder/spi-builder-workspace
write-file /Users/admin/builder/spi-builder-workspace/.derivedData/Build/Intermediates.noindex/DurationPicker.build/Debug-appletvos/DurationPicker-t.build/DerivedSources/resource_bundle_accessor.swift
Copy /Users/admin/builder/spi-builder-workspace/.derivedData/Build/Intermediates.noindex/GeneratedModuleMaps-appletvos/DurationPicker.modulemap /Users/admin/builder/spi-builder-workspace/.derivedData/Build/Intermediates.noindex/DurationPicker.build/Debug-appletvos/DurationPicker-t.build/DurationPicker.modulemap (in target 'DurationPicker' from project 'DurationPicker')
cd /Users/admin/builder/spi-builder-workspace
builtin-copy -exclude .DS_Store -exclude CVS -exclude .svn -exclude .git -exclude .hg -resolve-src-symlinks /Users/admin/builder/spi-builder-workspace/.derivedData/Build/Intermediates.noindex/DurationPicker.build/Debug-appletvos/DurationPicker-t.build/DurationPicker.modulemap /Users/admin/builder/spi-builder-workspace/.derivedData/Build/Intermediates.noindex/GeneratedModuleMaps-appletvos
ProcessInfoPlistFile /Users/admin/builder/spi-builder-workspace/.derivedData/Build/Products/Debug-appletvos/DurationPicker_DurationPicker.bundle/Info.plist /Users/admin/builder/spi-builder-workspace/.derivedData/Build/Intermediates.noindex/DurationPicker.build/Debug-appletvos/DurationPicker_DurationPicker-b.build/empty-DurationPicker_DurationPicker.plist (in target 'DurationPicker_DurationPicker' from project 'DurationPicker')
cd /Users/admin/builder/spi-builder-workspace
builtin-infoPlistUtility /Users/admin/builder/spi-builder-workspace/.derivedData/Build/Intermediates.noindex/DurationPicker.build/Debug-appletvos/DurationPicker_DurationPicker-b.build/empty-DurationPicker_DurationPicker.plist -producttype com.apple.product-type.bundle -expandbuildsettings -format binary -platform appletvos -o /Users/admin/builder/spi-builder-workspace/.derivedData/Build/Products/Debug-appletvos/DurationPicker_DurationPicker.bundle/Info.plist
GenerateStringSymbols /Users/admin/builder/spi-builder-workspace/.derivedData/Build/Intermediates.noindex/DurationPicker.build/Debug-appletvos/DurationPicker-t.build/DerivedSources/GeneratedStringSymbols_Localizable.swift /Users/admin/builder/spi-builder-workspace/Sources/DurationPicker/Resources/Localizable.xcstrings (in target 'DurationPicker' from project 'DurationPicker')
cd /Users/admin/builder/spi-builder-workspace
/Applications/Xcode-27.0.0-Release.Candidate.app/Contents/Developer/usr/bin/xcstringstool generate-symbols --language swift --output-directory /Users/admin/builder/spi-builder-workspace/.derivedData/Build/Intermediates.noindex/DurationPicker.build/Debug-appletvos/DurationPicker-t.build/DerivedSources /Users/admin/builder/spi-builder-workspace/Sources/DurationPicker/Resources/Localizable.xcstrings
CompileXCStrings /Users/admin/builder/spi-builder-workspace/.derivedData/Build/Intermediates.noindex/DurationPicker.build/Debug-appletvos/DurationPicker_DurationPicker-b.build/ /Users/admin/builder/spi-builder-workspace/Sources/DurationPicker/Resources/Localizable.xcstrings (in target 'DurationPicker_DurationPicker' from project 'DurationPicker')
cd /Users/admin/builder/spi-builder-workspace
/Applications/Xcode-27.0.0-Release.Candidate.app/Contents/Developer/usr/bin/xcstringstool compile --output-directory /Users/admin/builder/spi-builder-workspace/.derivedData/Build/Intermediates.noindex/DurationPicker.build/Debug-appletvos/DurationPicker_DurationPicker-b.build /Users/admin/builder/spi-builder-workspace/Sources/DurationPicker/Resources/Localizable.xcstrings
CopyStringsFile /Users/admin/builder/spi-builder-workspace/.derivedData/Build/Products/Debug-appletvos/DurationPicker_DurationPicker.bundle/zh-Hans.lproj/Localizable.strings /Users/admin/builder/spi-builder-workspace/.derivedData/Build/Intermediates.noindex/DurationPicker.build/Debug-appletvos/DurationPicker_DurationPicker-b.build/zh-Hans.lproj/Localizable.strings (in target 'DurationPicker_DurationPicker' from project 'DurationPicker')
cd /Users/admin/builder/spi-builder-workspace
builtin-copyStrings --validate --outputencoding binary --outfilename Localizable.strings --outdir /Users/admin/builder/spi-builder-workspace/.derivedData/Build/Products/Debug-appletvos/DurationPicker_DurationPicker.bundle/zh-Hans.lproj -- /Users/admin/builder/spi-builder-workspace/.derivedData/Build/Intermediates.noindex/DurationPicker.build/Debug-appletvos/DurationPicker_DurationPicker-b.build/zh-Hans.lproj/Localizable.strings
/Users/admin/builder/spi-builder-workspace/.derivedData/Build/Intermediates.noindex/DurationPicker.build/Debug-appletvos/DurationPicker_DurationPicker-b.build/zh-Hans.lproj/Localizable.strings:1:1: note: detected encoding of input file as Unicode (UTF-8) (in target 'DurationPicker_DurationPicker' from project 'DurationPicker')
CopyStringsFile /Users/admin/builder/spi-builder-workspace/.derivedData/Build/Products/Debug-appletvos/DurationPicker_DurationPicker.bundle/zh-HK.lproj/Localizable.strings /Users/admin/builder/spi-builder-workspace/.derivedData/Build/Intermediates.noindex/DurationPicker.build/Debug-appletvos/DurationPicker_DurationPicker-b.build/zh-HK.lproj/Localizable.strings (in target 'DurationPicker_DurationPicker' from project 'DurationPicker')
cd /Users/admin/builder/spi-builder-workspace
builtin-copyStrings --validate --outputencoding binary --outfilename Localizable.strings --outdir /Users/admin/builder/spi-builder-workspace/.derivedData/Build/Products/Debug-appletvos/DurationPicker_DurationPicker.bundle/zh-HK.lproj -- /Users/admin/builder/spi-builder-workspace/.derivedData/Build/Intermediates.noindex/DurationPicker.build/Debug-appletvos/DurationPicker_DurationPicker-b.build/zh-HK.lproj/Localizable.strings
/Users/admin/builder/spi-builder-workspace/.derivedData/Build/Intermediates.noindex/DurationPicker.build/Debug-appletvos/DurationPicker_DurationPicker-b.build/zh-HK.lproj/Localizable.strings:1:1: note: detected encoding of input file as Unicode (UTF-8) (in target 'DurationPicker_DurationPicker' from project 'DurationPicker')
CopyStringsFile /Users/admin/builder/spi-builder-workspace/.derivedData/Build/Products/Debug-appletvos/DurationPicker_DurationPicker.bundle/zh-Hant.lproj/Localizable.strings /Users/admin/builder/spi-builder-workspace/.derivedData/Build/Intermediates.noindex/DurationPicker.build/Debug-appletvos/DurationPicker_DurationPicker-b.build/zh-Hant.lproj/Localizable.strings (in target 'DurationPicker_DurationPicker' from project 'DurationPicker')
cd /Users/admin/builder/spi-builder-workspace
builtin-copyStrings --validate --outputencoding binary --outfilename Localizable.strings --outdir /Users/admin/builder/spi-builder-workspace/.derivedData/Build/Products/Debug-appletvos/DurationPicker_DurationPicker.bundle/zh-Hant.lproj -- /Users/admin/builder/spi-builder-workspace/.derivedData/Build/Intermediates.noindex/DurationPicker.build/Debug-appletvos/DurationPicker_DurationPicker-b.build/zh-Hant.lproj/Localizable.strings
/Users/admin/builder/spi-builder-workspace/.derivedData/Build/Intermediates.noindex/DurationPicker.build/Debug-appletvos/DurationPicker_DurationPicker-b.build/zh-Hant.lproj/Localizable.strings:1:1: note: detected encoding of input file as Unicode (UTF-8) (in target 'DurationPicker_DurationPicker' from project 'DurationPicker')
CopyStringsFile /Users/admin/builder/spi-builder-workspace/.derivedData/Build/Products/Debug-appletvos/DurationPicker_DurationPicker.bundle/uk.lproj/Localizable.strings /Users/admin/builder/spi-builder-workspace/.derivedData/Build/Intermediates.noindex/DurationPicker.build/Debug-appletvos/DurationPicker_DurationPicker-b.build/uk.lproj/Localizable.strings (in target 'DurationPicker_DurationPicker' from project 'DurationPicker')
cd /Users/admin/builder/spi-builder-workspace
builtin-copyStrings --validate --outputencoding binary --outfilename Localizable.strings --outdir /Users/admin/builder/spi-builder-workspace/.derivedData/Build/Products/Debug-appletvos/DurationPicker_DurationPicker.bundle/uk.lproj -- /Users/admin/builder/spi-builder-workspace/.derivedData/Build/Intermediates.noindex/DurationPicker.build/Debug-appletvos/DurationPicker_DurationPicker-b.build/uk.lproj/Localizable.strings
/Users/admin/builder/spi-builder-workspace/.derivedData/Build/Intermediates.noindex/DurationPicker.build/Debug-appletvos/DurationPicker_DurationPicker-b.build/uk.lproj/Localizable.strings:1:1: note: detected encoding of input file as Unicode (UTF-8) (in target 'DurationPicker_DurationPicker' from project 'DurationPicker')
CopyStringsFile /Users/admin/builder/spi-builder-workspace/.derivedData/Build/Products/Debug-appletvos/DurationPicker_DurationPicker.bundle/sk.lproj/Localizable.strings /Users/admin/builder/spi-builder-workspace/.derivedData/Build/Intermediates.noindex/DurationPicker.build/Debug-appletvos/DurationPicker_DurationPicker-b.build/sk.lproj/Localizable.strings (in target 'DurationPicker_DurationPicker' from project 'DurationPicker')
cd /Users/admin/builder/spi-builder-workspace
builtin-copyStrings --validate --outputencoding binary --outfilename Localizable.strings --outdir /Users/admin/builder/spi-builder-workspace/.derivedData/Build/Products/Debug-appletvos/DurationPicker_DurationPicker.bundle/sk.lproj -- /Users/admin/builder/spi-builder-workspace/.derivedData/Build/Intermediates.noindex/DurationPicker.build/Debug-appletvos/DurationPicker_DurationPicker-b.build/sk.lproj/Localizable.strings
/Users/admin/builder/spi-builder-workspace/.derivedData/Build/Intermediates.noindex/DurationPicker.build/Debug-appletvos/DurationPicker_DurationPicker-b.build/sk.lproj/Localizable.strings:1:1: note: detected encoding of input file as Unicode (UTF-8) (in target 'DurationPicker_DurationPicker' from project 'DurationPicker')
CopyStringsFile /Users/admin/builder/spi-builder-workspace/.derivedData/Build/Products/Debug-appletvos/DurationPicker_DurationPicker.bundle/th.lproj/Localizable.strings /Users/admin/builder/spi-builder-workspace/.derivedData/Build/Intermediates.noindex/DurationPicker.build/Debug-appletvos/DurationPicker_DurationPicker-b.build/th.lproj/Localizable.strings (in target 'DurationPicker_DurationPicker' from project 'DurationPicker')
cd /Users/admin/builder/spi-builder-workspace
builtin-copyStrings --validate --outputencoding binary --outfilename Localizable.strings --outdir /Users/admin/builder/spi-builder-workspace/.derivedData/Build/Products/Debug-appletvos/DurationPicker_DurationPicker.bundle/th.lproj -- /Users/admin/builder/spi-builder-workspace/.derivedData/Build/Intermediates.noindex/DurationPicker.build/Debug-appletvos/DurationPicker_DurationPicker-b.build/th.lproj/Localizable.strings
/Users/admin/builder/spi-builder-workspace/.derivedData/Build/Intermediates.noindex/DurationPicker.build/Debug-appletvos/DurationPicker_DurationPicker-b.build/th.lproj/Localizable.strings:1:1: note: detected encoding of input file as Unicode (UTF-8) (in target 'DurationPicker_DurationPicker' from project 'DurationPicker')
CopyStringsFile /Users/admin/builder/spi-builder-workspace/.derivedData/Build/Products/Debug-appletvos/DurationPicker_DurationPicker.bundle/tr.lproj/Localizable.strings /Users/admin/builder/spi-builder-workspace/.derivedData/Build/Intermediates.noindex/DurationPicker.build/Debug-appletvos/DurationPicker_DurationPicker-b.build/tr.lproj/Localizable.strings (in target 'DurationPicker_DurationPicker' from project 'DurationPicker')
cd /Users/admin/builder/spi-builder-workspace
builtin-copyStrings --validate --outputencoding binary --outfilename Localizable.strings --outdir /Users/admin/builder/spi-builder-workspace/.derivedData/Build/Products/Debug-appletvos/DurationPicker_DurationPicker.bundle/tr.lproj -- /Users/admin/builder/spi-builder-workspace/.derivedData/Build/Intermediates.noindex/DurationPicker.build/Debug-appletvos/DurationPicker_DurationPicker-b.build/tr.lproj/Localizable.strings
/Users/admin/builder/spi-builder-workspace/.derivedData/Build/Intermediates.noindex/DurationPicker.build/Debug-appletvos/DurationPicker_DurationPicker-b.build/tr.lproj/Localizable.strings:1:1: note: detected encoding of input file as Unicode (UTF-8) (in target 'DurationPicker_DurationPicker' from project 'DurationPicker')
CopyStringsFile /Users/admin/builder/spi-builder-workspace/.derivedData/Build/Products/Debug-appletvos/DurationPicker_DurationPicker.bundle/sv.lproj/Localizable.strings /Users/admin/builder/spi-builder-workspace/.derivedData/Build/Intermediates.noindex/DurationPicker.build/Debug-appletvos/DurationPicker_DurationPicker-b.build/sv.lproj/Localizable.strings (in target 'DurationPicker_DurationPicker' from project 'DurationPicker')
cd /Users/admin/builder/spi-builder-workspace
builtin-copyStrings --validate --outputencoding binary --outfilename Localizable.strings --outdir /Users/admin/builder/spi-builder-workspace/.derivedData/Build/Products/Debug-appletvos/DurationPicker_DurationPicker.bundle/sv.lproj -- /Users/admin/builder/spi-builder-workspace/.derivedData/Build/Intermediates.noindex/DurationPicker.build/Debug-appletvos/DurationPicker_DurationPicker-b.build/sv.lproj/Localizable.strings
/Users/admin/builder/spi-builder-workspace/.derivedData/Build/Intermediates.noindex/DurationPicker.build/Debug-appletvos/DurationPicker_DurationPicker-b.build/sv.lproj/Localizable.strings:1:1: note: detected encoding of input file as Unicode (UTF-8) (in target 'DurationPicker_DurationPicker' from project 'DurationPicker')
CopyStringsFile /Users/admin/builder/spi-builder-workspace/.derivedData/Build/Products/Debug-appletvos/DurationPicker_DurationPicker.bundle/vi.lproj/Localizable.strings /Users/admin/builder/spi-builder-workspace/.derivedData/Build/Intermediates.noindex/DurationPicker.build/Debug-appletvos/DurationPicker_DurationPicker-b.build/vi.lproj/Localizable.strings (in target 'DurationPicker_DurationPicker' from project 'DurationPicker')
cd /Users/admin/builder/spi-builder-workspace
builtin-copyStrings --validate --outputencoding binary --outfilename Localizable.strings --outdir /Users/admin/builder/spi-builder-workspace/.derivedData/Build/Products/Debug-appletvos/DurationPicker_DurationPicker.bundle/vi.lproj -- /Users/admin/builder/spi-builder-workspace/.derivedData/Build/Intermediates.noindex/DurationPicker.build/Debug-appletvos/DurationPicker_DurationPicker-b.build/vi.lproj/Localizable.strings
/Users/admin/builder/spi-builder-workspace/.derivedData/Build/Intermediates.noindex/DurationPicker.build/Debug-appletvos/DurationPicker_DurationPicker-b.build/vi.lproj/Localizable.strings:1:1: note: detected encoding of input file as Unicode (UTF-8) (in target 'DurationPicker_DurationPicker' from project 'DurationPicker')
CopyStringsFile /Users/admin/builder/spi-builder-workspace/.derivedData/Build/Products/Debug-appletvos/DurationPicker_DurationPicker.bundle/ru.lproj/Localizable.strings /Users/admin/builder/spi-builder-workspace/.derivedData/Build/Intermediates.noindex/DurationPicker.build/Debug-appletvos/DurationPicker_DurationPicker-b.build/ru.lproj/Localizable.strings (in target 'DurationPicker_DurationPicker' from project 'DurationPicker')
cd /Users/admin/builder/spi-builder-workspace
builtin-copyStrings --validate --outputencoding binary --outfilename Localizable.strings --outdir /Users/admin/builder/spi-builder-workspace/.derivedData/Build/Products/Debug-appletvos/DurationPicker_DurationPicker.bundle/ru.lproj -- /Users/admin/builder/spi-builder-workspace/.derivedData/Build/Intermediates.noindex/DurationPicker.build/Debug-appletvos/DurationPicker_DurationPicker-b.build/ru.lproj/Localizable.strings
/Users/admin/builder/spi-builder-workspace/.derivedData/Build/Intermediates.noindex/DurationPicker.build/Debug-appletvos/DurationPicker_DurationPicker-b.build/ru.lproj/Localizable.strings:1:1: note: detected encoding of input file as Unicode (UTF-8) (in target 'DurationPicker_DurationPicker' from project 'DurationPicker')
CopyStringsFile /Users/admin/builder/spi-builder-workspace/.derivedData/Build/Products/Debug-appletvos/DurationPicker_DurationPicker.bundle/ro.lproj/Localizable.strings /Users/admin/builder/spi-builder-workspace/.derivedData/Build/Intermediates.noindex/DurationPicker.build/Debug-appletvos/DurationPicker_DurationPicker-b.build/ro.lproj/Localizable.strings (in target 'DurationPicker_DurationPicker' from project 'DurationPicker')
cd /Users/admin/builder/spi-builder-workspace
builtin-copyStrings --validate --outputencoding binary --outfilename Localizable.strings --outdir /Users/admin/builder/spi-builder-workspace/.derivedData/Build/Products/Debug-appletvos/DurationPicker_DurationPicker.bundle/ro.lproj -- /Users/admin/builder/spi-builder-workspace/.derivedData/Build/Intermediates.noindex/DurationPicker.build/Debug-appletvos/DurationPicker_DurationPicker-b.build/ro.lproj/Localizable.strings
/Users/admin/builder/spi-builder-workspace/.derivedData/Build/Intermediates.noindex/DurationPicker.build/Debug-appletvos/DurationPicker_DurationPicker-b.build/ro.lproj/Localizable.strings:1:1: note: detected encoding of input file as Unicode (UTF-8) (in target 'DurationPicker_DurationPicker' from project 'DurationPicker')
CopyStringsFile /Users/admin/builder/spi-builder-workspace/.derivedData/Build/Products/Debug-appletvos/DurationPicker_DurationPicker.bundle/pt-PT.lproj/Localizable.strings /Users/admin/builder/spi-builder-workspace/.derivedData/Build/Intermediates.noindex/DurationPicker.build/Debug-appletvos/DurationPicker_DurationPicker-b.build/pt-PT.lproj/Localizable.strings (in target 'DurationPicker_DurationPicker' from project 'DurationPicker')
cd /Users/admin/builder/spi-builder-workspace
builtin-copyStrings --validate --outputencoding binary --outfilename Localizable.strings --outdir /Users/admin/builder/spi-builder-workspace/.derivedData/Build/Products/Debug-appletvos/DurationPicker_DurationPicker.bundle/pt-PT.lproj -- /Users/admin/builder/spi-builder-workspace/.derivedData/Build/Intermediates.noindex/DurationPicker.build/Debug-appletvos/DurationPicker_DurationPicker-b.build/pt-PT.lproj/Localizable.strings
/Users/admin/builder/spi-builder-workspace/.derivedData/Build/Intermediates.noindex/DurationPicker.build/Debug-appletvos/DurationPicker_DurationPicker-b.build/pt-PT.lproj/Localizable.strings:1:1: note: detected encoding of input file as Unicode (UTF-8) (in target 'DurationPicker_DurationPicker' from project 'DurationPicker')
CopyStringsFile /Users/admin/builder/spi-builder-workspace/.derivedData/Build/Products/Debug-appletvos/DurationPicker_DurationPicker.bundle/pt-BR.lproj/Localizable.strings /Users/admin/builder/spi-builder-workspace/.derivedData/Build/Intermediates.noindex/DurationPicker.build/Debug-appletvos/DurationPicker_DurationPicker-b.build/pt-BR.lproj/Localizable.strings (in target 'DurationPicker_DurationPicker' from project 'DurationPicker')
cd /Users/admin/builder/spi-builder-workspace
builtin-copyStrings --validate --outputencoding binary --outfilename Localizable.strings --outdir /Users/admin/builder/spi-builder-workspace/.derivedData/Build/Products/Debug-appletvos/DurationPicker_DurationPicker.bundle/pt-BR.lproj -- /Users/admin/builder/spi-builder-workspace/.derivedData/Build/Intermediates.noindex/DurationPicker.build/Debug-appletvos/DurationPicker_DurationPicker-b.build/pt-BR.lproj/Localizable.strings
/Users/admin/builder/spi-builder-workspace/.derivedData/Build/Intermediates.noindex/DurationPicker.build/Debug-appletvos/DurationPicker_DurationPicker-b.build/pt-BR.lproj/Localizable.strings:1:1: note: detected encoding of input file as Unicode (UTF-8) (in target 'DurationPicker_DurationPicker' from project 'DurationPicker')
CopyStringsFile /Users/admin/builder/spi-builder-workspace/.derivedData/Build/Products/Debug-appletvos/DurationPicker_DurationPicker.bundle/pl.lproj/Localizable.strings /Users/admin/builder/spi-builder-workspace/.derivedData/Build/Intermediates.noindex/DurationPicker.build/Debug-appletvos/DurationPicker_DurationPicker-b.build/pl.lproj/Localizable.strings (in target 'DurationPicker_DurationPicker' from project 'DurationPicker')
cd /Users/admin/builder/spi-builder-workspace
builtin-copyStrings --validate --outputencoding binary --outfilename Localizable.strings --outdir /Users/admin/builder/spi-builder-workspace/.derivedData/Build/Products/Debug-appletvos/DurationPicker_DurationPicker.bundle/pl.lproj -- /Users/admin/builder/spi-builder-workspace/.derivedData/Build/Intermediates.noindex/DurationPicker.build/Debug-appletvos/DurationPicker_DurationPicker-b.build/pl.lproj/Localizable.strings
/Users/admin/builder/spi-builder-workspace/.derivedData/Build/Intermediates.noindex/DurationPicker.build/Debug-appletvos/DurationPicker_DurationPicker-b.build/pl.lproj/Localizable.strings:1:1: note: detected encoding of input file as Unicode (UTF-8) (in target 'DurationPicker_DurationPicker' from project 'DurationPicker')
CopyStringsFile /Users/admin/builder/spi-builder-workspace/.derivedData/Build/Products/Debug-appletvos/DurationPicker_DurationPicker.bundle/nl.lproj/Localizable.strings /Users/admin/builder/spi-builder-workspace/.derivedData/Build/Intermediates.noindex/DurationPicker.build/Debug-appletvos/DurationPicker_DurationPicker-b.build/nl.lproj/Localizable.strings (in target 'DurationPicker_DurationPicker' from project 'DurationPicker')
cd /Users/admin/builder/spi-builder-workspace
builtin-copyStrings --validate --outputencoding binary --outfilename Localizable.strings --outdir /Users/admin/builder/spi-builder-workspace/.derivedData/Build/Products/Debug-appletvos/DurationPicker_DurationPicker.bundle/nl.lproj -- /Users/admin/builder/spi-builder-workspace/.derivedData/Build/Intermediates.noindex/DurationPicker.build/Debug-appletvos/DurationPicker_DurationPicker-b.build/nl.lproj/Localizable.strings
/Users/admin/builder/spi-builder-workspace/.derivedData/Build/Intermediates.noindex/DurationPicker.build/Debug-appletvos/DurationPicker_DurationPicker-b.build/nl.lproj/Localizable.strings:1:1: note: detected encoding of input file as Unicode (UTF-8) (in target 'DurationPicker_DurationPicker' from project 'DurationPicker')
CopyStringsFile /Users/admin/builder/spi-builder-workspace/.derivedData/Build/Products/Debug-appletvos/DurationPicker_DurationPicker.bundle/ms.lproj/Localizable.strings /Users/admin/builder/spi-builder-workspace/.derivedData/Build/Intermediates.noindex/DurationPicker.build/Debug-appletvos/DurationPicker_DurationPicker-b.build/ms.lproj/Localizable.strings (in target 'DurationPicker_DurationPicker' from project 'DurationPicker')
cd /Users/admin/builder/spi-builder-workspace
builtin-copyStrings --validate --outputencoding binary --outfilename Localizable.strings --outdir /Users/admin/builder/spi-builder-workspace/.derivedData/Build/Products/Debug-appletvos/DurationPicker_DurationPicker.bundle/ms.lproj -- /Users/admin/builder/spi-builder-workspace/.derivedData/Build/Intermediates.noindex/DurationPicker.build/Debug-appletvos/DurationPicker_DurationPicker-b.build/ms.lproj/Localizable.strings
/Users/admin/builder/spi-builder-workspace/.derivedData/Build/Intermediates.noindex/DurationPicker.build/Debug-appletvos/DurationPicker_DurationPicker-b.build/ms.lproj/Localizable.strings:1:1: note: detected encoding of input file as Unicode (UTF-8) (in target 'DurationPicker_DurationPicker' from project 'DurationPicker')
CopyStringsFile /Users/admin/builder/spi-builder-workspace/.derivedData/Build/Products/Debug-appletvos/DurationPicker_DurationPicker.bundle/nb.lproj/Localizable.strings /Users/admin/builder/spi-builder-workspace/.derivedData/Build/Intermediates.noindex/DurationPicker.build/Debug-appletvos/DurationPicker_DurationPicker-b.build/nb.lproj/Localizable.strings (in target 'DurationPicker_DurationPicker' from project 'DurationPicker')
cd /Users/admin/builder/spi-builder-workspace
builtin-copyStrings --validate --outputencoding binary --outfilename Localizable.strings --outdir /Users/admin/builder/spi-builder-workspace/.derivedData/Build/Products/Debug-appletvos/DurationPicker_DurationPicker.bundle/nb.lproj -- /Users/admin/builder/spi-builder-workspace/.derivedData/Build/Intermediates.noindex/DurationPicker.build/Debug-appletvos/DurationPicker_DurationPicker-b.build/nb.lproj/Localizable.strings
/Users/admin/builder/spi-builder-workspace/.derivedData/Build/Intermediates.noindex/DurationPicker.build/Debug-appletvos/DurationPicker_DurationPicker-b.build/nb.lproj/Localizable.strings:1:1: note: detected encoding of input file as Unicode (UTF-8) (in target 'DurationPicker_DurationPicker' from project 'DurationPicker')
CopyStringsFile /Users/admin/builder/spi-builder-workspace/.derivedData/Build/Products/Debug-appletvos/DurationPicker_DurationPicker.bundle/ko.lproj/Localizable.strings /Users/admin/builder/spi-builder-workspace/.derivedData/Build/Intermediates.noindex/DurationPicker.build/Debug-appletvos/DurationPicker_DurationPicker-b.build/ko.lproj/Localizable.strings (in target 'DurationPicker_DurationPicker' from project 'DurationPicker')
cd /Users/admin/builder/spi-builder-workspace
builtin-copyStrings --validate --outputencoding binary --outfilename Localizable.strings --outdir /Users/admin/builder/spi-builder-workspace/.derivedData/Build/Products/Debug-appletvos/DurationPicker_DurationPicker.bundle/ko.lproj -- /Users/admin/builder/spi-builder-workspace/.derivedData/Build/Intermediates.noindex/DurationPicker.build/Debug-appletvos/DurationPicker_DurationPicker-b.build/ko.lproj/Localizable.strings
/Users/admin/builder/spi-builder-workspace/.derivedData/Build/Intermediates.noindex/DurationPicker.build/Debug-appletvos/DurationPicker_DurationPicker-b.build/ko.lproj/Localizable.strings:1:1: note: detected encoding of input file as Unicode (UTF-8) (in target 'DurationPicker_DurationPicker' from project 'DurationPicker')
CopyStringsFile /Users/admin/builder/spi-builder-workspace/.derivedData/Build/Products/Debug-appletvos/DurationPicker_DurationPicker.bundle/ja.lproj/Localizable.strings /Users/admin/builder/spi-builder-workspace/.derivedData/Build/Intermediates.noindex/DurationPicker.build/Debug-appletvos/DurationPicker_DurationPicker-b.build/ja.lproj/Localizable.strings (in target 'DurationPicker_DurationPicker' from project 'DurationPicker')
cd /Users/admin/builder/spi-builder-workspace
builtin-copyStrings --validate --outputencoding binary --outfilename Localizable.strings --outdir /Users/admin/builder/spi-builder-workspace/.derivedData/Build/Products/Debug-appletvos/DurationPicker_DurationPicker.bundle/ja.lproj -- /Users/admin/builder/spi-builder-workspace/.derivedData/Build/Intermediates.noindex/DurationPicker.build/Debug-appletvos/DurationPicker_DurationPicker-b.build/ja.lproj/Localizable.strings
/Users/admin/builder/spi-builder-workspace/.derivedData/Build/Intermediates.noindex/DurationPicker.build/Debug-appletvos/DurationPicker_DurationPicker-b.build/ja.lproj/Localizable.strings:1:1: note: detected encoding of input file as Unicode (UTF-8) (in target 'DurationPicker_DurationPicker' from project 'DurationPicker')
CopyStringsFile /Users/admin/builder/spi-builder-workspace/.derivedData/Build/Products/Debug-appletvos/DurationPicker_DurationPicker.bundle/it.lproj/Localizable.strings /Users/admin/builder/spi-builder-workspace/.derivedData/Build/Intermediates.noindex/DurationPicker.build/Debug-appletvos/DurationPicker_DurationPicker-b.build/it.lproj/Localizable.strings (in target 'DurationPicker_DurationPicker' from project 'DurationPicker')
cd /Users/admin/builder/spi-builder-workspace
builtin-copyStrings --validate --outputencoding binary --outfilename Localizable.strings --outdir /Users/admin/builder/spi-builder-workspace/.derivedData/Build/Products/Debug-appletvos/DurationPicker_DurationPicker.bundle/it.lproj -- /Users/admin/builder/spi-builder-workspace/.derivedData/Build/Intermediates.noindex/DurationPicker.build/Debug-appletvos/DurationPicker_DurationPicker-b.build/it.lproj/Localizable.strings
/Users/admin/builder/spi-builder-workspace/.derivedData/Build/Intermediates.noindex/DurationPicker.build/Debug-appletvos/DurationPicker_DurationPicker-b.build/it.lproj/Localizable.strings:1:1: note: detected encoding of input file as Unicode (UTF-8) (in target 'DurationPicker_DurationPicker' from project 'DurationPicker')
CopyStringsFile /Users/admin/builder/spi-builder-workspace/.derivedData/Build/Products/Debug-appletvos/DurationPicker_DurationPicker.bundle/hu.lproj/Localizable.strings /Users/admin/builder/spi-builder-workspace/.derivedData/Build/Intermediates.noindex/DurationPicker.build/Debug-appletvos/DurationPicker_DurationPicker-b.build/hu.lproj/Localizable.strings (in target 'DurationPicker_DurationPicker' from project 'DurationPicker')
cd /Users/admin/builder/spi-builder-workspace
builtin-copyStrings --validate --outputencoding binary --outfilename Localizable.strings --outdir /Users/admin/builder/spi-builder-workspace/.derivedData/Build/Products/Debug-appletvos/DurationPicker_DurationPicker.bundle/hu.lproj -- /Users/admin/builder/spi-builder-workspace/.derivedData/Build/Intermediates.noindex/DurationPicker.build/Debug-appletvos/DurationPicker_DurationPicker-b.build/hu.lproj/Localizable.strings
/Users/admin/builder/spi-builder-workspace/.derivedData/Build/Intermediates.noindex/DurationPicker.build/Debug-appletvos/DurationPicker_DurationPicker-b.build/hu.lproj/Localizable.strings:1:1: note: detected encoding of input file as Unicode (UTF-8) (in target 'DurationPicker_DurationPicker' from project 'DurationPicker')
CopyStringsFile /Users/admin/builder/spi-builder-workspace/.derivedData/Build/Products/Debug-appletvos/DurationPicker_DurationPicker.bundle/hr.lproj/Localizable.strings /Users/admin/builder/spi-builder-workspace/.derivedData/Build/Intermediates.noindex/DurationPicker.build/Debug-appletvos/DurationPicker_DurationPicker-b.build/hr.lproj/Localizable.strings (in target 'DurationPicker_DurationPicker' from project 'DurationPicker')
cd /Users/admin/builder/spi-builder-workspace
builtin-copyStrings --validate --outputencoding binary --outfilename Localizable.strings --outdir /Users/admin/builder/spi-builder-workspace/.derivedData/Build/Products/Debug-appletvos/DurationPicker_DurationPicker.bundle/hr.lproj -- /Users/admin/builder/spi-builder-workspace/.derivedData/Build/Intermediates.noindex/DurationPicker.build/Debug-appletvos/DurationPicker_DurationPicker-b.build/hr.lproj/Localizable.strings
/Users/admin/builder/spi-builder-workspace/.derivedData/Build/Intermediates.noindex/DurationPicker.build/Debug-appletvos/DurationPicker_DurationPicker-b.build/hr.lproj/Localizable.strings:1:1: note: detected encoding of input file as Unicode (UTF-8) (in target 'DurationPicker_DurationPicker' from project 'DurationPicker')
CopyStringsFile /Users/admin/builder/spi-builder-workspace/.derivedData/Build/Products/Debug-appletvos/DurationPicker_DurationPicker.bundle/fi.lproj/Localizable.strings /Users/admin/builder/spi-builder-workspace/.derivedData/Build/Intermediates.noindex/DurationPicker.build/Debug-appletvos/DurationPicker_DurationPicker-b.build/fi.lproj/Localizable.strings (in target 'DurationPicker_DurationPicker' from project 'DurationPicker')
cd /Users/admin/builder/spi-builder-workspace
builtin-copyStrings --validate --outputencoding binary --outfilename Localizable.strings --outdir /Users/admin/builder/spi-builder-workspace/.derivedData/Build/Products/Debug-appletvos/DurationPicker_DurationPicker.bundle/fi.lproj -- /Users/admin/builder/spi-builder-workspace/.derivedData/Build/Intermediates.noindex/DurationPicker.build/Debug-appletvos/DurationPicker_DurationPicker-b.build/fi.lproj/Localizable.strings
/Users/admin/builder/spi-builder-workspace/.derivedData/Build/Intermediates.noindex/DurationPicker.build/Debug-appletvos/DurationPicker_DurationPicker-b.build/fi.lproj/Localizable.strings:1:1: note: detected encoding of input file as Unicode (UTF-8) (in target 'DurationPicker_DurationPicker' from project 'DurationPicker')
CopyStringsFile /Users/admin/builder/spi-builder-workspace/.derivedData/Build/Products/Debug-appletvos/DurationPicker_DurationPicker.bundle/fr.lproj/Localizable.strings /Users/admin/builder/spi-builder-workspace/.derivedData/Build/Intermediates.noindex/DurationPicker.build/Debug-appletvos/DurationPicker_DurationPicker-b.build/fr.lproj/Localizable.strings (in target 'DurationPicker_DurationPicker' from project 'DurationPicker')
cd /Users/admin/builder/spi-builder-workspace
builtin-copyStrings --validate --outputencoding binary --outfilename Localizable.strings --outdir /Users/admin/builder/spi-builder-workspace/.derivedData/Build/Products/Debug-appletvos/DurationPicker_DurationPicker.bundle/fr.lproj -- /Users/admin/builder/spi-builder-workspace/.derivedData/Build/Intermediates.noindex/DurationPicker.build/Debug-appletvos/DurationPicker_DurationPicker-b.build/fr.lproj/Localizable.strings
/Users/admin/builder/spi-builder-workspace/.derivedData/Build/Intermediates.noindex/DurationPicker.build/Debug-appletvos/DurationPicker_DurationPicker-b.build/fr.lproj/Localizable.strings:1:1: note: detected encoding of input file as Unicode (UTF-8) (in target 'DurationPicker_DurationPicker' from project 'DurationPicker')
CopyStringsFile /Users/admin/builder/spi-builder-workspace/.derivedData/Build/Products/Debug-appletvos/DurationPicker_DurationPicker.bundle/id.lproj/Localizable.strings /Users/admin/builder/spi-builder-workspace/.derivedData/Build/Intermediates.noindex/DurationPicker.build/Debug-appletvos/DurationPicker_DurationPicker-b.build/id.lproj/Localizable.strings (in target 'DurationPicker_DurationPicker' from project 'DurationPicker')
cd /Users/admin/builder/spi-builder-workspace
builtin-copyStrings --validate --outputencoding binary --outfilename Localizable.strings --outdir /Users/admin/builder/spi-builder-workspace/.derivedData/Build/Products/Debug-appletvos/DurationPicker_DurationPicker.bundle/id.lproj -- /Users/admin/builder/spi-builder-workspace/.derivedData/Build/Intermediates.noindex/DurationPicker.build/Debug-appletvos/DurationPicker_DurationPicker-b.build/id.lproj/Localizable.strings
/Users/admin/builder/spi-builder-workspace/.derivedData/Build/Intermediates.noindex/DurationPicker.build/Debug-appletvos/DurationPicker_DurationPicker-b.build/id.lproj/Localizable.strings:1:1: note: detected encoding of input file as Unicode (UTF-8) (in target 'DurationPicker_DurationPicker' from project 'DurationPicker')
CopyStringsFile /Users/admin/builder/spi-builder-workspace/.derivedData/Build/Products/Debug-appletvos/DurationPicker_DurationPicker.bundle/hi.lproj/Localizable.strings /Users/admin/builder/spi-builder-workspace/.derivedData/Build/Intermediates.noindex/DurationPicker.build/Debug-appletvos/DurationPicker_DurationPicker-b.build/hi.lproj/Localizable.strings (in target 'DurationPicker_DurationPicker' from project 'DurationPicker')
cd /Users/admin/builder/spi-builder-workspace
builtin-copyStrings --validate --outputencoding binary --outfilename Localizable.strings --outdir /Users/admin/builder/spi-builder-workspace/.derivedData/Build/Products/Debug-appletvos/DurationPicker_DurationPicker.bundle/hi.lproj -- /Users/admin/builder/spi-builder-workspace/.derivedData/Build/Intermediates.noindex/DurationPicker.build/Debug-appletvos/DurationPicker_DurationPicker-b.build/hi.lproj/Localizable.strings
/Users/admin/builder/spi-builder-workspace/.derivedData/Build/Intermediates.noindex/DurationPicker.build/Debug-appletvos/DurationPicker_DurationPicker-b.build/hi.lproj/Localizable.strings:1:1: note: detected encoding of input file as Unicode (UTF-8) (in target 'DurationPicker_DurationPicker' from project 'DurationPicker')
CopyStringsFile /Users/admin/builder/spi-builder-workspace/.derivedData/Build/Products/Debug-appletvos/DurationPicker_DurationPicker.bundle/fr-CA.lproj/Localizable.strings /Users/admin/builder/spi-builder-workspace/.derivedData/Build/Intermediates.noindex/DurationPicker.build/Debug-appletvos/DurationPicker_DurationPicker-b.build/fr-CA.lproj/Localizable.strings (in target 'DurationPicker_DurationPicker' from project 'DurationPicker')
cd /Users/admin/builder/spi-builder-workspace
builtin-copyStrings --validate --outputencoding binary --outfilename Localizable.strings --outdir /Users/admin/builder/spi-builder-workspace/.derivedData/Build/Products/Debug-appletvos/DurationPicker_DurationPicker.bundle/fr-CA.lproj -- /Users/admin/builder/spi-builder-workspace/.derivedData/Build/Intermediates.noindex/DurationPicker.build/Debug-appletvos/DurationPicker_DurationPicker-b.build/fr-CA.lproj/Localizable.strings
/Users/admin/builder/spi-builder-workspace/.derivedData/Build/Intermediates.noindex/DurationPicker.build/Debug-appletvos/DurationPicker_DurationPicker-b.build/fr-CA.lproj/Localizable.strings:1:1: note: detected encoding of input file as Unicode (UTF-8) (in target 'DurationPicker_DurationPicker' from project 'DurationPicker')
CopyStringsFile /Users/admin/builder/spi-builder-workspace/.derivedData/Build/Products/Debug-appletvos/DurationPicker_DurationPicker.bundle/es.lproj/Localizable.strings /Users/admin/builder/spi-builder-workspace/.derivedData/Build/Intermediates.noindex/DurationPicker.build/Debug-appletvos/DurationPicker_DurationPicker-b.build/es.lproj/Localizable.strings (in target 'DurationPicker_DurationPicker' from project 'DurationPicker')
cd /Users/admin/builder/spi-builder-workspace
builtin-copyStrings --validate --outputencoding binary --outfilename Localizable.strings --outdir /Users/admin/builder/spi-builder-workspace/.derivedData/Build/Products/Debug-appletvos/DurationPicker_DurationPicker.bundle/es.lproj -- /Users/admin/builder/spi-builder-workspace/.derivedData/Build/Intermediates.noindex/DurationPicker.build/Debug-appletvos/DurationPicker_DurationPicker-b.build/es.lproj/Localizable.strings
/Users/admin/builder/spi-builder-workspace/.derivedData/Build/Intermediates.noindex/DurationPicker.build/Debug-appletvos/DurationPicker_DurationPicker-b.build/es.lproj/Localizable.strings:1:1: note: detected encoding of input file as Unicode (UTF-8) (in target 'DurationPicker_DurationPicker' from project 'DurationPicker')
CopyStringsFile /Users/admin/builder/spi-builder-workspace/.derivedData/Build/Products/Debug-appletvos/DurationPicker_DurationPicker.bundle/es-419.lproj/Localizable.strings /Users/admin/builder/spi-builder-workspace/.derivedData/Build/Intermediates.noindex/DurationPicker.build/Debug-appletvos/DurationPicker_DurationPicker-b.build/es-419.lproj/Localizable.strings (in target 'DurationPicker_DurationPicker' from project 'DurationPicker')
cd /Users/admin/builder/spi-builder-workspace
builtin-copyStrings --validate --outputencoding binary --outfilename Localizable.strings --outdir /Users/admin/builder/spi-builder-workspace/.derivedData/Build/Products/Debug-appletvos/DurationPicker_DurationPicker.bundle/es-419.lproj -- /Users/admin/builder/spi-builder-workspace/.derivedData/Build/Intermediates.noindex/DurationPicker.build/Debug-appletvos/DurationPicker_DurationPicker-b.build/es-419.lproj/Localizable.strings
/Users/admin/builder/spi-builder-workspace/.derivedData/Build/Intermediates.noindex/DurationPicker.build/Debug-appletvos/DurationPicker_DurationPicker-b.build/es-419.lproj/Localizable.strings:1:1: note: detected encoding of input file as Unicode (UTF-8) (in target 'DurationPicker_DurationPicker' from project 'DurationPicker')
CopyStringsFile /Users/admin/builder/spi-builder-workspace/.derivedData/Build/Products/Debug-appletvos/DurationPicker_DurationPicker.bundle/en.lproj/Localizable.strings /Users/admin/builder/spi-builder-workspace/.derivedData/Build/Intermediates.noindex/DurationPicker.build/Debug-appletvos/DurationPicker_DurationPicker-b.build/en.lproj/Localizable.strings (in target 'DurationPicker_DurationPicker' from project 'DurationPicker')
cd /Users/admin/builder/spi-builder-workspace
builtin-copyStrings --validate --outputencoding binary --outfilename Localizable.strings --outdir /Users/admin/builder/spi-builder-workspace/.derivedData/Build/Products/Debug-appletvos/DurationPicker_DurationPicker.bundle/en.lproj -- /Users/admin/builder/spi-builder-workspace/.derivedData/Build/Intermediates.noindex/DurationPicker.build/Debug-appletvos/DurationPicker_DurationPicker-b.build/en.lproj/Localizable.strings
/Users/admin/builder/spi-builder-workspace/.derivedData/Build/Intermediates.noindex/DurationPicker.build/Debug-appletvos/DurationPicker_DurationPicker-b.build/en.lproj/Localizable.strings:1:1: note: detected encoding of input file as Unicode (UTF-8) (in target 'DurationPicker_DurationPicker' from project 'DurationPicker')
CopyStringsFile /Users/admin/builder/spi-builder-workspace/.derivedData/Build/Products/Debug-appletvos/DurationPicker_DurationPicker.bundle/en-IN.lproj/Localizable.strings /Users/admin/builder/spi-builder-workspace/.derivedData/Build/Intermediates.noindex/DurationPicker.build/Debug-appletvos/DurationPicker_DurationPicker-b.build/en-IN.lproj/Localizable.strings (in target 'DurationPicker_DurationPicker' from project 'DurationPicker')
cd /Users/admin/builder/spi-builder-workspace
builtin-copyStrings --validate --outputencoding binary --outfilename Localizable.strings --outdir /Users/admin/builder/spi-builder-workspace/.derivedData/Build/Products/Debug-appletvos/DurationPicker_DurationPicker.bundle/en-IN.lproj -- /Users/admin/builder/spi-builder-workspace/.derivedData/Build/Intermediates.noindex/DurationPicker.build/Debug-appletvos/DurationPicker_DurationPicker-b.build/en-IN.lproj/Localizable.strings
/Users/admin/builder/spi-builder-workspace/.derivedData/Build/Intermediates.noindex/DurationPicker.build/Debug-appletvos/DurationPicker_DurationPicker-b.build/en-IN.lproj/Localizable.strings:1:1: note: detected encoding of input file as Unicode (UTF-8) (in target 'DurationPicker_DurationPicker' from project 'DurationPicker')
CopyStringsFile /Users/admin/builder/spi-builder-workspace/.derivedData/Build/Products/Debug-appletvos/DurationPicker_DurationPicker.bundle/en-AU.lproj/Localizable.strings /Users/admin/builder/spi-builder-workspace/.derivedData/Build/Intermediates.noindex/DurationPicker.build/Debug-appletvos/DurationPicker_DurationPicker-b.build/en-AU.lproj/Localizable.strings (in target 'DurationPicker_DurationPicker' from project 'DurationPicker')
cd /Users/admin/builder/spi-builder-workspace
builtin-copyStrings --validate --outputencoding binary --outfilename Localizable.strings --outdir /Users/admin/builder/spi-builder-workspace/.derivedData/Build/Products/Debug-appletvos/DurationPicker_DurationPicker.bundle/en-AU.lproj -- /Users/admin/builder/spi-builder-workspace/.derivedData/Build/Intermediates.noindex/DurationPicker.build/Debug-appletvos/DurationPicker_DurationPicker-b.build/en-AU.lproj/Localizable.strings
/Users/admin/builder/spi-builder-workspace/.derivedData/Build/Intermediates.noindex/DurationPicker.build/Debug-appletvos/DurationPicker_DurationPicker-b.build/en-AU.lproj/Localizable.strings:1:1: note: detected encoding of input file as Unicode (UTF-8) (in target 'DurationPicker_DurationPicker' from project 'DurationPicker')
CopyStringsFile /Users/admin/builder/spi-builder-workspace/.derivedData/Build/Products/Debug-appletvos/DurationPicker_DurationPicker.bundle/en-GB.lproj/Localizable.strings /Users/admin/builder/spi-builder-workspace/.derivedData/Build/Intermediates.noindex/DurationPicker.build/Debug-appletvos/DurationPicker_DurationPicker-b.build/en-GB.lproj/Localizable.strings (in target 'DurationPicker_DurationPicker' from project 'DurationPicker')
cd /Users/admin/builder/spi-builder-workspace
builtin-copyStrings --validate --outputencoding binary --outfilename Localizable.strings --outdir /Users/admin/builder/spi-builder-workspace/.derivedData/Build/Products/Debug-appletvos/DurationPicker_DurationPicker.bundle/en-GB.lproj -- /Users/admin/builder/spi-builder-workspace/.derivedData/Build/Intermediates.noindex/DurationPicker.build/Debug-appletvos/DurationPicker_DurationPicker-b.build/en-GB.lproj/Localizable.strings
/Users/admin/builder/spi-builder-workspace/.derivedData/Build/Intermediates.noindex/DurationPicker.build/Debug-appletvos/DurationPicker_DurationPicker-b.build/en-GB.lproj/Localizable.strings:1:1: note: detected encoding of input file as Unicode (UTF-8) (in target 'DurationPicker_DurationPicker' from project 'DurationPicker')
CopyStringsFile /Users/admin/builder/spi-builder-workspace/.derivedData/Build/Products/Debug-appletvos/DurationPicker_DurationPicker.bundle/el.lproj/Localizable.strings /Users/admin/builder/spi-builder-workspace/.derivedData/Build/Intermediates.noindex/DurationPicker.build/Debug-appletvos/DurationPicker_DurationPicker-b.build/el.lproj/Localizable.strings (in target 'DurationPicker_DurationPicker' from project 'DurationPicker')
cd /Users/admin/builder/spi-builder-workspace
builtin-copyStrings --validate --outputencoding binary --outfilename Localizable.strings --outdir /Users/admin/builder/spi-builder-workspace/.derivedData/Build/Products/Debug-appletvos/DurationPicker_DurationPicker.bundle/el.lproj -- /Users/admin/builder/spi-builder-workspace/.derivedData/Build/Intermediates.noindex/DurationPicker.build/Debug-appletvos/DurationPicker_DurationPicker-b.build/el.lproj/Localizable.strings
/Users/admin/builder/spi-builder-workspace/.derivedData/Build/Intermediates.noindex/DurationPicker.build/Debug-appletvos/DurationPicker_DurationPicker-b.build/el.lproj/Localizable.strings:1:1: note: detected encoding of input file as Unicode (UTF-8) (in target 'DurationPicker_DurationPicker' from project 'DurationPicker')
CopyStringsFile /Users/admin/builder/spi-builder-workspace/.derivedData/Build/Products/Debug-appletvos/DurationPicker_DurationPicker.bundle/de.lproj/Localizable.strings /Users/admin/builder/spi-builder-workspace/.derivedData/Build/Intermediates.noindex/DurationPicker.build/Debug-appletvos/DurationPicker_DurationPicker-b.build/de.lproj/Localizable.strings (in target 'DurationPicker_DurationPicker' from project 'DurationPicker')
cd /Users/admin/builder/spi-builder-workspace
builtin-copyStrings --validate --outputencoding binary --outfilename Localizable.strings --outdir /Users/admin/builder/spi-builder-workspace/.derivedData/Build/Products/Debug-appletvos/DurationPicker_DurationPicker.bundle/de.lproj -- /Users/admin/builder/spi-builder-workspace/.derivedData/Build/Intermediates.noindex/DurationPicker.build/Debug-appletvos/DurationPicker_DurationPicker-b.build/de.lproj/Localizable.strings
/Users/admin/builder/spi-builder-workspace/.derivedData/Build/Intermediates.noindex/DurationPicker.build/Debug-appletvos/DurationPicker_DurationPicker-b.build/de.lproj/Localizable.strings:1:1: note: detected encoding of input file as Unicode (UTF-8) (in target 'DurationPicker_DurationPicker' from project 'DurationPicker')
CopyStringsFile /Users/admin/builder/spi-builder-workspace/.derivedData/Build/Products/Debug-appletvos/DurationPicker_DurationPicker.bundle/da.lproj/Localizable.strings /Users/admin/builder/spi-builder-workspace/.derivedData/Build/Intermediates.noindex/DurationPicker.build/Debug-appletvos/DurationPicker_DurationPicker-b.build/da.lproj/Localizable.strings (in target 'DurationPicker_DurationPicker' from project 'DurationPicker')
cd /Users/admin/builder/spi-builder-workspace
builtin-copyStrings --validate --outputencoding binary --outfilename Localizable.strings --outdir /Users/admin/builder/spi-builder-workspace/.derivedData/Build/Products/Debug-appletvos/DurationPicker_DurationPicker.bundle/da.lproj -- /Users/admin/builder/spi-builder-workspace/.derivedData/Build/Intermediates.noindex/DurationPicker.build/Debug-appletvos/DurationPicker_DurationPicker-b.build/da.lproj/Localizable.strings
/Users/admin/builder/spi-builder-workspace/.derivedData/Build/Intermediates.noindex/DurationPicker.build/Debug-appletvos/DurationPicker_DurationPicker-b.build/da.lproj/Localizable.strings:1:1: note: detected encoding of input file as Unicode (UTF-8) (in target 'DurationPicker_DurationPicker' from project 'DurationPicker')
CopyStringsFile /Users/admin/builder/spi-builder-workspace/.derivedData/Build/Products/Debug-appletvos/DurationPicker_DurationPicker.bundle/cs.lproj/Localizable.strings /Users/admin/builder/spi-builder-workspace/.derivedData/Build/Intermediates.noindex/DurationPicker.build/Debug-appletvos/DurationPicker_DurationPicker-b.build/cs.lproj/Localizable.strings (in target 'DurationPicker_DurationPicker' from project 'DurationPicker')
cd /Users/admin/builder/spi-builder-workspace
builtin-copyStrings --validate --outputencoding binary --outfilename Localizable.strings --outdir /Users/admin/builder/spi-builder-workspace/.derivedData/Build/Products/Debug-appletvos/DurationPicker_DurationPicker.bundle/cs.lproj -- /Users/admin/builder/spi-builder-workspace/.derivedData/Build/Intermediates.noindex/DurationPicker.build/Debug-appletvos/DurationPicker_DurationPicker-b.build/cs.lproj/Localizable.strings
/Users/admin/builder/spi-builder-workspace/.derivedData/Build/Intermediates.noindex/DurationPicker.build/Debug-appletvos/DurationPicker_DurationPicker-b.build/cs.lproj/Localizable.strings:1:1: note: detected encoding of input file as Unicode (UTF-8) (in target 'DurationPicker_DurationPicker' from project 'DurationPicker')
CopyStringsFile /Users/admin/builder/spi-builder-workspace/.derivedData/Build/Products/Debug-appletvos/DurationPicker_DurationPicker.bundle/ca.lproj/Localizable.strings /Users/admin/builder/spi-builder-workspace/.derivedData/Build/Intermediates.noindex/DurationPicker.build/Debug-appletvos/DurationPicker_DurationPicker-b.build/ca.lproj/Localizable.strings (in target 'DurationPicker_DurationPicker' from project 'DurationPicker')
cd /Users/admin/builder/spi-builder-workspace
builtin-copyStrings --validate --outputencoding binary --outfilename Localizable.strings --outdir /Users/admin/builder/spi-builder-workspace/.derivedData/Build/Products/Debug-appletvos/DurationPicker_DurationPicker.bundle/ca.lproj -- /Users/admin/builder/spi-builder-workspace/.derivedData/Build/Intermediates.noindex/DurationPicker.build/Debug-appletvos/DurationPicker_DurationPicker-b.build/ca.lproj/Localizable.strings
/Users/admin/builder/spi-builder-workspace/.derivedData/Build/Intermediates.noindex/DurationPicker.build/Debug-appletvos/DurationPicker_DurationPicker-b.build/ca.lproj/Localizable.strings:1:1: note: detected encoding of input file as Unicode (UTF-8) (in target 'DurationPicker_DurationPicker' from project 'DurationPicker')
RegisterExecutionPolicyException /Users/admin/builder/spi-builder-workspace/.derivedData/Build/Products/Debug-appletvos/DurationPicker_DurationPicker.bundle (in target 'DurationPicker_DurationPicker' from project 'DurationPicker')
cd /Users/admin/builder/spi-builder-workspace
builtin-RegisterExecutionPolicyException /Users/admin/builder/spi-builder-workspace/.derivedData/Build/Products/Debug-appletvos/DurationPicker_DurationPicker.bundle
Touch /Users/admin/builder/spi-builder-workspace/.derivedData/Build/Products/Debug-appletvos/DurationPicker_DurationPicker.bundle (in target 'DurationPicker_DurationPicker' from project 'DurationPicker')
cd /Users/admin/builder/spi-builder-workspace
/usr/bin/touch -c /Users/admin/builder/spi-builder-workspace/.derivedData/Build/Products/Debug-appletvos/DurationPicker_DurationPicker.bundle
SwiftDriver DurationPicker normal arm64 com.apple.xcode.tools.swift.compiler (in target 'DurationPicker' from project 'DurationPicker')
cd /Users/admin/builder/spi-builder-workspace/.swiftpm/xcode
builtin-SwiftDriver -- /Applications/Xcode-27.0.0-Release.Candidate.app/Contents/Developer/Toolchains/XcodeDefault.xctoolchain/usr/bin/swiftc -parse-as-library -module-name DurationPicker -Onone @/Users/admin/builder/spi-builder-workspace/.derivedData/Build/Intermediates.noindex/DurationPicker.build/Debug-appletvos/DurationPicker-t.build/Objects-normal/arm64/DurationPicker.SwiftFileList -DSWIFT_PACKAGE -DDEBUG -DSWIFT_MODULE_RESOURCE_BUNDLE_AVAILABLE -DXcode -plugin-path /Applications/Xcode-27.0.0-Release.Candidate.app/Contents/Developer/Toolchains/XcodeDefault.xctoolchain/usr/lib/swift/host/plugins/testing -enable-experimental-feature DebugDescriptionMacro -sdk /Applications/Xcode-27.0.0-Release.Candidate.app/Contents/Developer/Platforms/AppleTVOS.platform/Developer/SDKs/AppleTVOS27.0.sdk -target arm64-apple-tvos15.0 -g -module-cache-path /Users/admin/builder/spi-builder-workspace/.derivedData/ModuleCache.noindex -Xfrontend -serialize-debugging-options -profile-coverage-mapping -profile-generate -enable-testing -index-store-path /Users/admin/builder/spi-builder-workspace/.derivedData/Index.noindex/DataStore -Xcc -D_LIBCPP_HARDENING_MODE\=_LIBCPP_HARDENING_MODE_DEBUG -swift-version 5 -I /Users/admin/builder/spi-builder-workspace/.derivedData/Build/Products/Debug-appletvos -Isystem /Applications/Xcode-27.0.0-Release.Candidate.app/Contents/Developer/Platforms/AppleTVOS.platform/Developer/usr/lib -F /Users/admin/builder/spi-builder-workspace/.derivedData/Build/Products/Debug-appletvos -F /Applications/Xcode-27.0.0-Release.Candidate.app/Contents/Developer/Platforms/AppleTVOS.platform/Developer/Library/Frameworks -F /Applications/Xcode-27.0.0-Release.Candidate.app/Contents/Developer/Platforms/AppleTVOS.platform/Developer/SDKs/AppleTVOS27.0.sdk/Developer/Library/Frameworks -emit-localized-strings -emit-localized-strings-path /Users/admin/builder/spi-builder-workspace/.derivedData/Build/Intermediates.noindex/DurationPicker.build/Debug-appletvos/DurationPicker-t.build/Objects-normal/arm64 -c -j10 -enable-batch-mode -incremental -Xcc -ivfsstatcache -Xcc /Users/admin/builder/spi-builder-workspace/.derivedData/SDKStatCaches.noindex/appletvos27.0-24J360-e829b21a6f8c9b70876ba0858053c044b32bfd8d43560033f8d89884cdb90028.sdkstatcache -output-file-map /Users/admin/builder/spi-builder-workspace/.derivedData/Build/Intermediates.noindex/DurationPicker.build/Debug-appletvos/DurationPicker-t.build/Objects-normal/arm64/DurationPicker-OutputFileMap.json -save-temps -no-color-diagnostics -explicit-module-build -module-cache-path /Users/admin/builder/spi-builder-workspace/.derivedData/Build/Intermediates.noindex/SwiftExplicitPrecompiledModules -clang-scanner-module-cache-path /Users/admin/builder/spi-builder-workspace/.derivedData/ModuleCache.noindex -sdk-module-cache-path /Users/admin/builder/spi-builder-workspace/.derivedData/SDKExplicitPrecompiledModules -emit-dependencies -emit-module -emit-module-path /Users/admin/builder/spi-builder-workspace/.derivedData/Build/Intermediates.noindex/DurationPicker.build/Debug-appletvos/DurationPicker-t.build/Objects-normal/arm64/DurationPicker.swiftmodule -serialize-diagnostics -dependency-scan-serialize-diagnostics-path /Users/admin/builder/spi-builder-workspace/.derivedData/Build/Intermediates.noindex/DurationPicker.build/Debug-appletvos/DurationPicker-t.build/Objects-normal/arm64/DurationPicker-dependency-scan.dia -validate-clang-modules-once -clang-build-session-file /Users/admin/builder/spi-builder-workspace/.derivedData/ModuleCache.noindex/Session.modulevalidation -Xcc -fmodules-prune-interval\=86400 -Xcc -fmodules-prune-after\=345600 -package-name spi_builder_workspace -emit-const-values -const-gather-protocols-list /Users/admin/builder/spi-builder-workspace/.derivedData/Build/Intermediates.noindex/DurationPicker.build/Debug-appletvos/DurationPicker-t.build/Objects-normal/arm64/DurationPicker_const_extract_protocols.json -Xcc -I/Users/admin/builder/spi-builder-workspace/.derivedData/Build/Products/Debug-appletvos/include -Xcc -I/Users/admin/builder/spi-builder-workspace/.derivedData/Build/Intermediates.noindex/DurationPicker.build/Debug-appletvos/DurationPicker-t.build/DerivedSources-normal/arm64 -Xcc -I/Users/admin/builder/spi-builder-workspace/.derivedData/Build/Intermediates.noindex/DurationPicker.build/Debug-appletvos/DurationPicker-t.build/DerivedSources/arm64 -Xcc -I/Users/admin/builder/spi-builder-workspace/.derivedData/Build/Intermediates.noindex/DurationPicker.build/Debug-appletvos/DurationPicker-t.build/DerivedSources -Xcc -DSWIFT_PACKAGE -Xcc -DDEBUG\=1 -emit-objc-header -emit-objc-header-path /Users/admin/builder/spi-builder-workspace/.derivedData/Build/Intermediates.noindex/DurationPicker.build/Debug-appletvos/DurationPicker-t.build/Objects-normal/arm64/DurationPicker-Swift.h -working-directory /Users/admin/builder/spi-builder-workspace/.swiftpm/xcode -experimental-emit-module-separately -disable-cmo
SwiftExplicitDependencyGeneratePcm arm64 /Users/admin/builder/spi-builder-workspace/.derivedData/SDKExplicitPrecompiledModules/ptrauth-8X2KEPL7CTRPS40TUB9APHPK6.pcm
SwiftExplicitDependencyGeneratePcm arm64 /Users/admin/builder/spi-builder-workspace/.derivedData/SDKExplicitPrecompiledModules/_Builtin_stddef-9ZJZ6FDEZNKTZU8YLPMFT9RAQ.pcm
SwiftExplicitDependencyGeneratePcm arm64 /Users/admin/builder/spi-builder-workspace/.derivedData/SDKExplicitPrecompiledModules/ptrcheck-2AZ6B5IBYD3RRRTFWN2ONASY3.pcm
SwiftExplicitDependencyGeneratePcm arm64 /Users/admin/builder/spi-builder-workspace/.derivedData/SDKExplicitPrecompiledModules/_Builtin_stdarg-BO2OCAUYVAXDRVQWQ8ISKGNUQ.pcm
SwiftExplicitDependencyGeneratePcm arm64 /Users/admin/builder/spi-builder-workspace/.derivedData/SDKExplicitPrecompiledModules/_AvailabilityInternal-BV2EDDP0MI5QJDDPEEV4D9D3V.pcm
SwiftExplicitDependencyGeneratePcm arm64 /Users/admin/builder/spi-builder-workspace/.derivedData/SDKExplicitPrecompiledModules/_SwiftConcurrencyShims-BY5PD8KF1L5KF6F4Q69HE3TJ4.pcm
SwiftExplicitDependencyGeneratePcm arm64 /Users/admin/builder/spi-builder-workspace/.derivedData/SDKExplicitPrecompiledModules/_Builtin_float-8ZJAYZ85YBOAOP52Y9H6IUNP3.pcm
SwiftExplicitDependencyGeneratePcm arm64 /Users/admin/builder/spi-builder-workspace/.derivedData/SDKExplicitPrecompiledModules/DeveloperToolsSupport-B1X8RI63V48AJRTH2RK6JAARV.pcm
SwiftExplicitDependencyGeneratePcm arm64 /Users/admin/builder/spi-builder-workspace/.derivedData/SDKExplicitPrecompiledModules/SwiftShims-8N4EXJ4RUJTR8K9OO3CMOH1EP.pcm
SwiftExplicitDependencyGeneratePcm arm64 /Users/admin/builder/spi-builder-workspace/.derivedData/SDKExplicitPrecompiledModules/_Builtin_stdbool-AHRDH5EKLY6D04C5E42F3VCQI.pcm
SwiftExplicitDependencyGeneratePcm arm64 /Users/admin/builder/spi-builder-workspace/.derivedData/SDKExplicitPrecompiledModules/_DarwinFoundation1-JOTYMOA1YZCIJ2NON6FQ848O.pcm
SwiftExplicitDependencyGeneratePcm arm64 /Users/admin/builder/spi-builder-workspace/.derivedData/SDKExplicitPrecompiledModules/_Builtin_limits-7JU2HP127LIT1X9E2V3D8WZ1.pcm
SwiftExplicitDependencyGeneratePcm arm64 /Users/admin/builder/spi-builder-workspace/.derivedData/SDKExplicitPrecompiledModules/_DarwinFoundation2-AOGAN1O02NKXRJN5V73AV3V3M.pcm
SwiftExplicitDependencyGeneratePcm arm64 /Users/admin/builder/spi-builder-workspace/.derivedData/SDKExplicitPrecompiledModules/_Builtin_tgmath-7ULT1EUHDHW4OZPSTT33H6QGE.pcm
SwiftExplicitDependencyGeneratePcm arm64 /Users/admin/builder/spi-builder-workspace/.derivedData/SDKExplicitPrecompiledModules/sys_types-8GCAV1YMG5UUGHUID3CA20TCH.pcm
SwiftExplicitDependencyGeneratePcm arm64 /Users/admin/builder/spi-builder-workspace/.derivedData/SDKExplicitPrecompiledModules/string_h-6EVHP7A717OUS5DMC78F79HWO.pcm
SwiftExplicitDependencyGeneratePcm arm64 /Users/admin/builder/spi-builder-workspace/.derivedData/SDKExplicitPrecompiledModules/_Builtin_stdint-6NFTB6IBKS143IVPGT1EKB7HO.pcm
SwiftExplicitDependencyGeneratePcm arm64 /Users/admin/builder/spi-builder-workspace/.derivedData/SDKExplicitPrecompiledModules/_DarwinFoundation3-8SR3855WDFHQPR6G9GHOI2C07.pcm
SwiftExplicitDependencyGeneratePcm arm64 /Users/admin/builder/spi-builder-workspace/.derivedData/SDKExplicitPrecompiledModules/_Builtin_intrinsics-437O2R2NID4WAQVENR63GR82C.pcm
SwiftExplicitDependencyGeneratePcm arm64 /Users/admin/builder/spi-builder-workspace/.derivedData/SDKExplicitPrecompiledModules/_Builtin_stdatomic-3YXHN678NGYM3NL9POJ2HVEIF.pcm
SwiftExplicitDependencyGeneratePcm arm64 /Users/admin/builder/spi-builder-workspace/.derivedData/SDKExplicitPrecompiledModules/_Builtin_inttypes-6X1IQ3QK9KEVKXOK9Y79EW7J3.pcm
SwiftExplicitDependencyGeneratePcm arm64 /Users/admin/builder/spi-builder-workspace/.derivedData/SDKExplicitPrecompiledModules/Darwin-DBSQAVBBPC3D2OMU5ZI2RXMST.pcm
SwiftExplicitDependencyGeneratePcm arm64 /Users/admin/builder/spi-builder-workspace/.derivedData/SDKExplicitPrecompiledModules/simd-117QUXEUT3Z7UQCUYWV2UA228.pcm
SwiftExplicitDependencyGeneratePcm arm64 /Users/admin/builder/spi-builder-workspace/.derivedData/SDKExplicitPrecompiledModules/MachO-EH3F5PJCIZG05NO51CEFSZYPW.pcm
SwiftExplicitDependencyGeneratePcm arm64 /Users/admin/builder/spi-builder-workspace/.derivedData/SDKExplicitPrecompiledModules/ObjectiveC-5250FDCE56N8508OR6XUYDKZM.pcm
SwiftExplicitDependencyGeneratePcm arm64 /Users/admin/builder/spi-builder-workspace/.derivedData/SDKExplicitPrecompiledModules/os_object-E2DGZ0SX0TULQHULZRPO6OKNW.pcm
SwiftExplicitDependencyGeneratePcm arm64 /Users/admin/builder/spi-builder-workspace/.derivedData/SDKExplicitPrecompiledModules/os_workgroup-DBUFF7811DKMX7VPBOJPGGF1U.pcm
SwiftExplicitDependencyGeneratePcm arm64 /Users/admin/builder/spi-builder-workspace/.derivedData/SDKExplicitPrecompiledModules/Dispatch-1QL58A0V50C39KVAIC6C38SHL.pcm
SwiftExplicitDependencyGeneratePcm arm64 /Users/admin/builder/spi-builder-workspace/.derivedData/SDKExplicitPrecompiledModules/Spatial-7U8NLEFXSB8BR7PJQGVMF5A4Q.pcm
SwiftExplicitDependencyGeneratePcm arm64 /Users/admin/builder/spi-builder-workspace/.derivedData/SDKExplicitPrecompiledModules/CoreFoundation-7TPJ7ENDC4L1A1ESHYI9TXS0D.pcm
SwiftExplicitDependencyGeneratePcm arm64 /Users/admin/builder/spi-builder-workspace/.derivedData/SDKExplicitPrecompiledModules/XPC-6O2DJFT3QUJ7QKTD3SNUB6PCR.pcm
SwiftExplicitDependencyGeneratePcm arm64 /Users/admin/builder/spi-builder-workspace/.derivedData/SDKExplicitPrecompiledModules/os-3GJI8H0BNAEZPQPQ1V0VVY3FY.pcm
SwiftExplicitDependencyGeneratePcm arm64 /Users/admin/builder/spi-builder-workspace/.derivedData/SDKExplicitPrecompiledModules/CoreGraphics-CWSP3J98S2658BYCVL6RP99T3.pcm
SwiftExplicitDependencyGeneratePcm arm64 /Users/admin/builder/spi-builder-workspace/.derivedData/SDKExplicitPrecompiledModules/CFNetwork-2CUR2VK9S3S3WPFXPNXNUWYGN.pcm
SwiftExplicitDependencyGeneratePcm arm64 /Users/admin/builder/spi-builder-workspace/.derivedData/SDKExplicitPrecompiledModules/Security-8VMXEKVDA3MHUH9AOTP905DID.pcm
SwiftExplicitDependencyGeneratePcm arm64 /Users/admin/builder/spi-builder-workspace/.derivedData/SDKExplicitPrecompiledModules/Foundation-BSSIP64DIGUKMAYJOG1WPQ78X.pcm
SwiftExplicitDependencyGeneratePcm arm64 /Users/admin/builder/spi-builder-workspace/.derivedData/SDKExplicitPrecompiledModules/CoreText-59NY7PABM0I4V978161FOC04A.pcm
SwiftExplicitDependencyGeneratePcm arm64 /Users/admin/builder/spi-builder-workspace/.derivedData/SDKExplicitPrecompiledModules/ImageIO-88D4CLEBD4CLWQKT78PZ6H1O8.pcm
SwiftExplicitDependencyGeneratePcm arm64 /Users/admin/builder/spi-builder-workspace/.derivedData/SDKExplicitPrecompiledModules/UniformTypeIdentifiers-95CC8U42ZA9STP5K6GP9ZVJS5.pcm
SwiftExplicitDependencyGeneratePcm arm64 /Users/admin/builder/spi-builder-workspace/.derivedData/SDKExplicitPrecompiledModules/UserNotifications-E9ZW5TH066WIJWH9080RC5NG4.pcm
SwiftExplicitDependencyGeneratePcm arm64 /Users/admin/builder/spi-builder-workspace/.derivedData/SDKExplicitPrecompiledModules/UIUtilities-6ZFJ1AK4H8IBGEBMYQBWGBYLK.pcm
SwiftExplicitDependencyGeneratePcm arm64 /Users/admin/builder/spi-builder-workspace/.derivedData/SDKExplicitPrecompiledModules/Symbols-B5AU9VM9Y7NU79RLMH13Z4IFM.pcm
SwiftExplicitDependencyGeneratePcm arm64 /Users/admin/builder/spi-builder-workspace/.derivedData/SDKExplicitPrecompiledModules/IOSurface-38FJ1CKX9FV2RD97O64Z7QB17.pcm
SwiftExplicitDependencyGeneratePcm arm64 /Users/admin/builder/spi-builder-workspace/.derivedData/SDKExplicitPrecompiledModules/CoreTransferable-7V4O8DATEQ9F7SDNTCW8YWLG3.pcm
SwiftExplicitDependencyGeneratePcm arm64 /Users/admin/builder/spi-builder-workspace/.derivedData/SDKExplicitPrecompiledModules/Accessibility-B6BODGZ4MQQTY0PBC4SHRP009.pcm
SwiftExplicitDependencyGeneratePcm arm64 /Users/admin/builder/spi-builder-workspace/.derivedData/SDKExplicitPrecompiledModules/DataDetection-37JIYZ2GWDA1L166PP1D9JKAF.pcm
SwiftExplicitDependencyGeneratePcm arm64 /Users/admin/builder/spi-builder-workspace/.derivedData/SDKExplicitPrecompiledModules/_LocationEssentials-ETSJ65FELPWR8WH8G49R1DF2E.pcm
SwiftExplicitDependencyGeneratePcm arm64 /Users/admin/builder/spi-builder-workspace/.derivedData/SDKExplicitPrecompiledModules/OSLog-7OT6HHTMY0ZFEQJ095LJZ6NLC.pcm
SwiftExplicitDependencyGeneratePcm arm64 /Users/admin/builder/spi-builder-workspace/.derivedData/SDKExplicitPrecompiledModules/CoreLocation-YVXXAOMVX0JH2KO1XTTKTY51.pcm
SwiftExplicitDependencyGeneratePcm arm64 /Users/admin/builder/spi-builder-workspace/.derivedData/SDKExplicitPrecompiledModules/Metal-2KYBS7IML1SD788M91YV7Q0CC.pcm
SwiftExplicitDependencyGeneratePcm arm64 /Users/admin/builder/spi-builder-workspace/.derivedData/SDKExplicitPrecompiledModules/OpenGLES-4NY99CNDU9WUNUYEIXSS1QFGE.pcm
SwiftExplicitDependencyGeneratePcm arm64 /Users/admin/builder/spi-builder-workspace/.derivedData/SDKExplicitPrecompiledModules/CoreVideo-DPU0PB5X0XLSVA2ETRGI6FJBM.pcm
SwiftExplicitDependencyGeneratePcm arm64 /Users/admin/builder/spi-builder-workspace/.derivedData/SDKExplicitPrecompiledModules/CoreImage-7S2AFJ8EIY3DUFYLEAX1JR1QV.pcm
SwiftExplicitDependencyGeneratePcm arm64 /Users/admin/builder/spi-builder-workspace/.derivedData/SDKExplicitPrecompiledModules/QuartzCore-DJSYAWKXFGVSAK5CQMOB3JSR.pcm
SwiftExplicitDependencyGeneratePcm arm64 /Users/admin/builder/spi-builder-workspace/.derivedData/SDKExplicitPrecompiledModules/SwiftUICore-543QU5V2NHKUFCYFJDKUJ7NYG.pcm
SwiftExplicitDependencyGeneratePcm arm64 /Users/admin/builder/spi-builder-workspace/.derivedData/SDKExplicitPrecompiledModules/UIKit-1TKWN7VC2X6N3ITMRVA2G0EB2.pcm
SwiftEmitModule normal arm64 Emitting\ module\ for\ DurationPicker (in target 'DurationPicker' from project 'DurationPicker')
/Users/admin/builder/spi-builder-workspace/Sources/DurationPicker/Internal/DurationPickerView.swift:474:33: error: 'UIPickerView' is unavailable in tvOS
472 | private static let rowHeight: CGFloat = 32
473 |
474 | func pickerView(_ pickerView: UIPickerView,
| `- error: 'UIPickerView' is unavailable in tvOS
475 | viewForRow row: Int,
476 | forComponent component: Int,
/Applications/Xcode-27.0.0-Release.Candidate.app/Contents/Developer/Platforms/AppleTVOS.platform/Developer/SDKs/AppleTVOS27.0.sdk/System/Library/Frameworks/UIKit.framework/Headers/UIPickerView.h:19:12: note: 'UIPickerView' has been explicitly marked unavailable here
17 |
18 | UIKIT_EXTERN API_AVAILABLE(ios(2.0)) API_UNAVAILABLE(tvos, watchos) NS_SWIFT_UI_ACTOR
19 | @interface UIPickerView : UIView <NSCoding>
| `- note: 'UIPickerView' has been explicitly marked unavailable here
20 |
21 | @property(nullable,nonatomic,weak) id<UIPickerViewDataSource> dataSource; // default is nil. weak reference
/Users/admin/builder/spi-builder-workspace/Sources/DurationPicker/Internal/DurationPickerView.swift:592:33: error: 'UIPickerView' is unavailable in tvOS
590 | }
591 |
592 | func pickerView(_ pickerView: UIPickerView,
| `- error: 'UIPickerView' is unavailable in tvOS
593 | didSelectRow row: Int,
594 | inComponent component: Int) {
/Applications/Xcode-27.0.0-Release.Candidate.app/Contents/Developer/Platforms/AppleTVOS.platform/Developer/SDKs/AppleTVOS27.0.sdk/System/Library/Frameworks/UIKit.framework/Headers/UIPickerView.h:19:12: note: 'UIPickerView' has been explicitly marked unavailable here
17 |
18 | UIKIT_EXTERN API_AVAILABLE(ios(2.0)) API_UNAVAILABLE(tvos, watchos) NS_SWIFT_UI_ACTOR
19 | @interface UIPickerView : UIView <NSCoding>
| `- note: 'UIPickerView' has been explicitly marked unavailable here
20 |
21 | @property(nullable,nonatomic,weak) id<UIPickerViewDataSource> dataSource; // default is nil. weak reference
/Users/admin/builder/spi-builder-workspace/Sources/DurationPicker/Internal/DurationPickerView.swift:651:33: error: 'UIPickerView' is unavailable in tvOS
649 | }
650 |
651 | func pickerView(_ pickerView: UIPickerView,
| `- error: 'UIPickerView' is unavailable in tvOS
652 | rowHeightForComponent component: Int) -> CGFloat {
653 | Self.rowHeight
/Applications/Xcode-27.0.0-Release.Candidate.app/Contents/Developer/Platforms/AppleTVOS.platform/Developer/SDKs/AppleTVOS27.0.sdk/System/Library/Frameworks/UIKit.framework/Headers/UIPickerView.h:19:12: note: 'UIPickerView' has been explicitly marked unavailable here
17 |
18 | UIKIT_EXTERN API_AVAILABLE(ios(2.0)) API_UNAVAILABLE(tvos, watchos) NS_SWIFT_UI_ACTOR
19 | @interface UIPickerView : UIView <NSCoding>
| `- note: 'UIPickerView' has been explicitly marked unavailable here
20 |
21 | @property(nullable,nonatomic,weak) id<UIPickerViewDataSource> dataSource; // default is nil. weak reference
/Users/admin/builder/spi-builder-workspace/Sources/DurationPicker/Internal/DurationPickerView.swift:656:33: error: 'UIPickerView' is unavailable in tvOS
654 | }
655 |
656 | func pickerView(_ pickerView: UIPickerView,
| `- error: 'UIPickerView' is unavailable in tvOS
657 | widthForComponent component: Int) -> CGFloat {
658 | rowWidth()
/Applications/Xcode-27.0.0-Release.Candidate.app/Contents/Developer/Platforms/AppleTVOS.platform/Developer/SDKs/AppleTVOS27.0.sdk/System/Library/Frameworks/UIKit.framework/Headers/UIPickerView.h:19:12: note: 'UIPickerView' has been explicitly marked unavailable here
17 |
18 | UIKIT_EXTERN API_AVAILABLE(ios(2.0)) API_UNAVAILABLE(tvos, watchos) NS_SWIFT_UI_ACTOR
19 | @interface UIPickerView : UIView <NSCoding>
| `- note: 'UIPickerView' has been explicitly marked unavailable here
20 |
21 | @property(nullable,nonatomic,weak) id<UIPickerViewDataSource> dataSource; // default is nil. weak reference
/Users/admin/builder/spi-builder-workspace/Sources/DurationPicker/Internal/DurationPickerView.swift:704:42: error: 'UIPickerView' is unavailable in tvOS
702 | // MARK: - UIPickerViewDataSource
703 |
704 | func numberOfComponents(in pickerView: UIPickerView) -> Int {
| `- error: 'UIPickerView' is unavailable in tvOS
705 | pickerMode.numberOfComponents
706 | }
/Applications/Xcode-27.0.0-Release.Candidate.app/Contents/Developer/Platforms/AppleTVOS.platform/Developer/SDKs/AppleTVOS27.0.sdk/System/Library/Frameworks/UIKit.framework/Headers/UIPickerView.h:19:12: note: 'UIPickerView' has been explicitly marked unavailable here
17 |
18 | UIKIT_EXTERN API_AVAILABLE(ios(2.0)) API_UNAVAILABLE(tvos, watchos) NS_SWIFT_UI_ACTOR
19 | @interface UIPickerView : UIView <NSCoding>
| `- note: 'UIPickerView' has been explicitly marked unavailable here
20 |
21 | @property(nullable,nonatomic,weak) id<UIPickerViewDataSource> dataSource; // default is nil. weak reference
/Users/admin/builder/spi-builder-workspace/Sources/DurationPicker/Internal/DurationPickerView.swift:708:33: error: 'UIPickerView' is unavailable in tvOS
706 | }
707 |
708 | func pickerView(_ pickerView: UIPickerView,
| `- error: 'UIPickerView' is unavailable in tvOS
709 | numberOfRowsInComponent component: Int) -> Int {
710 | guard let componentType = pickerMode.componentType(fromComponent: component) else {
/Applications/Xcode-27.0.0-Release.Candidate.app/Contents/Developer/Platforms/AppleTVOS.platform/Developer/SDKs/AppleTVOS27.0.sdk/System/Library/Frameworks/UIKit.framework/Headers/UIPickerView.h:19:12: note: 'UIPickerView' has been explicitly marked unavailable here
17 |
18 | UIKIT_EXTERN API_AVAILABLE(ios(2.0)) API_UNAVAILABLE(tvos, watchos) NS_SWIFT_UI_ACTOR
19 | @interface UIPickerView : UIView <NSCoding>
| `- note: 'UIPickerView' has been explicitly marked unavailable here
20 |
21 | @property(nullable,nonatomic,weak) id<UIPickerViewDataSource> dataSource; // default is nil. weak reference
/Users/admin/builder/spi-builder-workspace/Sources/DurationPicker/Internal/DurationPickerView.swift:725:33: error: 'UIPickerView' is unavailable in tvOS
723 | // MARK: - UIPickerViewAccessibilityDelegate
724 |
725 | func pickerView(_ pickerView: UIPickerView,
| `- error: 'UIPickerView' is unavailable in tvOS
726 | accessibilityUserInputLabelsForComponent component: Int) -> [String] {
727 | guard let componentType = pickerMode.componentType(fromComponent: component) else {
/Applications/Xcode-27.0.0-Release.Candidate.app/Contents/Developer/Platforms/AppleTVOS.platform/Developer/SDKs/AppleTVOS27.0.sdk/System/Library/Frameworks/UIKit.framework/Headers/UIPickerView.h:19:12: note: 'UIPickerView' has been explicitly marked unavailable here
17 |
18 | UIKIT_EXTERN API_AVAILABLE(ios(2.0)) API_UNAVAILABLE(tvos, watchos) NS_SWIFT_UI_ACTOR
19 | @interface UIPickerView : UIView <NSCoding>
| `- note: 'UIPickerView' has been explicitly marked unavailable here
20 |
21 | @property(nullable,nonatomic,weak) id<UIPickerViewDataSource> dataSource; // default is nil. weak reference
/Users/admin/builder/spi-builder-workspace/Sources/DurationPicker/Internal/DurationPickerView.swift:26:33: error: 'UIPickerView' is unavailable in tvOS
24 |
25 | /// A subclass of `UIPickerView` which to obfuscates the `UIPickerViewDataSource` and `UIPickerViewDelegate` conformance from the public `DurationPicker` interface.
26 | final class DurationPickerView: UIPickerView, UIPickerViewDataSource, UIPickerViewDelegate, UIPickerViewAccessibilityDelegate {
| `- error: 'UIPickerView' is unavailable in tvOS
27 |
28 | // MARK: - Configuration Properties
/Applications/Xcode-27.0.0-Release.Candidate.app/Contents/Developer/Platforms/AppleTVOS.platform/Developer/SDKs/AppleTVOS27.0.sdk/System/Library/Frameworks/UIKit.framework/Headers/UIPickerView.h:19:12: note: 'UIPickerView' has been explicitly marked unavailable here
17 |
18 | UIKIT_EXTERN API_AVAILABLE(ios(2.0)) API_UNAVAILABLE(tvos, watchos) NS_SWIFT_UI_ACTOR
19 | @interface UIPickerView : UIView <NSCoding>
| `- note: 'UIPickerView' has been explicitly marked unavailable here
20 |
21 | @property(nullable,nonatomic,weak) id<UIPickerViewDataSource> dataSource; // default is nil. weak reference
/Users/admin/builder/spi-builder-workspace/Sources/DurationPicker/Internal/DurationPickerView.swift:26:47: error: 'UIPickerViewDataSource' is unavailable in tvOS
24 |
25 | /// A subclass of `UIPickerView` which to obfuscates the `UIPickerViewDataSource` and `UIPickerViewDelegate` conformance from the public `DurationPicker` interface.
26 | final class DurationPickerView: UIPickerView, UIPickerViewDataSource, UIPickerViewDelegate, UIPickerViewAccessibilityDelegate {
| `- error: 'UIPickerViewDataSource' is unavailable in tvOS
27 |
28 | // MARK: - Configuration Properties
/Applications/Xcode-27.0.0-Release.Candidate.app/Contents/Developer/Platforms/AppleTVOS.platform/Developer/SDKs/AppleTVOS27.0.sdk/System/Library/Frameworks/UIKit.framework/Headers/UIPickerView.h:48:11: note: 'UIPickerViewDataSource' has been explicitly marked unavailable here
46 |
47 | API_UNAVAILABLE(tvos, watchos) NS_SWIFT_UI_ACTOR
48 | @protocol UIPickerViewDataSource<NSObject>
| `- note: 'UIPickerViewDataSource' has been explicitly marked unavailable here
49 | @required
50 |
/Users/admin/builder/spi-builder-workspace/Sources/DurationPicker/Internal/DurationPickerView.swift:26:71: error: 'UIPickerViewDelegate' is unavailable in tvOS
24 |
25 | /// A subclass of `UIPickerView` which to obfuscates the `UIPickerViewDataSource` and `UIPickerViewDelegate` conformance from the public `DurationPicker` interface.
26 | final class DurationPickerView: UIPickerView, UIPickerViewDataSource, UIPickerViewDelegate, UIPickerViewAccessibilityDelegate {
| `- error: 'UIPickerViewDelegate' is unavailable in tvOS
27 |
28 | // MARK: - Configuration Properties
/Applications/Xcode-27.0.0-Release.Candidate.app/Contents/Developer/Platforms/AppleTVOS.platform/Developer/SDKs/AppleTVOS27.0.sdk/System/Library/Frameworks/UIKit.framework/Headers/UIPickerView.h:59:11: note: 'UIPickerViewDelegate' has been explicitly marked unavailable here
57 |
58 | API_UNAVAILABLE(tvos, watchos) NS_SWIFT_UI_ACTOR
59 | @protocol UIPickerViewDelegate<NSObject>
| `- note: 'UIPickerViewDelegate' has been explicitly marked unavailable here
60 | @optional
61 |
/Users/admin/builder/spi-builder-workspace/Sources/DurationPicker/Internal/DurationPickerView.swift:26:93: error: 'UIPickerViewAccessibilityDelegate' is unavailable in tvOS
24 |
25 | /// A subclass of `UIPickerView` which to obfuscates the `UIPickerViewDataSource` and `UIPickerViewDelegate` conformance from the public `DurationPicker` interface.
26 | final class DurationPickerView: UIPickerView, UIPickerViewDataSource, UIPickerViewDelegate, UIPickerViewAccessibilityDelegate {
| `- error: 'UIPickerViewAccessibilityDelegate' is unavailable in tvOS
27 |
28 | // MARK: - Configuration Properties
/Applications/Xcode-27.0.0-Release.Candidate.app/Contents/Developer/Platforms/AppleTVOS.platform/Developer/SDKs/AppleTVOS27.0.sdk/System/Library/Frameworks/UIKit.framework/Headers/UIAccessibilityAdditions.h:23:11: note: 'UIPickerViewAccessibilityDelegate' has been explicitly marked unavailable here
21 |
22 | API_UNAVAILABLE(tvos, watchos) NS_SWIFT_UI_ACTOR
23 | @protocol UIPickerViewAccessibilityDelegate <UIPickerViewDelegate>
| `- note: 'UIPickerViewAccessibilityDelegate' has been explicitly marked unavailable here
24 |
25 | @optional
/Users/admin/builder/spi-builder-workspace/Sources/DurationPicker/Internal/DurationPickerView.swift:656:8: error: cannot override 'pickerView' which has been marked unavailable
654 | }
655 |
656 | func pickerView(_ pickerView: UIPickerView,
| `- error: cannot override 'pickerView' which has been marked unavailable
657 | widthForComponent component: Int) -> CGFloat {
658 | rowWidth()
/Applications/Xcode-27.0.0-Release.Candidate.app/Contents/Developer/Platforms/AppleTVOS.platform/Developer/SDKs/AppleTVOS27.0.sdk/System/Library/Frameworks/UIKit.framework/Headers/UIPickerView.h:63:1: note: 'pickerView(_:widthForComponent:)' has been explicitly marked unavailable here
61 |
62 | // returns width of column and height of row for each component.
63 | - (CGFloat)pickerView:(UIPickerView *)pickerView widthForComponent:(NSInteger)component API_UNAVAILABLE(tvos);
| `- note: 'pickerView(_:widthForComponent:)' has been explicitly marked unavailable here
64 | - (CGFloat)pickerView:(UIPickerView *)pickerView rowHeightForComponent:(NSInteger)component API_UNAVAILABLE(tvos);
65 |
/Users/admin/builder/spi-builder-workspace/Sources/DurationPicker/Internal/DurationPickerView.swift:651:8: error: cannot override 'pickerView' which has been marked unavailable
649 | }
650 |
651 | func pickerView(_ pickerView: UIPickerView,
| `- error: cannot override 'pickerView' which has been marked unavailable
652 | rowHeightForComponent component: Int) -> CGFloat {
653 | Self.rowHeight
/Applications/Xcode-27.0.0-Release.Candidate.app/Contents/Developer/Platforms/AppleTVOS.platform/Developer/SDKs/AppleTVOS27.0.sdk/System/Library/Frameworks/UIKit.framework/Headers/UIPickerView.h:64:1: note: 'pickerView(_:rowHeightForComponent:)' has been explicitly marked unavailable here
62 | // returns width of column and height of row for each component.
63 | - (CGFloat)pickerView:(UIPickerView *)pickerView widthForComponent:(NSInteger)component API_UNAVAILABLE(tvos);
64 | - (CGFloat)pickerView:(UIPickerView *)pickerView rowHeightForComponent:(NSInteger)component API_UNAVAILABLE(tvos);
| `- note: 'pickerView(_:rowHeightForComponent:)' has been explicitly marked unavailable here
65 |
66 | // these methods return either a plain NSString, a NSAttributedString, or a view (e.g UILabel) to display the row for the component.
/Users/admin/builder/spi-builder-workspace/Sources/DurationPicker/Internal/DurationPickerView.swift:474:8: error: cannot override 'pickerView' which has been marked unavailable
472 | private static let rowHeight: CGFloat = 32
473 |
474 | func pickerView(_ pickerView: UIPickerView,
| `- error: cannot override 'pickerView' which has been marked unavailable
475 | viewForRow row: Int,
476 | forComponent component: Int,
/Applications/Xcode-27.0.0-Release.Candidate.app/Contents/Developer/Platforms/AppleTVOS.platform/Developer/SDKs/AppleTVOS27.0.sdk/System/Library/Frameworks/UIKit.framework/Headers/UIPickerView.h:71:1: note: 'pickerView(_:viewForRow:forComponent:reusing:)' has been explicitly marked unavailable here
69 | - (nullable NSString *)pickerView:(UIPickerView *)pickerView titleForRow:(NSInteger)row forComponent:(NSInteger)component API_UNAVAILABLE(tvos);
70 | - (nullable NSAttributedString *)pickerView:(UIPickerView *)pickerView attributedTitleForRow:(NSInteger)row forComponent:(NSInteger)component API_AVAILABLE(ios(6.0)) API_UNAVAILABLE(tvos); // attributed title is favored if both methods are implemented
71 | - (UIView *)pickerView:(UIPickerView *)pickerView viewForRow:(NSInteger)row forComponent:(NSInteger)component reusingView:(nullable UIView *)view API_UNAVAILABLE(tvos);
| `- note: 'pickerView(_:viewForRow:forComponent:reusing:)' has been explicitly marked unavailable here
72 |
73 | - (void)pickerView:(UIPickerView *)pickerView didSelectRow:(NSInteger)row inComponent:(NSInteger)component API_UNAVAILABLE(tvos);
/Users/admin/builder/spi-builder-workspace/Sources/DurationPicker/Internal/DurationPickerView.swift:592:8: error: cannot override 'pickerView' which has been marked unavailable
590 | }
591 |
592 | func pickerView(_ pickerView: UIPickerView,
| `- error: cannot override 'pickerView' which has been marked unavailable
593 | didSelectRow row: Int,
594 | inComponent component: Int) {
/Applications/Xcode-27.0.0-Release.Candidate.app/Contents/Developer/Platforms/AppleTVOS.platform/Developer/SDKs/AppleTVOS27.0.sdk/System/Library/Frameworks/UIKit.framework/Headers/UIPickerView.h:73:1: note: 'pickerView(_:didSelectRow:inComponent:)' has been explicitly marked unavailable here
71 | - (UIView *)pickerView:(UIPickerView *)pickerView viewForRow:(NSInteger)row forComponent:(NSInteger)component reusingView:(nullable UIView *)view API_UNAVAILABLE(tvos);
72 |
73 | - (void)pickerView:(UIPickerView *)pickerView didSelectRow:(NSInteger)row inComponent:(NSInteger)component API_UNAVAILABLE(tvos);
| `- note: 'pickerView(_:didSelectRow:inComponent:)' has been explicitly marked unavailable here
74 |
75 | @end
Failed frontend command:
SwiftCompile normal arm64 (in target 'DurationPicker' from project 'DurationPicker')
cd /Users/admin/builder/spi-builder-workspace/.swiftpm/xcode
/Applications/Xcode-27.0.0-Release.Candidate.app/Contents/Developer/Toolchains/XcodeDefault.xctoolchain/usr/bin/swift-frontend -frontend -emit-module -experimental-skip-non-inlinable-function-bodies-without-types /Users/admin/builder/spi-builder-workspace/.derivedData/Build/Intermediates.noindex/DurationPicker.build/Debug-appletvos/DurationPicker-t.build/DerivedSources/resource_bundle_accessor.swift /Users/admin/builder/spi-builder-workspace/Sources/DurationPicker/Internal/DurationPickerContentView.swift /Users/admin/builder/spi-builder-workspace/Sources/DurationPicker/Internal/DurationPickerView.swift /Users/admin/builder/spi-builder-workspace/Sources/DurationPicker/Internal/Extensions/CGFloat++.swift /Users/admin/builder/spi-builder-workspace/Sources/DurationPicker/Internal/Extensions/CGSize++.swift /Users/admin/builder/spi-builder-workspace/Sources/DurationPicker/Internal/Extensions/Numbers++.swift /Users/admin/builder/spi-builder-workspace/Sources/DurationPicker/Internal/Extensions/String++.swift /Users/admin/builder/spi-builder-workspace/Sources/DurationPicker/Internal/Extensions/UILabel++.swift /Users/admin/builder/spi-builder-workspace/Sources/DurationPicker/Internal/TimeComponents.swift /Users/admin/builder/spi-builder-workspace/Sources/DurationPicker/Internal/Utilities/DurationFormatter.swift /Users/admin/builder/spi-builder-workspace/Sources/DurationPicker/Internal/Utilities/TimeConstants.swift /Users/admin/builder/spi-builder-workspace/Sources/DurationPicker/Internal/Utilities/TimeUtils.swift /Users/admin/builder/spi-builder-workspace/Sources/DurationPicker/Public/DurationPicker+Mode.swift /Users/admin/builder/spi-builder-workspace/Sources/DurationPicker/Public/DurationPicker.swift /Users/admin/builder/spi-builder-workspace/.derivedData/Build/Intermediates.noindex/DurationPicker.build/Debug-appletvos/DurationPicker-t.build/DerivedSources/GeneratedStringSymbols_Localizable.swift -target arm64-apple-tvos15.0 -disable-cross-import-overlay-search -load-resolved-plugin /Applications/Xcode-27.0.0-Release.Candidate.app/Contents/Developer/Platforms/AppleTVOS.platform/Developer/usr/lib/swift/host/plugins/libFoundationMacros.dylib\#/Applications/Xcode-27.0.0-Release.Candidate.app/Contents/Developer/Platforms/AppleTVOS.platform/Developer/usr/bin/swift-plugin-server\#FoundationMacros -load-resolved-plugin /Applications/Xcode-27.0.0-Release.Candidate.app/Contents/Developer/Platforms/AppleTVOS.platform/Developer/usr/lib/swift/host/plugins/libObservationMacros.dylib\#/Applications/Xcode-27.0.0-Release.Candidate.app/Contents/Developer/Platforms/AppleTVOS.platform/Developer/usr/bin/swift-plugin-server\#ObservationMacros -load-resolved-plugin /Applications/Xcode-27.0.0-Release.Candidate.app/Contents/Developer/Platforms/AppleTVOS.platform/Developer/usr/lib/swift/host/plugins/libPreviewsMacros.dylib\#/Applications/Xcode-27.0.0-Release.Candidate.app/Contents/Developer/Platforms/AppleTVOS.platform/Developer/usr/bin/swift-plugin-server\#PreviewsMacros -load-resolved-plugin /Applications/Xcode-27.0.0-Release.Candidate.app/Contents/Developer/Platforms/AppleTVOS.platform/Developer/usr/lib/swift/host/plugins/libSwiftMacros.dylib\#/Applications/Xcode-27.0.0-Release.Candidate.app/Contents/Developer/Platforms/AppleTVOS.platform/Developer/usr/bin/swift-plugin-server\#SwiftMacros -load-resolved-plugin /Applications/Xcode-27.0.0-Release.Candidate.app/Contents/Developer/Platforms/AppleTVOS.platform/Developer/usr/lib/swift/host/plugins/libSwiftUIMacros.dylib\#/Applications/Xcode-27.0.0-Release.Candidate.app/Contents/Developer/Platforms/AppleTVOS.platform/Developer/usr/bin/swift-plugin-server\#SwiftUIMacros -disable-implicit-swift-modules -Xcc -fno-implicit-modules -Xcc -fno-implicit-module-maps -explicit-swift-module-map-file /Users/admin/builder/spi-builder-workspace/.derivedData/Build/Intermediates.noindex/DurationPicker.build/Debug-appletvos/DurationPicker-t.build/Objects-normal/arm64/DurationPicker-dependencies-1.json -Xllvm -aarch64-use-tbi -enable-objc-interop -stack-check -sdk /Applications/Xcode-27.0.0-Release.Candidate.app/Contents/Developer/Platforms/AppleTVOS.platform/Developer/SDKs/AppleTVOS27.0.sdk -I /Users/admin/builder/spi-builder-workspace/.derivedData/Build/Products/Debug-appletvos -Isystem /Applications/Xcode-27.0.0-Release.Candidate.app/Contents/Developer/Platforms/AppleTVOS.platform/Developer/usr/lib -F /Users/admin/builder/spi-builder-workspace/.derivedData/Build/Products/Debug-appletvos -F /Applications/Xcode-27.0.0-Release.Candidate.app/Contents/Developer/Platforms/AppleTVOS.platform/Developer/Library/Frameworks -F /Applications/Xcode-27.0.0-Release.Candidate.app/Contents/Developer/Platforms/AppleTVOS.platform/Developer/SDKs/AppleTVOS27.0.sdk/Developer/Library/Frameworks -module-cache-path /Users/admin/builder/spi-builder-workspace/.derivedData/Build/Intermediates.noindex/SwiftExplicitPrecompiledModules -no-color-diagnostics -Xcc -fno-color-diagnostics -enable-testing -g -debug-info-format\=dwarf -dwarf-version\=4 -profile-generate -profile-coverage-mapping -swift-version 5 -Onone -D SWIFT_PACKAGE -D DEBUG -D SWIFT_MODULE_RESOURCE_BUNDLE_AVAILABLE -D Xcode -serialize-debugging-options -enable-experimental-feature DebugDescriptionMacro -empty-abi-descriptor -validate-clang-modules-once -clang-build-session-file /Users/admin/builder/spi-builder-workspace/.derivedData/ModuleCache.noindex/Session.modulevalidation -Xcc -working-directory -Xcc /Users/admin/builder/spi-builder-workspace/.swiftpm/xcode -enable-anonymous-context-mangled-names -file-compilation-dir /Users/admin/builder/spi-builder-workspace/.swiftpm/xcode -Xcc -D_LIBCPP_HARDENING_MODE\=_LIBCPP_HARDENING_MODE_DEBUG -Xcc -ivfsstatcache -Xcc /Users/admin/builder/spi-builder-workspace/.derivedData/SDKStatCaches.noindex/appletvos27.0-24J360-e829b21a6f8c9b70876ba0858053c044b32bfd8d43560033f8d89884cdb90028.sdkstatcache -Xcc -fmodules-prune-interval\=86400 -Xcc -fmodules-prune-after\=345600 -Xcc -I/Users/admin/builder/spi-builder-workspace/.derivedData/Build/Products/Debug-appletvos/include -Xcc -I/Users/admin/builder/spi-builder-workspace/.derivedData/Build/Intermediates.noindex/DurationPicker.build/Debug-appletvos/DurationPicker-t.build/DerivedSources-normal/arm64 -Xcc -I/Users/admin/builder/spi-builder-workspace/.derivedData/Build/Intermediates.noindex/DurationPicker.build/Debug-appletvos/DurationPicker-t.build/DerivedSources/arm64 -Xcc -I/Users/admin/builder/spi-builder-workspace/.derivedData/Build/Intermediates.noindex/DurationPicker.build/Debug-appletvos/DurationPicker-t.build/DerivedSources -Xcc -DSWIFT_PACKAGE -Xcc -DDEBUG\=1 -no-auto-bridging-header-chaining -module-name DurationPicker -package-name spi_builder_workspace -const-gather-protocols-file /Users/admin/builder/spi-builder-workspace/.derivedData/Build/Intermediates.noindex/DurationPicker.build/Debug-appletvos/DurationPicker-t.build/Objects-normal/arm64/DurationPicker_const_extract_protocols.json -disable-clang-spi -clang-target arm64-apple-tvos27.0 -target-sdk-version 27.0 -target-sdk-name appletvos27.0 -in-process-plugin-server-path /Applications/Xcode-27.0.0-Release.Candidate.app/Contents/Developer/Toolchains/XcodeDefault.xctoolchain/usr/lib/swift/host/libSwiftInProcPluginServer.dylib -emit-module-doc-path /Users/admin/builder/spi-builder-workspace/.derivedData/Build/Intermediates.noindex/DurationPicker.build/Debug-appletvos/DurationPicker-t.build/Objects-normal/arm64/DurationPicker.swiftdoc -emit-module-source-info-path /Users/admin/builder/spi-builder-workspace/.derivedData/Build/Intermediates.noindex/DurationPicker.build/Debug-appletvos/DurationPicker-t.build/Objects-normal/arm64/DurationPicker.swiftsourceinfo -emit-objc-header-path /Users/admin/builder/spi-builder-workspace/.derivedData/Build/Intermediates.noindex/DurationPicker.build/Debug-appletvos/DurationPicker-t.build/Objects-normal/arm64/DurationPicker-Swift.h -serialize-diagnostics-path /Users/admin/builder/spi-builder-workspace/.derivedData/Build/Intermediates.noindex/DurationPicker.build/Debug-appletvos/DurationPicker-t.build/Objects-normal/arm64/DurationPicker-primary-emit-module.dia -emit-dependencies-path /Users/admin/builder/spi-builder-workspace/.derivedData/Build/Intermediates.noindex/DurationPicker.build/Debug-appletvos/DurationPicker-t.build/Objects-normal/arm64/DurationPicker-primary-emit-module.d -parse-as-library -o /Users/admin/builder/spi-builder-workspace/.derivedData/Build/Intermediates.noindex/DurationPicker.build/Debug-appletvos/DurationPicker-t.build/Objects-normal/arm64/DurationPicker.swiftmodule -emit-abi-descriptor-path /Users/admin/builder/spi-builder-workspace/.derivedData/Build/Intermediates.noindex/DurationPicker.build/Debug-appletvos/DurationPicker-t.build/Objects-normal/arm64/DurationPicker.abi.json
SwiftCompile normal arm64 Compiling\ TimeUtils.swift /Users/admin/builder/spi-builder-workspace/Sources/DurationPicker/Internal/Utilities/TimeUtils.swift (in target 'DurationPicker' from project 'DurationPicker')
SwiftCompile normal arm64 /Users/admin/builder/spi-builder-workspace/Sources/DurationPicker/Internal/Utilities/TimeUtils.swift (in target 'DurationPicker' from project 'DurationPicker')
cd /Users/admin/builder/spi-builder-workspace/.swiftpm/xcode
builtin-SwiftPerFileCompile TimeUtils.swift
SwiftCompile normal arm64 Compiling\ GeneratedStringSymbols_Localizable.swift /Users/admin/builder/spi-builder-workspace/.derivedData/Build/Intermediates.noindex/DurationPicker.build/Debug-appletvos/DurationPicker-t.build/DerivedSources/GeneratedStringSymbols_Localizable.swift (in target 'DurationPicker' from project 'DurationPicker')
SwiftCompile normal arm64 /Users/admin/builder/spi-builder-workspace/.derivedData/Build/Intermediates.noindex/DurationPicker.build/Debug-appletvos/DurationPicker-t.build/DerivedSources/GeneratedStringSymbols_Localizable.swift (in target 'DurationPicker' from project 'DurationPicker')
cd /Users/admin/builder/spi-builder-workspace/.swiftpm/xcode
builtin-SwiftPerFileCompile GeneratedStringSymbols_Localizable.swift
SwiftCompile normal arm64 Compiling\ CGSize++.swift,\ Numbers++.swift /Users/admin/builder/spi-builder-workspace/Sources/DurationPicker/Internal/Extensions/CGSize++.swift /Users/admin/builder/spi-builder-workspace/Sources/DurationPicker/Internal/Extensions/Numbers++.swift (in target 'DurationPicker' from project 'DurationPicker')
SwiftCompile normal arm64 /Users/admin/builder/spi-builder-workspace/Sources/DurationPicker/Internal/Extensions/CGSize++.swift (in target 'DurationPicker' from project 'DurationPicker')
cd /Users/admin/builder/spi-builder-workspace/.swiftpm/xcode
builtin-SwiftPerFileCompile CGSize++.swift
SwiftCompile normal arm64 /Users/admin/builder/spi-builder-workspace/Sources/DurationPicker/Internal/Extensions/Numbers++.swift (in target 'DurationPicker' from project 'DurationPicker')
cd /Users/admin/builder/spi-builder-workspace/.swiftpm/xcode
builtin-SwiftPerFileCompile Numbers++.swift
SwiftCompile normal arm64 Compiling\ TimeConstants.swift /Users/admin/builder/spi-builder-workspace/Sources/DurationPicker/Internal/Utilities/TimeConstants.swift (in target 'DurationPicker' from project 'DurationPicker')
SwiftCompile normal arm64 /Users/admin/builder/spi-builder-workspace/Sources/DurationPicker/Internal/Utilities/TimeConstants.swift (in target 'DurationPicker' from project 'DurationPicker')
cd /Users/admin/builder/spi-builder-workspace/.swiftpm/xcode
builtin-SwiftPerFileCompile TimeConstants.swift
SwiftCompile normal arm64 Compiling\ TimeComponents.swift,\ DurationFormatter.swift /Users/admin/builder/spi-builder-workspace/Sources/DurationPicker/Internal/TimeComponents.swift /Users/admin/builder/spi-builder-workspace/Sources/DurationPicker/Internal/Utilities/DurationFormatter.swift (in target 'DurationPicker' from project 'DurationPicker')
SwiftCompile normal arm64 /Users/admin/builder/spi-builder-workspace/Sources/DurationPicker/Internal/TimeComponents.swift (in target 'DurationPicker' from project 'DurationPicker')
cd /Users/admin/builder/spi-builder-workspace/.swiftpm/xcode
builtin-SwiftPerFileCompile TimeComponents.swift
SwiftCompile normal arm64 /Users/admin/builder/spi-builder-workspace/Sources/DurationPicker/Internal/Utilities/DurationFormatter.swift (in target 'DurationPicker' from project 'DurationPicker')
cd /Users/admin/builder/spi-builder-workspace/.swiftpm/xcode
builtin-SwiftPerFileCompile DurationFormatter.swift
SwiftCompile normal arm64 Compiling\ DurationPicker+Mode.swift /Users/admin/builder/spi-builder-workspace/Sources/DurationPicker/Public/DurationPicker+Mode.swift (in target 'DurationPicker' from project 'DurationPicker')
SwiftCompile normal arm64 /Users/admin/builder/spi-builder-workspace/Sources/DurationPicker/Public/DurationPicker+Mode.swift (in target 'DurationPicker' from project 'DurationPicker')
cd /Users/admin/builder/spi-builder-workspace/.swiftpm/xcode
builtin-SwiftPerFileCompile DurationPicker+Mode.swift
SwiftCompile normal arm64 Compiling\ resource_bundle_accessor.swift,\ DurationPickerContentView.swift /Users/admin/builder/spi-builder-workspace/.derivedData/Build/Intermediates.noindex/DurationPicker.build/Debug-appletvos/DurationPicker-t.build/DerivedSources/resource_bundle_accessor.swift /Users/admin/builder/spi-builder-workspace/Sources/DurationPicker/Internal/DurationPickerContentView.swift (in target 'DurationPicker' from project 'DurationPicker')
SwiftCompile normal arm64 /Users/admin/builder/spi-builder-workspace/.derivedData/Build/Intermediates.noindex/DurationPicker.build/Debug-appletvos/DurationPicker-t.build/DerivedSources/resource_bundle_accessor.swift (in target 'DurationPicker' from project 'DurationPicker')
cd /Users/admin/builder/spi-builder-workspace/.swiftpm/xcode
builtin-SwiftPerFileCompile resource_bundle_accessor.swift
SwiftCompile normal arm64 /Users/admin/builder/spi-builder-workspace/Sources/DurationPicker/Internal/DurationPickerContentView.swift (in target 'DurationPicker' from project 'DurationPicker')
cd /Users/admin/builder/spi-builder-workspace/.swiftpm/xcode
builtin-SwiftPerFileCompile DurationPickerContentView.swift
SwiftCompile normal arm64 Compiling\ String++.swift,\ UILabel++.swift /Users/admin/builder/spi-builder-workspace/Sources/DurationPicker/Internal/Extensions/String++.swift /Users/admin/builder/spi-builder-workspace/Sources/DurationPicker/Internal/Extensions/UILabel++.swift (in target 'DurationPicker' from project 'DurationPicker')
SwiftCompile normal arm64 /Users/admin/builder/spi-builder-workspace/Sources/DurationPicker/Internal/Extensions/String++.swift (in target 'DurationPicker' from project 'DurationPicker')
cd /Users/admin/builder/spi-builder-workspace/.swiftpm/xcode
builtin-SwiftPerFileCompile String++.swift
SwiftCompile normal arm64 /Users/admin/builder/spi-builder-workspace/Sources/DurationPicker/Internal/Extensions/UILabel++.swift (in target 'DurationPicker' from project 'DurationPicker')
cd /Users/admin/builder/spi-builder-workspace/.swiftpm/xcode
builtin-SwiftPerFileCompile UILabel++.swift
SwiftCompile normal arm64 Compiling\ DurationPickerView.swift,\ CGFloat++.swift /Users/admin/builder/spi-builder-workspace/Sources/DurationPicker/Internal/DurationPickerView.swift /Users/admin/builder/spi-builder-workspace/Sources/DurationPicker/Internal/Extensions/CGFloat++.swift (in target 'DurationPicker' from project 'DurationPicker')
/Users/admin/builder/spi-builder-workspace/Sources/DurationPicker/Internal/DurationPickerView.swift:474:33: error: 'UIPickerView' is unavailable in tvOS
472 | private static let rowHeight: CGFloat = 32
473 |
474 | func pickerView(_ pickerView: UIPickerView,
| `- error: 'UIPickerView' is unavailable in tvOS
475 | viewForRow row: Int,
476 | forComponent component: Int,
/Applications/Xcode-27.0.0-Release.Candidate.app/Contents/Developer/Platforms/AppleTVOS.platform/Developer/SDKs/AppleTVOS27.0.sdk/System/Library/Frameworks/UIKit.framework/Headers/UIPickerView.h:19:12: note: 'UIPickerView' has been explicitly marked unavailable here
17 |
18 | UIKIT_EXTERN API_AVAILABLE(ios(2.0)) API_UNAVAILABLE(tvos, watchos) NS_SWIFT_UI_ACTOR
19 | @interface UIPickerView : UIView <NSCoding>
| `- note: 'UIPickerView' has been explicitly marked unavailable here
20 |
21 | @property(nullable,nonatomic,weak) id<UIPickerViewDataSource> dataSource; // default is nil. weak reference
/Users/admin/builder/spi-builder-workspace/Sources/DurationPicker/Internal/DurationPickerView.swift:592:33: error: 'UIPickerView' is unavailable in tvOS
590 | }
591 |
592 | func pickerView(_ pickerView: UIPickerView,
| `- error: 'UIPickerView' is unavailable in tvOS
593 | didSelectRow row: Int,
594 | inComponent component: Int) {
/Applications/Xcode-27.0.0-Release.Candidate.app/Contents/Developer/Platforms/AppleTVOS.platform/Developer/SDKs/AppleTVOS27.0.sdk/System/Library/Frameworks/UIKit.framework/Headers/UIPickerView.h:19:12: note: 'UIPickerView' has been explicitly marked unavailable here
17 |
18 | UIKIT_EXTERN API_AVAILABLE(ios(2.0)) API_UNAVAILABLE(tvos, watchos) NS_SWIFT_UI_ACTOR
19 | @interface UIPickerView : UIView <NSCoding>
| `- note: 'UIPickerView' has been explicitly marked unavailable here
20 |
21 | @property(nullable,nonatomic,weak) id<UIPickerViewDataSource> dataSource; // default is nil. weak reference
/Users/admin/builder/spi-builder-workspace/Sources/DurationPicker/Internal/DurationPickerView.swift:651:33: error: 'UIPickerView' is unavailable in tvOS
649 | }
650 |
651 | func pickerView(_ pickerView: UIPickerView,
| `- error: 'UIPickerView' is unavailable in tvOS
652 | rowHeightForComponent component: Int) -> CGFloat {
653 | Self.rowHeight
/Applications/Xcode-27.0.0-Release.Candidate.app/Contents/Developer/Platforms/AppleTVOS.platform/Developer/SDKs/AppleTVOS27.0.sdk/System/Library/Frameworks/UIKit.framework/Headers/UIPickerView.h:19:12: note: 'UIPickerView' has been explicitly marked unavailable here
17 |
18 | UIKIT_EXTERN API_AVAILABLE(ios(2.0)) API_UNAVAILABLE(tvos, watchos) NS_SWIFT_UI_ACTOR
19 | @interface UIPickerView : UIView <NSCoding>
| `- note: 'UIPickerView' has been explicitly marked unavailable here
20 |
21 | @property(nullable,nonatomic,weak) id<UIPickerViewDataSource> dataSource; // default is nil. weak reference
/Users/admin/builder/spi-builder-workspace/Sources/DurationPicker/Internal/DurationPickerView.swift:656:33: error: 'UIPickerView' is unavailable in tvOS
654 | }
655 |
656 | func pickerView(_ pickerView: UIPickerView,
| `- error: 'UIPickerView' is unavailable in tvOS
657 | widthForComponent component: Int) -> CGFloat {
658 | rowWidth()
/Applications/Xcode-27.0.0-Release.Candidate.app/Contents/Developer/Platforms/AppleTVOS.platform/Developer/SDKs/AppleTVOS27.0.sdk/System/Library/Frameworks/UIKit.framework/Headers/UIPickerView.h:19:12: note: 'UIPickerView' has been explicitly marked unavailable here
17 |
18 | UIKIT_EXTERN API_AVAILABLE(ios(2.0)) API_UNAVAILABLE(tvos, watchos) NS_SWIFT_UI_ACTOR
19 | @interface UIPickerView : UIView <NSCoding>
| `- note: 'UIPickerView' has been explicitly marked unavailable here
20 |
21 | @property(nullable,nonatomic,weak) id<UIPickerViewDataSource> dataSource; // default is nil. weak reference
/Users/admin/builder/spi-builder-workspace/Sources/DurationPicker/Internal/DurationPickerView.swift:704:42: error: 'UIPickerView' is unavailable in tvOS
702 | // MARK: - UIPickerViewDataSource
703 |
704 | func numberOfComponents(in pickerView: UIPickerView) -> Int {
| `- error: 'UIPickerView' is unavailable in tvOS
705 | pickerMode.numberOfComponents
706 | }
/Applications/Xcode-27.0.0-Release.Candidate.app/Contents/Developer/Platforms/AppleTVOS.platform/Developer/SDKs/AppleTVOS27.0.sdk/System/Library/Frameworks/UIKit.framework/Headers/UIPickerView.h:19:12: note: 'UIPickerView' has been explicitly marked unavailable here
17 |
18 | UIKIT_EXTERN API_AVAILABLE(ios(2.0)) API_UNAVAILABLE(tvos, watchos) NS_SWIFT_UI_ACTOR
19 | @interface UIPickerView : UIView <NSCoding>
| `- note: 'UIPickerView' has been explicitly marked unavailable here
20 |
21 | @property(nullable,nonatomic,weak) id<UIPickerViewDataSource> dataSource; // default is nil. weak reference
/Users/admin/builder/spi-builder-workspace/Sources/DurationPicker/Internal/DurationPickerView.swift:708:33: error: 'UIPickerView' is unavailable in tvOS
706 | }
707 |
708 | func pickerView(_ pickerView: UIPickerView,
| `- error: 'UIPickerView' is unavailable in tvOS
709 | numberOfRowsInComponent component: Int) -> Int {
710 | guard let componentType = pickerMode.componentType(fromComponent: component) else {
/Applications/Xcode-27.0.0-Release.Candidate.app/Contents/Developer/Platforms/AppleTVOS.platform/Developer/SDKs/AppleTVOS27.0.sdk/System/Library/Frameworks/UIKit.framework/Headers/UIPickerView.h:19:12: note: 'UIPickerView' has been explicitly marked unavailable here
17 |
18 | UIKIT_EXTERN API_AVAILABLE(ios(2.0)) API_UNAVAILABLE(tvos, watchos) NS_SWIFT_UI_ACTOR
19 | @interface UIPickerView : UIView <NSCoding>
| `- note: 'UIPickerView' has been explicitly marked unavailable here
20 |
21 | @property(nullable,nonatomic,weak) id<UIPickerViewDataSource> dataSource; // default is nil. weak reference
/Users/admin/builder/spi-builder-workspace/Sources/DurationPicker/Internal/DurationPickerView.swift:725:33: error: 'UIPickerView' is unavailable in tvOS
723 | // MARK: - UIPickerViewAccessibilityDelegate
724 |
725 | func pickerView(_ pickerView: UIPickerView,
| `- error: 'UIPickerView' is unavailable in tvOS
726 | accessibilityUserInputLabelsForComponent component: Int) -> [String] {
727 | guard let componentType = pickerMode.componentType(fromComponent: component) else {
/Applications/Xcode-27.0.0-Release.Candidate.app/Contents/Developer/Platforms/AppleTVOS.platform/Developer/SDKs/AppleTVOS27.0.sdk/System/Library/Frameworks/UIKit.framework/Headers/UIPickerView.h:19:12: note: 'UIPickerView' has been explicitly marked unavailable here
17 |
18 | UIKIT_EXTERN API_AVAILABLE(ios(2.0)) API_UNAVAILABLE(tvos, watchos) NS_SWIFT_UI_ACTOR
19 | @interface UIPickerView : UIView <NSCoding>
| `- note: 'UIPickerView' has been explicitly marked unavailable here
20 |
21 | @property(nullable,nonatomic,weak) id<UIPickerViewDataSource> dataSource; // default is nil. weak reference
/Users/admin/builder/spi-builder-workspace/Sources/DurationPicker/Internal/DurationPickerView.swift:26:33: error: 'UIPickerView' is unavailable in tvOS
24 |
25 | /// A subclass of `UIPickerView` which to obfuscates the `UIPickerViewDataSource` and `UIPickerViewDelegate` conformance from the public `DurationPicker` interface.
26 | final class DurationPickerView: UIPickerView, UIPickerViewDataSource, UIPickerViewDelegate, UIPickerViewAccessibilityDelegate {
| `- error: 'UIPickerView' is unavailable in tvOS
27 |
28 | // MARK: - Configuration Properties
/Applications/Xcode-27.0.0-Release.Candidate.app/Contents/Developer/Platforms/AppleTVOS.platform/Developer/SDKs/AppleTVOS27.0.sdk/System/Library/Frameworks/UIKit.framework/Headers/UIPickerView.h:19:12: note: 'UIPickerView' has been explicitly marked unavailable here
17 |
18 | UIKIT_EXTERN API_AVAILABLE(ios(2.0)) API_UNAVAILABLE(tvos, watchos) NS_SWIFT_UI_ACTOR
19 | @interface UIPickerView : UIView <NSCoding>
| `- note: 'UIPickerView' has been explicitly marked unavailable here
20 |
21 | @property(nullable,nonatomic,weak) id<UIPickerViewDataSource> dataSource; // default is nil. weak reference
/Users/admin/builder/spi-builder-workspace/Sources/DurationPicker/Internal/DurationPickerView.swift:26:47: error: 'UIPickerViewDataSource' is unavailable in tvOS
24 |
25 | /// A subclass of `UIPickerView` which to obfuscates the `UIPickerViewDataSource` and `UIPickerViewDelegate` conformance from the public `DurationPicker` interface.
26 | final class DurationPickerView: UIPickerView, UIPickerViewDataSource, UIPickerViewDelegate, UIPickerViewAccessibilityDelegate {
| `- error: 'UIPickerViewDataSource' is unavailable in tvOS
27 |
28 | // MARK: - Configuration Properties
/Applications/Xcode-27.0.0-Release.Candidate.app/Contents/Developer/Platforms/AppleTVOS.platform/Developer/SDKs/AppleTVOS27.0.sdk/System/Library/Frameworks/UIKit.framework/Headers/UIPickerView.h:48:11: note: 'UIPickerViewDataSource' has been explicitly marked unavailable here
46 |
47 | API_UNAVAILABLE(tvos, watchos) NS_SWIFT_UI_ACTOR
48 | @protocol UIPickerViewDataSource<NSObject>
| `- note: 'UIPickerViewDataSource' has been explicitly marked unavailable here
49 | @required
50 |
/Users/admin/builder/spi-builder-workspace/Sources/DurationPicker/Internal/DurationPickerView.swift:26:71: error: 'UIPickerViewDelegate' is unavailable in tvOS
24 |
25 | /// A subclass of `UIPickerView` which to obfuscates the `UIPickerViewDataSource` and `UIPickerViewDelegate` conformance from the public `DurationPicker` interface.
26 | final class DurationPickerView: UIPickerView, UIPickerViewDataSource, UIPickerViewDelegate, UIPickerViewAccessibilityDelegate {
| `- error: 'UIPickerViewDelegate' is unavailable in tvOS
27 |
28 | // MARK: - Configuration Properties
/Applications/Xcode-27.0.0-Release.Candidate.app/Contents/Developer/Platforms/AppleTVOS.platform/Developer/SDKs/AppleTVOS27.0.sdk/System/Library/Frameworks/UIKit.framework/Headers/UIPickerView.h:59:11: note: 'UIPickerViewDelegate' has been explicitly marked unavailable here
57 |
58 | API_UNAVAILABLE(tvos, watchos) NS_SWIFT_UI_ACTOR
59 | @protocol UIPickerViewDelegate<NSObject>
| `- note: 'UIPickerViewDelegate' has been explicitly marked unavailable here
60 | @optional
61 |
/Users/admin/builder/spi-builder-workspace/Sources/DurationPicker/Internal/DurationPickerView.swift:26:93: error: 'UIPickerViewAccessibilityDelegate' is unavailable in tvOS
24 |
25 | /// A subclass of `UIPickerView` which to obfuscates the `UIPickerViewDataSource` and `UIPickerViewDelegate` conformance from the public `DurationPicker` interface.
26 | final class DurationPickerView: UIPickerView, UIPickerViewDataSource, UIPickerViewDelegate, UIPickerViewAccessibilityDelegate {
| `- error: 'UIPickerViewAccessibilityDelegate' is unavailable in tvOS
27 |
28 | // MARK: - Configuration Properties
/Applications/Xcode-27.0.0-Release.Candidate.app/Contents/Developer/Platforms/AppleTVOS.platform/Developer/SDKs/AppleTVOS27.0.sdk/System/Library/Frameworks/UIKit.framework/Headers/UIAccessibilityAdditions.h:23:11: note: 'UIPickerViewAccessibilityDelegate' has been explicitly marked unavailable here
21 |
22 | API_UNAVAILABLE(tvos, watchos) NS_SWIFT_UI_ACTOR
23 | @protocol UIPickerViewAccessibilityDelegate <UIPickerViewDelegate>
| `- note: 'UIPickerViewAccessibilityDelegate' has been explicitly marked unavailable here
24 |
25 | @optional
/Users/admin/builder/spi-builder-workspace/Sources/DurationPicker/Internal/DurationPickerView.swift:656:8: error: cannot override 'pickerView' which has been marked unavailable
654 | }
655 |
656 | func pickerView(_ pickerView: UIPickerView,
| `- error: cannot override 'pickerView' which has been marked unavailable
657 | widthForComponent component: Int) -> CGFloat {
658 | rowWidth()
/Applications/Xcode-27.0.0-Release.Candidate.app/Contents/Developer/Platforms/AppleTVOS.platform/Developer/SDKs/AppleTVOS27.0.sdk/System/Library/Frameworks/UIKit.framework/Headers/UIPickerView.h:63:1: note: 'pickerView(_:widthForComponent:)' has been explicitly marked unavailable here
61 |
62 | // returns width of column and height of row for each component.
63 | - (CGFloat)pickerView:(UIPickerView *)pickerView widthForComponent:(NSInteger)component API_UNAVAILABLE(tvos);
| `- note: 'pickerView(_:widthForComponent:)' has been explicitly marked unavailable here
64 | - (CGFloat)pickerView:(UIPickerView *)pickerView rowHeightForComponent:(NSInteger)component API_UNAVAILABLE(tvos);
65 |
/Users/admin/builder/spi-builder-workspace/Sources/DurationPicker/Internal/DurationPickerView.swift:651:8: error: cannot override 'pickerView' which has been marked unavailable
649 | }
650 |
651 | func pickerView(_ pickerView: UIPickerView,
| `- error: cannot override 'pickerView' which has been marked unavailable
652 | rowHeightForComponent component: Int) -> CGFloat {
653 | Self.rowHeight
/Applications/Xcode-27.0.0-Release.Candidate.app/Contents/Developer/Platforms/AppleTVOS.platform/Developer/SDKs/AppleTVOS27.0.sdk/System/Library/Frameworks/UIKit.framework/Headers/UIPickerView.h:64:1: note: 'pickerView(_:rowHeightForComponent:)' has been explicitly marked unavailable here
62 | // returns width of column and height of row for each component.
63 | - (CGFloat)pickerView:(UIPickerView *)pickerView widthForComponent:(NSInteger)component API_UNAVAILABLE(tvos);
64 | - (CGFloat)pickerView:(UIPickerView *)pickerView rowHeightForComponent:(NSInteger)component API_UNAVAILABLE(tvos);
| `- note: 'pickerView(_:rowHeightForComponent:)' has been explicitly marked unavailable here
65 |
66 | // these methods return either a plain NSString, a NSAttributedString, or a view (e.g UILabel) to display the row for the component.
/Users/admin/builder/spi-builder-workspace/Sources/DurationPicker/Internal/DurationPickerView.swift:474:8: error: cannot override 'pickerView' which has been marked unavailable
472 | private static let rowHeight: CGFloat = 32
473 |
474 | func pickerView(_ pickerView: UIPickerView,
| `- error: cannot override 'pickerView' which has been marked unavailable
475 | viewForRow row: Int,
476 | forComponent component: Int,
/Applications/Xcode-27.0.0-Release.Candidate.app/Contents/Developer/Platforms/AppleTVOS.platform/Developer/SDKs/AppleTVOS27.0.sdk/System/Library/Frameworks/UIKit.framework/Headers/UIPickerView.h:71:1: note: 'pickerView(_:viewForRow:forComponent:reusing:)' has been explicitly marked unavailable here
69 | - (nullable NSString *)pickerView:(UIPickerView *)pickerView titleForRow:(NSInteger)row forComponent:(NSInteger)component API_UNAVAILABLE(tvos);
70 | - (nullable NSAttributedString *)pickerView:(UIPickerView *)pickerView attributedTitleForRow:(NSInteger)row forComponent:(NSInteger)component API_AVAILABLE(ios(6.0)) API_UNAVAILABLE(tvos); // attributed title is favored if both methods are implemented
71 | - (UIView *)pickerView:(UIPickerView *)pickerView viewForRow:(NSInteger)row forComponent:(NSInteger)component reusingView:(nullable UIView *)view API_UNAVAILABLE(tvos);
| `- note: 'pickerView(_:viewForRow:forComponent:reusing:)' has been explicitly marked unavailable here
72 |
73 | - (void)pickerView:(UIPickerView *)pickerView didSelectRow:(NSInteger)row inComponent:(NSInteger)component API_UNAVAILABLE(tvos);
SwiftCompile normal arm64 /Users/admin/builder/spi-builder-workspace/Sources/DurationPicker/Internal/DurationPickerView.swift (in target 'DurationPicker' from project 'DurationPicker')
cd /Users/admin/builder/spi-builder-workspace/.swiftpm/xcode
builtin-SwiftPerFileCompile DurationPickerView.swift
SwiftCompile normal arm64 /Users/admin/builder/spi-builder-workspace/Sources/DurationPicker/Internal/Extensions/CGFloat++.swift (in target 'DurationPicker' from project 'DurationPicker')
cd /Users/admin/builder/spi-builder-workspace/.swiftpm/xcode
builtin-SwiftPerFileCompile CGFloat++.swift
SwiftCompile normal arm64 Compiling\ DurationPicker.swift /Users/admin/builder/spi-builder-workspace/Sources/DurationPicker/Public/DurationPicker.swift (in target 'DurationPicker' from project 'DurationPicker')
SwiftCompile normal arm64 /Users/admin/builder/spi-builder-workspace/Sources/DurationPicker/Public/DurationPicker.swift (in target 'DurationPicker' from project 'DurationPicker')
cd /Users/admin/builder/spi-builder-workspace/.swiftpm/xcode
builtin-SwiftPerFileCompile DurationPicker.swift
PruneExplicitPrecompiledModules /Users/admin/builder/spi-builder-workspace/.derivedData/Build/Intermediates.noindex/ExplicitPrecompiledModules
PruneExplicitPrecompiledModules /Users/admin/builder/spi-builder-workspace/.derivedData/Build/Intermediates.noindex/SwiftExplicitPrecompiledModules
PruneExplicitPrecompiledModules /Users/admin/builder/spi-builder-workspace/.derivedData/SDKExplicitPrecompiledModules
2026-09-20 07:27:18.738 xcodebuild[627:3872] [MT] IDERunDestination: Supported platforms for the buildables in the current scheme is empty.
** BUILD FAILED **
The following build commands failed:
SwiftCompile normal arm64 (in target 'DurationPicker' from project 'DurationPicker')
SwiftEmitModule normal arm64 Emitting\ module\ for\ DurationPicker (in target 'DurationPicker' from project 'DurationPicker')
Building workspace DurationPicker with scheme DurationPicker
(3 failures)
Command line invocation:
/Applications/Xcode-27.0.0-Release.Candidate.app/Contents/Developer/usr/bin/xcodebuild -IDEClonedSourcePackagesDirPathOverride=/Users/admin/builder/spi-builder-workspace/.dependencies -resolvePackageDependencies
Resolve Package Graph
Resolved source packages:
DurationPicker: /Users/admin/builder/spi-builder-workspace
resolved source packages: DurationPicker
2026-09-20 07:27:25.324 xcodebuild[738:4424] [MT] IDERunDestination: Supported platforms for the buildables in the current scheme is empty.
{
"default_localization" : "en",
"dependencies" : [
],
"manifest_display_name" : "DurationPicker",
"name" : "DurationPicker",
"path" : "/Users/admin/builder/spi-builder-workspace",
"platforms" : [
{
"name" : "ios",
"version" : "15.0"
}
],
"products" : [
{
"name" : "DurationPicker",
"targets" : [
"DurationPicker"
],
"type" : {
"library" : [
"automatic"
]
}
}
],
"targets" : [
{
"c99name" : "DurationPickerTests",
"module_type" : "SwiftTarget",
"name" : "DurationPickerTests",
"path" : "Tests/DurationPickerTests",
"sources" : [
"DurationPickerTests.swift",
"TestConstants.swift",
"TimeComponentsTests.swift"
],
"target_dependencies" : [
"DurationPicker"
],
"type" : "test"
},
{
"c99name" : "DurationPicker",
"module_type" : "SwiftTarget",
"name" : "DurationPicker",
"path" : "Sources/DurationPicker",
"product_memberships" : [
"DurationPicker"
],
"sources" : [
"Internal/DurationPickerContentView.swift",
"Internal/DurationPickerView.swift",
"Internal/Extensions/CGFloat++.swift",
"Internal/Extensions/CGSize++.swift",
"Internal/Extensions/Numbers++.swift",
"Internal/Extensions/String++.swift",
"Internal/Extensions/UILabel++.swift",
"Internal/TimeComponents.swift",
"Internal/Utilities/DurationFormatter.swift",
"Internal/Utilities/TimeConstants.swift",
"Internal/Utilities/TimeUtils.swift",
"Public/DurationPicker+Mode.swift",
"Public/DurationPicker.swift"
],
"type" : "library"
}
],
"tools_version" : "5.9"
}
{
"workspace" : {
"name" : "DurationPicker",
"schemes" : [
"DurationPicker"
]
}
}
2026-09-20 07:27:26.652 xcodebuild[746:4494] [MT] IDERunDestination: Supported platforms for the buildables in the current scheme is empty.
Running build ...
env DEVELOPER_DIR=/Applications/Xcode-27.0.0-Release.Candidate.app xcrun xcodebuild -IDEClonedSourcePackagesDirPathOverride=$PWD/.dependencies -skipMacroValidation -skipPackagePluginValidation -derivedDataPath $PWD/.derivedData build -scheme DurationPicker -destination generic/platform=tvOS
Command line invocation:
/Applications/Xcode-27.0.0-Release.Candidate.app/Contents/Developer/usr/bin/xcodebuild -IDEClonedSourcePackagesDirPathOverride=/Users/admin/builder/spi-builder-workspace/.dependencies -skipMacroValidation -skipPackagePluginValidation -derivedDataPath /Users/admin/builder/spi-builder-workspace/.derivedData build -scheme DurationPicker -destination generic/platform=tvOS
Resolve Package Graph
Resolved source packages:
DurationPicker: /Users/admin/builder/spi-builder-workspace
ComputePackagePrebuildTargetDependencyGraph
Prepare packages
CreateBuildRequest
SendProjectDescription
CreateBuildOperation
ComputeTargetDependencyGraph
note: Building targets in dependency order
note: Target dependency graph (3 targets)
Target 'DurationPicker-product' in project 'DurationPicker'
➜ Explicit dependency on target 'DurationPicker' in project 'DurationPicker'
➜ Explicit dependency on target 'DurationPicker_DurationPicker' in project 'DurationPicker'
Target 'DurationPicker' in project 'DurationPicker'
➜ Explicit dependency on target 'DurationPicker_DurationPicker' in project 'DurationPicker'
Target 'DurationPicker_DurationPicker' in project 'DurationPicker' (no dependencies)
GatherProvisioningInputs
CreateBuildDescription
ClangStatCache /Applications/Xcode-27.0.0-Release.Candidate.app/Contents/Developer/Toolchains/XcodeDefault.xctoolchain/usr/bin/clang-stat-cache /Applications/Xcode-27.0.0-Release.Candidate.app/Contents/Developer/Platforms/AppleTVOS.platform/Developer/SDKs/AppleTVOS27.0.sdk /Users/admin/builder/spi-builder-workspace/.derivedData/SDKStatCaches.noindex/appletvos27.0-24J360-e829b21a6f8c9b70876ba0858053c044b32bfd8d43560033f8d89884cdb90028.sdkstatcache
cd /Users/admin/builder/spi-builder-workspace/.swiftpm/xcode
/Applications/Xcode-27.0.0-Release.Candidate.app/Contents/Developer/Toolchains/XcodeDefault.xctoolchain/usr/bin/clang-stat-cache /Applications/Xcode-27.0.0-Release.Candidate.app/Contents/Developer/Platforms/AppleTVOS.platform/Developer/SDKs/AppleTVOS27.0.sdk -o /Users/admin/builder/spi-builder-workspace/.derivedData/SDKStatCaches.noindex/appletvos27.0-24J360-e829b21a6f8c9b70876ba0858053c044b32bfd8d43560033f8d89884cdb90028.sdkstatcache
SwiftDriver DurationPicker normal arm64 com.apple.xcode.tools.swift.compiler (in target 'DurationPicker' from project 'DurationPicker')
cd /Users/admin/builder/spi-builder-workspace/.swiftpm/xcode
builtin-SwiftDriver -- /Applications/Xcode-27.0.0-Release.Candidate.app/Contents/Developer/Toolchains/XcodeDefault.xctoolchain/usr/bin/swiftc -parse-as-library -module-name DurationPicker -Onone @/Users/admin/builder/spi-builder-workspace/.derivedData/Build/Intermediates.noindex/DurationPicker.build/Debug-appletvos/DurationPicker-t.build/Objects-normal/arm64/DurationPicker.SwiftFileList -DSWIFT_PACKAGE -DDEBUG -DSWIFT_MODULE_RESOURCE_BUNDLE_AVAILABLE -DXcode -plugin-path /Applications/Xcode-27.0.0-Release.Candidate.app/Contents/Developer/Toolchains/XcodeDefault.xctoolchain/usr/lib/swift/host/plugins/testing -enable-experimental-feature DebugDescriptionMacro -sdk /Applications/Xcode-27.0.0-Release.Candidate.app/Contents/Developer/Platforms/AppleTVOS.platform/Developer/SDKs/AppleTVOS27.0.sdk -target arm64-apple-tvos15.0 -g -module-cache-path /Users/admin/builder/spi-builder-workspace/.derivedData/ModuleCache.noindex -Xfrontend -serialize-debugging-options -profile-coverage-mapping -profile-generate -enable-testing -index-store-path /Users/admin/builder/spi-builder-workspace/.derivedData/Index.noindex/DataStore -Xcc -D_LIBCPP_HARDENING_MODE\=_LIBCPP_HARDENING_MODE_DEBUG -swift-version 5 -I /Users/admin/builder/spi-builder-workspace/.derivedData/Build/Products/Debug-appletvos -Isystem /Applications/Xcode-27.0.0-Release.Candidate.app/Contents/Developer/Platforms/AppleTVOS.platform/Developer/usr/lib -F /Users/admin/builder/spi-builder-workspace/.derivedData/Build/Products/Debug-appletvos -F /Applications/Xcode-27.0.0-Release.Candidate.app/Contents/Developer/Platforms/AppleTVOS.platform/Developer/Library/Frameworks -F /Applications/Xcode-27.0.0-Release.Candidate.app/Contents/Developer/Platforms/AppleTVOS.platform/Developer/SDKs/AppleTVOS27.0.sdk/Developer/Library/Frameworks -emit-localized-strings -emit-localized-strings-path /Users/admin/builder/spi-builder-workspace/.derivedData/Build/Intermediates.noindex/DurationPicker.build/Debug-appletvos/DurationPicker-t.build/Objects-normal/arm64 -c -j10 -enable-batch-mode -incremental -Xcc -ivfsstatcache -Xcc /Users/admin/builder/spi-builder-workspace/.derivedData/SDKStatCaches.noindex/appletvos27.0-24J360-e829b21a6f8c9b70876ba0858053c044b32bfd8d43560033f8d89884cdb90028.sdkstatcache -output-file-map /Users/admin/builder/spi-builder-workspace/.derivedData/Build/Intermediates.noindex/DurationPicker.build/Debug-appletvos/DurationPicker-t.build/Objects-normal/arm64/DurationPicker-OutputFileMap.json -save-temps -no-color-diagnostics -explicit-module-build -module-cache-path /Users/admin/builder/spi-builder-workspace/.derivedData/Build/Intermediates.noindex/SwiftExplicitPrecompiledModules -clang-scanner-module-cache-path /Users/admin/builder/spi-builder-workspace/.derivedData/ModuleCache.noindex -sdk-module-cache-path /Users/admin/builder/spi-builder-workspace/.derivedData/SDKExplicitPrecompiledModules -emit-dependencies -emit-module -emit-module-path /Users/admin/builder/spi-builder-workspace/.derivedData/Build/Intermediates.noindex/DurationPicker.build/Debug-appletvos/DurationPicker-t.build/Objects-normal/arm64/DurationPicker.swiftmodule -serialize-diagnostics -dependency-scan-serialize-diagnostics-path /Users/admin/builder/spi-builder-workspace/.derivedData/Build/Intermediates.noindex/DurationPicker.build/Debug-appletvos/DurationPicker-t.build/Objects-normal/arm64/DurationPicker-dependency-scan.dia -validate-clang-modules-once -clang-build-session-file /Users/admin/builder/spi-builder-workspace/.derivedData/ModuleCache.noindex/Session.modulevalidation -Xcc -fmodules-prune-interval\=86400 -Xcc -fmodules-prune-after\=345600 -package-name spi_builder_workspace -emit-const-values -const-gather-protocols-list /Users/admin/builder/spi-builder-workspace/.derivedData/Build/Intermediates.noindex/DurationPicker.build/Debug-appletvos/DurationPicker-t.build/Objects-normal/arm64/DurationPicker_const_extract_protocols.json -Xcc -I/Users/admin/builder/spi-builder-workspace/.derivedData/Build/Products/Debug-appletvos/include -Xcc -I/Users/admin/builder/spi-builder-workspace/.derivedData/Build/Intermediates.noindex/DurationPicker.build/Debug-appletvos/DurationPicker-t.build/DerivedSources-normal/arm64 -Xcc -I/Users/admin/builder/spi-builder-workspace/.derivedData/Build/Intermediates.noindex/DurationPicker.build/Debug-appletvos/DurationPicker-t.build/DerivedSources/arm64 -Xcc -I/Users/admin/builder/spi-builder-workspace/.derivedData/Build/Intermediates.noindex/DurationPicker.build/Debug-appletvos/DurationPicker-t.build/DerivedSources -Xcc -DSWIFT_PACKAGE -Xcc -DDEBUG\=1 -emit-objc-header -emit-objc-header-path /Users/admin/builder/spi-builder-workspace/.derivedData/Build/Intermediates.noindex/DurationPicker.build/Debug-appletvos/DurationPicker-t.build/Objects-normal/arm64/DurationPicker-Swift.h -working-directory /Users/admin/builder/spi-builder-workspace/.swiftpm/xcode -experimental-emit-module-separately -disable-cmo
SwiftCompile normal arm64 Compiling\ resource_bundle_accessor.swift,\ DurationPickerContentView.swift /Users/admin/builder/spi-builder-workspace/.derivedData/Build/Intermediates.noindex/DurationPicker.build/Debug-appletvos/DurationPicker-t.build/DerivedSources/resource_bundle_accessor.swift /Users/admin/builder/spi-builder-workspace/Sources/DurationPicker/Internal/DurationPickerContentView.swift (in target 'DurationPicker' from project 'DurationPicker')
SwiftCompile normal arm64 /Users/admin/builder/spi-builder-workspace/.derivedData/Build/Intermediates.noindex/DurationPicker.build/Debug-appletvos/DurationPicker-t.build/DerivedSources/resource_bundle_accessor.swift (in target 'DurationPicker' from project 'DurationPicker')
cd /Users/admin/builder/spi-builder-workspace/.swiftpm/xcode
builtin-SwiftPerFileCompile resource_bundle_accessor.swift
SwiftCompile normal arm64 /Users/admin/builder/spi-builder-workspace/Sources/DurationPicker/Internal/DurationPickerContentView.swift (in target 'DurationPicker' from project 'DurationPicker')
cd /Users/admin/builder/spi-builder-workspace/.swiftpm/xcode
builtin-SwiftPerFileCompile DurationPickerContentView.swift
SwiftCompile normal arm64 Compiling\ CGSize++.swift,\ Numbers++.swift /Users/admin/builder/spi-builder-workspace/Sources/DurationPicker/Internal/Extensions/CGSize++.swift /Users/admin/builder/spi-builder-workspace/Sources/DurationPicker/Internal/Extensions/Numbers++.swift (in target 'DurationPicker' from project 'DurationPicker')
SwiftCompile normal arm64 /Users/admin/builder/spi-builder-workspace/Sources/DurationPicker/Internal/Extensions/CGSize++.swift (in target 'DurationPicker' from project 'DurationPicker')
cd /Users/admin/builder/spi-builder-workspace/.swiftpm/xcode
builtin-SwiftPerFileCompile CGSize++.swift
SwiftCompile normal arm64 /Users/admin/builder/spi-builder-workspace/Sources/DurationPicker/Internal/Extensions/Numbers++.swift (in target 'DurationPicker' from project 'DurationPicker')
cd /Users/admin/builder/spi-builder-workspace/.swiftpm/xcode
builtin-SwiftPerFileCompile Numbers++.swift
SwiftCompile normal arm64 Compiling\ String++.swift,\ UILabel++.swift /Users/admin/builder/spi-builder-workspace/Sources/DurationPicker/Internal/Extensions/String++.swift /Users/admin/builder/spi-builder-workspace/Sources/DurationPicker/Internal/Extensions/UILabel++.swift (in target 'DurationPicker' from project 'DurationPicker')
SwiftCompile normal arm64 /Users/admin/builder/spi-builder-workspace/Sources/DurationPicker/Internal/Extensions/String++.swift (in target 'DurationPicker' from project 'DurationPicker')
cd /Users/admin/builder/spi-builder-workspace/.swiftpm/xcode
builtin-SwiftPerFileCompile String++.swift
SwiftCompile normal arm64 /Users/admin/builder/spi-builder-workspace/Sources/DurationPicker/Internal/Extensions/UILabel++.swift (in target 'DurationPicker' from project 'DurationPicker')
cd /Users/admin/builder/spi-builder-workspace/.swiftpm/xcode
builtin-SwiftPerFileCompile UILabel++.swift
SwiftEmitModule normal arm64 Emitting\ module\ for\ DurationPicker (in target 'DurationPicker' from project 'DurationPicker')
/Users/admin/builder/spi-builder-workspace/Sources/DurationPicker/Internal/DurationPickerView.swift:474:33: error: 'UIPickerView' is unavailable in tvOS
472 | private static let rowHeight: CGFloat = 32
473 |
474 | func pickerView(_ pickerView: UIPickerView,
| `- error: 'UIPickerView' is unavailable in tvOS
475 | viewForRow row: Int,
476 | forComponent component: Int,
/Applications/Xcode-27.0.0-Release.Candidate.app/Contents/Developer/Platforms/AppleTVOS.platform/Developer/SDKs/AppleTVOS27.0.sdk/System/Library/Frameworks/UIKit.framework/Headers/UIPickerView.h:19:12: note: 'UIPickerView' has been explicitly marked unavailable here
17 |
18 | UIKIT_EXTERN API_AVAILABLE(ios(2.0)) API_UNAVAILABLE(tvos, watchos) NS_SWIFT_UI_ACTOR
19 | @interface UIPickerView : UIView <NSCoding>
| `- note: 'UIPickerView' has been explicitly marked unavailable here
20 |
21 | @property(nullable,nonatomic,weak) id<UIPickerViewDataSource> dataSource; // default is nil. weak reference
/Users/admin/builder/spi-builder-workspace/Sources/DurationPicker/Internal/DurationPickerView.swift:592:33: error: 'UIPickerView' is unavailable in tvOS
590 | }
591 |
592 | func pickerView(_ pickerView: UIPickerView,
| `- error: 'UIPickerView' is unavailable in tvOS
593 | didSelectRow row: Int,
594 | inComponent component: Int) {
/Applications/Xcode-27.0.0-Release.Candidate.app/Contents/Developer/Platforms/AppleTVOS.platform/Developer/SDKs/AppleTVOS27.0.sdk/System/Library/Frameworks/UIKit.framework/Headers/UIPickerView.h:19:12: note: 'UIPickerView' has been explicitly marked unavailable here
17 |
18 | UIKIT_EXTERN API_AVAILABLE(ios(2.0)) API_UNAVAILABLE(tvos, watchos) NS_SWIFT_UI_ACTOR
19 | @interface UIPickerView : UIView <NSCoding>
| `- note: 'UIPickerView' has been explicitly marked unavailable here
20 |
21 | @property(nullable,nonatomic,weak) id<UIPickerViewDataSource> dataSource; // default is nil. weak reference
/Users/admin/builder/spi-builder-workspace/Sources/DurationPicker/Internal/DurationPickerView.swift:651:33: error: 'UIPickerView' is unavailable in tvOS
649 | }
650 |
651 | func pickerView(_ pickerView: UIPickerView,
| `- error: 'UIPickerView' is unavailable in tvOS
652 | rowHeightForComponent component: Int) -> CGFloat {
653 | Self.rowHeight
/Applications/Xcode-27.0.0-Release.Candidate.app/Contents/Developer/Platforms/AppleTVOS.platform/Developer/SDKs/AppleTVOS27.0.sdk/System/Library/Frameworks/UIKit.framework/Headers/UIPickerView.h:19:12: note: 'UIPickerView' has been explicitly marked unavailable here
17 |
18 | UIKIT_EXTERN API_AVAILABLE(ios(2.0)) API_UNAVAILABLE(tvos, watchos) NS_SWIFT_UI_ACTOR
19 | @interface UIPickerView : UIView <NSCoding>
| `- note: 'UIPickerView' has been explicitly marked unavailable here
20 |
21 | @property(nullable,nonatomic,weak) id<UIPickerViewDataSource> dataSource; // default is nil. weak reference
/Users/admin/builder/spi-builder-workspace/Sources/DurationPicker/Internal/DurationPickerView.swift:656:33: error: 'UIPickerView' is unavailable in tvOS
654 | }
655 |
656 | func pickerView(_ pickerView: UIPickerView,
| `- error: 'UIPickerView' is unavailable in tvOS
657 | widthForComponent component: Int) -> CGFloat {
658 | rowWidth()
/Applications/Xcode-27.0.0-Release.Candidate.app/Contents/Developer/Platforms/AppleTVOS.platform/Developer/SDKs/AppleTVOS27.0.sdk/System/Library/Frameworks/UIKit.framework/Headers/UIPickerView.h:19:12: note: 'UIPickerView' has been explicitly marked unavailable here
17 |
18 | UIKIT_EXTERN API_AVAILABLE(ios(2.0)) API_UNAVAILABLE(tvos, watchos) NS_SWIFT_UI_ACTOR
19 | @interface UIPickerView : UIView <NSCoding>
| `- note: 'UIPickerView' has been explicitly marked unavailable here
20 |
21 | @property(nullable,nonatomic,weak) id<UIPickerViewDataSource> dataSource; // default is nil. weak reference
/Users/admin/builder/spi-builder-workspace/Sources/DurationPicker/Internal/DurationPickerView.swift:704:42: error: 'UIPickerView' is unavailable in tvOS
702 | // MARK: - UIPickerViewDataSource
703 |
704 | func numberOfComponents(in pickerView: UIPickerView) -> Int {
| `- error: 'UIPickerView' is unavailable in tvOS
705 | pickerMode.numberOfComponents
706 | }
/Applications/Xcode-27.0.0-Release.Candidate.app/Contents/Developer/Platforms/AppleTVOS.platform/Developer/SDKs/AppleTVOS27.0.sdk/System/Library/Frameworks/UIKit.framework/Headers/UIPickerView.h:19:12: note: 'UIPickerView' has been explicitly marked unavailable here
17 |
18 | UIKIT_EXTERN API_AVAILABLE(ios(2.0)) API_UNAVAILABLE(tvos, watchos) NS_SWIFT_UI_ACTOR
19 | @interface UIPickerView : UIView <NSCoding>
| `- note: 'UIPickerView' has been explicitly marked unavailable here
20 |
21 | @property(nullable,nonatomic,weak) id<UIPickerViewDataSource> dataSource; // default is nil. weak reference
/Users/admin/builder/spi-builder-workspace/Sources/DurationPicker/Internal/DurationPickerView.swift:708:33: error: 'UIPickerView' is unavailable in tvOS
706 | }
707 |
708 | func pickerView(_ pickerView: UIPickerView,
| `- error: 'UIPickerView' is unavailable in tvOS
709 | numberOfRowsInComponent component: Int) -> Int {
710 | guard let componentType = pickerMode.componentType(fromComponent: component) else {
/Applications/Xcode-27.0.0-Release.Candidate.app/Contents/Developer/Platforms/AppleTVOS.platform/Developer/SDKs/AppleTVOS27.0.sdk/System/Library/Frameworks/UIKit.framework/Headers/UIPickerView.h:19:12: note: 'UIPickerView' has been explicitly marked unavailable here
17 |
18 | UIKIT_EXTERN API_AVAILABLE(ios(2.0)) API_UNAVAILABLE(tvos, watchos) NS_SWIFT_UI_ACTOR
19 | @interface UIPickerView : UIView <NSCoding>
| `- note: 'UIPickerView' has been explicitly marked unavailable here
20 |
21 | @property(nullable,nonatomic,weak) id<UIPickerViewDataSource> dataSource; // default is nil. weak reference
/Users/admin/builder/spi-builder-workspace/Sources/DurationPicker/Internal/DurationPickerView.swift:725:33: error: 'UIPickerView' is unavailable in tvOS
723 | // MARK: - UIPickerViewAccessibilityDelegate
724 |
725 | func pickerView(_ pickerView: UIPickerView,
| `- error: 'UIPickerView' is unavailable in tvOS
726 | accessibilityUserInputLabelsForComponent component: Int) -> [String] {
727 | guard let componentType = pickerMode.componentType(fromComponent: component) else {
/Applications/Xcode-27.0.0-Release.Candidate.app/Contents/Developer/Platforms/AppleTVOS.platform/Developer/SDKs/AppleTVOS27.0.sdk/System/Library/Frameworks/UIKit.framework/Headers/UIPickerView.h:19:12: note: 'UIPickerView' has been explicitly marked unavailable here
17 |
18 | UIKIT_EXTERN API_AVAILABLE(ios(2.0)) API_UNAVAILABLE(tvos, watchos) NS_SWIFT_UI_ACTOR
19 | @interface UIPickerView : UIView <NSCoding>
| `- note: 'UIPickerView' has been explicitly marked unavailable here
20 |
21 | @property(nullable,nonatomic,weak) id<UIPickerViewDataSource> dataSource; // default is nil. weak reference
/Users/admin/builder/spi-builder-workspace/Sources/DurationPicker/Internal/DurationPickerView.swift:26:33: error: 'UIPickerView' is unavailable in tvOS
24 |
25 | /// A subclass of `UIPickerView` which to obfuscates the `UIPickerViewDataSource` and `UIPickerViewDelegate` conformance from the public `DurationPicker` interface.
26 | final class DurationPickerView: UIPickerView, UIPickerViewDataSource, UIPickerViewDelegate, UIPickerViewAccessibilityDelegate {
| `- error: 'UIPickerView' is unavailable in tvOS
27 |
28 | // MARK: - Configuration Properties
/Applications/Xcode-27.0.0-Release.Candidate.app/Contents/Developer/Platforms/AppleTVOS.platform/Developer/SDKs/AppleTVOS27.0.sdk/System/Library/Frameworks/UIKit.framework/Headers/UIPickerView.h:19:12: note: 'UIPickerView' has been explicitly marked unavailable here
17 |
18 | UIKIT_EXTERN API_AVAILABLE(ios(2.0)) API_UNAVAILABLE(tvos, watchos) NS_SWIFT_UI_ACTOR
19 | @interface UIPickerView : UIView <NSCoding>
| `- note: 'UIPickerView' has been explicitly marked unavailable here
20 |
21 | @property(nullable,nonatomic,weak) id<UIPickerViewDataSource> dataSource; // default is nil. weak reference
/Users/admin/builder/spi-builder-workspace/Sources/DurationPicker/Internal/DurationPickerView.swift:26:47: error: 'UIPickerViewDataSource' is unavailable in tvOS
24 |
25 | /// A subclass of `UIPickerView` which to obfuscates the `UIPickerViewDataSource` and `UIPickerViewDelegate` conformance from the public `DurationPicker` interface.
26 | final class DurationPickerView: UIPickerView, UIPickerViewDataSource, UIPickerViewDelegate, UIPickerViewAccessibilityDelegate {
| `- error: 'UIPickerViewDataSource' is unavailable in tvOS
27 |
28 | // MARK: - Configuration Properties
/Applications/Xcode-27.0.0-Release.Candidate.app/Contents/Developer/Platforms/AppleTVOS.platform/Developer/SDKs/AppleTVOS27.0.sdk/System/Library/Frameworks/UIKit.framework/Headers/UIPickerView.h:48:11: note: 'UIPickerViewDataSource' has been explicitly marked unavailable here
46 |
47 | API_UNAVAILABLE(tvos, watchos) NS_SWIFT_UI_ACTOR
48 | @protocol UIPickerViewDataSource<NSObject>
| `- note: 'UIPickerViewDataSource' has been explicitly marked unavailable here
49 | @required
50 |
/Users/admin/builder/spi-builder-workspace/Sources/DurationPicker/Internal/DurationPickerView.swift:26:71: error: 'UIPickerViewDelegate' is unavailable in tvOS
24 |
25 | /// A subclass of `UIPickerView` which to obfuscates the `UIPickerViewDataSource` and `UIPickerViewDelegate` conformance from the public `DurationPicker` interface.
26 | final class DurationPickerView: UIPickerView, UIPickerViewDataSource, UIPickerViewDelegate, UIPickerViewAccessibilityDelegate {
| `- error: 'UIPickerViewDelegate' is unavailable in tvOS
27 |
28 | // MARK: - Configuration Properties
/Applications/Xcode-27.0.0-Release.Candidate.app/Contents/Developer/Platforms/AppleTVOS.platform/Developer/SDKs/AppleTVOS27.0.sdk/System/Library/Frameworks/UIKit.framework/Headers/UIPickerView.h:59:11: note: 'UIPickerViewDelegate' has been explicitly marked unavailable here
57 |
58 | API_UNAVAILABLE(tvos, watchos) NS_SWIFT_UI_ACTOR
59 | @protocol UIPickerViewDelegate<NSObject>
| `- note: 'UIPickerViewDelegate' has been explicitly marked unavailable here
60 | @optional
61 |
/Users/admin/builder/spi-builder-workspace/Sources/DurationPicker/Internal/DurationPickerView.swift:26:93: error: 'UIPickerViewAccessibilityDelegate' is unavailable in tvOS
24 |
25 | /// A subclass of `UIPickerView` which to obfuscates the `UIPickerViewDataSource` and `UIPickerViewDelegate` conformance from the public `DurationPicker` interface.
26 | final class DurationPickerView: UIPickerView, UIPickerViewDataSource, UIPickerViewDelegate, UIPickerViewAccessibilityDelegate {
| `- error: 'UIPickerViewAccessibilityDelegate' is unavailable in tvOS
27 |
28 | // MARK: - Configuration Properties
/Applications/Xcode-27.0.0-Release.Candidate.app/Contents/Developer/Platforms/AppleTVOS.platform/Developer/SDKs/AppleTVOS27.0.sdk/System/Library/Frameworks/UIKit.framework/Headers/UIAccessibilityAdditions.h:23:11: note: 'UIPickerViewAccessibilityDelegate' has been explicitly marked unavailable here
21 |
22 | API_UNAVAILABLE(tvos, watchos) NS_SWIFT_UI_ACTOR
23 | @protocol UIPickerViewAccessibilityDelegate <UIPickerViewDelegate>
| `- note: 'UIPickerViewAccessibilityDelegate' has been explicitly marked unavailable here
24 |
25 | @optional
/Users/admin/builder/spi-builder-workspace/Sources/DurationPicker/Internal/DurationPickerView.swift:656:8: error: cannot override 'pickerView' which has been marked unavailable
654 | }
655 |
656 | func pickerView(_ pickerView: UIPickerView,
| `- error: cannot override 'pickerView' which has been marked unavailable
657 | widthForComponent component: Int) -> CGFloat {
658 | rowWidth()
/Applications/Xcode-27.0.0-Release.Candidate.app/Contents/Developer/Platforms/AppleTVOS.platform/Developer/SDKs/AppleTVOS27.0.sdk/System/Library/Frameworks/UIKit.framework/Headers/UIPickerView.h:63:1: note: 'pickerView(_:widthForComponent:)' has been explicitly marked unavailable here
61 |
62 | // returns width of column and height of row for each component.
63 | - (CGFloat)pickerView:(UIPickerView *)pickerView widthForComponent:(NSInteger)component API_UNAVAILABLE(tvos);
| `- note: 'pickerView(_:widthForComponent:)' has been explicitly marked unavailable here
64 | - (CGFloat)pickerView:(UIPickerView *)pickerView rowHeightForComponent:(NSInteger)component API_UNAVAILABLE(tvos);
65 |
/Users/admin/builder/spi-builder-workspace/Sources/DurationPicker/Internal/DurationPickerView.swift:651:8: error: cannot override 'pickerView' which has been marked unavailable
649 | }
650 |
651 | func pickerView(_ pickerView: UIPickerView,
| `- error: cannot override 'pickerView' which has been marked unavailable
652 | rowHeightForComponent component: Int) -> CGFloat {
653 | Self.rowHeight
/Applications/Xcode-27.0.0-Release.Candidate.app/Contents/Developer/Platforms/AppleTVOS.platform/Developer/SDKs/AppleTVOS27.0.sdk/System/Library/Frameworks/UIKit.framework/Headers/UIPickerView.h:64:1: note: 'pickerView(_:rowHeightForComponent:)' has been explicitly marked unavailable here
62 | // returns width of column and height of row for each component.
63 | - (CGFloat)pickerView:(UIPickerView *)pickerView widthForComponent:(NSInteger)component API_UNAVAILABLE(tvos);
64 | - (CGFloat)pickerView:(UIPickerView *)pickerView rowHeightForComponent:(NSInteger)component API_UNAVAILABLE(tvos);
| `- note: 'pickerView(_:rowHeightForComponent:)' has been explicitly marked unavailable here
65 |
66 | // these methods return either a plain NSString, a NSAttributedString, or a view (e.g UILabel) to display the row for the component.
/Users/admin/builder/spi-builder-workspace/Sources/DurationPicker/Internal/DurationPickerView.swift:474:8: error: cannot override 'pickerView' which has been marked unavailable
472 | private static let rowHeight: CGFloat = 32
473 |
474 | func pickerView(_ pickerView: UIPickerView,
| `- error: cannot override 'pickerView' which has been marked unavailable
475 | viewForRow row: Int,
476 | forComponent component: Int,
/Applications/Xcode-27.0.0-Release.Candidate.app/Contents/Developer/Platforms/AppleTVOS.platform/Developer/SDKs/AppleTVOS27.0.sdk/System/Library/Frameworks/UIKit.framework/Headers/UIPickerView.h:71:1: note: 'pickerView(_:viewForRow:forComponent:reusing:)' has been explicitly marked unavailable here
69 | - (nullable NSString *)pickerView:(UIPickerView *)pickerView titleForRow:(NSInteger)row forComponent:(NSInteger)component API_UNAVAILABLE(tvos);
70 | - (nullable NSAttributedString *)pickerView:(UIPickerView *)pickerView attributedTitleForRow:(NSInteger)row forComponent:(NSInteger)component API_AVAILABLE(ios(6.0)) API_UNAVAILABLE(tvos); // attributed title is favored if both methods are implemented
71 | - (UIView *)pickerView:(UIPickerView *)pickerView viewForRow:(NSInteger)row forComponent:(NSInteger)component reusingView:(nullable UIView *)view API_UNAVAILABLE(tvos);
| `- note: 'pickerView(_:viewForRow:forComponent:reusing:)' has been explicitly marked unavailable here
72 |
73 | - (void)pickerView:(UIPickerView *)pickerView didSelectRow:(NSInteger)row inComponent:(NSInteger)component API_UNAVAILABLE(tvos);
/Users/admin/builder/spi-builder-workspace/Sources/DurationPicker/Internal/DurationPickerView.swift:592:8: error: cannot override 'pickerView' which has been marked unavailable
590 | }
591 |
592 | func pickerView(_ pickerView: UIPickerView,
| `- error: cannot override 'pickerView' which has been marked unavailable
593 | didSelectRow row: Int,
594 | inComponent component: Int) {
/Applications/Xcode-27.0.0-Release.Candidate.app/Contents/Developer/Platforms/AppleTVOS.platform/Developer/SDKs/AppleTVOS27.0.sdk/System/Library/Frameworks/UIKit.framework/Headers/UIPickerView.h:73:1: note: 'pickerView(_:didSelectRow:inComponent:)' has been explicitly marked unavailable here
71 | - (UIView *)pickerView:(UIPickerView *)pickerView viewForRow:(NSInteger)row forComponent:(NSInteger)component reusingView:(nullable UIView *)view API_UNAVAILABLE(tvos);
72 |
73 | - (void)pickerView:(UIPickerView *)pickerView didSelectRow:(NSInteger)row inComponent:(NSInteger)component API_UNAVAILABLE(tvos);
| `- note: 'pickerView(_:didSelectRow:inComponent:)' has been explicitly marked unavailable here
74 |
75 | @end
Failed frontend command:
/Applications/Xcode-27.0.0-Release.Candidate.app/Contents/Developer/Toolchains/XcodeDefault.xctoolchain/usr/bin/swift-frontend -frontend -emit-module -experimental-skip-non-inlinable-function-bodies-without-types /Users/admin/builder/spi-builder-workspace/.derivedData/Build/Intermediates.noindex/DurationPicker.build/Debug-appletvos/DurationPicker-t.build/DerivedSources/resource_bundle_accessor.swift /Users/admin/builder/spi-builder-workspace/Sources/DurationPicker/Internal/DurationPickerContentView.swift /Users/admin/builder/spi-builder-workspace/Sources/DurationPicker/Internal/DurationPickerView.swift /Users/admin/builder/spi-builder-workspace/Sources/DurationPicker/Internal/Extensions/CGFloat++.swift /Users/admin/builder/spi-builder-workspace/Sources/DurationPicker/Internal/Extensions/CGSize++.swift /Users/admin/builder/spi-builder-workspace/Sources/DurationPicker/Internal/Extensions/Numbers++.swift /Users/admin/builder/spi-builder-workspace/Sources/DurationPicker/Internal/Extensions/String++.swift /Users/admin/builder/spi-builder-workspace/Sources/DurationPicker/Internal/Extensions/UILabel++.swift /Users/admin/builder/spi-builder-workspace/Sources/DurationPicker/Internal/TimeComponents.swift /Users/admin/builder/spi-builder-workspace/Sources/DurationPicker/Internal/Utilities/DurationFormatter.swift /Users/admin/builder/spi-builder-workspace/Sources/DurationPicker/Internal/Utilities/TimeConstants.swift /Users/admin/builder/spi-builder-workspace/Sources/DurationPicker/Internal/Utilities/TimeUtils.swift /Users/admin/builder/spi-builder-workspace/Sources/DurationPicker/Public/DurationPicker+Mode.swift /Users/admin/builder/spi-builder-workspace/Sources/DurationPicker/Public/DurationPicker.swift /Users/admin/builder/spi-builder-workspace/.derivedData/Build/Intermediates.noindex/DurationPicker.build/Debug-appletvos/DurationPicker-t.build/DerivedSources/GeneratedStringSymbols_Localizable.swift -target arm64-apple-tvos15.0 -disable-cross-import-overlay-search -load-resolved-plugin /Applications/Xcode-27.0.0-Release.Candidate.app/Contents/Developer/Platforms/AppleTVOS.platform/Developer/usr/lib/swift/host/plugins/libFoundationMacros.dylib\#/Applications/Xcode-27.0.0-Release.Candidate.app/Contents/Developer/Platforms/AppleTVOS.platform/Developer/usr/bin/swift-plugin-server\#FoundationMacros -load-resolved-plugin /Applications/Xcode-27.0.0-Release.Candidate.app/Contents/Developer/Platforms/AppleTVOS.platform/Developer/usr/lib/swift/host/plugins/libObservationMacros.dylib\#/Applications/Xcode-27.0.0-Release.Candidate.app/Contents/Developer/Platforms/AppleTVOS.platform/Developer/usr/bin/swift-plugin-server\#ObservationMacros -load-resolved-plugin /Applications/Xcode-27.0.0-Release.Candidate.app/Contents/Developer/Platforms/AppleTVOS.platform/Developer/usr/lib/swift/host/plugins/libPreviewsMacros.dylib\#/Applications/Xcode-27.0.0-Release.Candidate.app/Contents/Developer/Platforms/AppleTVOS.platform/Developer/usr/bin/swift-plugin-server\#PreviewsMacros -load-resolved-plugin /Applications/Xcode-27.0.0-Release.Candidate.app/Contents/Developer/Platforms/AppleTVOS.platform/Developer/usr/lib/swift/host/plugins/libSwiftMacros.dylib\#/Applications/Xcode-27.0.0-Release.Candidate.app/Contents/Developer/Platforms/AppleTVOS.platform/Developer/usr/bin/swift-plugin-server\#SwiftMacros -load-resolved-plugin /Applications/Xcode-27.0.0-Release.Candidate.app/Contents/Developer/Platforms/AppleTVOS.platform/Developer/usr/lib/swift/host/plugins/libSwiftUIMacros.dylib\#/Applications/Xcode-27.0.0-Release.Candidate.app/Contents/Developer/Platforms/AppleTVOS.platform/Developer/usr/bin/swift-plugin-server\#SwiftUIMacros -disable-implicit-swift-modules -Xcc -fno-implicit-modules -Xcc -fno-implicit-module-maps -explicit-swift-module-map-file /Users/admin/builder/spi-builder-workspace/.derivedData/Build/Intermediates.noindex/DurationPicker.build/Debug-appletvos/DurationPicker-t.build/Objects-normal/arm64/DurationPicker-dependencies-1.json -Xllvm -aarch64-use-tbi -enable-objc-interop -stack-check -sdk /Applications/Xcode-27.0.0-Release.Candidate.app/Contents/Developer/Platforms/AppleTVOS.platform/Developer/SDKs/AppleTVOS27.0.sdk -I /Users/admin/builder/spi-builder-workspace/.derivedData/Build/Products/Debug-appletvos -Isystem /Applications/Xcode-27.0.0-Release.Candidate.app/Contents/Developer/Platforms/AppleTVOS.platform/Developer/usr/lib -F /Users/admin/builder/spi-builder-workspace/.derivedData/Build/Products/Debug-appletvos -F /Applications/Xcode-27.0.0-Release.Candidate.app/Contents/Developer/Platforms/AppleTVOS.platform/Developer/Library/Frameworks -F /Applications/Xcode-27.0.0-Release.Candidate.app/Contents/Developer/Platforms/AppleTVOS.platform/Developer/SDKs/AppleTVOS27.0.sdk/Developer/Library/Frameworks -module-cache-path /Users/admin/builder/spi-builder-workspace/.derivedData/Build/Intermediates.noindex/SwiftExplicitPrecompiledModules -no-color-diagnostics -Xcc -fno-color-diagnostics -enable-testing -g -debug-info-format\=dwarf -dwarf-version\=4 -profile-generate -profile-coverage-mapping -swift-version 5 -Onone -D SWIFT_PACKAGE -D DEBUG -D SWIFT_MODULE_RESOURCE_BUNDLE_AVAILABLE -D Xcode -serialize-debugging-options -enable-experimental-feature DebugDescriptionMacro -empty-abi-descriptor -validate-clang-modules-once -clang-build-session-file /Users/admin/builder/spi-builder-workspace/.derivedData/ModuleCache.noindex/Session.modulevalidation -Xcc -working-directory -Xcc /Users/admin/builder/spi-builder-workspace/.swiftpm/xcode -enable-anonymous-context-mangled-names -file-compilation-dir /Users/admin/builder/spi-builder-workspace/.swiftpm/xcode -Xcc -D_LIBCPP_HARDENING_MODE\=_LIBCPP_HARDENING_MODE_DEBUG -Xcc -ivfsstatcache -Xcc /Users/admin/builder/spi-builder-workspace/.derivedData/SDKStatCaches.noindex/appletvos27.0-24J360-e829b21a6f8c9b70876ba0858053c044b32bfd8d43560033f8d89884cdb90028.sdkstatcache -Xcc -fmodules-prune-interval\=86400 -Xcc -fmodules-prune-after\=345600 -Xcc -I/Users/admin/builder/spi-builder-workspace/.derivedData/Build/Products/Debug-appletvos/include -Xcc -I/Users/admin/builder/spi-builder-workspace/.derivedData/Build/Intermediates.noindex/DurationPicker.build/Debug-appletvos/DurationPicker-t.build/DerivedSources-normal/arm64 -Xcc -I/Users/admin/builder/spi-builder-workspace/.derivedData/Build/Intermediates.noindex/DurationPicker.build/Debug-appletvos/DurationPicker-t.build/DerivedSources/arm64 -Xcc -I/Users/admin/builder/spi-builder-workspace/.derivedData/Build/Intermediates.noindex/DurationPicker.build/Debug-appletvos/DurationPicker-t.build/DerivedSources -Xcc -DSWIFT_PACKAGE -Xcc -DDEBUG\=1 -no-auto-bridging-header-chaining -module-name DurationPicker -package-name spi_builder_workspace -const-gather-protocols-file /Users/admin/builder/spi-builder-workspace/.derivedData/Build/Intermediates.noindex/DurationPicker.build/Debug-appletvos/DurationPicker-t.build/Objects-normal/arm64/DurationPicker_const_extract_protocols.json -disable-clang-spi -clang-target arm64-apple-tvos27.0 -target-sdk-version 27.0 -target-sdk-name appletvos27.0 -in-process-plugin-server-path /Applications/Xcode-27.0.0-Release.Candidate.app/Contents/Developer/Toolchains/XcodeDefault.xctoolchain/usr/lib/swift/host/libSwiftInProcPluginServer.dylib -emit-module-doc-path /Users/admin/builder/spi-builder-workspace/.derivedData/Build/Intermediates.noindex/DurationPicker.build/Debug-appletvos/DurationPicker-t.build/Objects-normal/arm64/DurationPicker.swiftdoc -emit-module-source-info-path /Users/admin/builder/spi-builder-workspace/.derivedData/Build/Intermediates.noindex/DurationPicker.build/Debug-appletvos/DurationPicker-t.build/Objects-normal/arm64/DurationPicker.swiftsourceinfo -emit-objc-header-path /Users/admin/builder/spi-builder-workspace/.derivedData/Build/Intermediates.noindex/DurationPicker.build/Debug-appletvos/DurationPicker-t.build/Objects-normal/arm64/DurationPicker-Swift.h -serialize-diagnostics-path /Users/admin/builder/spi-builder-workspace/.derivedData/Build/Intermediates.noindex/DurationPicker.build/Debug-appletvos/DurationPicker-t.build/Objects-normal/arm64/DurationPicker-primary-emit-module.dia -emit-dependencies-path /Users/admin/builder/spi-builder-workspace/.derivedData/Build/Intermediates.noindex/DurationPicker.build/Debug-appletvos/DurationPicker-t.build/Objects-normal/arm64/DurationPicker-primary-emit-module.d -parse-as-library -o /Users/admin/builder/spi-builder-workspace/.derivedData/Build/Intermediates.noindex/DurationPicker.build/Debug-appletvos/DurationPicker-t.build/Objects-normal/arm64/DurationPicker.swiftmodule -emit-abi-descriptor-path /Users/admin/builder/spi-builder-workspace/.derivedData/Build/Intermediates.noindex/DurationPicker.build/Debug-appletvos/DurationPicker-t.build/Objects-normal/arm64/DurationPicker.abi.json
SwiftCompile normal arm64 (in target 'DurationPicker' from project 'DurationPicker')
cd /Users/admin/builder/spi-builder-workspace/.swiftpm/xcode
SwiftCompile normal arm64 Compiling\ TimeConstants.swift /Users/admin/builder/spi-builder-workspace/Sources/DurationPicker/Internal/Utilities/TimeConstants.swift (in target 'DurationPicker' from project 'DurationPicker')
SwiftCompile normal arm64 /Users/admin/builder/spi-builder-workspace/Sources/DurationPicker/Internal/Utilities/TimeConstants.swift (in target 'DurationPicker' from project 'DurationPicker')
cd /Users/admin/builder/spi-builder-workspace/.swiftpm/xcode
builtin-SwiftPerFileCompile TimeConstants.swift
SwiftCompile normal arm64 Compiling\ DurationPicker+Mode.swift /Users/admin/builder/spi-builder-workspace/Sources/DurationPicker/Public/DurationPicker+Mode.swift (in target 'DurationPicker' from project 'DurationPicker')
SwiftCompile normal arm64 /Users/admin/builder/spi-builder-workspace/Sources/DurationPicker/Public/DurationPicker+Mode.swift (in target 'DurationPicker' from project 'DurationPicker')
cd /Users/admin/builder/spi-builder-workspace/.swiftpm/xcode
builtin-SwiftPerFileCompile DurationPicker+Mode.swift
SwiftCompile normal arm64 Compiling\ GeneratedStringSymbols_Localizable.swift /Users/admin/builder/spi-builder-workspace/.derivedData/Build/Intermediates.noindex/DurationPicker.build/Debug-appletvos/DurationPicker-t.build/DerivedSources/GeneratedStringSymbols_Localizable.swift (in target 'DurationPicker' from project 'DurationPicker')
SwiftCompile normal arm64 /Users/admin/builder/spi-builder-workspace/.derivedData/Build/Intermediates.noindex/DurationPicker.build/Debug-appletvos/DurationPicker-t.build/DerivedSources/GeneratedStringSymbols_Localizable.swift (in target 'DurationPicker' from project 'DurationPicker')
cd /Users/admin/builder/spi-builder-workspace/.swiftpm/xcode
builtin-SwiftPerFileCompile GeneratedStringSymbols_Localizable.swift
SwiftCompile normal arm64 Compiling\ TimeUtils.swift /Users/admin/builder/spi-builder-workspace/Sources/DurationPicker/Internal/Utilities/TimeUtils.swift (in target 'DurationPicker' from project 'DurationPicker')
SwiftCompile normal arm64 /Users/admin/builder/spi-builder-workspace/Sources/DurationPicker/Internal/Utilities/TimeUtils.swift (in target 'DurationPicker' from project 'DurationPicker')
cd /Users/admin/builder/spi-builder-workspace/.swiftpm/xcode
builtin-SwiftPerFileCompile TimeUtils.swift
SwiftCompile normal arm64 Compiling\ TimeComponents.swift,\ DurationFormatter.swift /Users/admin/builder/spi-builder-workspace/Sources/DurationPicker/Internal/TimeComponents.swift /Users/admin/builder/spi-builder-workspace/Sources/DurationPicker/Internal/Utilities/DurationFormatter.swift (in target 'DurationPicker' from project 'DurationPicker')
SwiftCompile normal arm64 /Users/admin/builder/spi-builder-workspace/Sources/DurationPicker/Internal/TimeComponents.swift (in target 'DurationPicker' from project 'DurationPicker')
cd /Users/admin/builder/spi-builder-workspace/.swiftpm/xcode
builtin-SwiftPerFileCompile TimeComponents.swift
SwiftCompile normal arm64 /Users/admin/builder/spi-builder-workspace/Sources/DurationPicker/Internal/Utilities/DurationFormatter.swift (in target 'DurationPicker' from project 'DurationPicker')
cd /Users/admin/builder/spi-builder-workspace/.swiftpm/xcode
builtin-SwiftPerFileCompile DurationFormatter.swift
SwiftCompile normal arm64 Compiling\ DurationPicker.swift /Users/admin/builder/spi-builder-workspace/Sources/DurationPicker/Public/DurationPicker.swift (in target 'DurationPicker' from project 'DurationPicker')
SwiftCompile normal arm64 /Users/admin/builder/spi-builder-workspace/Sources/DurationPicker/Public/DurationPicker.swift (in target 'DurationPicker' from project 'DurationPicker')
cd /Users/admin/builder/spi-builder-workspace/.swiftpm/xcode
builtin-SwiftPerFileCompile DurationPicker.swift
SwiftCompile normal arm64 Compiling\ DurationPickerView.swift,\ CGFloat++.swift /Users/admin/builder/spi-builder-workspace/Sources/DurationPicker/Internal/DurationPickerView.swift /Users/admin/builder/spi-builder-workspace/Sources/DurationPicker/Internal/Extensions/CGFloat++.swift (in target 'DurationPicker' from project 'DurationPicker')
SwiftCompile normal arm64 /Users/admin/builder/spi-builder-workspace/Sources/DurationPicker/Internal/DurationPickerView.swift (in target 'DurationPicker' from project 'DurationPicker')
cd /Users/admin/builder/spi-builder-workspace/.swiftpm/xcode
builtin-SwiftPerFileCompile DurationPickerView.swift
SwiftCompile normal arm64 /Users/admin/builder/spi-builder-workspace/Sources/DurationPicker/Internal/Extensions/CGFloat++.swift (in target 'DurationPicker' from project 'DurationPicker')
cd /Users/admin/builder/spi-builder-workspace/.swiftpm/xcode
builtin-SwiftPerFileCompile CGFloat++.swift
PruneExplicitPrecompiledModules /Users/admin/builder/spi-builder-workspace/.derivedData/Build/Intermediates.noindex/ExplicitPrecompiledModules
PruneExplicitPrecompiledModules /Users/admin/builder/spi-builder-workspace/.derivedData/Build/Intermediates.noindex/SwiftExplicitPrecompiledModules
PruneExplicitPrecompiledModules /Users/admin/builder/spi-builder-workspace/.derivedData/SDKExplicitPrecompiledModules
2026-09-20 07:27:27.693 xcodebuild[747:4519] [MT] IDERunDestination: Supported platforms for the buildables in the current scheme is empty.
** BUILD FAILED **
The following build commands failed:
SwiftEmitModule normal arm64 Emitting\ module\ for\ DurationPicker (in target 'DurationPicker' from project 'DurationPicker')
SwiftCompile normal arm64 (in target 'DurationPicker' from project 'DurationPicker')
Building workspace DurationPicker with scheme DurationPicker
(3 failures)
BUILD FAILURE 6.4 tvOS