Build Information
Failed to build swift-openapi-runtime, reference main (76720b), with Swift 6.1 for visionOS using Xcode 16.3 on 28 Oct 2026 07:36:43 UTC.
Build Command
No build command. This typically means the build failed at an early stage where we determine the build command.Build Log
========================================
RunAll
========================================
Builder version: 5.1.3
Interrupt handler set up.
========================================
Checkout
========================================
Clone URL: https://github.com/apple/swift-openapi-runtime.git
Reference: main
Initialized empty Git repository in /Users/admin/builder/spi-builder-workspace/.git/
From https://github.com/apple/swift-openapi-runtime
* branch main -> FETCH_HEAD
* [new branch] main -> origin/main
HEAD is now at 76720b8 Bump swiftlang/github-workflows/.github/workflows/soundness.yml from 0.0.16 to 0.0.17 (#230)
Cloned https://github.com/apple/swift-openapi-runtime.git
Revision (git rev-parse @):
76720b809fa0d4c68d7518db81c75d9fb371f169
SPI manifest file found: $PWD/.spi.yml
SUCCESS checkout https://github.com/apple/swift-openapi-runtime.git at main
========================================
Build
========================================
Selected platform: visionOS
Swift version: 6.1
Building package at path: $PWD
https://github.com/apple/swift-openapi-runtime.git
https://github.com/apple/swift-openapi-runtime.git
error: 'spi-builder-workspace': package 'spi-builder-workspace' is using Swift tools version 6.2.0 but the installed version is 6.1.0
error: fatalError
Command line invocation:
/Applications/Xcode-16.3.0.app/Contents/Developer/usr/bin/xcodebuild -IDEClonedSourcePackagesDirPathOverride=/Users/admin/builder/spi-builder-workspace/.dependencies -resolvePackageDependencies
Resolve Package Graph
package 'spi-builder-workspace' is using Swift tools version 6.2.0 but the installed version is 6.1.0
Resolved source packages:
spi-builder-workspace: (null)
2026-10-28 00:36:42.864 xcodebuild[506:2924] Writing error result bundle to /var/folders/5k/5yc19ymj0jqd5v0zvgfqz0xw0000gn/T/ResultBundle_2026-28-10_00-36-0042.xcresult
xcodebuild: error: Could not resolve package dependencies:
package 'spi-builder-workspace' is using Swift tools version 6.2.0 but the installed version is 6.1.0
Command line invocation:
/Applications/Xcode-16.3.0.app/Contents/Developer/usr/bin/xcodebuild -IDEClonedSourcePackagesDirPathOverride=/Users/admin/builder/spi-builder-workspace/.dependencies -resolvePackageDependencies
Resolve Package Graph
package 'spi-builder-workspace' is using Swift tools version 6.2.0 but the installed version is 6.1.0
Resolved source packages:
spi-builder-workspace: (null)
2026-10-28 00:36:43.683 xcodebuild[514:3002] Writing error result bundle to /var/folders/5k/5yc19ymj0jqd5v0zvgfqz0xw0000gn/T/ResultBundle_2026-28-10_00-36-0043.xcresult
xcodebuild: error: Could not resolve package dependencies:
package 'spi-builder-workspace' is using Swift tools version 6.2.0 but the installed version is 6.1.0
BUILD FAILURE 6.1 visionOS