Build Information
Failed to build Transcoding, reference 0.0.2 (3af0f4), with Swift 6.4 for watchOS using Xcode 27.0 on 22 Sep 2026 07:30:30 UTC.
Build Command
env DEVELOPER_DIR=/Applications/Xcode-27.0.0-Release.Candidate.app xcrun xcodebuild -IDEClonedSourcePackagesDirPathOverride=$PWD/.dependencies -skipMacroValidation -skipPackagePluginValidation -derivedDataPath $PWD/.derivedData build -scheme Transcoding -destination generic/platform=watchOSBuild Log
========================================
RunAll
========================================
Builder version: 5.1.0
Interrupt handler set up.
========================================
Checkout
========================================
Clone URL: https://github.com/finnvoor/Transcoding.git
Reference: 0.0.2
Initialized empty Git repository in /Users/admin/builder/spi-builder-workspace/.git/
From https://github.com/finnvoor/Transcoding
* tag 0.0.2 -> FETCH_HEAD
HEAD is now at 3af0f4f Fix VideoToolbox object memory leak (#5)
Cloned https://github.com/finnvoor/Transcoding.git
Revision (git rev-parse @):
3af0f4fb383cdd4d66f9c0ccc4906adb4d686283
SUCCESS checkout https://github.com/finnvoor/Transcoding.git at 0.0.2
========================================
Build
========================================
Selected platform: watchOS
Swift version: 6.4
Building package at path: $PWD
https://github.com/finnvoor/Transcoding.git
Command line invocation:
/Applications/Xcode-27.0.0-Release.Candidate.app/Contents/Developer/usr/bin/xcodebuild -IDEClonedSourcePackagesDirPathOverride=/Users/admin/builder/spi-builder-workspace/.dependencies -resolvePackageDependencies
Resolve Package Graph
Resolve Package Graph
Resolved source packages:
Transcoding: /Users/admin/builder/spi-builder-workspace
resolved source packages: Transcoding
2026-09-22 03:29:50.329 xcodebuild[525:2990] [MT] IDERunDestination: Supported platforms for the buildables in the current scheme is empty.
{
"dependencies" : [
],
"manifest_display_name" : "Transcoding",
"name" : "Transcoding",
"path" : "/Users/admin/builder/spi-builder-workspace",
"platforms" : [
{
"name" : "ios",
"version" : "15.0"
},
{
"name" : "macos",
"version" : "13.0"
},
{
"name" : "visionos",
"version" : "1.0"
},
{
"name" : "tvos",
"version" : "15.0"
}
],
"products" : [
{
"name" : "Transcoding",
"targets" : [
"Transcoding"
],
"type" : {
"library" : [
"automatic"
]
}
}
],
"targets" : [
{
"c99name" : "TranscodingTests",
"module_type" : "SwiftTarget",
"name" : "TranscodingTests",
"path" : "Tests/TranscodingTests",
"sources" : [
"TranscodingTests.swift"
],
"target_dependencies" : [
"Transcoding"
],
"type" : "test"
},
{
"c99name" : "Transcoding",
"module_type" : "SwiftTarget",
"name" : "Transcoding",
"path" : "Sources/Transcoding",
"product_memberships" : [
"Transcoding"
],
"sources" : [
"Extensions/Data+Extensions.swift",
"Extensions/VTCompressionSession+Extensions.swift",
"Extensions/VTDecompressionSession+Extensions.swift",
"NALUs/H264NALU.swift",
"NALUs/HEVCNALU.swift",
"VideoDecoder+Config.swift",
"VideoDecoder.swift",
"VideoDecoderAnnexBAdaptor.swift",
"VideoEncoder+Config.swift",
"VideoEncoder.swift",
"VideoEncoderAnnexBAdaptor.swift",
"VideoTranscoderError.swift"
],
"type" : "library"
}
],
"tools_version" : "5.9"
}
{
"workspace" : {
"name" : "Transcoding",
"schemes" : [
"Transcoding"
]
}
}
2026-09-22 03:30:22.939 xcodebuild[623:3791] [MT] IDERunDestination: Supported platforms for the buildables in the current scheme is empty.
Running build ...
env DEVELOPER_DIR=/Applications/Xcode-27.0.0-Release.Candidate.app xcrun xcodebuild -IDEClonedSourcePackagesDirPathOverride=$PWD/.dependencies -skipMacroValidation -skipPackagePluginValidation -derivedDataPath $PWD/.derivedData build -scheme Transcoding -destination generic/platform=watchOS
Command line invocation:
/Applications/Xcode-27.0.0-Release.Candidate.app/Contents/Developer/usr/bin/xcodebuild -IDEClonedSourcePackagesDirPathOverride=/Users/admin/builder/spi-builder-workspace/.dependencies -skipMacroValidation -skipPackagePluginValidation -derivedDataPath /Users/admin/builder/spi-builder-workspace/.derivedData build -scheme Transcoding -destination generic/platform=watchOS
Resolve Package Graph
Resolved source packages:
Transcoding: /Users/admin/builder/spi-builder-workspace
ComputePackagePrebuildTargetDependencyGraph
Prepare packages
CreateBuildRequest
SendProjectDescription
CreateBuildOperation
ComputeTargetDependencyGraph
note: Building targets in dependency order
note: Target dependency graph (2 targets)
Target 'Transcoding-product' in project 'Transcoding'
➜ Explicit dependency on target 'Transcoding' in project 'Transcoding'
Target 'Transcoding' in project 'Transcoding' (no dependencies)
GatherProvisioningInputs
CreateBuildDescription
ExecuteExternalTool /Applications/Xcode-27.0.0-Release.Candidate.app/Contents/Developer/Toolchains/XcodeDefault.xctoolchain/usr/bin/clang -v -E -dM -isysroot /Applications/Xcode-27.0.0-Release.Candidate.app/Contents/Developer/Platforms/WatchOS.platform/Developer/SDKs/WatchOS27.0.sdk -x c -c /dev/null
ExecuteExternalTool /Applications/Xcode-27.0.0-Release.Candidate.app/Contents/Developer/Toolchains/XcodeDefault.xctoolchain/usr/bin/swiftc --version
ExecuteExternalTool /Applications/Xcode-27.0.0-Release.Candidate.app/Contents/Developer/Toolchains/XcodeDefault.xctoolchain/usr/bin/ld -version_details
Build description signature: f7937ac0f0e17f14048267b8f4f47eb2
Build description path: /Users/admin/builder/spi-builder-workspace/.derivedData/Build/Intermediates.noindex/XCBuildData/f7937ac0f0e17f14048267b8f4f47eb2.xcbuilddata
CreateBuildDirectory /Users/admin/builder/spi-builder-workspace/.derivedData/CompilationCache.noindex
cd /Users/admin/builder/spi-builder-workspace/.swiftpm/xcode
builtin-create-build-directory /Users/admin/builder/spi-builder-workspace/.derivedData/CompilationCache.noindex
CreateBuildDirectory /Users/admin/builder/spi-builder-workspace/.derivedData/SDKExplicitPrecompiledModules
cd /Users/admin/builder/spi-builder-workspace/.swiftpm/xcode
builtin-create-build-directory /Users/admin/builder/spi-builder-workspace/.derivedData/SDKExplicitPrecompiledModules
CreateBuildDirectory /Users/admin/builder/spi-builder-workspace/.derivedData/ModuleCache.noindex
cd /Users/admin/builder/spi-builder-workspace/.swiftpm/xcode
builtin-create-build-directory /Users/admin/builder/spi-builder-workspace/.derivedData/ModuleCache.noindex
CreateBuildDirectory /Users/admin/builder/spi-builder-workspace/.derivedData/Build/Intermediates.noindex
cd /Users/admin/builder/spi-builder-workspace/.swiftpm/xcode
builtin-create-build-directory /Users/admin/builder/spi-builder-workspace/.derivedData/Build/Intermediates.noindex
ClangStatCache /Applications/Xcode-27.0.0-Release.Candidate.app/Contents/Developer/Toolchains/XcodeDefault.xctoolchain/usr/bin/clang-stat-cache /Applications/Xcode-27.0.0-Release.Candidate.app/Contents/Developer/Platforms/WatchOS.platform/Developer/SDKs/WatchOS27.0.sdk /Users/admin/builder/spi-builder-workspace/.derivedData/SDKStatCaches.noindex/watchos27.0-24R360-e829b21a6f8c9b70876ba0858053c04477534ef55a1706bf4c1112bbb242f0a2.sdkstatcache
cd /Users/admin/builder/spi-builder-workspace/.swiftpm/xcode
/Applications/Xcode-27.0.0-Release.Candidate.app/Contents/Developer/Toolchains/XcodeDefault.xctoolchain/usr/bin/clang-stat-cache /Applications/Xcode-27.0.0-Release.Candidate.app/Contents/Developer/Platforms/WatchOS.platform/Developer/SDKs/WatchOS27.0.sdk -o /Users/admin/builder/spi-builder-workspace/.derivedData/SDKStatCaches.noindex/watchos27.0-24R360-e829b21a6f8c9b70876ba0858053c04477534ef55a1706bf4c1112bbb242f0a2.sdkstatcache
CreateBuildDirectory /Users/admin/builder/spi-builder-workspace/.derivedData/Build/Products
cd /Users/admin/builder/spi-builder-workspace/.swiftpm/xcode
builtin-create-build-directory /Users/admin/builder/spi-builder-workspace/.derivedData/Build/Products
CreateBuildDirectory /Users/admin/builder/spi-builder-workspace/.derivedData/Build/Intermediates.noindex/PrecompiledHeaders
cd /Users/admin/builder/spi-builder-workspace/.swiftpm/xcode
builtin-create-build-directory /Users/admin/builder/spi-builder-workspace/.derivedData/Build/Intermediates.noindex/PrecompiledHeaders
CreateBuildDirectory /Users/admin/builder/spi-builder-workspace/.derivedData/Build/Intermediates.noindex/SwiftExplicitPrecompiledModules
cd /Users/admin/builder/spi-builder-workspace/.swiftpm/xcode
builtin-create-build-directory /Users/admin/builder/spi-builder-workspace/.derivedData/Build/Intermediates.noindex/SwiftExplicitPrecompiledModules
CreateBuildDirectory /Users/admin/builder/spi-builder-workspace/.derivedData/Build/Intermediates.noindex/ExplicitPrecompiledModules
cd /Users/admin/builder/spi-builder-workspace/.swiftpm/xcode
builtin-create-build-directory /Users/admin/builder/spi-builder-workspace/.derivedData/Build/Intermediates.noindex/ExplicitPrecompiledModules
CreateBuildDirectory /Users/admin/builder/spi-builder-workspace/.derivedData/Build/Intermediates.noindex/EagerLinkingTBDs/Debug-watchos
cd /Users/admin/builder/spi-builder-workspace/.swiftpm/xcode
builtin-create-build-directory /Users/admin/builder/spi-builder-workspace/.derivedData/Build/Intermediates.noindex/EagerLinkingTBDs/Debug-watchos
CreateBuildDirectory /Users/admin/builder/spi-builder-workspace/.derivedData/Build/Products/Debug-watchos
cd /Users/admin/builder/spi-builder-workspace/.swiftpm/xcode
builtin-create-build-directory /Users/admin/builder/spi-builder-workspace/.derivedData/Build/Products/Debug-watchos
CreateBuildDirectory /Users/admin/builder/spi-builder-workspace/.derivedData/Build/Products/Debug-watchos/PackageFrameworks
cd /Users/admin/builder/spi-builder-workspace/.swiftpm/xcode
builtin-create-build-directory /Users/admin/builder/spi-builder-workspace/.derivedData/Build/Products/Debug-watchos/PackageFrameworks
WriteAuxiliaryFile /Users/admin/builder/spi-builder-workspace/.derivedData/Build/Intermediates.noindex/Transcoding.build/Debug-watchos/Transcoding-t.build/Transcoding.modulemap (in target 'Transcoding' from project 'Transcoding')
cd /Users/admin/builder/spi-builder-workspace
write-file /Users/admin/builder/spi-builder-workspace/.derivedData/Build/Intermediates.noindex/Transcoding.build/Debug-watchos/Transcoding-t.build/Transcoding.modulemap
WriteAuxiliaryFile /Users/admin/builder/spi-builder-workspace/.derivedData/Build/Intermediates.noindex/Transcoding.build/Debug-watchos/Transcoding-t.build/Transcoding.DependencyStaticMetadataFileList (in target 'Transcoding' from project 'Transcoding')
cd /Users/admin/builder/spi-builder-workspace
write-file /Users/admin/builder/spi-builder-workspace/.derivedData/Build/Intermediates.noindex/Transcoding.build/Debug-watchos/Transcoding-t.build/Transcoding.DependencyStaticMetadataFileList
WriteAuxiliaryFile /Users/admin/builder/spi-builder-workspace/.derivedData/Build/Intermediates.noindex/Transcoding.build/Debug-watchos/Transcoding-t.build/Transcoding.DependencyMetadataFileList (in target 'Transcoding' from project 'Transcoding')
cd /Users/admin/builder/spi-builder-workspace
write-file /Users/admin/builder/spi-builder-workspace/.derivedData/Build/Intermediates.noindex/Transcoding.build/Debug-watchos/Transcoding-t.build/Transcoding.DependencyMetadataFileList
WriteAuxiliaryFile /Users/admin/builder/spi-builder-workspace/.derivedData/Build/Intermediates.noindex/Transcoding.build/Debug-watchos/Transcoding-t.build/Objects-normal/arm64_32/Transcoding_const_extract_protocols.json (in target 'Transcoding' from project 'Transcoding')
cd /Users/admin/builder/spi-builder-workspace
write-file /Users/admin/builder/spi-builder-workspace/.derivedData/Build/Intermediates.noindex/Transcoding.build/Debug-watchos/Transcoding-t.build/Objects-normal/arm64_32/Transcoding_const_extract_protocols.json
WriteAuxiliaryFile /Users/admin/builder/spi-builder-workspace/.derivedData/Build/Intermediates.noindex/Transcoding.build/Debug-watchos/Transcoding-t.build/Objects-normal/arm64_32/Transcoding-OutputFileMap.json (in target 'Transcoding' from project 'Transcoding')
cd /Users/admin/builder/spi-builder-workspace
write-file /Users/admin/builder/spi-builder-workspace/.derivedData/Build/Intermediates.noindex/Transcoding.build/Debug-watchos/Transcoding-t.build/Objects-normal/arm64_32/Transcoding-OutputFileMap.json
WriteAuxiliaryFile /Users/admin/builder/spi-builder-workspace/.derivedData/Build/Intermediates.noindex/Transcoding.build/Debug-watchos/Transcoding-t.build/Objects-normal/arm64_32/Transcoding.LinkFileList (in target 'Transcoding' from project 'Transcoding')
cd /Users/admin/builder/spi-builder-workspace
write-file /Users/admin/builder/spi-builder-workspace/.derivedData/Build/Intermediates.noindex/Transcoding.build/Debug-watchos/Transcoding-t.build/Objects-normal/arm64_32/Transcoding.LinkFileList
WriteAuxiliaryFile /Users/admin/builder/spi-builder-workspace/.derivedData/Build/Intermediates.noindex/Transcoding.build/Debug-watchos/Transcoding-t.build/Objects-normal/arm64_32/Transcoding.SwiftConstValuesFileList (in target 'Transcoding' from project 'Transcoding')
cd /Users/admin/builder/spi-builder-workspace
write-file /Users/admin/builder/spi-builder-workspace/.derivedData/Build/Intermediates.noindex/Transcoding.build/Debug-watchos/Transcoding-t.build/Objects-normal/arm64_32/Transcoding.SwiftConstValuesFileList
WriteAuxiliaryFile /Users/admin/builder/spi-builder-workspace/.derivedData/Build/Intermediates.noindex/Transcoding.build/Debug-watchos/Transcoding-t.build/Objects-normal/arm64_32/Transcoding.SwiftFileList (in target 'Transcoding' from project 'Transcoding')
cd /Users/admin/builder/spi-builder-workspace
write-file /Users/admin/builder/spi-builder-workspace/.derivedData/Build/Intermediates.noindex/Transcoding.build/Debug-watchos/Transcoding-t.build/Objects-normal/arm64_32/Transcoding.SwiftFileList
WriteAuxiliaryFile /Users/admin/builder/spi-builder-workspace/.derivedData/Build/Intermediates.noindex/Transcoding.build/Debug-watchos/Transcoding-t.build/Objects-normal/arm64/Transcoding_const_extract_protocols.json (in target 'Transcoding' from project 'Transcoding')
cd /Users/admin/builder/spi-builder-workspace
write-file /Users/admin/builder/spi-builder-workspace/.derivedData/Build/Intermediates.noindex/Transcoding.build/Debug-watchos/Transcoding-t.build/Objects-normal/arm64/Transcoding_const_extract_protocols.json
WriteAuxiliaryFile /Users/admin/builder/spi-builder-workspace/.derivedData/Build/Intermediates.noindex/Transcoding.build/Debug-watchos/Transcoding-t.build/Objects-normal/arm64/Transcoding.SwiftFileList (in target 'Transcoding' from project 'Transcoding')
cd /Users/admin/builder/spi-builder-workspace
write-file /Users/admin/builder/spi-builder-workspace/.derivedData/Build/Intermediates.noindex/Transcoding.build/Debug-watchos/Transcoding-t.build/Objects-normal/arm64/Transcoding.SwiftFileList
WriteAuxiliaryFile /Users/admin/builder/spi-builder-workspace/.derivedData/Build/Intermediates.noindex/Transcoding.build/Debug-watchos/Transcoding-t.build/Objects-normal/arm64/Transcoding.LinkFileList (in target 'Transcoding' from project 'Transcoding')
cd /Users/admin/builder/spi-builder-workspace
write-file /Users/admin/builder/spi-builder-workspace/.derivedData/Build/Intermediates.noindex/Transcoding.build/Debug-watchos/Transcoding-t.build/Objects-normal/arm64/Transcoding.LinkFileList
WriteAuxiliaryFile /Users/admin/builder/spi-builder-workspace/.derivedData/Build/Intermediates.noindex/Transcoding.build/Debug-watchos/Transcoding-t.build/Objects-normal/arm64/Transcoding.SwiftConstValuesFileList (in target 'Transcoding' from project 'Transcoding')
cd /Users/admin/builder/spi-builder-workspace
write-file /Users/admin/builder/spi-builder-workspace/.derivedData/Build/Intermediates.noindex/Transcoding.build/Debug-watchos/Transcoding-t.build/Objects-normal/arm64/Transcoding.SwiftConstValuesFileList
WriteAuxiliaryFile /Users/admin/builder/spi-builder-workspace/.derivedData/Build/Intermediates.noindex/Transcoding.build/Debug-watchos/Transcoding-t.build/Objects-normal/arm64/Transcoding-OutputFileMap.json (in target 'Transcoding' from project 'Transcoding')
cd /Users/admin/builder/spi-builder-workspace
write-file /Users/admin/builder/spi-builder-workspace/.derivedData/Build/Intermediates.noindex/Transcoding.build/Debug-watchos/Transcoding-t.build/Objects-normal/arm64/Transcoding-OutputFileMap.json
Copy /Users/admin/builder/spi-builder-workspace/.derivedData/Build/Intermediates.noindex/GeneratedModuleMaps-watchos/Transcoding.modulemap /Users/admin/builder/spi-builder-workspace/.derivedData/Build/Intermediates.noindex/Transcoding.build/Debug-watchos/Transcoding-t.build/Transcoding.modulemap (in target 'Transcoding' from project 'Transcoding')
cd /Users/admin/builder/spi-builder-workspace
builtin-copy -exclude .DS_Store -exclude CVS -exclude .svn -exclude .git -exclude .hg -resolve-src-symlinks /Users/admin/builder/spi-builder-workspace/.derivedData/Build/Intermediates.noindex/Transcoding.build/Debug-watchos/Transcoding-t.build/Transcoding.modulemap /Users/admin/builder/spi-builder-workspace/.derivedData/Build/Intermediates.noindex/GeneratedModuleMaps-watchos
SwiftDriver Transcoding normal arm64 com.apple.xcode.tools.swift.compiler (in target 'Transcoding' from project 'Transcoding')
cd /Users/admin/builder/spi-builder-workspace/.swiftpm/xcode
builtin-SwiftDriver -- /Applications/Xcode-27.0.0-Release.Candidate.app/Contents/Developer/Toolchains/XcodeDefault.xctoolchain/usr/bin/swiftc -parse-as-library -module-name Transcoding -Onone @/Users/admin/builder/spi-builder-workspace/.derivedData/Build/Intermediates.noindex/Transcoding.build/Debug-watchos/Transcoding-t.build/Objects-normal/arm64/Transcoding.SwiftFileList -DSWIFT_PACKAGE -DDEBUG -DSWIFT_MODULE_RESOURCE_BUNDLE_UNAVAILABLE -DXcode -plugin-path /Applications/Xcode-27.0.0-Release.Candidate.app/Contents/Developer/Toolchains/XcodeDefault.xctoolchain/usr/lib/swift/host/plugins/testing -enable-experimental-feature DebugDescriptionMacro -sdk /Applications/Xcode-27.0.0-Release.Candidate.app/Contents/Developer/Platforms/WatchOS.platform/Developer/SDKs/WatchOS27.0.sdk -target arm64-apple-watchos9.0 -g -module-cache-path /Users/admin/builder/spi-builder-workspace/.derivedData/ModuleCache.noindex -Xfrontend -serialize-debugging-options -profile-coverage-mapping -profile-generate -enable-testing -index-store-path /Users/admin/builder/spi-builder-workspace/.derivedData/Index.noindex/DataStore -Xcc -D_LIBCPP_HARDENING_MODE\=_LIBCPP_HARDENING_MODE_DEBUG -swift-version 5 -I /Users/admin/builder/spi-builder-workspace/.derivedData/Build/Products/Debug-watchos -Isystem /Applications/Xcode-27.0.0-Release.Candidate.app/Contents/Developer/Platforms/WatchOS.platform/Developer/usr/lib -F /Users/admin/builder/spi-builder-workspace/.derivedData/Build/Products/Debug-watchos -F /Applications/Xcode-27.0.0-Release.Candidate.app/Contents/Developer/Platforms/WatchOS.platform/Developer/Library/Frameworks -F /Applications/Xcode-27.0.0-Release.Candidate.app/Contents/Developer/Platforms/WatchOS.platform/Developer/SDKs/WatchOS27.0.sdk/Developer/Library/Frameworks -c -j10 -enable-batch-mode -incremental -Xcc -ivfsstatcache -Xcc /Users/admin/builder/spi-builder-workspace/.derivedData/SDKStatCaches.noindex/watchos27.0-24R360-e829b21a6f8c9b70876ba0858053c04477534ef55a1706bf4c1112bbb242f0a2.sdkstatcache -output-file-map /Users/admin/builder/spi-builder-workspace/.derivedData/Build/Intermediates.noindex/Transcoding.build/Debug-watchos/Transcoding-t.build/Objects-normal/arm64/Transcoding-OutputFileMap.json -save-temps -no-color-diagnostics -explicit-module-build -module-cache-path /Users/admin/builder/spi-builder-workspace/.derivedData/Build/Intermediates.noindex/SwiftExplicitPrecompiledModules -clang-scanner-module-cache-path /Users/admin/builder/spi-builder-workspace/.derivedData/ModuleCache.noindex -sdk-module-cache-path /Users/admin/builder/spi-builder-workspace/.derivedData/SDKExplicitPrecompiledModules -emit-dependencies -emit-module -emit-module-path /Users/admin/builder/spi-builder-workspace/.derivedData/Build/Intermediates.noindex/Transcoding.build/Debug-watchos/Transcoding-t.build/Objects-normal/arm64/Transcoding.swiftmodule -serialize-diagnostics -dependency-scan-serialize-diagnostics-path /Users/admin/builder/spi-builder-workspace/.derivedData/Build/Intermediates.noindex/Transcoding.build/Debug-watchos/Transcoding-t.build/Objects-normal/arm64/Transcoding-dependency-scan.dia -validate-clang-modules-once -clang-build-session-file /Users/admin/builder/spi-builder-workspace/.derivedData/ModuleCache.noindex/Session.modulevalidation -Xcc -fmodules-prune-interval\=86400 -Xcc -fmodules-prune-after\=345600 -package-name spi_builder_workspace -emit-const-values -const-gather-protocols-list /Users/admin/builder/spi-builder-workspace/.derivedData/Build/Intermediates.noindex/Transcoding.build/Debug-watchos/Transcoding-t.build/Objects-normal/arm64/Transcoding_const_extract_protocols.json -Xcc -I/Users/admin/builder/spi-builder-workspace/.derivedData/Build/Products/Debug-watchos/include -Xcc -I/Users/admin/builder/spi-builder-workspace/.derivedData/Build/Intermediates.noindex/Transcoding.build/Debug-watchos/Transcoding-t.build/DerivedSources-normal/arm64 -Xcc -I/Users/admin/builder/spi-builder-workspace/.derivedData/Build/Intermediates.noindex/Transcoding.build/Debug-watchos/Transcoding-t.build/DerivedSources/arm64 -Xcc -I/Users/admin/builder/spi-builder-workspace/.derivedData/Build/Intermediates.noindex/Transcoding.build/Debug-watchos/Transcoding-t.build/DerivedSources -Xcc -DSWIFT_PACKAGE -Xcc -DDEBUG\=1 -emit-objc-header -emit-objc-header-path /Users/admin/builder/spi-builder-workspace/.derivedData/Build/Intermediates.noindex/Transcoding.build/Debug-watchos/Transcoding-t.build/Objects-normal/arm64/Transcoding-Swift.h -working-directory /Users/admin/builder/spi-builder-workspace/.swiftpm/xcode -experimental-emit-module-separately -disable-cmo
/Users/admin/builder/spi-builder-workspace/Sources/Transcoding/Extensions/VTCompressionSession+Extensions.swift:2:8: error: Unable to resolve module dependency: 'VideoToolbox' (in target 'Transcoding' from project 'Transcoding')
note: A dependency of main module 'Transcoding'
/Users/admin/builder/spi-builder-workspace/Sources/Transcoding/Extensions/VTDecompressionSession+Extensions.swift:2:8: note: Also imported here
/Users/admin/builder/spi-builder-workspace/Sources/Transcoding/VideoDecoder+Config.swift:1:8: note: Also imported here
/Users/admin/builder/spi-builder-workspace/Sources/Transcoding/VideoDecoder.swift:3:8: note: Also imported here
/Users/admin/builder/spi-builder-workspace/Sources/Transcoding/VideoEncoder+Config.swift:1:8: note: Also imported here
/Users/admin/builder/spi-builder-workspace/Sources/Transcoding/VideoEncoder.swift:3:8: note: Also imported here
/Users/admin/builder/spi-builder-workspace/Sources/Transcoding/VideoTranscoderError.swift:2:8: note: Also imported here
/Users/admin/builder/spi-builder-workspace/Sources/Transcoding/Extensions/VTCompressionSession+Extensions.swift:2:8: note: A dependency of main module 'Transcoding'
import VideoToolbox
^ (in target 'Transcoding' from project 'Transcoding')
/Users/admin/builder/spi-builder-workspace/Sources/Transcoding/Extensions/VTDecompressionSession+Extensions.swift:2:8: note: Also imported here
import VideoToolbox
^ (in target 'Transcoding' from project 'Transcoding')
/Users/admin/builder/spi-builder-workspace/Sources/Transcoding/VideoDecoder+Config.swift:1:8: note: Also imported here
import VideoToolbox
^ (in target 'Transcoding' from project 'Transcoding')
/Users/admin/builder/spi-builder-workspace/Sources/Transcoding/VideoDecoder.swift:3:8: note: Also imported here
import VideoToolbox
^ (in target 'Transcoding' from project 'Transcoding')
/Users/admin/builder/spi-builder-workspace/Sources/Transcoding/VideoEncoder+Config.swift:1:8: note: Also imported here
import VideoToolbox
^ (in target 'Transcoding' from project 'Transcoding')
/Users/admin/builder/spi-builder-workspace/Sources/Transcoding/VideoEncoder.swift:3:8: note: Also imported here
import VideoToolbox
^ (in target 'Transcoding' from project 'Transcoding')
/Users/admin/builder/spi-builder-workspace/Sources/Transcoding/VideoTranscoderError.swift:2:8: note: Also imported here
import VideoToolbox
^ (in target 'Transcoding' from project 'Transcoding')
SwiftDriver Transcoding normal arm64_32 com.apple.xcode.tools.swift.compiler (in target 'Transcoding' from project 'Transcoding')
cd /Users/admin/builder/spi-builder-workspace/.swiftpm/xcode
builtin-SwiftDriver -- /Applications/Xcode-27.0.0-Release.Candidate.app/Contents/Developer/Toolchains/XcodeDefault.xctoolchain/usr/bin/swiftc -parse-as-library -module-name Transcoding -Onone @/Users/admin/builder/spi-builder-workspace/.derivedData/Build/Intermediates.noindex/Transcoding.build/Debug-watchos/Transcoding-t.build/Objects-normal/arm64_32/Transcoding.SwiftFileList -DSWIFT_PACKAGE -DDEBUG -DSWIFT_MODULE_RESOURCE_BUNDLE_UNAVAILABLE -DXcode -plugin-path /Applications/Xcode-27.0.0-Release.Candidate.app/Contents/Developer/Toolchains/XcodeDefault.xctoolchain/usr/lib/swift/host/plugins/testing -enable-experimental-feature DebugDescriptionMacro -sdk /Applications/Xcode-27.0.0-Release.Candidate.app/Contents/Developer/Platforms/WatchOS.platform/Developer/SDKs/WatchOS27.0.sdk -target arm64_32-apple-watchos9.0 -g -module-cache-path /Users/admin/builder/spi-builder-workspace/.derivedData/ModuleCache.noindex -Xfrontend -serialize-debugging-options -profile-coverage-mapping -profile-generate -enable-testing -index-store-path /Users/admin/builder/spi-builder-workspace/.derivedData/Index.noindex/DataStore -Xcc -D_LIBCPP_HARDENING_MODE\=_LIBCPP_HARDENING_MODE_DEBUG -swift-version 5 -I /Users/admin/builder/spi-builder-workspace/.derivedData/Build/Products/Debug-watchos -Isystem /Applications/Xcode-27.0.0-Release.Candidate.app/Contents/Developer/Platforms/WatchOS.platform/Developer/usr/lib -F /Users/admin/builder/spi-builder-workspace/.derivedData/Build/Products/Debug-watchos -F /Applications/Xcode-27.0.0-Release.Candidate.app/Contents/Developer/Platforms/WatchOS.platform/Developer/Library/Frameworks -F /Applications/Xcode-27.0.0-Release.Candidate.app/Contents/Developer/Platforms/WatchOS.platform/Developer/SDKs/WatchOS27.0.sdk/Developer/Library/Frameworks -c -j10 -enable-batch-mode -incremental -Xcc -ivfsstatcache -Xcc /Users/admin/builder/spi-builder-workspace/.derivedData/SDKStatCaches.noindex/watchos27.0-24R360-e829b21a6f8c9b70876ba0858053c04477534ef55a1706bf4c1112bbb242f0a2.sdkstatcache -output-file-map /Users/admin/builder/spi-builder-workspace/.derivedData/Build/Intermediates.noindex/Transcoding.build/Debug-watchos/Transcoding-t.build/Objects-normal/arm64_32/Transcoding-OutputFileMap.json -save-temps -no-color-diagnostics -explicit-module-build -module-cache-path /Users/admin/builder/spi-builder-workspace/.derivedData/Build/Intermediates.noindex/SwiftExplicitPrecompiledModules -clang-scanner-module-cache-path /Users/admin/builder/spi-builder-workspace/.derivedData/ModuleCache.noindex -sdk-module-cache-path /Users/admin/builder/spi-builder-workspace/.derivedData/SDKExplicitPrecompiledModules -emit-dependencies -emit-module -emit-module-path /Users/admin/builder/spi-builder-workspace/.derivedData/Build/Intermediates.noindex/Transcoding.build/Debug-watchos/Transcoding-t.build/Objects-normal/arm64_32/Transcoding.swiftmodule -serialize-diagnostics -dependency-scan-serialize-diagnostics-path /Users/admin/builder/spi-builder-workspace/.derivedData/Build/Intermediates.noindex/Transcoding.build/Debug-watchos/Transcoding-t.build/Objects-normal/arm64_32/Transcoding-dependency-scan.dia -validate-clang-modules-once -clang-build-session-file /Users/admin/builder/spi-builder-workspace/.derivedData/ModuleCache.noindex/Session.modulevalidation -Xcc -fmodules-prune-interval\=86400 -Xcc -fmodules-prune-after\=345600 -package-name spi_builder_workspace -emit-const-values -const-gather-protocols-list /Users/admin/builder/spi-builder-workspace/.derivedData/Build/Intermediates.noindex/Transcoding.build/Debug-watchos/Transcoding-t.build/Objects-normal/arm64_32/Transcoding_const_extract_protocols.json -Xcc -I/Users/admin/builder/spi-builder-workspace/.derivedData/Build/Products/Debug-watchos/include -Xcc -I/Users/admin/builder/spi-builder-workspace/.derivedData/Build/Intermediates.noindex/Transcoding.build/Debug-watchos/Transcoding-t.build/DerivedSources-normal/arm64_32 -Xcc -I/Users/admin/builder/spi-builder-workspace/.derivedData/Build/Intermediates.noindex/Transcoding.build/Debug-watchos/Transcoding-t.build/DerivedSources/arm64_32 -Xcc -I/Users/admin/builder/spi-builder-workspace/.derivedData/Build/Intermediates.noindex/Transcoding.build/Debug-watchos/Transcoding-t.build/DerivedSources -Xcc -DSWIFT_PACKAGE -Xcc -DDEBUG\=1 -emit-objc-header -emit-objc-header-path /Users/admin/builder/spi-builder-workspace/.derivedData/Build/Intermediates.noindex/Transcoding.build/Debug-watchos/Transcoding-t.build/Objects-normal/arm64_32/Transcoding-Swift.h -working-directory /Users/admin/builder/spi-builder-workspace/.swiftpm/xcode -experimental-emit-module-separately -disable-cmo
/Users/admin/builder/spi-builder-workspace/Sources/Transcoding/Extensions/VTCompressionSession+Extensions.swift:2:8: error: Unable to resolve module dependency: 'VideoToolbox' (in target 'Transcoding' from project 'Transcoding')
note: A dependency of main module 'Transcoding'
/Users/admin/builder/spi-builder-workspace/Sources/Transcoding/Extensions/VTDecompressionSession+Extensions.swift:2:8: note: Also imported here
/Users/admin/builder/spi-builder-workspace/Sources/Transcoding/VideoDecoder+Config.swift:1:8: note: Also imported here
/Users/admin/builder/spi-builder-workspace/Sources/Transcoding/VideoDecoder.swift:3:8: note: Also imported here
/Users/admin/builder/spi-builder-workspace/Sources/Transcoding/VideoEncoder+Config.swift:1:8: note: Also imported here
/Users/admin/builder/spi-builder-workspace/Sources/Transcoding/VideoEncoder.swift:3:8: note: Also imported here
/Users/admin/builder/spi-builder-workspace/Sources/Transcoding/VideoTranscoderError.swift:2:8: note: Also imported here
/Users/admin/builder/spi-builder-workspace/Sources/Transcoding/Extensions/VTCompressionSession+Extensions.swift:2:8: note: A dependency of main module 'Transcoding'
import VideoToolbox
^ (in target 'Transcoding' from project 'Transcoding')
/Users/admin/builder/spi-builder-workspace/Sources/Transcoding/Extensions/VTDecompressionSession+Extensions.swift:2:8: note: Also imported here
import VideoToolbox
^ (in target 'Transcoding' from project 'Transcoding')
/Users/admin/builder/spi-builder-workspace/Sources/Transcoding/VideoDecoder+Config.swift:1:8: note: Also imported here
import VideoToolbox
^ (in target 'Transcoding' from project 'Transcoding')
/Users/admin/builder/spi-builder-workspace/Sources/Transcoding/VideoDecoder.swift:3:8: note: Also imported here
import VideoToolbox
^ (in target 'Transcoding' from project 'Transcoding')
/Users/admin/builder/spi-builder-workspace/Sources/Transcoding/VideoEncoder+Config.swift:1:8: note: Also imported here
import VideoToolbox
^ (in target 'Transcoding' from project 'Transcoding')
/Users/admin/builder/spi-builder-workspace/Sources/Transcoding/VideoEncoder.swift:3:8: note: Also imported here
import VideoToolbox
^ (in target 'Transcoding' from project 'Transcoding')
/Users/admin/builder/spi-builder-workspace/Sources/Transcoding/VideoTranscoderError.swift:2:8: note: Also imported here
import VideoToolbox
^ (in target 'Transcoding' from project 'Transcoding')
PruneExplicitPrecompiledModules /Users/admin/builder/spi-builder-workspace/.derivedData/Build/Intermediates.noindex/SwiftExplicitPrecompiledModules
PruneExplicitPrecompiledModules /Users/admin/builder/spi-builder-workspace/.derivedData/SDKExplicitPrecompiledModules
PruneExplicitPrecompiledModules /Users/admin/builder/spi-builder-workspace/.derivedData/Build/Intermediates.noindex/ExplicitPrecompiledModules
2026-09-22 03:30:24.568 xcodebuild[624:3836] [MT] IDERunDestination: Supported platforms for the buildables in the current scheme is empty.
** BUILD FAILED **
The following build commands failed:
SwiftDriver Transcoding normal arm64 com.apple.xcode.tools.swift.compiler (in target 'Transcoding' from project 'Transcoding')
SwiftDriver Transcoding normal arm64_32 com.apple.xcode.tools.swift.compiler (in target 'Transcoding' from project 'Transcoding')
Building workspace Transcoding with scheme Transcoding
(3 failures)
Command line invocation:
/Applications/Xcode-27.0.0-Release.Candidate.app/Contents/Developer/usr/bin/xcodebuild -IDEClonedSourcePackagesDirPathOverride=/Users/admin/builder/spi-builder-workspace/.dependencies -resolvePackageDependencies
Resolve Package Graph
Resolved source packages:
Transcoding: /Users/admin/builder/spi-builder-workspace
resolved source packages: Transcoding
2026-09-22 03:30:27.819 xcodebuild[639:4083] [MT] IDERunDestination: Supported platforms for the buildables in the current scheme is empty.
{
"dependencies" : [
],
"manifest_display_name" : "Transcoding",
"name" : "Transcoding",
"path" : "/Users/admin/builder/spi-builder-workspace",
"platforms" : [
{
"name" : "ios",
"version" : "15.0"
},
{
"name" : "macos",
"version" : "13.0"
},
{
"name" : "visionos",
"version" : "1.0"
},
{
"name" : "tvos",
"version" : "15.0"
}
],
"products" : [
{
"name" : "Transcoding",
"targets" : [
"Transcoding"
],
"type" : {
"library" : [
"automatic"
]
}
}
],
"targets" : [
{
"c99name" : "TranscodingTests",
"module_type" : "SwiftTarget",
"name" : "TranscodingTests",
"path" : "Tests/TranscodingTests",
"sources" : [
"TranscodingTests.swift"
],
"target_dependencies" : [
"Transcoding"
],
"type" : "test"
},
{
"c99name" : "Transcoding",
"module_type" : "SwiftTarget",
"name" : "Transcoding",
"path" : "Sources/Transcoding",
"product_memberships" : [
"Transcoding"
],
"sources" : [
"Extensions/Data+Extensions.swift",
"Extensions/VTCompressionSession+Extensions.swift",
"Extensions/VTDecompressionSession+Extensions.swift",
"NALUs/H264NALU.swift",
"NALUs/HEVCNALU.swift",
"VideoDecoder+Config.swift",
"VideoDecoder.swift",
"VideoDecoderAnnexBAdaptor.swift",
"VideoEncoder+Config.swift",
"VideoEncoder.swift",
"VideoEncoderAnnexBAdaptor.swift",
"VideoTranscoderError.swift"
],
"type" : "library"
}
],
"tools_version" : "5.9"
}
{
"workspace" : {
"name" : "Transcoding",
"schemes" : [
"Transcoding"
]
}
}
2026-09-22 03:30:29.030 xcodebuild[647:4140] [MT] IDERunDestination: Supported platforms for the buildables in the current scheme is empty.
Running build ...
env DEVELOPER_DIR=/Applications/Xcode-27.0.0-Release.Candidate.app xcrun xcodebuild -IDEClonedSourcePackagesDirPathOverride=$PWD/.dependencies -skipMacroValidation -skipPackagePluginValidation -derivedDataPath $PWD/.derivedData build -scheme Transcoding -destination generic/platform=watchOS
Command line invocation:
/Applications/Xcode-27.0.0-Release.Candidate.app/Contents/Developer/usr/bin/xcodebuild -IDEClonedSourcePackagesDirPathOverride=/Users/admin/builder/spi-builder-workspace/.dependencies -skipMacroValidation -skipPackagePluginValidation -derivedDataPath /Users/admin/builder/spi-builder-workspace/.derivedData build -scheme Transcoding -destination generic/platform=watchOS
Resolve Package Graph
Resolved source packages:
Transcoding: /Users/admin/builder/spi-builder-workspace
ComputePackagePrebuildTargetDependencyGraph
Prepare packages
CreateBuildRequest
SendProjectDescription
CreateBuildOperation
ComputeTargetDependencyGraph
note: Building targets in dependency order
note: Target dependency graph (2 targets)
Target 'Transcoding-product' in project 'Transcoding'
➜ Explicit dependency on target 'Transcoding' in project 'Transcoding'
Target 'Transcoding' in project 'Transcoding' (no dependencies)
GatherProvisioningInputs
CreateBuildDescription
ClangStatCache /Applications/Xcode-27.0.0-Release.Candidate.app/Contents/Developer/Toolchains/XcodeDefault.xctoolchain/usr/bin/clang-stat-cache /Applications/Xcode-27.0.0-Release.Candidate.app/Contents/Developer/Platforms/WatchOS.platform/Developer/SDKs/WatchOS27.0.sdk /Users/admin/builder/spi-builder-workspace/.derivedData/SDKStatCaches.noindex/watchos27.0-24R360-e829b21a6f8c9b70876ba0858053c04477534ef55a1706bf4c1112bbb242f0a2.sdkstatcache
cd /Users/admin/builder/spi-builder-workspace/.swiftpm/xcode
/Applications/Xcode-27.0.0-Release.Candidate.app/Contents/Developer/Toolchains/XcodeDefault.xctoolchain/usr/bin/clang-stat-cache /Applications/Xcode-27.0.0-Release.Candidate.app/Contents/Developer/Platforms/WatchOS.platform/Developer/SDKs/WatchOS27.0.sdk -o /Users/admin/builder/spi-builder-workspace/.derivedData/SDKStatCaches.noindex/watchos27.0-24R360-e829b21a6f8c9b70876ba0858053c04477534ef55a1706bf4c1112bbb242f0a2.sdkstatcache
SwiftDriver Transcoding normal arm64 com.apple.xcode.tools.swift.compiler (in target 'Transcoding' from project 'Transcoding')
cd /Users/admin/builder/spi-builder-workspace/.swiftpm/xcode
builtin-SwiftDriver -- /Applications/Xcode-27.0.0-Release.Candidate.app/Contents/Developer/Toolchains/XcodeDefault.xctoolchain/usr/bin/swiftc -parse-as-library -module-name Transcoding -Onone @/Users/admin/builder/spi-builder-workspace/.derivedData/Build/Intermediates.noindex/Transcoding.build/Debug-watchos/Transcoding-t.build/Objects-normal/arm64/Transcoding.SwiftFileList -DSWIFT_PACKAGE -DDEBUG -DSWIFT_MODULE_RESOURCE_BUNDLE_UNAVAILABLE -DXcode -plugin-path /Applications/Xcode-27.0.0-Release.Candidate.app/Contents/Developer/Toolchains/XcodeDefault.xctoolchain/usr/lib/swift/host/plugins/testing -enable-experimental-feature DebugDescriptionMacro -sdk /Applications/Xcode-27.0.0-Release.Candidate.app/Contents/Developer/Platforms/WatchOS.platform/Developer/SDKs/WatchOS27.0.sdk -target arm64-apple-watchos9.0 -g -module-cache-path /Users/admin/builder/spi-builder-workspace/.derivedData/ModuleCache.noindex -Xfrontend -serialize-debugging-options -profile-coverage-mapping -profile-generate -enable-testing -index-store-path /Users/admin/builder/spi-builder-workspace/.derivedData/Index.noindex/DataStore -Xcc -D_LIBCPP_HARDENING_MODE\=_LIBCPP_HARDENING_MODE_DEBUG -swift-version 5 -I /Users/admin/builder/spi-builder-workspace/.derivedData/Build/Products/Debug-watchos -Isystem /Applications/Xcode-27.0.0-Release.Candidate.app/Contents/Developer/Platforms/WatchOS.platform/Developer/usr/lib -F /Users/admin/builder/spi-builder-workspace/.derivedData/Build/Products/Debug-watchos -F /Applications/Xcode-27.0.0-Release.Candidate.app/Contents/Developer/Platforms/WatchOS.platform/Developer/Library/Frameworks -F /Applications/Xcode-27.0.0-Release.Candidate.app/Contents/Developer/Platforms/WatchOS.platform/Developer/SDKs/WatchOS27.0.sdk/Developer/Library/Frameworks -c -j10 -enable-batch-mode -incremental -Xcc -ivfsstatcache -Xcc /Users/admin/builder/spi-builder-workspace/.derivedData/SDKStatCaches.noindex/watchos27.0-24R360-e829b21a6f8c9b70876ba0858053c04477534ef55a1706bf4c1112bbb242f0a2.sdkstatcache -output-file-map /Users/admin/builder/spi-builder-workspace/.derivedData/Build/Intermediates.noindex/Transcoding.build/Debug-watchos/Transcoding-t.build/Objects-normal/arm64/Transcoding-OutputFileMap.json -save-temps -no-color-diagnostics -explicit-module-build -module-cache-path /Users/admin/builder/spi-builder-workspace/.derivedData/Build/Intermediates.noindex/SwiftExplicitPrecompiledModules -clang-scanner-module-cache-path /Users/admin/builder/spi-builder-workspace/.derivedData/ModuleCache.noindex -sdk-module-cache-path /Users/admin/builder/spi-builder-workspace/.derivedData/SDKExplicitPrecompiledModules -emit-dependencies -emit-module -emit-module-path /Users/admin/builder/spi-builder-workspace/.derivedData/Build/Intermediates.noindex/Transcoding.build/Debug-watchos/Transcoding-t.build/Objects-normal/arm64/Transcoding.swiftmodule -serialize-diagnostics -dependency-scan-serialize-diagnostics-path /Users/admin/builder/spi-builder-workspace/.derivedData/Build/Intermediates.noindex/Transcoding.build/Debug-watchos/Transcoding-t.build/Objects-normal/arm64/Transcoding-dependency-scan.dia -validate-clang-modules-once -clang-build-session-file /Users/admin/builder/spi-builder-workspace/.derivedData/ModuleCache.noindex/Session.modulevalidation -Xcc -fmodules-prune-interval\=86400 -Xcc -fmodules-prune-after\=345600 -package-name spi_builder_workspace -emit-const-values -const-gather-protocols-list /Users/admin/builder/spi-builder-workspace/.derivedData/Build/Intermediates.noindex/Transcoding.build/Debug-watchos/Transcoding-t.build/Objects-normal/arm64/Transcoding_const_extract_protocols.json -Xcc -I/Users/admin/builder/spi-builder-workspace/.derivedData/Build/Products/Debug-watchos/include -Xcc -I/Users/admin/builder/spi-builder-workspace/.derivedData/Build/Intermediates.noindex/Transcoding.build/Debug-watchos/Transcoding-t.build/DerivedSources-normal/arm64 -Xcc -I/Users/admin/builder/spi-builder-workspace/.derivedData/Build/Intermediates.noindex/Transcoding.build/Debug-watchos/Transcoding-t.build/DerivedSources/arm64 -Xcc -I/Users/admin/builder/spi-builder-workspace/.derivedData/Build/Intermediates.noindex/Transcoding.build/Debug-watchos/Transcoding-t.build/DerivedSources -Xcc -DSWIFT_PACKAGE -Xcc -DDEBUG\=1 -emit-objc-header -emit-objc-header-path /Users/admin/builder/spi-builder-workspace/.derivedData/Build/Intermediates.noindex/Transcoding.build/Debug-watchos/Transcoding-t.build/Objects-normal/arm64/Transcoding-Swift.h -working-directory /Users/admin/builder/spi-builder-workspace/.swiftpm/xcode -experimental-emit-module-separately -disable-cmo
/Users/admin/builder/spi-builder-workspace/Sources/Transcoding/Extensions/VTCompressionSession+Extensions.swift:2:8: error: Unable to resolve module dependency: 'VideoToolbox' (in target 'Transcoding' from project 'Transcoding')
note: A dependency of main module 'Transcoding'
/Users/admin/builder/spi-builder-workspace/Sources/Transcoding/Extensions/VTDecompressionSession+Extensions.swift:2:8: note: Also imported here
/Users/admin/builder/spi-builder-workspace/Sources/Transcoding/VideoDecoder+Config.swift:1:8: note: Also imported here
/Users/admin/builder/spi-builder-workspace/Sources/Transcoding/VideoDecoder.swift:3:8: note: Also imported here
/Users/admin/builder/spi-builder-workspace/Sources/Transcoding/VideoEncoder+Config.swift:1:8: note: Also imported here
/Users/admin/builder/spi-builder-workspace/Sources/Transcoding/VideoEncoder.swift:3:8: note: Also imported here
/Users/admin/builder/spi-builder-workspace/Sources/Transcoding/VideoTranscoderError.swift:2:8: note: Also imported here
/Users/admin/builder/spi-builder-workspace/Sources/Transcoding/Extensions/VTCompressionSession+Extensions.swift:2:8: note: A dependency of main module 'Transcoding'
import VideoToolbox
^ (in target 'Transcoding' from project 'Transcoding')
/Users/admin/builder/spi-builder-workspace/Sources/Transcoding/Extensions/VTDecompressionSession+Extensions.swift:2:8: note: Also imported here
import VideoToolbox
^ (in target 'Transcoding' from project 'Transcoding')
/Users/admin/builder/spi-builder-workspace/Sources/Transcoding/VideoDecoder+Config.swift:1:8: note: Also imported here
import VideoToolbox
^ (in target 'Transcoding' from project 'Transcoding')
/Users/admin/builder/spi-builder-workspace/Sources/Transcoding/VideoDecoder.swift:3:8: note: Also imported here
import VideoToolbox
^ (in target 'Transcoding' from project 'Transcoding')
/Users/admin/builder/spi-builder-workspace/Sources/Transcoding/VideoEncoder+Config.swift:1:8: note: Also imported here
import VideoToolbox
^ (in target 'Transcoding' from project 'Transcoding')
/Users/admin/builder/spi-builder-workspace/Sources/Transcoding/VideoEncoder.swift:3:8: note: Also imported here
import VideoToolbox
^ (in target 'Transcoding' from project 'Transcoding')
/Users/admin/builder/spi-builder-workspace/Sources/Transcoding/VideoTranscoderError.swift:2:8: note: Also imported here
import VideoToolbox
^ (in target 'Transcoding' from project 'Transcoding')
SwiftDriver Transcoding normal arm64_32 com.apple.xcode.tools.swift.compiler (in target 'Transcoding' from project 'Transcoding')
cd /Users/admin/builder/spi-builder-workspace/.swiftpm/xcode
builtin-SwiftDriver -- /Applications/Xcode-27.0.0-Release.Candidate.app/Contents/Developer/Toolchains/XcodeDefault.xctoolchain/usr/bin/swiftc -parse-as-library -module-name Transcoding -Onone @/Users/admin/builder/spi-builder-workspace/.derivedData/Build/Intermediates.noindex/Transcoding.build/Debug-watchos/Transcoding-t.build/Objects-normal/arm64_32/Transcoding.SwiftFileList -DSWIFT_PACKAGE -DDEBUG -DSWIFT_MODULE_RESOURCE_BUNDLE_UNAVAILABLE -DXcode -plugin-path /Applications/Xcode-27.0.0-Release.Candidate.app/Contents/Developer/Toolchains/XcodeDefault.xctoolchain/usr/lib/swift/host/plugins/testing -enable-experimental-feature DebugDescriptionMacro -sdk /Applications/Xcode-27.0.0-Release.Candidate.app/Contents/Developer/Platforms/WatchOS.platform/Developer/SDKs/WatchOS27.0.sdk -target arm64_32-apple-watchos9.0 -g -module-cache-path /Users/admin/builder/spi-builder-workspace/.derivedData/ModuleCache.noindex -Xfrontend -serialize-debugging-options -profile-coverage-mapping -profile-generate -enable-testing -index-store-path /Users/admin/builder/spi-builder-workspace/.derivedData/Index.noindex/DataStore -Xcc -D_LIBCPP_HARDENING_MODE\=_LIBCPP_HARDENING_MODE_DEBUG -swift-version 5 -I /Users/admin/builder/spi-builder-workspace/.derivedData/Build/Products/Debug-watchos -Isystem /Applications/Xcode-27.0.0-Release.Candidate.app/Contents/Developer/Platforms/WatchOS.platform/Developer/usr/lib -F /Users/admin/builder/spi-builder-workspace/.derivedData/Build/Products/Debug-watchos -F /Applications/Xcode-27.0.0-Release.Candidate.app/Contents/Developer/Platforms/WatchOS.platform/Developer/Library/Frameworks -F /Applications/Xcode-27.0.0-Release.Candidate.app/Contents/Developer/Platforms/WatchOS.platform/Developer/SDKs/WatchOS27.0.sdk/Developer/Library/Frameworks -c -j10 -enable-batch-mode -incremental -Xcc -ivfsstatcache -Xcc /Users/admin/builder/spi-builder-workspace/.derivedData/SDKStatCaches.noindex/watchos27.0-24R360-e829b21a6f8c9b70876ba0858053c04477534ef55a1706bf4c1112bbb242f0a2.sdkstatcache -output-file-map /Users/admin/builder/spi-builder-workspace/.derivedData/Build/Intermediates.noindex/Transcoding.build/Debug-watchos/Transcoding-t.build/Objects-normal/arm64_32/Transcoding-OutputFileMap.json -save-temps -no-color-diagnostics -explicit-module-build -module-cache-path /Users/admin/builder/spi-builder-workspace/.derivedData/Build/Intermediates.noindex/SwiftExplicitPrecompiledModules -clang-scanner-module-cache-path /Users/admin/builder/spi-builder-workspace/.derivedData/ModuleCache.noindex -sdk-module-cache-path /Users/admin/builder/spi-builder-workspace/.derivedData/SDKExplicitPrecompiledModules -emit-dependencies -emit-module -emit-module-path /Users/admin/builder/spi-builder-workspace/.derivedData/Build/Intermediates.noindex/Transcoding.build/Debug-watchos/Transcoding-t.build/Objects-normal/arm64_32/Transcoding.swiftmodule -serialize-diagnostics -dependency-scan-serialize-diagnostics-path /Users/admin/builder/spi-builder-workspace/.derivedData/Build/Intermediates.noindex/Transcoding.build/Debug-watchos/Transcoding-t.build/Objects-normal/arm64_32/Transcoding-dependency-scan.dia -validate-clang-modules-once -clang-build-session-file /Users/admin/builder/spi-builder-workspace/.derivedData/ModuleCache.noindex/Session.modulevalidation -Xcc -fmodules-prune-interval\=86400 -Xcc -fmodules-prune-after\=345600 -package-name spi_builder_workspace -emit-const-values -const-gather-protocols-list /Users/admin/builder/spi-builder-workspace/.derivedData/Build/Intermediates.noindex/Transcoding.build/Debug-watchos/Transcoding-t.build/Objects-normal/arm64_32/Transcoding_const_extract_protocols.json -Xcc -I/Users/admin/builder/spi-builder-workspace/.derivedData/Build/Products/Debug-watchos/include -Xcc -I/Users/admin/builder/spi-builder-workspace/.derivedData/Build/Intermediates.noindex/Transcoding.build/Debug-watchos/Transcoding-t.build/DerivedSources-normal/arm64_32 -Xcc -I/Users/admin/builder/spi-builder-workspace/.derivedData/Build/Intermediates.noindex/Transcoding.build/Debug-watchos/Transcoding-t.build/DerivedSources/arm64_32 -Xcc -I/Users/admin/builder/spi-builder-workspace/.derivedData/Build/Intermediates.noindex/Transcoding.build/Debug-watchos/Transcoding-t.build/DerivedSources -Xcc -DSWIFT_PACKAGE -Xcc -DDEBUG\=1 -emit-objc-header -emit-objc-header-path /Users/admin/builder/spi-builder-workspace/.derivedData/Build/Intermediates.noindex/Transcoding.build/Debug-watchos/Transcoding-t.build/Objects-normal/arm64_32/Transcoding-Swift.h -working-directory /Users/admin/builder/spi-builder-workspace/.swiftpm/xcode -experimental-emit-module-separately -disable-cmo
/Users/admin/builder/spi-builder-workspace/Sources/Transcoding/Extensions/VTCompressionSession+Extensions.swift:2:8: error: Unable to resolve module dependency: 'VideoToolbox' (in target 'Transcoding' from project 'Transcoding')
note: A dependency of main module 'Transcoding'
/Users/admin/builder/spi-builder-workspace/Sources/Transcoding/Extensions/VTDecompressionSession+Extensions.swift:2:8: note: Also imported here
/Users/admin/builder/spi-builder-workspace/Sources/Transcoding/VideoDecoder+Config.swift:1:8: note: Also imported here
/Users/admin/builder/spi-builder-workspace/Sources/Transcoding/VideoDecoder.swift:3:8: note: Also imported here
/Users/admin/builder/spi-builder-workspace/Sources/Transcoding/VideoEncoder+Config.swift:1:8: note: Also imported here
/Users/admin/builder/spi-builder-workspace/Sources/Transcoding/VideoEncoder.swift:3:8: note: Also imported here
/Users/admin/builder/spi-builder-workspace/Sources/Transcoding/VideoTranscoderError.swift:2:8: note: Also imported here
/Users/admin/builder/spi-builder-workspace/Sources/Transcoding/Extensions/VTCompressionSession+Extensions.swift:2:8: note: A dependency of main module 'Transcoding'
import VideoToolbox
^ (in target 'Transcoding' from project 'Transcoding')
/Users/admin/builder/spi-builder-workspace/Sources/Transcoding/Extensions/VTDecompressionSession+Extensions.swift:2:8: note: Also imported here
import VideoToolbox
^ (in target 'Transcoding' from project 'Transcoding')
/Users/admin/builder/spi-builder-workspace/Sources/Transcoding/VideoDecoder+Config.swift:1:8: note: Also imported here
import VideoToolbox
^ (in target 'Transcoding' from project 'Transcoding')
/Users/admin/builder/spi-builder-workspace/Sources/Transcoding/VideoDecoder.swift:3:8: note: Also imported here
import VideoToolbox
^ (in target 'Transcoding' from project 'Transcoding')
/Users/admin/builder/spi-builder-workspace/Sources/Transcoding/VideoEncoder+Config.swift:1:8: note: Also imported here
import VideoToolbox
^ (in target 'Transcoding' from project 'Transcoding')
/Users/admin/builder/spi-builder-workspace/Sources/Transcoding/VideoEncoder.swift:3:8: note: Also imported here
import VideoToolbox
^ (in target 'Transcoding' from project 'Transcoding')
/Users/admin/builder/spi-builder-workspace/Sources/Transcoding/VideoTranscoderError.swift:2:8: note: Also imported here
import VideoToolbox
^ (in target 'Transcoding' from project 'Transcoding')
PruneExplicitPrecompiledModules /Users/admin/builder/spi-builder-workspace/.derivedData/Build/Intermediates.noindex/ExplicitPrecompiledModules
PruneExplicitPrecompiledModules /Users/admin/builder/spi-builder-workspace/.derivedData/Build/Intermediates.noindex/SwiftExplicitPrecompiledModules
PruneExplicitPrecompiledModules /Users/admin/builder/spi-builder-workspace/.derivedData/SDKExplicitPrecompiledModules
2026-09-22 03:30:30.002 xcodebuild[648:4164] [MT] IDERunDestination: Supported platforms for the buildables in the current scheme is empty.
** BUILD FAILED **
The following build commands failed:
SwiftDriver Transcoding normal arm64 com.apple.xcode.tools.swift.compiler (in target 'Transcoding' from project 'Transcoding')
SwiftDriver Transcoding normal arm64_32 com.apple.xcode.tools.swift.compiler (in target 'Transcoding' from project 'Transcoding')
Building workspace Transcoding with scheme Transcoding
(3 failures)
BUILD FAILURE 6.4 watchOS