The Swift Package Index logo.Swift Package Index

Build Information

Failed to build EasyFirebaseSwift, reference v2.2.3 (154877), with Swift 6.4 for watchOS using Xcode 27.0 on 19 Sep 2026 13:35:05 UTC.

Build Command

env DEVELOPER_DIR=/Applications/Xcode-27.0.0-Release.Candidate.app xcrun xcodebuild -IDEClonedSourcePackagesDirPathOverride=$PWD/.dependencies -skipMacroValidation -skipPackagePluginValidation -derivedDataPath $PWD/.derivedData build -scheme EasyFirebaseSwift-Package -destination generic/platform=watchOS

Build Log

CompileC /Users/admin/builder/spi-builder-workspace/.derivedData/Build/Intermediates.noindex/Firebase.build/Debug-watchos/FirebaseAuth-t.build/Objects-normal/arm64/FIRAuth.o /Users/admin/builder/spi-builder-workspace/.dependencies/checkouts/firebase-ios-sdk/FirebaseAuth/Sources/Auth/FIRAuth.m normal arm64 objective-c com.apple.compilers.llvm.clang.1_0.compiler (in target 'FirebaseAuth' from project 'Firebase')
    cd /Users/admin/builder/spi-builder-workspace/.swiftpm/xcode

    Using response file: /Users/admin/builder/spi-builder-workspace/.derivedData/Build/Intermediates.noindex/Firebase.build/Debug-watchos/FirebaseAuth-t.build/Objects-normal/arm64/e6072d4f65d7061329687fe24e3d63a7-common-args.resp

    /Applications/Xcode-27.0.0-Release.Candidate.app/Contents/Developer/Toolchains/XcodeDefault.xctoolchain/usr/bin/clang -x objective-c -ivfsstatcache /Users/admin/builder/spi-builder-workspace/.derivedData/SDKStatCaches.noindex/watchos27.0-24R360-e829b21a6f8c9b70876ba0858053c04477534ef55a1706bf4c1112bbb242f0a2.sdkstatcache -target arm64-apple-watchos9.0 -fmessage-length\=0 -fdiagnostics-show-note-include-stack -fmacro-backtrace-limit\=0 -fno-color-diagnostics -fmodules-prune-interval\=86400 -fmodules-prune-after\=345600 -fbuild-session-file\=/Users/admin/builder/spi-builder-workspace/.derivedData/ModuleCache.noindex/Session.modulevalidation -fmodules-validate-once-per-build-session -Wnon-modular-include-in-framework-module -Werror\=non-modular-include-in-framework-module -Wno-trigraphs -Wno-missing-field-initializers -Wno-missing-prototypes -Wno-return-type -Wno-implicit-atomic-properties -Wno-objc-interface-ivars -Wno-arc-repeated-use-of-weak -Wno-missing-braces -Wparentheses -Wswitch -Wno-unused-function -Wno-unused-label -Wno-unused-parameter -Wno-unused-variable -Wunused-value -Wno-empty-body -Wno-uninitialized -Wno-unknown-pragmas -w -Wno-shadow -Wno-four-char-constants -Wno-conversion -Wno-constant-conversion -Wno-int-conversion -Wno-bool-conversion -Wno-enum-conversion -Wno-float-conversion -Wno-non-literal-null-conversion -Wno-objc-literal-conversion -Wshorten-64-to-32 -Wpointer-sign -Wno-newline-eof -Wno-selector -Wno-strict-selector-match -Wno-undeclared-selector -Wno-deprecated-implementations -Wno-implicit-fallthrough -isysroot /Applications/Xcode-27.0.0-Release.Candidate.app/Contents/Developer/Platforms/WatchOS.platform/Developer/SDKs/WatchOS27.0.sdk -fstrict-aliasing -Wprotocol -Wdeprecated-declarations -Wno-sign-conversion -Wno-infinite-recursion -Wno-comma -Wno-block-capture-autoreleasing -Wno-strict-prototypes -Wno-semicolon-before-method-body -index-store-path /Users/admin/builder/spi-builder-workspace/.derivedData/Index.noindex/DataStore @/Users/admin/builder/spi-builder-workspace/.derivedData/Build/Intermediates.noindex/Firebase.build/Debug-watchos/FirebaseAuth-t.build/Objects-normal/arm64/e6072d4f65d7061329687fe24e3d63a7-common-args.resp -include /Users/admin/builder/spi-builder-workspace/.derivedData/Build/Intermediates.noindex/Firebase.build/Debug-watchos/FirebaseAuth-t.build/DerivedSources/resource_bundle_accessor.h -MMD -MT dependencies -MF /Users/admin/builder/spi-builder-workspace/.derivedData/Build/Intermediates.noindex/Firebase.build/Debug-watchos/FirebaseAuth-t.build/Objects-normal/arm64/FIRAuth.d --serialize-diagnostics /Users/admin/builder/spi-builder-workspace/.derivedData/Build/Intermediates.noindex/Firebase.build/Debug-watchos/FirebaseAuth-t.build/Objects-normal/arm64/FIRAuth.dia -c /Users/admin/builder/spi-builder-workspace/.dependencies/checkouts/firebase-ios-sdk/FirebaseAuth/Sources/Auth/FIRAuth.m -o /Users/admin/builder/spi-builder-workspace/.derivedData/Build/Intermediates.noindex/Firebase.build/Debug-watchos/FirebaseAuth-t.build/Objects-normal/arm64/FIRAuth.o -index-unit-output-path /Firebase.build/Debug-watchos/FirebaseAuth-t.build/Objects-normal/arm64/FIRAuth.o
Failed frontend command:
/Applications/Xcode-27.0.0-Release.Candidate.app/Contents/Developer/Toolchains/XcodeDefault.xctoolchain/usr/bin/clang -cc1 -Wundef-prefix\=TARGET_OS_ -fdiagnostics-show-note-include-stack -fmacro-backtrace-limit\=0 -w -ferror-limit 19 -serialize-diagnostic-file /Users/admin/builder/spi-builder-workspace/.derivedData/Build/Intermediates.noindex/Firebase.build/Debug-watchos/FirebaseAuth-t.build/Objects-normal/arm64/FIRAuth.dia -Wdeprecated-objc-isa-usage -Werror\=deprecated-objc-isa-usage -Werror\=implicit-function-declaration -Wnon-modular-include-in-framework-module -Werror\=non-modular-include-in-framework-module -Wno-trigraphs -Wno-missing-field-initializers -Wno-missing-prototypes -Wno-return-type -Wno-implicit-atomic-properties -Wno-objc-interface-ivars -Wno-arc-repeated-use-of-weak -Wno-missing-braces -Wparentheses -Wswitch -Wno-unused-function -Wno-unused-label -Wno-unused-parameter -Wno-unused-variable -Wunused-value -Wno-empty-body -Wno-uninitialized -Wno-unknown-pragmas -Wno-shadow -Wno-four-char-constants -Wno-conversion -Wno-constant-conversion -Wno-int-conversion -Wno-bool-conversion -Wno-enum-conversion -Wno-float-conversion -Wno-non-literal-null-conversion -Wno-objc-literal-conversion -Wshorten-64-to-32 -Wpointer-sign -Wno-newline-eof -Wno-selector -Wno-strict-selector-match -Wno-undeclared-selector -Wno-deprecated-implementations -Wno-implicit-fallthrough -Wprotocol -Wdeprecated-declarations -Wno-sign-conversion -Wno-infinite-recursion -Wno-comma -Wno-block-capture-autoreleasing -Wno-strict-prototypes -Wno-semicolon-before-method-body -Wno-elaborated-enum-base -Wno-error\=allocator-wrappers -index-store-path /Users/admin/builder/spi-builder-workspace/.derivedData/Index.noindex/DataStore -index-unit-output-path /Firebase.build/Debug-watchos/FirebaseAuth-t.build/Objects-normal/arm64/FIRAuth.o -fmodule-map-file\=/Users/admin/builder/spi-builder-workspace/.dependencies/checkouts/promises/Sources/FBLPromises/include/module.modulemap -fmodule-map-file\=/Users/admin/builder/spi-builder-workspace/.derivedData/Build/Intermediates.noindex/GeneratedModuleMaps-watchos/GoogleUtilities-Network.modulemap -fmodule-map-file\=/Users/admin/builder/spi-builder-workspace/.derivedData/Build/Intermediates.noindex/GeneratedModuleMaps-watchos/GoogleUtilities-Reachability.modulemap -fmodule-map-file\=/Users/admin/builder/spi-builder-workspace/.derivedData/Build/Intermediates.noindex/GeneratedModuleMaps-watchos/GoogleUtilities-NSData.modulemap -fmodule-map-file\=/Users/admin/builder/spi-builder-workspace/.derivedData/Build/Intermediates.noindex/GeneratedModuleMaps-watchos/GoogleUtilities-Logger.modulemap -fmodule-map-file\=/Users/admin/builder/spi-builder-workspace/.derivedData/Build/Intermediates.noindex/GeneratedModuleMaps-watchos/GoogleUtilities-Environment.modulemap -fmodule-map-file\=/Users/admin/builder/spi-builder-workspace/.derivedData/Build/Intermediates.noindex/GeneratedModuleMaps-watchos/third-party-IsAppEncrypted.modulemap -fmodule-map-file\=/Users/admin/builder/spi-builder-workspace/.derivedData/Build/Intermediates.noindex/GeneratedModuleMaps-watchos/GoogleUtilities-AppDelegateSwizzler.modulemap -fmodule-map-file\=/Users/admin/builder/spi-builder-workspace/.derivedData/Build/Intermediates.noindex/GeneratedModuleMaps-watchos/GTMSessionFetcherCore.modulemap -fmodule-map-file\=/Users/admin/builder/spi-builder-workspace/.derivedData/Build/Intermediates.noindex/GeneratedModuleMaps-watchos/RecaptchaInterop.modulemap -fmodule-map-file\=/Users/admin/builder/spi-builder-workspace/.derivedData/Build/Intermediates.noindex/GeneratedModuleMaps-watchos/FirebaseCore.modulemap -fmodule-map-file\=/Users/admin/builder/spi-builder-workspace/.derivedData/Build/Intermediates.noindex/GeneratedModuleMaps-watchos/FirebaseCoreInternal.modulemap -fmodule-map-file\=/Users/admin/builder/spi-builder-workspace/.dependencies/checkouts/firebase-ios-sdk/CoreOnly/Sources/module.modulemap -fmodule-map-file\=/Users/admin/builder/spi-builder-workspace/.derivedData/Build/Intermediates.noindex/GeneratedModuleMaps-watchos/FirebaseAppCheckInterop.modulemap -fmodule-map-file\=/Applications/Xcode-27.0.0-Release.Candidate.app/Contents/Developer/Platforms/WatchOS.platform/Developer/SDKs/WatchOS.sdk/usr/include/DarwinFoundation1.modulemap -fmodule-map-file\=/Applications/Xcode-27.0.0-Release.Candidate.app/Contents/Developer/Platforms/WatchOS.platform/Developer/SDKs/WatchOS.sdk/System/Library/Frameworks/Foundation.framework/Modules/module.modulemap -fmodule-map-file\=/Users/admin/builder/spi-builder-workspace/.derivedData/Build/Intermediates.noindex/GeneratedModuleMaps-watchos/FirebaseCore.modulemap -fmodule-map-file\=/Applications/Xcode-27.0.0-Release.Candidate.app/Contents/Developer/Platforms/WatchOS.platform/Developer/SDKs/WatchOS.sdk/System/Library/Frameworks/UIKit.framework/Modules/module.modulemap -fmodule-map-file\=/Users/admin/builder/spi-builder-workspace/.derivedData/Build/Intermediates.noindex/GeneratedModuleMaps-watchos/FirebaseAppCheckInterop.modulemap -fmodule-map-file\=/Users/admin/builder/spi-builder-workspace/.derivedData/Build/Intermediates.noindex/GeneratedModuleMaps-watchos/GoogleUtilities-AppDelegateSwizzler.modulemap -fmodule-map-file\=/Users/admin/builder/spi-builder-workspace/.derivedData/Build/Intermediates.noindex/GeneratedModuleMaps-watchos/GoogleUtilities-Environment.modulemap -o /Users/admin/builder/spi-builder-workspace/.derivedData/Build/Intermediates.noindex/Firebase.build/Debug-watchos/FirebaseAuth-t.build/Objects-normal/arm64/FIRAuth.o -disable-free -emit-obj -x objective-c /Users/admin/builder/spi-builder-workspace/.dependencies/checkouts/firebase-ios-sdk/FirebaseAuth/Sources/Auth/FIRAuth.m -target-abi darwinpcs -target-cpu apple-s9 -target-feature +v8.6a -target-feature +aes -target-feature +bf16 -target-feature +complxnum -target-feature +crc -target-feature +dotprod -target-feature +fp-armv8 -target-feature +fp16fml -target-feature +fpac -target-feature +fullfp16 -target-feature +hcx -target-feature +i8mm -target-feature +jsconv -target-feature +lse -target-feature +neon -target-feature +pauth -target-feature +perfmon -target-feature +ras -target-feature +rcpc -target-feature +rdm -target-feature +sha2 -target-feature +sha3 -target-feature +ssbs -triple arm64-apple-watchos9.0.0 -target-linker-version 1166.2 -target-sdk-version\=27.0 -fmodules-validate-system-headers -fno-modulemap-allow-subdirectory-search -isysroot /Applications/Xcode-27.0.0-Release.Candidate.app/Contents/Developer/Platforms/WatchOS.platform/Developer/SDKs/WatchOS27.0.sdk -resource-dir /Applications/Xcode-27.0.0-Release.Candidate.app/Contents/Developer/Toolchains/XcodeDefault.xctoolchain/usr/lib/clang/21 -fmodule-format\=obj -fmodule-file\=FirebaseAppCheckInterop\=/Users/admin/builder/spi-builder-workspace/.derivedData/Build/Intermediates.noindex/ExplicitPrecompiledModules/FirebaseAppCheckInterop-DGK7EVPVAYONYM5BGMUXLON46.pcm -fmodule-file\=FirebaseCore\=/Users/admin/builder/spi-builder-workspace/.derivedData/Build/Intermediates.noindex/ExplicitPrecompiledModules/FirebaseCore-3RKSWDIKIYOITW2J2EY9AGKEM.pcm -fmodule-file\=Foundation\=/Users/admin/builder/spi-builder-workspace/.derivedData/Build/Intermediates.noindex/ExplicitPrecompiledModules/Foundation-C4BI40U1TX0U9CRPJK1JJROLP.pcm -fmodule-file\=GoogleUtilities_AppDelegateSwizzler\=/Users/admin/builder/spi-builder-workspace/.derivedData/Build/Intermediates.noindex/ExplicitPrecompiledModules/GoogleUtilities_AppDelegateSwizzler-DMBH2LE06K6L75LC9MWVHBLPT.pcm -fmodule-file\=GoogleUtilities_Environment\=/Users/admin/builder/spi-builder-workspace/.derivedData/Build/Intermediates.noindex/ExplicitPrecompiledModules/GoogleUtilities_Environment-5A49O817LP2AJZOTCHQUVFZMQ.pcm -fmodule-file\=UIKit\=/Users/admin/builder/spi-builder-workspace/.derivedData/Build/Intermediates.noindex/ExplicitPrecompiledModules/UIKit-A00200G8B4Y3ODY1844010TLA.pcm -fmodule-file\=_DarwinFoundation1\=/Users/admin/builder/spi-builder-workspace/.derivedData/Build/Intermediates.noindex/ExplicitPrecompiledModules/_DarwinFoundation1-B7XJUF9KL4Z6W09J9VP7AC5WU.pcm -I /Users/admin/builder/spi-builder-workspace/.dependencies/checkouts/promises/Sources/FBLPromises/include -I /Users/admin/builder/spi-builder-workspace/.dependencies/checkouts/GoogleUtilities/GoogleUtilities/Network/Public -I /Users/admin/builder/spi-builder-workspace/.dependencies/checkouts/GoogleUtilities/GoogleUtilities/Reachability/Public -I /Users/admin/builder/spi-builder-workspace/.dependencies/checkouts/GoogleUtilities/GoogleUtilities/NSData+zlib/Public -I /Users/admin/builder/spi-builder-workspace/.dependencies/checkouts/GoogleUtilities/GoogleUtilities/Logger/Public -I /Users/admin/builder/spi-builder-workspace/.dependencies/checkouts/GoogleUtilities/GoogleUtilities/Environment/Public -I /Users/admin/builder/spi-builder-workspace/.dependencies/checkouts/GoogleUtilities/third_party/IsAppEncrypted/Public -I /Users/admin/builder/spi-builder-workspace/.dependencies/checkouts/GoogleUtilities/GoogleUtilities/AppDelegateSwizzler/Public -I /Users/admin/builder/spi-builder-workspace/.dependencies/checkouts/gtm-session-fetcher/Sources/Core/Public -I /Users/admin/builder/spi-builder-workspace/.dependencies/checkouts/interop-ios-for-google-sdks/RecaptchaEnterprise/RecaptchaInterop/Public -I /Users/admin/builder/spi-builder-workspace/.dependencies/checkouts/firebase-ios-sdk/FirebaseCore/Sources/Public -I /Users/admin/builder/spi-builder-workspace/.dependencies/checkouts/firebase-ios-sdk/CoreOnly/Sources -I /Users/admin/builder/spi-builder-workspace/.dependencies/checkouts/firebase-ios-sdk/FirebaseAppCheck/Interop/Public -I /Users/admin/builder/spi-builder-workspace/.derivedData/Build/Products/Debug-watchos/include -I /Users/admin/builder/spi-builder-workspace/.dependencies/checkouts/firebase-ios-sdk/FirebaseAuth/Sources/Public -I /Users/admin/builder/spi-builder-workspace/.dependencies/checkouts/firebase-ios-sdk -I /Users/admin/builder/spi-builder-workspace/.derivedData/Build/Intermediates.noindex/Firebase.build/Debug-watchos/FirebaseAuth-t.build/DerivedSources-normal/arm64 -I /Users/admin/builder/spi-builder-workspace/.derivedData/Build/Intermediates.noindex/Firebase.build/Debug-watchos/FirebaseAuth-t.build/DerivedSources/arm64 -I /Users/admin/builder/spi-builder-workspace/.derivedData/Build/Intermediates.noindex/Firebase.build/Debug-watchos/FirebaseAuth-t.build/DerivedSources -F /Users/admin/builder/spi-builder-workspace/.derivedData/Build/Products/Debug-watchos/PackageFrameworks -F /Users/admin/builder/spi-builder-workspace/.derivedData/Build/Products/Debug-watchos -iframework /Applications/Xcode-27.0.0-Release.Candidate.app/Contents/Developer/Platforms/WatchOS.platform/Developer/Library/Frameworks -iframework /Applications/Xcode-27.0.0-Release.Candidate.app/Contents/Developer/Platforms/WatchOS.platform/Developer/SDKs/WatchOS27.0.sdk/Developer/Library/Frameworks -internal-isystem /Applications/Xcode-27.0.0-Release.Candidate.app/Contents/Developer/Platforms/WatchOS.platform/Developer/SDKs/WatchOS27.0.sdk/usr/local/include -internal-isystem /Applications/Xcode-27.0.0-Release.Candidate.app/Contents/Developer/Toolchains/XcodeDefault.xctoolchain/usr/lib/clang/21/include -internal-externc-isystem /Applications/Xcode-27.0.0-Release.Candidate.app/Contents/Developer/Platforms/WatchOS.platform/Developer/SDKs/WatchOS27.0.sdk/usr/include -internal-externc-isystem /Applications/Xcode-27.0.0-Release.Candidate.app/Contents/Developer/Toolchains/XcodeDefault.xctoolchain/usr/include -internal-iframework /Applications/Xcode-27.0.0-Release.Candidate.app/Contents/Developer/Platforms/WatchOS.platform/Developer/SDKs/WatchOS27.0.sdk/System/Library/Frameworks -internal-iframework /Applications/Xcode-27.0.0-Release.Candidate.app/Contents/Developer/Platforms/WatchOS.platform/Developer/SDKs/WatchOS27.0.sdk/System/Library/SubFrameworks -internal-iframework /Applications/Xcode-27.0.0-Release.Candidate.app/Contents/Developer/Platforms/WatchOS.platform/Developer/SDKs/WatchOS27.0.sdk/Library/Frameworks -ivfsstatcache /Users/admin/builder/spi-builder-workspace/.derivedData/SDKStatCaches.noindex/watchos27.0-24R360-e829b21a6f8c9b70876ba0858053c04477534ef55a1706bf4c1112bbb242f0a2.sdkstatcache -std\=c99 -fexceptions -fskip-odr-check-in-gmf -fmodules -fmodule-name\=FirebaseAuth -fno-implicit-modules -fobjc-exceptions -fmax-type-align\=16 -fpascal-strings -fstack-check -fvisibility-inlines-hidden-static-local-var -mdarwin-stkchk-strong-link -fno-odr-hash-protocols -pic-level 2 -fencode-extended-block-signature -stack-protector 1 -fobjc-runtime\=watchos-9.0.0 -fobjc-arc -fobjc-runtime-has-weak -fobjc-weak -fgnuc-version\=4.2.1 -fblocks -fno-convergent-functions -ffp-contract\=on -fclang-abi-compat\=4.0 -fno-experimental-relative-c++-abi-vtables -fno-file-reproducible -clang-vendor-feature\=+disableNonDependentMemberExprInCurrentInstantiation -clang-vendor-feature\=+enableAggressiveVLAFolding -clang-vendor-feature\=+revert09abecef7bbf -clang-vendor-feature\=+thisNoAlignAttr -clang-vendor-feature\=+thisNoNullAttr -clang-vendor-feature\=+disableAtImportPrivateFrameworkInImplementationError -O0 -fno-assume-unique-vtables -fdebug-compilation-dir\=/Users/admin/builder/spi-builder-workspace/.swiftpm/xcode -fcoverage-compilation-dir\=/Users/admin/builder/spi-builder-workspace/.swiftpm/xcode -fcommon -fdwarf2-cfi-asm -fobjc-msgsend-selector-stubs -fregister-global-dtors-with-atexit -fno-strict-return -dwarf-version\=4 -debugger-tuning\=lldb -disable-llvm-verifier -dwarf-ext-refs -funwind-tables\=1 -enable-tlsdesc -clear-ast-before-backend -discard-value-names -main-file-name FIRAuth.m -mframe-pointer\=non-leaf -debug-info-kind\=standalone -fno-loop-interchange -fdiagnostics-hotness-threshold\=0 -fdiagnostics-misexpect-tolerance\=0 -D DEBUG\=1 -D OBJC_OLD_DISPATCH_PROTOTYPES\=1 -D SWIFT_PACKAGE -D Xcode -include /Users/admin/builder/spi-builder-workspace/.derivedData/Build/Intermediates.noindex/Firebase.build/Debug-watchos/FirebaseAuth-t.build/DerivedSources/resource_bundle_accessor.h -fdefine-target-os-macros -MT dependencies -dependency-file /Users/admin/builder/spi-builder-workspace/.derivedData/Build/Intermediates.noindex/Firebase.build/Debug-watchos/FirebaseAuth-t.build/Objects-normal/arm64/FIRAuth.d -skip-unused-modulemap-deps -module-file-deps\=direct -fdepfile-entry\=/Applications/Xcode-27.0.0-Release.Candidate.app/Contents/Developer/Platforms/WatchOS.platform/Developer/SDKs/WatchOS27.0.sdk/SDKSettings.json
CreateUniversalBinary /Users/admin/builder/spi-builder-workspace/.derivedData/Build/Products/Debug-watchos/GoogleUtilities-Environment.o normal arm64\ arm64_32 (in target 'GoogleUtilities-Environment' from project 'GoogleUtilities')
    cd /Users/admin/builder/spi-builder-workspace/.dependencies/checkouts/GoogleUtilities
    /Applications/Xcode-27.0.0-Release.Candidate.app/Contents/Developer/Toolchains/XcodeDefault.xctoolchain/usr/bin/lipo -create /Users/admin/builder/spi-builder-workspace/.derivedData/Build/Intermediates.noindex/GoogleUtilities.build/Debug-watchos/GoogleUtilities-Environment-t.build/Objects-normal/arm64/Binary/GoogleUtilities-Environment.o /Users/admin/builder/spi-builder-workspace/.derivedData/Build/Intermediates.noindex/GoogleUtilities.build/Debug-watchos/GoogleUtilities-Environment-t.build/Objects-normal/arm64_32/Binary/GoogleUtilities-Environment.o -output /Users/admin/builder/spi-builder-workspace/.derivedData/Build/Products/Debug-watchos/GoogleUtilities-Environment.o
SwiftDriver EasyFirebaseSwiftAuth normal arm64_32 com.apple.xcode.tools.swift.compiler (in target 'EasyFirebaseSwiftAuth' from project 'EasyFirebaseSwift')
    cd /Users/admin/builder/spi-builder-workspace/.swiftpm/xcode
    builtin-SwiftDriver -- /Applications/Xcode-27.0.0-Release.Candidate.app/Contents/Developer/Toolchains/XcodeDefault.xctoolchain/usr/bin/swiftc -parse-as-library -module-name EasyFirebaseSwiftAuth -Onone @/Users/admin/builder/spi-builder-workspace/.derivedData/Build/Intermediates.noindex/EasyFirebaseSwift.build/Debug-watchos/EasyFirebaseSwiftAuth-t.build/Objects-normal/arm64_32/EasyFirebaseSwiftAuth.SwiftFileList -DSWIFT_PACKAGE -DDEBUG -DSWIFT_MODULE_RESOURCE_BUNDLE_UNAVAILABLE -Xcc -fmodule-map-file\=/Users/admin/builder/spi-builder-workspace/.dependencies/checkouts/promises/Sources/FBLPromises/include/module.modulemap -Xcc -fmodule-map-file\=/Users/admin/builder/spi-builder-workspace/.derivedData/Build/Intermediates.noindex/GeneratedModuleMaps-watchos/GoogleUtilities-Network.modulemap -Xcc -fmodule-map-file\=/Users/admin/builder/spi-builder-workspace/.derivedData/Build/Intermediates.noindex/GeneratedModuleMaps-watchos/GoogleUtilities-Reachability.modulemap -Xcc -fmodule-map-file\=/Users/admin/builder/spi-builder-workspace/.derivedData/Build/Intermediates.noindex/GeneratedModuleMaps-watchos/GoogleUtilities-NSData.modulemap -Xcc -fmodule-map-file\=/Users/admin/builder/spi-builder-workspace/.derivedData/Build/Intermediates.noindex/GeneratedModuleMaps-watchos/GoogleUtilities-Logger.modulemap -Xcc -fmodule-map-file\=/Users/admin/builder/spi-builder-workspace/.derivedData/Build/Intermediates.noindex/GeneratedModuleMaps-watchos/GoogleUtilities-Environment.modulemap -Xcc -fmodule-map-file\=/Users/admin/builder/spi-builder-workspace/.derivedData/Build/Intermediates.noindex/GeneratedModuleMaps-watchos/third-party-IsAppEncrypted.modulemap -Xcc -fmodule-map-file\=/Users/admin/builder/spi-builder-workspace/.derivedData/Build/Intermediates.noindex/GeneratedModuleMaps-watchos/GoogleUtilities-AppDelegateSwizzler.modulemap -Xcc -fmodule-map-file\=/Users/admin/builder/spi-builder-workspace/.derivedData/Build/Intermediates.noindex/GeneratedModuleMaps-watchos/GTMSessionFetcherCore.modulemap -Xcc -fmodule-map-file\=/Users/admin/builder/spi-builder-workspace/.derivedData/Build/Intermediates.noindex/GeneratedModuleMaps-watchos/RecaptchaInterop.modulemap -Xcc -fmodule-map-file\=/Users/admin/builder/spi-builder-workspace/.derivedData/Build/Intermediates.noindex/GeneratedModuleMaps-watchos/FirebaseCore.modulemap -Xcc -fmodule-map-file\=/Users/admin/builder/spi-builder-workspace/.dependencies/checkouts/firebase-ios-sdk/CoreOnly/Sources/module.modulemap -Xcc -fmodule-map-file\=/Users/admin/builder/spi-builder-workspace/.derivedData/Build/Intermediates.noindex/GeneratedModuleMaps-watchos/FirebaseAppCheckInterop.modulemap -Xcc -fmodule-map-file\=/Users/admin/builder/spi-builder-workspace/.derivedData/Build/Intermediates.noindex/GeneratedModuleMaps-watchos/FirebaseAuth.modulemap -DXcode -plugin-path /Applications/Xcode-27.0.0-Release.Candidate.app/Contents/Developer/Toolchains/XcodeDefault.xctoolchain/usr/lib/swift/host/plugins/testing -enable-experimental-feature DebugDescriptionMacro -sdk /Applications/Xcode-27.0.0-Release.Candidate.app/Contents/Developer/Platforms/WatchOS.platform/Developer/SDKs/WatchOS27.0.sdk -target arm64_32-apple-watchos9.0 -g -module-cache-path /Users/admin/builder/spi-builder-workspace/.derivedData/ModuleCache.noindex -Xfrontend -serialize-debugging-options -enable-testing -index-store-path /Users/admin/builder/spi-builder-workspace/.derivedData/Index.noindex/DataStore -Xcc -D_LIBCPP_HARDENING_MODE\=_LIBCPP_HARDENING_MODE_DEBUG -swift-version 5 -I /Users/admin/builder/spi-builder-workspace/.derivedData/Build/Products/Debug-watchos -Isystem /Applications/Xcode-27.0.0-Release.Candidate.app/Contents/Developer/Platforms/WatchOS.platform/Developer/usr/lib -F /Users/admin/builder/spi-builder-workspace/.derivedData/Build/Products/Debug-watchos/PackageFrameworks -F /Users/admin/builder/spi-builder-workspace/.derivedData/Build/Products/Debug-watchos -F /Applications/Xcode-27.0.0-Release.Candidate.app/Contents/Developer/Platforms/WatchOS.platform/Developer/Library/Frameworks -F /Applications/Xcode-27.0.0-Release.Candidate.app/Contents/Developer/Platforms/WatchOS.platform/Developer/SDKs/WatchOS27.0.sdk/Developer/Library/Frameworks -c -j10 -enable-batch-mode -incremental -Xcc -ivfsstatcache -Xcc /Users/admin/builder/spi-builder-workspace/.derivedData/SDKStatCaches.noindex/watchos27.0-24R360-e829b21a6f8c9b70876ba0858053c04477534ef55a1706bf4c1112bbb242f0a2.sdkstatcache -output-file-map /Users/admin/builder/spi-builder-workspace/.derivedData/Build/Intermediates.noindex/EasyFirebaseSwift.build/Debug-watchos/EasyFirebaseSwiftAuth-t.build/Objects-normal/arm64_32/EasyFirebaseSwiftAuth-OutputFileMap.json -save-temps -no-color-diagnostics -explicit-module-build -module-cache-path /Users/admin/builder/spi-builder-workspace/.derivedData/Build/Intermediates.noindex/SwiftExplicitPrecompiledModules -clang-scanner-module-cache-path /Users/admin/builder/spi-builder-workspace/.derivedData/ModuleCache.noindex -sdk-module-cache-path /Users/admin/builder/spi-builder-workspace/.derivedData/SDKExplicitPrecompiledModules -emit-dependencies -emit-module -emit-module-path /Users/admin/builder/spi-builder-workspace/.derivedData/Build/Intermediates.noindex/EasyFirebaseSwift.build/Debug-watchos/EasyFirebaseSwiftAuth-t.build/Objects-normal/arm64_32/EasyFirebaseSwiftAuth.swiftmodule -serialize-diagnostics -dependency-scan-serialize-diagnostics-path /Users/admin/builder/spi-builder-workspace/.derivedData/Build/Intermediates.noindex/EasyFirebaseSwift.build/Debug-watchos/EasyFirebaseSwiftAuth-t.build/Objects-normal/arm64_32/EasyFirebaseSwiftAuth-dependency-scan.dia -validate-clang-modules-once -clang-build-session-file /Users/admin/builder/spi-builder-workspace/.derivedData/ModuleCache.noindex/Session.modulevalidation -Xcc -fmodules-prune-interval\=86400 -Xcc -fmodules-prune-after\=345600 -emit-const-values -const-gather-protocols-list /Users/admin/builder/spi-builder-workspace/.derivedData/Build/Intermediates.noindex/EasyFirebaseSwift.build/Debug-watchos/EasyFirebaseSwiftAuth-t.build/Objects-normal/arm64_32/EasyFirebaseSwiftAuth_const_extract_protocols.json -Xcc -I/Users/admin/builder/spi-builder-workspace/.dependencies/checkouts/promises/Sources/FBLPromises/include -Xcc -I/Users/admin/builder/spi-builder-workspace/.dependencies/checkouts/GoogleUtilities/GoogleUtilities/Network/Public -Xcc -I/Users/admin/builder/spi-builder-workspace/.dependencies/checkouts/GoogleUtilities/GoogleUtilities/Reachability/Public -Xcc -I/Users/admin/builder/spi-builder-workspace/.dependencies/checkouts/GoogleUtilities/GoogleUtilities/NSData+zlib/Public -Xcc -I/Users/admin/builder/spi-builder-workspace/.dependencies/checkouts/GoogleUtilities/GoogleUtilities/Logger/Public -Xcc -I/Users/admin/builder/spi-builder-workspace/.dependencies/checkouts/GoogleUtilities/GoogleUtilities/Environment/Public -Xcc -I/Users/admin/builder/spi-builder-workspace/.dependencies/checkouts/GoogleUtilities/third_party/IsAppEncrypted/Public -Xcc -I/Users/admin/builder/spi-builder-workspace/.dependencies/checkouts/GoogleUtilities/GoogleUtilities/AppDelegateSwizzler/Public -Xcc -I/Users/admin/builder/spi-builder-workspace/.dependencies/checkouts/gtm-session-fetcher/Sources/Core/Public -Xcc -I/Users/admin/builder/spi-builder-workspace/.dependencies/checkouts/interop-ios-for-google-sdks/RecaptchaEnterprise/RecaptchaInterop/Public -Xcc -I/Users/admin/builder/spi-builder-workspace/.dependencies/checkouts/firebase-ios-sdk/FirebaseCore/Sources/Public -Xcc -I/Users/admin/builder/spi-builder-workspace/.dependencies/checkouts/firebase-ios-sdk/CoreOnly/Sources -Xcc -I/Users/admin/builder/spi-builder-workspace/.dependencies/checkouts/firebase-ios-sdk/FirebaseAppCheck/Interop/Public -Xcc -I/Users/admin/builder/spi-builder-workspace/.dependencies/checkouts/firebase-ios-sdk/FirebaseAuth/Sources/Public -Xcc -I/Users/admin/builder/spi-builder-workspace/.derivedData/Build/Products/Debug-watchos/include -Xcc -I/Users/admin/builder/spi-builder-workspace/.derivedData/Build/Intermediates.noindex/EasyFirebaseSwift.build/Debug-watchos/EasyFirebaseSwiftAuth-t.build/DerivedSources-normal/arm64_32 -Xcc -I/Users/admin/builder/spi-builder-workspace/.derivedData/Build/Intermediates.noindex/EasyFirebaseSwift.build/Debug-watchos/EasyFirebaseSwiftAuth-t.build/DerivedSources/arm64_32 -Xcc -I/Users/admin/builder/spi-builder-workspace/.derivedData/Build/Intermediates.noindex/EasyFirebaseSwift.build/Debug-watchos/EasyFirebaseSwiftAuth-t.build/DerivedSources -Xcc -DSWIFT_PACKAGE -Xcc -DDEBUG\=1 -emit-objc-header -emit-objc-header-path /Users/admin/builder/spi-builder-workspace/.derivedData/Build/Intermediates.noindex/EasyFirebaseSwift.build/Debug-watchos/EasyFirebaseSwiftAuth-t.build/Objects-normal/arm64_32/EasyFirebaseSwiftAuth-Swift.h -working-directory /Users/admin/builder/spi-builder-workspace/.swiftpm/xcode -experimental-emit-module-separately -disable-cmo
SwiftDriver EasyFirebaseSwiftAuth normal arm64 com.apple.xcode.tools.swift.compiler (in target 'EasyFirebaseSwiftAuth' from project 'EasyFirebaseSwift')
    cd /Users/admin/builder/spi-builder-workspace/.swiftpm/xcode
    builtin-SwiftDriver -- /Applications/Xcode-27.0.0-Release.Candidate.app/Contents/Developer/Toolchains/XcodeDefault.xctoolchain/usr/bin/swiftc -parse-as-library -module-name EasyFirebaseSwiftAuth -Onone @/Users/admin/builder/spi-builder-workspace/.derivedData/Build/Intermediates.noindex/EasyFirebaseSwift.build/Debug-watchos/EasyFirebaseSwiftAuth-t.build/Objects-normal/arm64/EasyFirebaseSwiftAuth.SwiftFileList -DSWIFT_PACKAGE -DDEBUG -DSWIFT_MODULE_RESOURCE_BUNDLE_UNAVAILABLE -Xcc -fmodule-map-file\=/Users/admin/builder/spi-builder-workspace/.dependencies/checkouts/promises/Sources/FBLPromises/include/module.modulemap -Xcc -fmodule-map-file\=/Users/admin/builder/spi-builder-workspace/.derivedData/Build/Intermediates.noindex/GeneratedModuleMaps-watchos/GoogleUtilities-Network.modulemap -Xcc -fmodule-map-file\=/Users/admin/builder/spi-builder-workspace/.derivedData/Build/Intermediates.noindex/GeneratedModuleMaps-watchos/GoogleUtilities-Reachability.modulemap -Xcc -fmodule-map-file\=/Users/admin/builder/spi-builder-workspace/.derivedData/Build/Intermediates.noindex/GeneratedModuleMaps-watchos/GoogleUtilities-NSData.modulemap -Xcc -fmodule-map-file\=/Users/admin/builder/spi-builder-workspace/.derivedData/Build/Intermediates.noindex/GeneratedModuleMaps-watchos/GoogleUtilities-Logger.modulemap -Xcc -fmodule-map-file\=/Users/admin/builder/spi-builder-workspace/.derivedData/Build/Intermediates.noindex/GeneratedModuleMaps-watchos/GoogleUtilities-Environment.modulemap -Xcc -fmodule-map-file\=/Users/admin/builder/spi-builder-workspace/.derivedData/Build/Intermediates.noindex/GeneratedModuleMaps-watchos/third-party-IsAppEncrypted.modulemap -Xcc -fmodule-map-file\=/Users/admin/builder/spi-builder-workspace/.derivedData/Build/Intermediates.noindex/GeneratedModuleMaps-watchos/GoogleUtilities-AppDelegateSwizzler.modulemap -Xcc -fmodule-map-file\=/Users/admin/builder/spi-builder-workspace/.derivedData/Build/Intermediates.noindex/GeneratedModuleMaps-watchos/GTMSessionFetcherCore.modulemap -Xcc -fmodule-map-file\=/Users/admin/builder/spi-builder-workspace/.derivedData/Build/Intermediates.noindex/GeneratedModuleMaps-watchos/RecaptchaInterop.modulemap -Xcc -fmodule-map-file\=/Users/admin/builder/spi-builder-workspace/.derivedData/Build/Intermediates.noindex/GeneratedModuleMaps-watchos/FirebaseCore.modulemap -Xcc -fmodule-map-file\=/Users/admin/builder/spi-builder-workspace/.dependencies/checkouts/firebase-ios-sdk/CoreOnly/Sources/module.modulemap -Xcc -fmodule-map-file\=/Users/admin/builder/spi-builder-workspace/.derivedData/Build/Intermediates.noindex/GeneratedModuleMaps-watchos/FirebaseAppCheckInterop.modulemap -Xcc -fmodule-map-file\=/Users/admin/builder/spi-builder-workspace/.derivedData/Build/Intermediates.noindex/GeneratedModuleMaps-watchos/FirebaseAuth.modulemap -DXcode -plugin-path /Applications/Xcode-27.0.0-Release.Candidate.app/Contents/Developer/Toolchains/XcodeDefault.xctoolchain/usr/lib/swift/host/plugins/testing -enable-experimental-feature DebugDescriptionMacro -sdk /Applications/Xcode-27.0.0-Release.Candidate.app/Contents/Developer/Platforms/WatchOS.platform/Developer/SDKs/WatchOS27.0.sdk -target arm64-apple-watchos9.0 -g -module-cache-path /Users/admin/builder/spi-builder-workspace/.derivedData/ModuleCache.noindex -Xfrontend -serialize-debugging-options -enable-testing -index-store-path /Users/admin/builder/spi-builder-workspace/.derivedData/Index.noindex/DataStore -Xcc -D_LIBCPP_HARDENING_MODE\=_LIBCPP_HARDENING_MODE_DEBUG -swift-version 5 -I /Users/admin/builder/spi-builder-workspace/.derivedData/Build/Products/Debug-watchos -Isystem /Applications/Xcode-27.0.0-Release.Candidate.app/Contents/Developer/Platforms/WatchOS.platform/Developer/usr/lib -F /Users/admin/builder/spi-builder-workspace/.derivedData/Build/Products/Debug-watchos/PackageFrameworks -F /Users/admin/builder/spi-builder-workspace/.derivedData/Build/Products/Debug-watchos -F /Applications/Xcode-27.0.0-Release.Candidate.app/Contents/Developer/Platforms/WatchOS.platform/Developer/Library/Frameworks -F /Applications/Xcode-27.0.0-Release.Candidate.app/Contents/Developer/Platforms/WatchOS.platform/Developer/SDKs/WatchOS27.0.sdk/Developer/Library/Frameworks -c -j10 -enable-batch-mode -incremental -Xcc -ivfsstatcache -Xcc /Users/admin/builder/spi-builder-workspace/.derivedData/SDKStatCaches.noindex/watchos27.0-24R360-e829b21a6f8c9b70876ba0858053c04477534ef55a1706bf4c1112bbb242f0a2.sdkstatcache -output-file-map /Users/admin/builder/spi-builder-workspace/.derivedData/Build/Intermediates.noindex/EasyFirebaseSwift.build/Debug-watchos/EasyFirebaseSwiftAuth-t.build/Objects-normal/arm64/EasyFirebaseSwiftAuth-OutputFileMap.json -save-temps -no-color-diagnostics -explicit-module-build -module-cache-path /Users/admin/builder/spi-builder-workspace/.derivedData/Build/Intermediates.noindex/SwiftExplicitPrecompiledModules -clang-scanner-module-cache-path /Users/admin/builder/spi-builder-workspace/.derivedData/ModuleCache.noindex -sdk-module-cache-path /Users/admin/builder/spi-builder-workspace/.derivedData/SDKExplicitPrecompiledModules -emit-dependencies -emit-module -emit-module-path /Users/admin/builder/spi-builder-workspace/.derivedData/Build/Intermediates.noindex/EasyFirebaseSwift.build/Debug-watchos/EasyFirebaseSwiftAuth-t.build/Objects-normal/arm64/EasyFirebaseSwiftAuth.swiftmodule -serialize-diagnostics -dependency-scan-serialize-diagnostics-path /Users/admin/builder/spi-builder-workspace/.derivedData/Build/Intermediates.noindex/EasyFirebaseSwift.build/Debug-watchos/EasyFirebaseSwiftAuth-t.build/Objects-normal/arm64/EasyFirebaseSwiftAuth-dependency-scan.dia -validate-clang-modules-once -clang-build-session-file /Users/admin/builder/spi-builder-workspace/.derivedData/ModuleCache.noindex/Session.modulevalidation -Xcc -fmodules-prune-interval\=86400 -Xcc -fmodules-prune-after\=345600 -emit-const-values -const-gather-protocols-list /Users/admin/builder/spi-builder-workspace/.derivedData/Build/Intermediates.noindex/EasyFirebaseSwift.build/Debug-watchos/EasyFirebaseSwiftAuth-t.build/Objects-normal/arm64/EasyFirebaseSwiftAuth_const_extract_protocols.json -Xcc -I/Users/admin/builder/spi-builder-workspace/.dependencies/checkouts/promises/Sources/FBLPromises/include -Xcc -I/Users/admin/builder/spi-builder-workspace/.dependencies/checkouts/GoogleUtilities/GoogleUtilities/Network/Public -Xcc -I/Users/admin/builder/spi-builder-workspace/.dependencies/checkouts/GoogleUtilities/GoogleUtilities/Reachability/Public -Xcc -I/Users/admin/builder/spi-builder-workspace/.dependencies/checkouts/GoogleUtilities/GoogleUtilities/NSData+zlib/Public -Xcc -I/Users/admin/builder/spi-builder-workspace/.dependencies/checkouts/GoogleUtilities/GoogleUtilities/Logger/Public -Xcc -I/Users/admin/builder/spi-builder-workspace/.dependencies/checkouts/GoogleUtilities/GoogleUtilities/Environment/Public -Xcc -I/Users/admin/builder/spi-builder-workspace/.dependencies/checkouts/GoogleUtilities/third_party/IsAppEncrypted/Public -Xcc -I/Users/admin/builder/spi-builder-workspace/.dependencies/checkouts/GoogleUtilities/GoogleUtilities/AppDelegateSwizzler/Public -Xcc -I/Users/admin/builder/spi-builder-workspace/.dependencies/checkouts/gtm-session-fetcher/Sources/Core/Public -Xcc -I/Users/admin/builder/spi-builder-workspace/.dependencies/checkouts/interop-ios-for-google-sdks/RecaptchaEnterprise/RecaptchaInterop/Public -Xcc -I/Users/admin/builder/spi-builder-workspace/.dependencies/checkouts/firebase-ios-sdk/FirebaseCore/Sources/Public -Xcc -I/Users/admin/builder/spi-builder-workspace/.dependencies/checkouts/firebase-ios-sdk/CoreOnly/Sources -Xcc -I/Users/admin/builder/spi-builder-workspace/.dependencies/checkouts/firebase-ios-sdk/FirebaseAppCheck/Interop/Public -Xcc -I/Users/admin/builder/spi-builder-workspace/.dependencies/checkouts/firebase-ios-sdk/FirebaseAuth/Sources/Public -Xcc -I/Users/admin/builder/spi-builder-workspace/.derivedData/Build/Products/Debug-watchos/include -Xcc -I/Users/admin/builder/spi-builder-workspace/.derivedData/Build/Intermediates.noindex/EasyFirebaseSwift.build/Debug-watchos/EasyFirebaseSwiftAuth-t.build/DerivedSources-normal/arm64 -Xcc -I/Users/admin/builder/spi-builder-workspace/.derivedData/Build/Intermediates.noindex/EasyFirebaseSwift.build/Debug-watchos/EasyFirebaseSwiftAuth-t.build/DerivedSources/arm64 -Xcc -I/Users/admin/builder/spi-builder-workspace/.derivedData/Build/Intermediates.noindex/EasyFirebaseSwift.build/Debug-watchos/EasyFirebaseSwiftAuth-t.build/DerivedSources -Xcc -DSWIFT_PACKAGE -Xcc -DDEBUG\=1 -emit-objc-header -emit-objc-header-path /Users/admin/builder/spi-builder-workspace/.derivedData/Build/Intermediates.noindex/EasyFirebaseSwift.build/Debug-watchos/EasyFirebaseSwiftAuth-t.build/Objects-normal/arm64/EasyFirebaseSwiftAuth-Swift.h -working-directory /Users/admin/builder/spi-builder-workspace/.swiftpm/xcode -experimental-emit-module-separately -disable-cmo
PruneExplicitPrecompiledModules /Users/admin/builder/spi-builder-workspace/.derivedData/Build/Intermediates.noindex/SwiftExplicitPrecompiledModules
PruneExplicitPrecompiledModules /Users/admin/builder/spi-builder-workspace/.derivedData/Build/Intermediates.noindex/ExplicitPrecompiledModules
PruneExplicitPrecompiledModules /Users/admin/builder/spi-builder-workspace/.derivedData/SDKExplicitPrecompiledModules
2026-09-19 09:34:20.844 xcodebuild[1284:6675] [MT] IDERunDestination: Supported platforms for the buildables in the current scheme is empty.
2026-09-19 09:34:20.947 xcodebuild[1284:6675] [MT] IDERunDestination: Supported platforms for the buildables in the current scheme is empty.
** BUILD FAILED **
The following build commands failed:
	SwiftDriver TestCore normal arm64_32 com.apple.xcode.tools.swift.compiler (in target 'TestCore' from project 'EasyFirebaseSwift')
	SwiftDriver TestCore normal arm64 com.apple.xcode.tools.swift.compiler (in target 'TestCore' from project 'EasyFirebaseSwift')
	SwiftDriver EasyFirebaseSwiftFirestore normal arm64 com.apple.xcode.tools.swift.compiler (in target 'EasyFirebaseSwiftFirestore' from project 'EasyFirebaseSwift')
	SwiftDriver EasyFirebaseSwiftFirestore normal arm64_32 com.apple.xcode.tools.swift.compiler (in target 'EasyFirebaseSwiftFirestore' from project 'EasyFirebaseSwift')
	Building workspace EasyFirebaseSwift with scheme EasyFirebaseSwift-Package
(5 failures)
Command line invocation:
    /Applications/Xcode-27.0.0-Release.Candidate.app/Contents/Developer/usr/bin/xcodebuild -IDEClonedSourcePackagesDirPathOverride=/Users/admin/builder/spi-builder-workspace/.dependencies -resolvePackageDependencies
Resolve Package Graph
Resolved source packages:
  abseil: https://github.com/google/abseil-cpp-binary.git @ 1.2024011602.0
  GoogleDataTransport: https://github.com/google/GoogleDataTransport.git @ 9.4.0
  InteropForGoogle: https://github.com/google/interop-ios-for-google-sdks.git @ 100.0.0
  EasyFirebaseSwift: /Users/admin/builder/spi-builder-workspace
  gRPC: https://github.com/google/grpc-binary.git @ 1.62.2
  Promises: https://github.com/google/promises.git @ 2.4.1
  Firebase: https://github.com/firebase/firebase-ios-sdk @ 10.29.0
  SwiftProtobuf: https://github.com/apple/swift-protobuf.git @ 1.38.1
  GoogleAppMeasurement: https://github.com/google/GoogleAppMeasurement.git @ 10.28.0
  GTMSessionFetcher: https://github.com/google/gtm-session-fetcher.git @ 3.5.0
  GoogleUtilities: https://github.com/google/GoogleUtilities.git @ 7.13.3
  AppCheck: https://github.com/google/app-check.git @ 10.19.2
  leveldb: https://github.com/firebase/leveldb.git @ 1.22.5
  nanopb: https://github.com/firebase/nanopb.git @ 2.30910.1
resolved source packages: abseil, GoogleDataTransport, InteropForGoogle, EasyFirebaseSwift, gRPC, Promises, Firebase, SwiftProtobuf, GoogleAppMeasurement, GTMSessionFetcher, GoogleUtilities, AppCheck, leveldb, nanopb
2026-09-19 09:34:53.137 xcodebuild[2543:11326] [MT] IDERunDestination: Supported platforms for the buildables in the current scheme is empty.
2026-09-19 09:34:53.238 xcodebuild[2543:11326] [MT] IDERunDestination: Supported platforms for the buildables in the current scheme is empty.
{
  "dependencies" : [
    {
      "identity" : "firebase-ios-sdk",
      "requirement" : {
        "range" : [
          {
            "lower_bound" : "10.0.0",
            "upper_bound" : "11.0.0"
          }
        ]
      },
      "type" : "sourceControl",
      "url" : "https://github.com/firebase/firebase-ios-sdk"
    }
  ],
  "manifest_display_name" : "EasyFirebaseSwift",
  "name" : "EasyFirebaseSwift",
  "path" : "/Users/admin/builder/spi-builder-workspace",
  "platforms" : [
    {
      "name" : "ios",
      "version" : "13.0"
    },
    {
      "name" : "macos",
      "version" : "11.0"
    }
  ],
  "products" : [
    {
      "name" : "EasyFirebaseSwiftAuth",
      "targets" : [
        "EasyFirebaseSwiftAuth"
      ],
      "type" : {
        "library" : [
          "automatic"
        ]
      }
    },
    {
      "name" : "EasyFirebaseSwiftFirestore",
      "targets" : [
        "EasyFirebaseSwiftFirestore"
      ],
      "type" : {
        "library" : [
          "automatic"
        ]
      }
    },
    {
      "name" : "EasyFirebaseSwiftStorage",
      "targets" : [
        "EasyFirebaseSwiftStorage"
      ],
      "type" : {
        "library" : [
          "automatic"
        ]
      }
    }
  ],
  "targets" : [
    {
      "c99name" : "TestCore",
      "module_type" : "SwiftTarget",
      "name" : "TestCore",
      "path" : "Sources/TestCore",
      "product_dependencies" : [
        "FirebaseAuth",
        "FirebaseFirestore",
        "FirebaseStorage"
      ],
      "sources" : [
        "FirebaseTestHepler.swift"
      ],
      "type" : "library"
    },
    {
      "c99name" : "StorageTests",
      "module_type" : "SwiftTarget",
      "name" : "StorageTests",
      "path" : "Tests/StorageTests",
      "sources" : [
        "StorageClientTests.swift"
      ],
      "target_dependencies" : [
        "EasyFirebaseSwiftStorage",
        "TestCore"
      ],
      "type" : "test"
    },
    {
      "c99name" : "FirestoreTests",
      "module_type" : "SwiftTarget",
      "name" : "FirestoreTests",
      "path" : "Tests/FirestoreTests",
      "sources" : [
        "FirestoreClientTests.swift"
      ],
      "target_dependencies" : [
        "EasyFirebaseSwiftFirestore",
        "TestCore"
      ],
      "type" : "test"
    },
    {
      "c99name" : "EasyFirebaseSwiftStorage",
      "module_type" : "SwiftTarget",
      "name" : "EasyFirebaseSwiftStorage",
      "path" : "Sources/Storage",
      "product_dependencies" : [
        "FirebaseStorage"
      ],
      "product_memberships" : [
        "EasyFirebaseSwiftStorage"
      ],
      "sources" : [
        "StorageClient.swift"
      ],
      "type" : "library"
    },
    {
      "c99name" : "EasyFirebaseSwiftFirestore",
      "module_type" : "SwiftTarget",
      "name" : "EasyFirebaseSwiftFirestore",
      "path" : "Sources/Firestore",
      "product_dependencies" : [
        "FirebaseFirestore",
        "FirebaseFirestoreSwift"
      ],
      "product_memberships" : [
        "EasyFirebaseSwiftFirestore"
      ],
      "sources" : [
        "Combine/CombineCore.swift",
        "Combine/FirestoreModel+Combine.swift",
        "Concurrency/FirestoreClient+Concurrency.swift",
        "FirestoreClient.swift"
      ],
      "type" : "library"
    },
    {
      "c99name" : "EasyFirebaseSwiftAuth",
      "module_type" : "SwiftTarget",
      "name" : "EasyFirebaseSwiftAuth",
      "path" : "Sources/Auth",
      "product_dependencies" : [
        "FirebaseAuth"
      ],
      "product_memberships" : [
        "EasyFirebaseSwiftAuth"
      ],
      "sources" : [
        "AppleAuthClient.swift",
        "FirebaseAuthClient.swift"
      ],
      "type" : "library"
    }
  ],
  "tools_version" : "5.3"
}
{
  "workspace" : {
    "name" : "EasyFirebaseSwift",
    "schemes" : [
      "EasyFirebaseSwift-Package",
      "EasyFirebaseSwiftAuth",
      "EasyFirebaseSwiftFirestore",
      "EasyFirebaseSwiftStorage"
    ]
  }
}
2026-09-19 09:34:56.591 xcodebuild[2552:11413] [MT] IDERunDestination: Supported platforms for the buildables in the current scheme is empty.
2026-09-19 09:34:56.695 xcodebuild[2552:11413] [MT] IDERunDestination: Supported platforms for the buildables in the current scheme is empty.
Running build ...
env DEVELOPER_DIR=/Applications/Xcode-27.0.0-Release.Candidate.app xcrun xcodebuild -IDEClonedSourcePackagesDirPathOverride=$PWD/.dependencies -skipMacroValidation -skipPackagePluginValidation -derivedDataPath $PWD/.derivedData build -scheme EasyFirebaseSwift-Package -destination generic/platform=watchOS
Command line invocation:
    /Applications/Xcode-27.0.0-Release.Candidate.app/Contents/Developer/usr/bin/xcodebuild -IDEClonedSourcePackagesDirPathOverride=/Users/admin/builder/spi-builder-workspace/.dependencies -skipMacroValidation -skipPackagePluginValidation -derivedDataPath /Users/admin/builder/spi-builder-workspace/.derivedData build -scheme EasyFirebaseSwift-Package -destination generic/platform=watchOS
Resolve Package Graph
Resolved source packages:
  Promises: https://github.com/google/promises.git @ 2.4.1
  GoogleDataTransport: https://github.com/google/GoogleDataTransport.git @ 9.4.0
  Firebase: https://github.com/firebase/firebase-ios-sdk @ 10.29.0
  GTMSessionFetcher: https://github.com/google/gtm-session-fetcher.git @ 3.5.0
  AppCheck: https://github.com/google/app-check.git @ 10.19.2
  nanopb: https://github.com/firebase/nanopb.git @ 2.30910.1
  abseil: https://github.com/google/abseil-cpp-binary.git @ 1.2024011602.0
  EasyFirebaseSwift: /Users/admin/builder/spi-builder-workspace
  gRPC: https://github.com/google/grpc-binary.git @ 1.62.2
  GoogleUtilities: https://github.com/google/GoogleUtilities.git @ 7.13.3
  GoogleAppMeasurement: https://github.com/google/GoogleAppMeasurement.git @ 10.28.0
  InteropForGoogle: https://github.com/google/interop-ios-for-google-sdks.git @ 100.0.0
  SwiftProtobuf: https://github.com/apple/swift-protobuf.git @ 1.38.1
  leveldb: https://github.com/firebase/leveldb.git @ 1.22.5
ComputePackagePrebuildTargetDependencyGraph
Prepare packages
CreateBuildRequest
SendProjectDescription
CreateBuildOperation
ComputeTargetDependencyGraph
note: Building targets in dependency order
note: Target dependency graph (59 targets)
    Target 'StorageTests-product' in project 'EasyFirebaseSwift'
        ➜ Explicit dependency on target 'EasyFirebaseSwiftStorage' in project 'EasyFirebaseSwift'
        ➜ Explicit dependency on target 'TestCore' in project 'EasyFirebaseSwift'
        ➜ Explicit dependency on target 'FirebaseStorage-product' in project 'Firebase'
        ➜ Explicit dependency on target 'FirebaseAuth-product' in project 'Firebase'
        ➜ Explicit dependency on target 'FirebaseFirestore-product' in project 'Firebase'
    Target 'FirestoreTests-product' in project 'EasyFirebaseSwift'
        ➜ Explicit dependency on target 'EasyFirebaseSwiftFirestore' in project 'EasyFirebaseSwift'
        ➜ Explicit dependency on target 'TestCore' in project 'EasyFirebaseSwift'
        ➜ Explicit dependency on target 'FirebaseFirestore-product' in project 'Firebase'
        ➜ Explicit dependency on target 'FirebaseFirestoreSwift-product' in project 'Firebase'
        ➜ Explicit dependency on target 'FirebaseAuth-product' in project 'Firebase'
        ➜ Explicit dependency on target 'FirebaseStorage-product' in project 'Firebase'
    Target 'TestCore' in project 'EasyFirebaseSwift'
        ➜ Explicit dependency on target 'FirebaseAuth-product' in project 'Firebase'
        ➜ Explicit dependency on target 'FirebaseFirestore-product' in project 'Firebase'
        ➜ Explicit dependency on target 'FirebaseStorage-product' in project 'Firebase'
    Target 'EasyFirebaseSwiftStorage-product' in project 'EasyFirebaseSwift'
        ➜ Explicit dependency on target 'EasyFirebaseSwiftStorage' in project 'EasyFirebaseSwift'
        ➜ Explicit dependency on target 'FirebaseStorage-product' in project 'Firebase'
    Target 'EasyFirebaseSwiftStorage' in project 'EasyFirebaseSwift'
        ➜ Explicit dependency on target 'FirebaseStorage-product' in project 'Firebase'
    Target 'FirebaseStorage-product' in project 'Firebase'
        ➜ Explicit dependency on target 'FirebaseStorage' in project 'Firebase'
        ➜ Explicit dependency on target 'FirebaseAppCheckInterop' in project 'Firebase'
        ➜ Explicit dependency on target 'FirebaseAuthInterop' in project 'Firebase'
        ➜ Explicit dependency on target 'Firebase' in project 'Firebase'
        ➜ Explicit dependency on target 'FirebaseCoreInternal' in project 'Firebase'
        ➜ Explicit dependency on target 'FirebaseCore' in project 'Firebase'
        ➜ Explicit dependency on target 'FirebaseCoreExtension' in project 'Firebase'
        ➜ Explicit dependency on target 'GULNSData-product' in project 'GoogleUtilities'
        ➜ Explicit dependency on target 'GULEnvironment-product' in project 'GoogleUtilities'
        ➜ Explicit dependency on target 'GULLogger-product' in project 'GoogleUtilities'
        ➜ Explicit dependency on target 'GTMSessionFetcherCore-product' in project 'GTMSessionFetcher'
    Target 'FirebaseStorage' in project 'Firebase'
        ➜ Explicit dependency on target 'FirebaseAppCheckInterop' in project 'Firebase'
        ➜ Explicit dependency on target 'FirebaseAuthInterop' in project 'Firebase'
        ➜ Explicit dependency on target 'Firebase' in project 'Firebase'
        ➜ Explicit dependency on target 'FirebaseCoreInternal' in project 'Firebase'
        ➜ Explicit dependency on target 'FirebaseCore' in project 'Firebase'
        ➜ Explicit dependency on target 'FirebaseCoreExtension' in project 'Firebase'
        ➜ Explicit dependency on target 'GULNSData-product' in project 'GoogleUtilities'
        ➜ Explicit dependency on target 'GULEnvironment-product' in project 'GoogleUtilities'
        ➜ Explicit dependency on target 'GULLogger-product' in project 'GoogleUtilities'
        ➜ Explicit dependency on target 'GTMSessionFetcherCore-product' in project 'GTMSessionFetcher'
    Target 'FirebaseAuthInterop' in project 'Firebase' (no dependencies)
    Target 'EasyFirebaseSwiftFirestore-product' in project 'EasyFirebaseSwift'
        ➜ Explicit dependency on target 'EasyFirebaseSwiftFirestore' in project 'EasyFirebaseSwift'
        ➜ Explicit dependency on target 'FirebaseFirestore-product' in project 'Firebase'
        ➜ Explicit dependency on target 'FirebaseFirestoreSwift-product' in project 'Firebase'
    Target 'EasyFirebaseSwiftFirestore' in project 'EasyFirebaseSwift'
        ➜ Explicit dependency on target 'FirebaseFirestore-product' in project 'Firebase'
        ➜ Explicit dependency on target 'FirebaseFirestoreSwift-product' in project 'Firebase'
    Target 'FirebaseFirestoreSwift-product' in project 'Firebase'
        ➜ Explicit dependency on target 'FirebaseFirestoreSwiftTarget' in project 'Firebase'
        ➜ Explicit dependency on target 'FirebaseAppCheckInterop' in project 'Firebase'
        ➜ Explicit dependency on target 'Firebase' in project 'Firebase'
        ➜ Explicit dependency on target 'FirebaseCoreInternal' in project 'Firebase'
        ➜ Explicit dependency on target 'FirebaseCore' in project 'Firebase'
        ➜ Explicit dependency on target 'FirebaseCoreExtension' in project 'Firebase'
        ➜ Explicit dependency on target 'FirebaseSharedSwift' in project 'Firebase'
        ➜ Explicit dependency on target 'FirebaseFirestoreTarget' in project 'Firebase'
        ➜ Explicit dependency on target 'GULNSData-product' in project 'GoogleUtilities'
        ➜ Explicit dependency on target 'GULEnvironment-product' in project 'GoogleUtilities'
        ➜ Explicit dependency on target 'GULLogger-product' in project 'GoogleUtilities'
        ➜ Explicit dependency on target 'nanopb-product' in project 'nanopb'
        ➜ Explicit dependency on target 'leveldb-product' in project 'leveldb'
    Target 'FirebaseFirestoreSwiftTarget' in project 'Firebase'
        ➜ Explicit dependency on target 'FirebaseAppCheckInterop' in project 'Firebase'
        ➜ Explicit dependency on target 'Firebase' in project 'Firebase'
        ➜ Explicit dependency on target 'FirebaseCoreInternal' in project 'Firebase'
        ➜ Explicit dependency on target 'FirebaseCore' in project 'Firebase'
        ➜ Explicit dependency on target 'FirebaseCoreExtension' in project 'Firebase'
        ➜ Explicit dependency on target 'FirebaseSharedSwift' in project 'Firebase'
        ➜ Explicit dependency on target 'FirebaseFirestoreTarget' in project 'Firebase'
        ➜ Explicit dependency on target 'GULNSData-product' in project 'GoogleUtilities'
        ➜ Explicit dependency on target 'GULEnvironment-product' in project 'GoogleUtilities'
        ➜ Explicit dependency on target 'GULLogger-product' in project 'GoogleUtilities'
        ➜ Explicit dependency on target 'nanopb-product' in project 'nanopb'
        ➜ Explicit dependency on target 'leveldb-product' in project 'leveldb'
    Target 'FirebaseFirestore-product' in project 'Firebase'
        ➜ Explicit dependency on target 'FirebaseFirestoreTarget' in project 'Firebase'
        ➜ Explicit dependency on target 'FirebaseAppCheckInterop' in project 'Firebase'
        ➜ Explicit dependency on target 'Firebase' in project 'Firebase'
        ➜ Explicit dependency on target 'FirebaseCoreInternal' in project 'Firebase'
        ➜ Explicit dependency on target 'FirebaseCore' in project 'Firebase'
        ➜ Explicit dependency on target 'FirebaseCoreExtension' in project 'Firebase'
        ➜ Explicit dependency on target 'FirebaseSharedSwift' in project 'Firebase'
        ➜ Explicit dependency on target 'GULNSData-product' in project 'GoogleUtilities'
        ➜ Explicit dependency on target 'GULEnvironment-product' in project 'GoogleUtilities'
        ➜ Explicit dependency on target 'GULLogger-product' in project 'GoogleUtilities'
        ➜ Explicit dependency on target 'nanopb-product' in project 'nanopb'
        ➜ Explicit dependency on target 'leveldb-product' in project 'leveldb'
    Target 'FirebaseFirestoreTarget' in project 'Firebase'
        ➜ Explicit dependency on target 'FirebaseAppCheckInterop' in project 'Firebase'
        ➜ Explicit dependency on target 'Firebase' in project 'Firebase'
        ➜ Explicit dependency on target 'FirebaseCoreInternal' in project 'Firebase'
        ➜ Explicit dependency on target 'FirebaseCore' in project 'Firebase'
        ➜ Explicit dependency on target 'FirebaseCoreExtension' in project 'Firebase'
        ➜ Explicit dependency on target 'FirebaseSharedSwift' in project 'Firebase'
        ➜ Explicit dependency on target 'GULNSData-product' in project 'GoogleUtilities'
        ➜ Explicit dependency on target 'GULEnvironment-product' in project 'GoogleUtilities'
        ➜ Explicit dependency on target 'GULLogger-product' in project 'GoogleUtilities'
        ➜ Explicit dependency on target 'nanopb-product' in project 'nanopb'
        ➜ Explicit dependency on target 'leveldb-product' in project 'leveldb'
    Target 'leveldb-product' in project 'leveldb'
        ➜ Explicit dependency on target 'leveldb' in project 'leveldb'
        ➜ Explicit dependency on target 'leveldb_leveldb' in project 'leveldb'
    Target 'leveldb' in project 'leveldb'
        ➜ Explicit dependency on target 'leveldb_leveldb' in project 'leveldb'
    Target 'leveldb_leveldb' in project 'leveldb' (no dependencies)
    Target 'nanopb-product' in project 'nanopb'
        ➜ Explicit dependency on target 'nanopb' in project 'nanopb'
        ➜ Explicit dependency on target 'nanopb_nanopb' in project 'nanopb'
    Target 'nanopb' in project 'nanopb'
        ➜ Explicit dependency on target 'nanopb_nanopb' in project 'nanopb'
    Target 'nanopb_nanopb' in project 'nanopb' (no dependencies)
    Target 'FirebaseSharedSwift' in project 'Firebase' (no dependencies)
    Target 'FirebaseCoreExtension' in project 'Firebase'
        ➜ Explicit dependency on target 'Firebase_FirebaseCoreExtension' in project 'Firebase'
    Target 'Firebase_FirebaseCoreExtension' in project 'Firebase' (no dependencies)
    Target 'EasyFirebaseSwiftAuth-product' in project 'EasyFirebaseSwift'
        ➜ Explicit dependency on target 'EasyFirebaseSwiftAuth' in project 'EasyFirebaseSwift'
        ➜ Explicit dependency on target 'FirebaseAuth-product' in project 'Firebase'
    Target 'EasyFirebaseSwiftAuth' in project 'EasyFirebaseSwift'
        ➜ Explicit dependency on target 'FirebaseAuth-product' in project 'Firebase'
    Target 'FirebaseAuth-product' in project 'Firebase'
        ➜ Explicit dependency on target 'FirebaseAuth' in project 'Firebase'
        ➜ Explicit dependency on target 'Firebase_FirebaseAuth' in project 'Firebase'
        ➜ Explicit dependency on target 'FirebaseAppCheckInterop' in project 'Firebase'
        ➜ Explicit dependency on target 'Firebase' in project 'Firebase'
        ➜ Explicit dependency on target 'FirebaseCoreInternal' in project 'Firebase'
        ➜ Explicit dependency on target 'FirebaseCore' in project 'Firebase'
        ➜ Explicit dependency on target 'GULNSData-product' in project 'GoogleUtilities'
        ➜ Explicit dependency on target 'GULEnvironment-product' in project 'GoogleUtilities'
        ➜ Explicit dependency on target 'GULLogger-product' in project 'GoogleUtilities'
        ➜ Explicit dependency on target 'GULAppDelegateSwizzler-product' in project 'GoogleUtilities'
        ➜ Explicit dependency on target 'GTMSessionFetcherCore-product' in project 'GTMSessionFetcher'
        ➜ Explicit dependency on target 'RecaptchaInterop-product' in project 'InteropForGoogle'
    Target 'FirebaseAuth' in project 'Firebase'
        ➜ Explicit dependency on target 'Firebase_FirebaseAuth' in project 'Firebase'
        ➜ Explicit dependency on target 'FirebaseAppCheckInterop' in project 'Firebase'
        ➜ Explicit dependency on target 'Firebase' in project 'Firebase'
        ➜ Explicit dependency on target 'FirebaseCoreInternal' in project 'Firebase'
        ➜ Explicit dependency on target 'FirebaseCore' in project 'Firebase'
        ➜ Explicit dependency on target 'GULNSData-product' in project 'GoogleUtilities'
        ➜ Explicit dependency on target 'GULEnvironment-product' in project 'GoogleUtilities'
        ➜ Explicit dependency on target 'GULLogger-product' in project 'GoogleUtilities'
        ➜ Explicit dependency on target 'GULAppDelegateSwizzler-product' in project 'GoogleUtilities'
        ➜ Explicit dependency on target 'GTMSessionFetcherCore-product' in project 'GTMSessionFetcher'
        ➜ Explicit dependency on target 'RecaptchaInterop-product' in project 'InteropForGoogle'
    Target 'RecaptchaInterop-product' in project 'InteropForGoogle'
        ➜ Explicit dependency on target 'RecaptchaInterop' in project 'InteropForGoogle'
    Target 'RecaptchaInterop' in project 'InteropForGoogle' (no dependencies)
    Target 'GTMSessionFetcherCore-product' in project 'GTMSessionFetcher'
        ➜ Explicit dependency on target 'GTMSessionFetcherCore' in project 'GTMSessionFetcher'
        ➜ Explicit dependency on target 'GTMSessionFetcher_GTMSessionFetcherCore' in project 'GTMSessionFetcher'
    Target 'GTMSessionFetcherCore' in project 'GTMSessionFetcher'
        ➜ Explicit dependency on target 'GTMSessionFetcher_GTMSessionFetcherCore' in project 'GTMSessionFetcher'
    Target 'GTMSessionFetcher_GTMSessionFetcherCore' in project 'GTMSessionFetcher' (no dependencies)
    Target 'GULAppDelegateSwizzler-product' in project 'GoogleUtilities'
        ➜ Explicit dependency on target 'GoogleUtilities-AppDelegateSwizzler' in project 'GoogleUtilities'
        ➜ Explicit dependency on target 'GoogleUtilities_GoogleUtilities-AppDelegateSwizzler' in project 'GoogleUtilities'
        ➜ Explicit dependency on target 'third-party-IsAppEncrypted' in project 'GoogleUtilities'
        ➜ Explicit dependency on target 'GoogleUtilities-Environment' in project 'GoogleUtilities'
        ➜ Explicit dependency on target 'GoogleUtilities-Logger' in project 'GoogleUtilities'
        ➜ Explicit dependency on target 'GoogleUtilities-NSData' in project 'GoogleUtilities'
        ➜ Explicit dependency on target 'GoogleUtilities-Reachability' in project 'GoogleUtilities'
        ➜ Explicit dependency on target 'GoogleUtilities-Network' in project 'GoogleUtilities'
        ➜ Explicit dependency on target 'FBLPromises-product' in project 'Promises'
    Target 'GoogleUtilities-AppDelegateSwizzler' in project 'GoogleUtilities'
        ➜ Explicit dependency on target 'GoogleUtilities_GoogleUtilities-AppDelegateSwizzler' in project 'GoogleUtilities'
        ➜ Explicit dependency on target 'third-party-IsAppEncrypted' in project 'GoogleUtilities'
        ➜ Explicit dependency on target 'GoogleUtilities-Environment' in project 'GoogleUtilities'
        ➜ Explicit dependency on target 'GoogleUtilities-Logger' in project 'GoogleUtilities'
        ➜ Explicit dependency on target 'GoogleUtilities-NSData' in project 'GoogleUtilities'
        ➜ Explicit dependency on target 'GoogleUtilities-Reachability' in project 'GoogleUtilities'
        ➜ Explicit dependency on target 'GoogleUtilities-Network' in project 'GoogleUtilities'
        ➜ Explicit dependency on target 'FBLPromises-product' in project 'Promises'
    Target 'GoogleUtilities-Network' in project 'GoogleUtilities'
        ➜ Explicit dependency on target 'GoogleUtilities_GoogleUtilities-Network' in project 'GoogleUtilities'
        ➜ Explicit dependency on target 'third-party-IsAppEncrypted' in project 'GoogleUtilities'
        ➜ Explicit dependency on target 'GoogleUtilities-Environment' in project 'GoogleUtilities'
        ➜ Explicit dependency on target 'GoogleUtilities-Logger' in project 'GoogleUtilities'
        ➜ Explicit dependency on target 'GoogleUtilities-NSData' in project 'GoogleUtilities'
        ➜ Explicit dependency on target 'GoogleUtilities-Reachability' in project 'GoogleUtilities'
        ➜ Explicit dependency on target 'FBLPromises-product' in project 'Promises'
    Target 'GoogleUtilities_GoogleUtilities-Network' in project 'GoogleUtilities' (no dependencies)
    Target 'GoogleUtilities-Reachability' in project 'GoogleUtilities'
        ➜ Explicit dependency on target 'GoogleUtilities_GoogleUtilities-Reachability' in project 'GoogleUtilities'
        ➜ Explicit dependency on target 'third-party-IsAppEncrypted' in project 'GoogleUtilities'
        ➜ Explicit dependency on target 'GoogleUtilities-Environment' in project 'GoogleUtilities'
        ➜ Explicit dependency on target 'GoogleUtilities-Logger' in project 'GoogleUtilities'
        ➜ Explicit dependency on target 'FBLPromises-product' in project 'Promises'
    Target 'GoogleUtilities_GoogleUtilities-Reachability' in project 'GoogleUtilities' (no dependencies)
    Target 'GoogleUtilities_GoogleUtilities-AppDelegateSwizzler' in project 'GoogleUtilities' (no dependencies)
    Target 'FirebaseCore' in project 'Firebase'
        ➜ Explicit dependency on target 'Firebase_FirebaseCore' in project 'Firebase'
        ➜ Explicit dependency on target 'Firebase' in project 'Firebase'
        ➜ Explicit dependency on target 'FirebaseCoreInternal' in project 'Firebase'
        ➜ Explicit dependency on target 'GULNSData-product' in project 'GoogleUtilities'
        ➜ Explicit dependency on target 'GULEnvironment-product' in project 'GoogleUtilities'
        ➜ Explicit dependency on target 'GULLogger-product' in project 'GoogleUtilities'
    Target 'GULLogger-product' in project 'GoogleUtilities'
        ➜ Explicit dependency on target 'GoogleUtilities-Logger' in project 'GoogleUtilities'
        ➜ Explicit dependency on target 'GoogleUtilities_GoogleUtilities-Logger' in project 'GoogleUtilities'
        ➜ Explicit dependency on target 'third-party-IsAppEncrypted' in project 'GoogleUtilities'
        ➜ Explicit dependency on target 'GoogleUtilities-Environment' in project 'GoogleUtilities'
        ➜ Explicit dependency on target 'FBLPromises-product' in project 'Promises'
    Target 'GoogleUtilities-Logger' in project 'GoogleUtilities'
        ➜ Explicit dependency on target 'GoogleUtilities_GoogleUtilities-Logger' in project 'GoogleUtilities'
        ➜ Explicit dependency on target 'third-party-IsAppEncrypted' in project 'GoogleUtilities'
        ➜ Explicit dependency on target 'GoogleUtilities-Environment' in project 'GoogleUtilities'
        ➜ Explicit dependency on target 'FBLPromises-product' in project 'Promises'
    Target 'GoogleUtilities_GoogleUtilities-Logger' in project 'GoogleUtilities' (no dependencies)
    Target 'GULEnvironment-product' in project 'GoogleUtilities'
        ➜ Explicit dependency on target 'GoogleUtilities-Environment' in project 'GoogleUtilities'
        ➜ Explicit dependency on target 'GoogleUtilities_GoogleUtilities-Environment' in project 'GoogleUtilities'
        ➜ Explicit dependency on target 'third-party-IsAppEncrypted' in project 'GoogleUtilities'
        ➜ Explicit dependency on target 'FBLPromises-product' in project 'Promises'
    Target 'GoogleUtilities-Environment' in project 'GoogleUtilities'
        ➜ Explicit dependency on target 'GoogleUtilities_GoogleUtilities-Environment' in project 'GoogleUtilities'
        ➜ Explicit dependency on target 'third-party-IsAppEncrypted' in project 'GoogleUtilities'
        ➜ Explicit dependency on target 'FBLPromises-product' in project 'Promises'
    Target 'FBLPromises-product' in project 'Promises'
        ➜ Explicit dependency on target 'FBLPromises' in project 'Promises'
        ➜ Explicit dependency on target 'Promises_FBLPromises' in project 'Promises'
    Target 'FBLPromises' in project 'Promises'
        ➜ Explicit dependency on target 'Promises_FBLPromises' in project 'Promises'
    Target 'Promises_FBLPromises' in project 'Promises' (no dependencies)
    Target 'third-party-IsAppEncrypted' in project 'GoogleUtilities' (no dependencies)
    Target 'GoogleUtilities_GoogleUtilities-Environment' in project 'GoogleUtilities' (no dependencies)
    Target 'Firebase_FirebaseCore' in project 'Firebase' (no dependencies)
    Target 'FirebaseCoreInternal' in project 'Firebase'
        ➜ Explicit dependency on target 'Firebase_FirebaseCoreInternal' in project 'Firebase'
        ➜ Explicit dependency on target 'GULNSData-product' in project 'GoogleUtilities'
    Target 'GULNSData-product' in project 'GoogleUtilities'
        ➜ Explicit dependency on target 'GoogleUtilities-NSData' in project 'GoogleUtilities'
        ➜ Explicit dependency on target 'GoogleUtilities_GoogleUtilities-NSData' in project 'GoogleUtilities'
    Target 'GoogleUtilities-NSData' in project 'GoogleUtilities'
        ➜ Explicit dependency on target 'GoogleUtilities_GoogleUtilities-NSData' in project 'GoogleUtilities'
    Target 'GoogleUtilities_GoogleUtilities-NSData' in project 'GoogleUtilities' (no dependencies)
    Target 'Firebase_FirebaseCoreInternal' in project 'Firebase' (no dependencies)
    Target 'Firebase' in project 'Firebase' (no dependencies)
    Target 'FirebaseAppCheckInterop' in project 'Firebase' (no dependencies)
    Target 'Firebase_FirebaseAuth' in project 'Firebase' (no dependencies)
GatherProvisioningInputs
CreateBuildDescription
ClangStatCache /Applications/Xcode-27.0.0-Release.Candidate.app/Contents/Developer/Toolchains/XcodeDefault.xctoolchain/usr/bin/clang-stat-cache /Applications/Xcode-27.0.0-Release.Candidate.app/Contents/Developer/Platforms/WatchOS.platform/Developer/SDKs/WatchOS27.0.sdk /Users/admin/builder/spi-builder-workspace/.derivedData/SDKStatCaches.noindex/watchos27.0-24R360-e829b21a6f8c9b70876ba0858053c04477534ef55a1706bf4c1112bbb242f0a2.sdkstatcache
    cd /Users/admin/builder/spi-builder-workspace/.swiftpm/xcode
    /Applications/Xcode-27.0.0-Release.Candidate.app/Contents/Developer/Toolchains/XcodeDefault.xctoolchain/usr/bin/clang-stat-cache /Applications/Xcode-27.0.0-Release.Candidate.app/Contents/Developer/Platforms/WatchOS.platform/Developer/SDKs/WatchOS27.0.sdk -o /Users/admin/builder/spi-builder-workspace/.derivedData/SDKStatCaches.noindex/watchos27.0-24R360-e829b21a6f8c9b70876ba0858053c04477534ef55a1706bf4c1112bbb242f0a2.sdkstatcache
SwiftDriver TestCore normal arm64 com.apple.xcode.tools.swift.compiler (in target 'TestCore' from project 'EasyFirebaseSwift')
    cd /Users/admin/builder/spi-builder-workspace/.swiftpm/xcode
    builtin-SwiftDriver -- /Applications/Xcode-27.0.0-Release.Candidate.app/Contents/Developer/Toolchains/XcodeDefault.xctoolchain/usr/bin/swiftc -parse-as-library -module-name TestCore -Onone @/Users/admin/builder/spi-builder-workspace/.derivedData/Build/Intermediates.noindex/EasyFirebaseSwift.build/Debug-watchos/TestCore-t.build/Objects-normal/arm64/TestCore.SwiftFileList -DSWIFT_PACKAGE -DDEBUG -DSWIFT_MODULE_RESOURCE_BUNDLE_UNAVAILABLE -Xcc -fmodule-map-file\=/Users/admin/builder/spi-builder-workspace/.derivedData/Build/Intermediates.noindex/GeneratedModuleMaps-watchos/GoogleUtilities-Network.modulemap -Xcc -fmodule-map-file\=/Users/admin/builder/spi-builder-workspace/.derivedData/Build/Intermediates.noindex/GeneratedModuleMaps-watchos/GoogleUtilities-Reachability.modulemap -Xcc -fmodule-map-file\=/Users/admin/builder/spi-builder-workspace/.derivedData/Build/Intermediates.noindex/GeneratedModuleMaps-watchos/GoogleUtilities-AppDelegateSwizzler.modulemap -Xcc -fmodule-map-file\=/Users/admin/builder/spi-builder-workspace/.derivedData/Build/Intermediates.noindex/GeneratedModuleMaps-watchos/RecaptchaInterop.modulemap -Xcc -fmodule-map-file\=/Users/admin/builder/spi-builder-workspace/.derivedData/Build/Intermediates.noindex/GeneratedModuleMaps-watchos/FirebaseAuth.modulemap -Xcc -fmodule-map-file\=/Users/admin/builder/spi-builder-workspace/.derivedData/Build/Intermediates.noindex/GeneratedModuleMaps-watchos/nanopb.modulemap -Xcc -fmodule-map-file\=/Users/admin/builder/spi-builder-workspace/.derivedData/Build/Intermediates.noindex/GeneratedModuleMaps-watchos/leveldb.modulemap -Xcc -fmodule-map-file\=/Users/admin/builder/spi-builder-workspace/.derivedData/Build/Intermediates.noindex/GeneratedModuleMaps-watchos/FirebaseFirestoreTarget.modulemap -Xcc -fmodule-map-file\=/Users/admin/builder/spi-builder-workspace/.derivedData/Build/Intermediates.noindex/GeneratedModuleMaps-watchos/GoogleUtilities-NSData.modulemap -Xcc -fmodule-map-file\=/Users/admin/builder/spi-builder-workspace/.dependencies/checkouts/promises/Sources/FBLPromises/include/module.modulemap -Xcc -fmodule-map-file\=/Users/admin/builder/spi-builder-workspace/.derivedData/Build/Intermediates.noindex/GeneratedModuleMaps-watchos/GoogleUtilities-Environment.modulemap -Xcc -fmodule-map-file\=/Users/admin/builder/spi-builder-workspace/.derivedData/Build/Intermediates.noindex/GeneratedModuleMaps-watchos/third-party-IsAppEncrypted.modulemap -Xcc -fmodule-map-file\=/Users/admin/builder/spi-builder-workspace/.derivedData/Build/Intermediates.noindex/GeneratedModuleMaps-watchos/GoogleUtilities-Logger.modulemap -Xcc -fmodule-map-file\=/Users/admin/builder/spi-builder-workspace/.derivedData/Build/Intermediates.noindex/GeneratedModuleMaps-watchos/GTMSessionFetcherCore.modulemap -Xcc -fmodule-map-file\=/Users/admin/builder/spi-builder-workspace/.derivedData/Build/Intermediates.noindex/GeneratedModuleMaps-watchos/FirebaseCoreExtension.modulemap -Xcc -fmodule-map-file\=/Users/admin/builder/spi-builder-workspace/.derivedData/Build/Intermediates.noindex/GeneratedModuleMaps-watchos/FirebaseCore.modulemap -Xcc -fmodule-map-file\=/Users/admin/builder/spi-builder-workspace/.dependencies/checkouts/firebase-ios-sdk/CoreOnly/Sources/module.modulemap -Xcc -fmodule-map-file\=/Users/admin/builder/spi-builder-workspace/.derivedData/Build/Intermediates.noindex/GeneratedModuleMaps-watchos/FirebaseAuthInterop.modulemap -Xcc -fmodule-map-file\=/Users/admin/builder/spi-builder-workspace/.derivedData/Build/Intermediates.noindex/GeneratedModuleMaps-watchos/FirebaseAppCheckInterop.modulemap -DXcode -plugin-path /Applications/Xcode-27.0.0-Release.Candidate.app/Contents/Developer/Toolchains/XcodeDefault.xctoolchain/usr/lib/swift/host/plugins/testing -enable-experimental-feature DebugDescriptionMacro -sdk /Applications/Xcode-27.0.0-Release.Candidate.app/Contents/Developer/Platforms/WatchOS.platform/Developer/SDKs/WatchOS27.0.sdk -target arm64-apple-watchos9.0 -g -module-cache-path /Users/admin/builder/spi-builder-workspace/.derivedData/ModuleCache.noindex -Xfrontend -serialize-debugging-options -enable-testing -index-store-path /Users/admin/builder/spi-builder-workspace/.derivedData/Index.noindex/DataStore -Xcc -D_LIBCPP_HARDENING_MODE\=_LIBCPP_HARDENING_MODE_DEBUG -swift-version 5 -I /Users/admin/builder/spi-builder-workspace/.derivedData/Build/Products/Debug-watchos -Isystem /Applications/Xcode-27.0.0-Release.Candidate.app/Contents/Developer/Platforms/WatchOS.platform/Developer/usr/lib -F /Users/admin/builder/spi-builder-workspace/.derivedData/Build/Products/Debug-watchos/PackageFrameworks -F /Users/admin/builder/spi-builder-workspace/.derivedData/Build/Products/Debug-watchos -F /Applications/Xcode-27.0.0-Release.Candidate.app/Contents/Developer/Platforms/WatchOS.platform/Developer/Library/Frameworks -F /Applications/Xcode-27.0.0-Release.Candidate.app/Contents/Developer/Platforms/WatchOS.platform/Developer/SDKs/WatchOS27.0.sdk/Developer/Library/Frameworks -c -j10 -enable-batch-mode -incremental -Xcc -ivfsstatcache -Xcc /Users/admin/builder/spi-builder-workspace/.derivedData/SDKStatCaches.noindex/watchos27.0-24R360-e829b21a6f8c9b70876ba0858053c04477534ef55a1706bf4c1112bbb242f0a2.sdkstatcache -output-file-map /Users/admin/builder/spi-builder-workspace/.derivedData/Build/Intermediates.noindex/EasyFirebaseSwift.build/Debug-watchos/TestCore-t.build/Objects-normal/arm64/TestCore-OutputFileMap.json -save-temps -no-color-diagnostics -explicit-module-build -module-cache-path /Users/admin/builder/spi-builder-workspace/.derivedData/Build/Intermediates.noindex/SwiftExplicitPrecompiledModules -clang-scanner-module-cache-path /Users/admin/builder/spi-builder-workspace/.derivedData/ModuleCache.noindex -sdk-module-cache-path /Users/admin/builder/spi-builder-workspace/.derivedData/SDKExplicitPrecompiledModules -emit-dependencies -emit-module -emit-module-path /Users/admin/builder/spi-builder-workspace/.derivedData/Build/Intermediates.noindex/EasyFirebaseSwift.build/Debug-watchos/TestCore-t.build/Objects-normal/arm64/TestCore.swiftmodule -serialize-diagnostics -dependency-scan-serialize-diagnostics-path /Users/admin/builder/spi-builder-workspace/.derivedData/Build/Intermediates.noindex/EasyFirebaseSwift.build/Debug-watchos/TestCore-t.build/Objects-normal/arm64/TestCore-dependency-scan.dia -validate-clang-modules-once -clang-build-session-file /Users/admin/builder/spi-builder-workspace/.derivedData/ModuleCache.noindex/Session.modulevalidation -Xcc -fmodules-prune-interval\=86400 -Xcc -fmodules-prune-after\=345600 -emit-const-values -const-gather-protocols-list /Users/admin/builder/spi-builder-workspace/.derivedData/Build/Intermediates.noindex/EasyFirebaseSwift.build/Debug-watchos/TestCore-t.build/Objects-normal/arm64/TestCore_const_extract_protocols.json -Xcc -I/Users/admin/builder/spi-builder-workspace/.dependencies/checkouts/GoogleUtilities/GoogleUtilities/Network/Public -Xcc -I/Users/admin/builder/spi-builder-workspace/.dependencies/checkouts/GoogleUtilities/GoogleUtilities/Reachability/Public -Xcc -I/Users/admin/builder/spi-builder-workspace/.dependencies/checkouts/GoogleUtilities/GoogleUtilities/AppDelegateSwizzler/Public -Xcc -I/Users/admin/builder/spi-builder-workspace/.dependencies/checkouts/interop-ios-for-google-sdks/RecaptchaEnterprise/RecaptchaInterop/Public -Xcc -I/Users/admin/builder/spi-builder-workspace/.dependencies/checkouts/firebase-ios-sdk/FirebaseAuth/Sources/Public -Xcc -I/Users/admin/builder/spi-builder-workspace/.dependencies/checkouts/nanopb/spm_headers -Xcc -I/Users/admin/builder/spi-builder-workspace/.dependencies/checkouts/leveldb/include -Xcc -I/Users/admin/builder/spi-builder-workspace/.dependencies/checkouts/firebase-ios-sdk/SwiftPM-PlatformExclude/FirebaseFirestoreWrap/include -Xcc -I/Users/admin/builder/spi-builder-workspace/.dependencies/checkouts/GoogleUtilities/GoogleUtilities/NSData+zlib/Public -Xcc -I/Users/admin/builder/spi-builder-workspace/.dependencies/checkouts/promises/Sources/FBLPromises/include -Xcc -I/Users/admin/builder/spi-builder-workspace/.dependencies/checkouts/GoogleUtilities/GoogleUtilities/Environment/Public -Xcc -I/Users/admin/builder/spi-builder-workspace/.dependencies/checkouts/GoogleUtilities/third_party/IsAppEncrypted/Public -Xcc -I/Users/admin/builder/spi-builder-workspace/.dependencies/checkouts/GoogleUtilities/GoogleUtilities/Logger/Public -Xcc -I/Users/admin/builder/spi-builder-workspace/.dependencies/checkouts/gtm-session-fetcher/Sources/Core/Public -Xcc -I/Users/admin/builder/spi-builder-workspace/.dependencies/checkouts/firebase-ios-sdk/FirebaseCore/Extension -Xcc -I/Users/admin/builder/spi-builder-workspace/.dependencies/checkouts/firebase-ios-sdk/FirebaseCore/Sources/Public -Xcc -I/Users/admin/builder/spi-builder-workspace/.dependencies/checkouts/firebase-ios-sdk/CoreOnly/Sources -Xcc -I/Users/admin/builder/spi-builder-workspace/.dependencies/checkouts/firebase-ios-sdk/FirebaseAuth/Interop -Xcc -I/Users/admin/builder/spi-builder-workspace/.dependencies/checkouts/firebase-ios-sdk/FirebaseAppCheck/Interop/Public -Xcc -I/Users/admin/builder/spi-builder-workspace/.derivedData/Build/Products/Debug-watchos/include -Xcc -I/Users/admin/builder/spi-builder-workspace/.derivedData/Build/Intermediates.noindex/EasyFirebaseSwift.build/Debug-watchos/TestCore-t.build/DerivedSources-normal/arm64 -Xcc -I/Users/admin/builder/spi-builder-workspace/.derivedData/Build/Intermediates.noindex/EasyFirebaseSwift.build/Debug-watchos/TestCore-t.build/DerivedSources/arm64 -Xcc -I/Users/admin/builder/spi-builder-workspace/.derivedData/Build/Intermediates.noindex/EasyFirebaseSwift.build/Debug-watchos/TestCore-t.build/DerivedSources -Xcc -DSWIFT_PACKAGE -Xcc -DDEBUG\=1 -emit-objc-header -emit-objc-header-path /Users/admin/builder/spi-builder-workspace/.derivedData/Build/Intermediates.noindex/EasyFirebaseSwift.build/Debug-watchos/TestCore-t.build/Objects-normal/arm64/TestCore-Swift.h -working-directory /Users/admin/builder/spi-builder-workspace/.swiftpm/xcode -experimental-emit-module-separately -disable-cmo
error: Clang dependency scanning failure:  (in target 'TestCore' from project 'EasyFirebaseSwift')
/Users/admin/builder/spi-builder-workspace/Sources/TestCore/FirebaseTestHepler.swift:11:8: error: Unable to resolve module dependency: 'FirebaseFirestore' (in target 'TestCore' from project 'EasyFirebaseSwift')
    note: A dependency of main module 'TestCore'
/Users/admin/builder/spi-builder-workspace/Sources/TestCore/FirebaseTestHepler.swift:11:8: note: A dependency of main module 'TestCore'
import FirebaseFirestore
       ^ (in target 'TestCore' from project 'EasyFirebaseSwift')
SwiftDriver TestCore normal arm64_32 com.apple.xcode.tools.swift.compiler (in target 'TestCore' from project 'EasyFirebaseSwift')
    cd /Users/admin/builder/spi-builder-workspace/.swiftpm/xcode
    builtin-SwiftDriver -- /Applications/Xcode-27.0.0-Release.Candidate.app/Contents/Developer/Toolchains/XcodeDefault.xctoolchain/usr/bin/swiftc -parse-as-library -module-name TestCore -Onone @/Users/admin/builder/spi-builder-workspace/.derivedData/Build/Intermediates.noindex/EasyFirebaseSwift.build/Debug-watchos/TestCore-t.build/Objects-normal/arm64_32/TestCore.SwiftFileList -DSWIFT_PACKAGE -DDEBUG -DSWIFT_MODULE_RESOURCE_BUNDLE_UNAVAILABLE -Xcc -fmodule-map-file\=/Users/admin/builder/spi-builder-workspace/.derivedData/Build/Intermediates.noindex/GeneratedModuleMaps-watchos/GoogleUtilities-Network.modulemap -Xcc -fmodule-map-file\=/Users/admin/builder/spi-builder-workspace/.derivedData/Build/Intermediates.noindex/GeneratedModuleMaps-watchos/GoogleUtilities-Reachability.modulemap -Xcc -fmodule-map-file\=/Users/admin/builder/spi-builder-workspace/.derivedData/Build/Intermediates.noindex/GeneratedModuleMaps-watchos/GoogleUtilities-AppDelegateSwizzler.modulemap -Xcc -fmodule-map-file\=/Users/admin/builder/spi-builder-workspace/.derivedData/Build/Intermediates.noindex/GeneratedModuleMaps-watchos/RecaptchaInterop.modulemap -Xcc -fmodule-map-file\=/Users/admin/builder/spi-builder-workspace/.derivedData/Build/Intermediates.noindex/GeneratedModuleMaps-watchos/FirebaseAuth.modulemap -Xcc -fmodule-map-file\=/Users/admin/builder/spi-builder-workspace/.derivedData/Build/Intermediates.noindex/GeneratedModuleMaps-watchos/nanopb.modulemap -Xcc -fmodule-map-file\=/Users/admin/builder/spi-builder-workspace/.derivedData/Build/Intermediates.noindex/GeneratedModuleMaps-watchos/leveldb.modulemap -Xcc -fmodule-map-file\=/Users/admin/builder/spi-builder-workspace/.derivedData/Build/Intermediates.noindex/GeneratedModuleMaps-watchos/FirebaseFirestoreTarget.modulemap -Xcc -fmodule-map-file\=/Users/admin/builder/spi-builder-workspace/.derivedData/Build/Intermediates.noindex/GeneratedModuleMaps-watchos/GoogleUtilities-NSData.modulemap -Xcc -fmodule-map-file\=/Users/admin/builder/spi-builder-workspace/.dependencies/checkouts/promises/Sources/FBLPromises/include/module.modulemap -Xcc -fmodule-map-file\=/Users/admin/builder/spi-builder-workspace/.derivedData/Build/Intermediates.noindex/GeneratedModuleMaps-watchos/GoogleUtilities-Environment.modulemap -Xcc -fmodule-map-file\=/Users/admin/builder/spi-builder-workspace/.derivedData/Build/Intermediates.noindex/GeneratedModuleMaps-watchos/third-party-IsAppEncrypted.modulemap -Xcc -fmodule-map-file\=/Users/admin/builder/spi-builder-workspace/.derivedData/Build/Intermediates.noindex/GeneratedModuleMaps-watchos/GoogleUtilities-Logger.modulemap -Xcc -fmodule-map-file\=/Users/admin/builder/spi-builder-workspace/.derivedData/Build/Intermediates.noindex/GeneratedModuleMaps-watchos/GTMSessionFetcherCore.modulemap -Xcc -fmodule-map-file\=/Users/admin/builder/spi-builder-workspace/.derivedData/Build/Intermediates.noindex/GeneratedModuleMaps-watchos/FirebaseCoreExtension.modulemap -Xcc -fmodule-map-file\=/Users/admin/builder/spi-builder-workspace/.derivedData/Build/Intermediates.noindex/GeneratedModuleMaps-watchos/FirebaseCore.modulemap -Xcc -fmodule-map-file\=/Users/admin/builder/spi-builder-workspace/.dependencies/checkouts/firebase-ios-sdk/CoreOnly/Sources/module.modulemap -Xcc -fmodule-map-file\=/Users/admin/builder/spi-builder-workspace/.derivedData/Build/Intermediates.noindex/GeneratedModuleMaps-watchos/FirebaseAuthInterop.modulemap -Xcc -fmodule-map-file\=/Users/admin/builder/spi-builder-workspace/.derivedData/Build/Intermediates.noindex/GeneratedModuleMaps-watchos/FirebaseAppCheckInterop.modulemap -DXcode -plugin-path /Applications/Xcode-27.0.0-Release.Candidate.app/Contents/Developer/Toolchains/XcodeDefault.xctoolchain/usr/lib/swift/host/plugins/testing -enable-experimental-feature DebugDescriptionMacro -sdk /Applications/Xcode-27.0.0-Release.Candidate.app/Contents/Developer/Platforms/WatchOS.platform/Developer/SDKs/WatchOS27.0.sdk -target arm64_32-apple-watchos9.0 -g -module-cache-path /Users/admin/builder/spi-builder-workspace/.derivedData/ModuleCache.noindex -Xfrontend -serialize-debugging-options -enable-testing -index-store-path /Users/admin/builder/spi-builder-workspace/.derivedData/Index.noindex/DataStore -Xcc -D_LIBCPP_HARDENING_MODE\=_LIBCPP_HARDENING_MODE_DEBUG -swift-version 5 -I /Users/admin/builder/spi-builder-workspace/.derivedData/Build/Products/Debug-watchos -Isystem /Applications/Xcode-27.0.0-Release.Candidate.app/Contents/Developer/Platforms/WatchOS.platform/Developer/usr/lib -F /Users/admin/builder/spi-builder-workspace/.derivedData/Build/Products/Debug-watchos/PackageFrameworks -F /Users/admin/builder/spi-builder-workspace/.derivedData/Build/Products/Debug-watchos -F /Applications/Xcode-27.0.0-Release.Candidate.app/Contents/Developer/Platforms/WatchOS.platform/Developer/Library/Frameworks -F /Applications/Xcode-27.0.0-Release.Candidate.app/Contents/Developer/Platforms/WatchOS.platform/Developer/SDKs/WatchOS27.0.sdk/Developer/Library/Frameworks -c -j10 -enable-batch-mode -incremental -Xcc -ivfsstatcache -Xcc /Users/admin/builder/spi-builder-workspace/.derivedData/SDKStatCaches.noindex/watchos27.0-24R360-e829b21a6f8c9b70876ba0858053c04477534ef55a1706bf4c1112bbb242f0a2.sdkstatcache -output-file-map /Users/admin/builder/spi-builder-workspace/.derivedData/Build/Intermediates.noindex/EasyFirebaseSwift.build/Debug-watchos/TestCore-t.build/Objects-normal/arm64_32/TestCore-OutputFileMap.json -save-temps -no-color-diagnostics -explicit-module-build -module-cache-path /Users/admin/builder/spi-builder-workspace/.derivedData/Build/Intermediates.noindex/SwiftExplicitPrecompiledModules -clang-scanner-module-cache-path /Users/admin/builder/spi-builder-workspace/.derivedData/ModuleCache.noindex -sdk-module-cache-path /Users/admin/builder/spi-builder-workspace/.derivedData/SDKExplicitPrecompiledModules -emit-dependencies -emit-module -emit-module-path /Users/admin/builder/spi-builder-workspace/.derivedData/Build/Intermediates.noindex/EasyFirebaseSwift.build/Debug-watchos/TestCore-t.build/Objects-normal/arm64_32/TestCore.swiftmodule -serialize-diagnostics -dependency-scan-serialize-diagnostics-path /Users/admin/builder/spi-builder-workspace/.derivedData/Build/Intermediates.noindex/EasyFirebaseSwift.build/Debug-watchos/TestCore-t.build/Objects-normal/arm64_32/TestCore-dependency-scan.dia -validate-clang-modules-once -clang-build-session-file /Users/admin/builder/spi-builder-workspace/.derivedData/ModuleCache.noindex/Session.modulevalidation -Xcc -fmodules-prune-interval\=86400 -Xcc -fmodules-prune-after\=345600 -emit-const-values -const-gather-protocols-list /Users/admin/builder/spi-builder-workspace/.derivedData/Build/Intermediates.noindex/EasyFirebaseSwift.build/Debug-watchos/TestCore-t.build/Objects-normal/arm64_32/TestCore_const_extract_protocols.json -Xcc -I/Users/admin/builder/spi-builder-workspace/.dependencies/checkouts/GoogleUtilities/GoogleUtilities/Network/Public -Xcc -I/Users/admin/builder/spi-builder-workspace/.dependencies/checkouts/GoogleUtilities/GoogleUtilities/Reachability/Public -Xcc -I/Users/admin/builder/spi-builder-workspace/.dependencies/checkouts/GoogleUtilities/GoogleUtilities/AppDelegateSwizzler/Public -Xcc -I/Users/admin/builder/spi-builder-workspace/.dependencies/checkouts/interop-ios-for-google-sdks/RecaptchaEnterprise/RecaptchaInterop/Public -Xcc -I/Users/admin/builder/spi-builder-workspace/.dependencies/checkouts/firebase-ios-sdk/FirebaseAuth/Sources/Public -Xcc -I/Users/admin/builder/spi-builder-workspace/.dependencies/checkouts/nanopb/spm_headers -Xcc -I/Users/admin/builder/spi-builder-workspace/.dependencies/checkouts/leveldb/include -Xcc -I/Users/admin/builder/spi-builder-workspace/.dependencies/checkouts/firebase-ios-sdk/SwiftPM-PlatformExclude/FirebaseFirestoreWrap/include -Xcc -I/Users/admin/builder/spi-builder-workspace/.dependencies/checkouts/GoogleUtilities/GoogleUtilities/NSData+zlib/Public -Xcc -I/Users/admin/builder/spi-builder-workspace/.dependencies/checkouts/promises/Sources/FBLPromises/include -Xcc -I/Users/admin/builder/spi-builder-workspace/.dependencies/checkouts/GoogleUtilities/GoogleUtilities/Environment/Public -Xcc -I/Users/admin/builder/spi-builder-workspace/.dependencies/checkouts/GoogleUtilities/third_party/IsAppEncrypted/Public -Xcc -I/Users/admin/builder/spi-builder-workspace/.dependencies/checkouts/GoogleUtilities/GoogleUtilities/Logger/Public -Xcc -I/Users/admin/builder/spi-builder-workspace/.dependencies/checkouts/gtm-session-fetcher/Sources/Core/Public -Xcc -I/Users/admin/builder/spi-builder-workspace/.dependencies/checkouts/firebase-ios-sdk/FirebaseCore/Extension -Xcc -I/Users/admin/builder/spi-builder-workspace/.dependencies/checkouts/firebase-ios-sdk/FirebaseCore/Sources/Public -Xcc -I/Users/admin/builder/spi-builder-workspace/.dependencies/checkouts/firebase-ios-sdk/CoreOnly/Sources -Xcc -I/Users/admin/builder/spi-builder-workspace/.dependencies/checkouts/firebase-ios-sdk/FirebaseAuth/Interop -Xcc -I/Users/admin/builder/spi-builder-workspace/.dependencies/checkouts/firebase-ios-sdk/FirebaseAppCheck/Interop/Public -Xcc -I/Users/admin/builder/spi-builder-workspace/.derivedData/Build/Products/Debug-watchos/include -Xcc -I/Users/admin/builder/spi-builder-workspace/.derivedData/Build/Intermediates.noindex/EasyFirebaseSwift.build/Debug-watchos/TestCore-t.build/DerivedSources-normal/arm64_32 -Xcc -I/Users/admin/builder/spi-builder-workspace/.derivedData/Build/Intermediates.noindex/EasyFirebaseSwift.build/Debug-watchos/TestCore-t.build/DerivedSources/arm64_32 -Xcc -I/Users/admin/builder/spi-builder-workspace/.derivedData/Build/Intermediates.noindex/EasyFirebaseSwift.build/Debug-watchos/TestCore-t.build/DerivedSources -Xcc -DSWIFT_PACKAGE -Xcc -DDEBUG\=1 -emit-objc-header -emit-objc-header-path /Users/admin/builder/spi-builder-workspace/.derivedData/Build/Intermediates.noindex/EasyFirebaseSwift.build/Debug-watchos/TestCore-t.build/Objects-normal/arm64_32/TestCore-Swift.h -working-directory /Users/admin/builder/spi-builder-workspace/.swiftpm/xcode -experimental-emit-module-separately -disable-cmo
error: Clang dependency scanning failure:  (in target 'TestCore' from project 'EasyFirebaseSwift')
/Users/admin/builder/spi-builder-workspace/Sources/TestCore/FirebaseTestHepler.swift:11:8: error: Unable to resolve module dependency: 'FirebaseFirestore' (in target 'TestCore' from project 'EasyFirebaseSwift')
    note: A dependency of main module 'TestCore'
/Users/admin/builder/spi-builder-workspace/Sources/TestCore/FirebaseTestHepler.swift:11:8: note: A dependency of main module 'TestCore'
import FirebaseFirestore
       ^ (in target 'TestCore' from project 'EasyFirebaseSwift')
SwiftDriver EasyFirebaseSwiftStorage normal arm64_32 com.apple.xcode.tools.swift.compiler (in target 'EasyFirebaseSwiftStorage' from project 'EasyFirebaseSwift')
    cd /Users/admin/builder/spi-builder-workspace/.swiftpm/xcode
    builtin-SwiftDriver -- /Applications/Xcode-27.0.0-Release.Candidate.app/Contents/Developer/Toolchains/XcodeDefault.xctoolchain/usr/bin/swiftc -parse-as-library -module-name EasyFirebaseSwiftStorage -Onone @/Users/admin/builder/spi-builder-workspace/.derivedData/Build/Intermediates.noindex/EasyFirebaseSwift.build/Debug-watchos/EasyFirebaseSwiftStorage-t.build/Objects-normal/arm64_32/EasyFirebaseSwiftStorage.SwiftFileList -DSWIFT_PACKAGE -DDEBUG -DSWIFT_MODULE_RESOURCE_BUNDLE_UNAVAILABLE -Xcc -fmodule-map-file\=/Users/admin/builder/spi-builder-workspace/.derivedData/Build/Intermediates.noindex/GeneratedModuleMaps-watchos/GoogleUtilities-NSData.modulemap -Xcc -fmodule-map-file\=/Users/admin/builder/spi-builder-workspace/.dependencies/checkouts/promises/Sources/FBLPromises/include/module.modulemap -Xcc -fmodule-map-file\=/Users/admin/builder/spi-builder-workspace/.derivedData/Build/Intermediates.noindex/GeneratedModuleMaps-watchos/GoogleUtilities-Environment.modulemap -Xcc -fmodule-map-file\=/Users/admin/builder/spi-builder-workspace/.derivedData/Build/Intermediates.noindex/GeneratedModuleMaps-watchos/third-party-IsAppEncrypted.modulemap -Xcc -fmodule-map-file\=/Users/admin/builder/spi-builder-workspace/.derivedData/Build/Intermediates.noindex/GeneratedModuleMaps-watchos/GoogleUtilities-Logger.modulemap -Xcc -fmodule-map-file\=/Users/admin/builder/spi-builder-workspace/.derivedData/Build/Intermediates.noindex/GeneratedModuleMaps-watchos/GTMSessionFetcherCore.modulemap -Xcc -fmodule-map-file\=/Users/admin/builder/spi-builder-workspace/.derivedData/Build/Intermediates.noindex/GeneratedModuleMaps-watchos/FirebaseCoreExtension.modulemap -Xcc -fmodule-map-file\=/Users/admin/builder/spi-builder-workspace/.derivedData/Build/Intermediates.noindex/GeneratedModuleMaps-watchos/FirebaseCore.modulemap -Xcc -fmodule-map-file\=/Users/admin/builder/spi-builder-workspace/.dependencies/checkouts/firebase-ios-sdk/CoreOnly/Sources/module.modulemap -Xcc -fmodule-map-file\=/Users/admin/builder/spi-builder-workspace/.derivedData/Build/Intermediates.noindex/GeneratedModuleMaps-watchos/FirebaseAuthInterop.modulemap -Xcc -fmodule-map-file\=/Users/admin/builder/spi-builder-workspace/.derivedData/Build/Intermediates.noindex/GeneratedModuleMaps-watchos/FirebaseAppCheckInterop.modulemap -DXcode -plugin-path /Applications/Xcode-27.0.0-Release.Candidate.app/Contents/Developer/Toolchains/XcodeDefault.xctoolchain/usr/lib/swift/host/plugins/testing -enable-experimental-feature DebugDescriptionMacro -sdk /Applications/Xcode-27.0.0-Release.Candidate.app/Contents/Developer/Platforms/WatchOS.platform/Developer/SDKs/WatchOS27.0.sdk -target arm64_32-apple-watchos9.0 -g -module-cache-path /Users/admin/builder/spi-builder-workspace/.derivedData/ModuleCache.noindex -Xfrontend -serialize-debugging-options -enable-testing -index-store-path /Users/admin/builder/spi-builder-workspace/.derivedData/Index.noindex/DataStore -Xcc -D_LIBCPP_HARDENING_MODE\=_LIBCPP_HARDENING_MODE_DEBUG -swift-version 5 -I /Users/admin/builder/spi-builder-workspace/.derivedData/Build/Products/Debug-watchos -Isystem /Applications/Xcode-27.0.0-Release.Candidate.app/Contents/Developer/Platforms/WatchOS.platform/Developer/usr/lib -F /Users/admin/builder/spi-builder-workspace/.derivedData/Build/Products/Debug-watchos/PackageFrameworks -F /Users/admin/builder/spi-builder-workspace/.derivedData/Build/Products/Debug-watchos -F /Applications/Xcode-27.0.0-Release.Candidate.app/Contents/Developer/Platforms/WatchOS.platform/Developer/Library/Frameworks -F /Applications/Xcode-27.0.0-Release.Candidate.app/Contents/Developer/Platforms/WatchOS.platform/Developer/SDKs/WatchOS27.0.sdk/Developer/Library/Frameworks -c -j10 -enable-batch-mode -incremental -Xcc -ivfsstatcache -Xcc /Users/admin/builder/spi-builder-workspace/.derivedData/SDKStatCaches.noindex/watchos27.0-24R360-e829b21a6f8c9b70876ba0858053c04477534ef55a1706bf4c1112bbb242f0a2.sdkstatcache -output-file-map /Users/admin/builder/spi-builder-workspace/.derivedData/Build/Intermediates.noindex/EasyFirebaseSwift.build/Debug-watchos/EasyFirebaseSwiftStorage-t.build/Objects-normal/arm64_32/EasyFirebaseSwiftStorage-OutputFileMap.json -save-temps -no-color-diagnostics -explicit-module-build -module-cache-path /Users/admin/builder/spi-builder-workspace/.derivedData/Build/Intermediates.noindex/SwiftExplicitPrecompiledModules -clang-scanner-module-cache-path /Users/admin/builder/spi-builder-workspace/.derivedData/ModuleCache.noindex -sdk-module-cache-path /Users/admin/builder/spi-builder-workspace/.derivedData/SDKExplicitPrecompiledModules -emit-dependencies -emit-module -emit-module-path /Users/admin/builder/spi-builder-workspace/.derivedData/Build/Intermediates.noindex/EasyFirebaseSwift.build/Debug-watchos/EasyFirebaseSwiftStorage-t.build/Objects-normal/arm64_32/EasyFirebaseSwiftStorage.swiftmodule -serialize-diagnostics -dependency-scan-serialize-diagnostics-path /Users/admin/builder/spi-builder-workspace/.derivedData/Build/Intermediates.noindex/EasyFirebaseSwift.build/Debug-watchos/EasyFirebaseSwiftStorage-t.build/Objects-normal/arm64_32/EasyFirebaseSwiftStorage-dependency-scan.dia -validate-clang-modules-once -clang-build-session-file /Users/admin/builder/spi-builder-workspace/.derivedData/ModuleCache.noindex/Session.modulevalidation -Xcc -fmodules-prune-interval\=86400 -Xcc -fmodules-prune-after\=345600 -emit-const-values -const-gather-protocols-list /Users/admin/builder/spi-builder-workspace/.derivedData/Build/Intermediates.noindex/EasyFirebaseSwift.build/Debug-watchos/EasyFirebaseSwiftStorage-t.build/Objects-normal/arm64_32/EasyFirebaseSwiftStorage_const_extract_protocols.json -Xcc -I/Users/admin/builder/spi-builder-workspace/.dependencies/checkouts/GoogleUtilities/GoogleUtilities/NSData+zlib/Public -Xcc -I/Users/admin/builder/spi-builder-workspace/.dependencies/checkouts/promises/Sources/FBLPromises/include -Xcc -I/Users/admin/builder/spi-builder-workspace/.dependencies/checkouts/GoogleUtilities/GoogleUtilities/Environment/Public -Xcc -I/Users/admin/builder/spi-builder-workspace/.dependencies/checkouts/GoogleUtilities/third_party/IsAppEncrypted/Public -Xcc -I/Users/admin/builder/spi-builder-workspace/.dependencies/checkouts/GoogleUtilities/GoogleUtilities/Logger/Public -Xcc -I/Users/admin/builder/spi-builder-workspace/.dependencies/checkouts/gtm-session-fetcher/Sources/Core/Public -Xcc -I/Users/admin/builder/spi-builder-workspace/.dependencies/checkouts/firebase-ios-sdk/FirebaseCore/Extension -Xcc -I/Users/admin/builder/spi-builder-workspace/.dependencies/checkouts/firebase-ios-sdk/FirebaseCore/Sources/Public -Xcc -I/Users/admin/builder/spi-builder-workspace/.dependencies/checkouts/firebase-ios-sdk/CoreOnly/Sources -Xcc -I/Users/admin/builder/spi-builder-workspace/.dependencies/checkouts/firebase-ios-sdk/FirebaseAuth/Interop -Xcc -I/Users/admin/builder/spi-builder-workspace/.dependencies/checkouts/firebase-ios-sdk/FirebaseAppCheck/Interop/Public -Xcc -I/Users/admin/builder/spi-builder-workspace/.derivedData/Build/Products/Debug-watchos/include -Xcc -I/Users/admin/builder/spi-builder-workspace/.derivedData/Build/Intermediates.noindex/EasyFirebaseSwift.build/Debug-watchos/EasyFirebaseSwiftStorage-t.build/DerivedSources-normal/arm64_32 -Xcc -I/Users/admin/builder/spi-builder-workspace/.derivedData/Build/Intermediates.noindex/EasyFirebaseSwift.build/Debug-watchos/EasyFirebaseSwiftStorage-t.build/DerivedSources/arm64_32 -Xcc -I/Users/admin/builder/spi-builder-workspace/.derivedData/Build/Intermediates.noindex/EasyFirebaseSwift.build/Debug-watchos/EasyFirebaseSwiftStorage-t.build/DerivedSources -Xcc -DSWIFT_PACKAGE -Xcc -DDEBUG\=1 -emit-objc-header -emit-objc-header-path /Users/admin/builder/spi-builder-workspace/.derivedData/Build/Intermediates.noindex/EasyFirebaseSwift.build/Debug-watchos/EasyFirebaseSwiftStorage-t.build/Objects-normal/arm64_32/EasyFirebaseSwiftStorage-Swift.h -working-directory /Users/admin/builder/spi-builder-workspace/.swiftpm/xcode -experimental-emit-module-separately -disable-cmo
SwiftDriver EasyFirebaseSwiftStorage normal arm64 com.apple.xcode.tools.swift.compiler (in target 'EasyFirebaseSwiftStorage' from project 'EasyFirebaseSwift')
    cd /Users/admin/builder/spi-builder-workspace/.swiftpm/xcode
    builtin-SwiftDriver -- /Applications/Xcode-27.0.0-Release.Candidate.app/Contents/Developer/Toolchains/XcodeDefault.xctoolchain/usr/bin/swiftc -parse-as-library -module-name EasyFirebaseSwiftStorage -Onone @/Users/admin/builder/spi-builder-workspace/.derivedData/Build/Intermediates.noindex/EasyFirebaseSwift.build/Debug-watchos/EasyFirebaseSwiftStorage-t.build/Objects-normal/arm64/EasyFirebaseSwiftStorage.SwiftFileList -DSWIFT_PACKAGE -DDEBUG -DSWIFT_MODULE_RESOURCE_BUNDLE_UNAVAILABLE -Xcc -fmodule-map-file\=/Users/admin/builder/spi-builder-workspace/.derivedData/Build/Intermediates.noindex/GeneratedModuleMaps-watchos/GoogleUtilities-NSData.modulemap -Xcc -fmodule-map-file\=/Users/admin/builder/spi-builder-workspace/.dependencies/checkouts/promises/Sources/FBLPromises/include/module.modulemap -Xcc -fmodule-map-file\=/Users/admin/builder/spi-builder-workspace/.derivedData/Build/Intermediates.noindex/GeneratedModuleMaps-watchos/GoogleUtilities-Environment.modulemap -Xcc -fmodule-map-file\=/Users/admin/builder/spi-builder-workspace/.derivedData/Build/Intermediates.noindex/GeneratedModuleMaps-watchos/third-party-IsAppEncrypted.modulemap -Xcc -fmodule-map-file\=/Users/admin/builder/spi-builder-workspace/.derivedData/Build/Intermediates.noindex/GeneratedModuleMaps-watchos/GoogleUtilities-Logger.modulemap -Xcc -fmodule-map-file\=/Users/admin/builder/spi-builder-workspace/.derivedData/Build/Intermediates.noindex/GeneratedModuleMaps-watchos/GTMSessionFetcherCore.modulemap -Xcc -fmodule-map-file\=/Users/admin/builder/spi-builder-workspace/.derivedData/Build/Intermediates.noindex/GeneratedModuleMaps-watchos/FirebaseCoreExtension.modulemap -Xcc -fmodule-map-file\=/Users/admin/builder/spi-builder-workspace/.derivedData/Build/Intermediates.noindex/GeneratedModuleMaps-watchos/FirebaseCore.modulemap -Xcc -fmodule-map-file\=/Users/admin/builder/spi-builder-workspace/.dependencies/checkouts/firebase-ios-sdk/CoreOnly/Sources/module.modulemap -Xcc -fmodule-map-file\=/Users/admin/builder/spi-builder-workspace/.derivedData/Build/Intermediates.noindex/GeneratedModuleMaps-watchos/FirebaseAuthInterop.modulemap -Xcc -fmodule-map-file\=/Users/admin/builder/spi-builder-workspace/.derivedData/Build/Intermediates.noindex/GeneratedModuleMaps-watchos/FirebaseAppCheckInterop.modulemap -DXcode -plugin-path /Applications/Xcode-27.0.0-Release.Candidate.app/Contents/Developer/Toolchains/XcodeDefault.xctoolchain/usr/lib/swift/host/plugins/testing -enable-experimental-feature DebugDescriptionMacro -sdk /Applications/Xcode-27.0.0-Release.Candidate.app/Contents/Developer/Platforms/WatchOS.platform/Developer/SDKs/WatchOS27.0.sdk -target arm64-apple-watchos9.0 -g -module-cache-path /Users/admin/builder/spi-builder-workspace/.derivedData/ModuleCache.noindex -Xfrontend -serialize-debugging-options -enable-testing -index-store-path /Users/admin/builder/spi-builder-workspace/.derivedData/Index.noindex/DataStore -Xcc -D_LIBCPP_HARDENING_MODE\=_LIBCPP_HARDENING_MODE_DEBUG -swift-version 5 -I /Users/admin/builder/spi-builder-workspace/.derivedData/Build/Products/Debug-watchos -Isystem /Applications/Xcode-27.0.0-Release.Candidate.app/Contents/Developer/Platforms/WatchOS.platform/Developer/usr/lib -F /Users/admin/builder/spi-builder-workspace/.derivedData/Build/Products/Debug-watchos/PackageFrameworks -F /Users/admin/builder/spi-builder-workspace/.derivedData/Build/Products/Debug-watchos -F /Applications/Xcode-27.0.0-Release.Candidate.app/Contents/Developer/Platforms/WatchOS.platform/Developer/Library/Frameworks -F /Applications/Xcode-27.0.0-Release.Candidate.app/Contents/Developer/Platforms/WatchOS.platform/Developer/SDKs/WatchOS27.0.sdk/Developer/Library/Frameworks -c -j10 -enable-batch-mode -incremental -Xcc -ivfsstatcache -Xcc /Users/admin/builder/spi-builder-workspace/.derivedData/SDKStatCaches.noindex/watchos27.0-24R360-e829b21a6f8c9b70876ba0858053c04477534ef55a1706bf4c1112bbb242f0a2.sdkstatcache -output-file-map /Users/admin/builder/spi-builder-workspace/.derivedData/Build/Intermediates.noindex/EasyFirebaseSwift.build/Debug-watchos/EasyFirebaseSwiftStorage-t.build/Objects-normal/arm64/EasyFirebaseSwiftStorage-OutputFileMap.json -save-temps -no-color-diagnostics -explicit-module-build -module-cache-path /Users/admin/builder/spi-builder-workspace/.derivedData/Build/Intermediates.noindex/SwiftExplicitPrecompiledModules -clang-scanner-module-cache-path /Users/admin/builder/spi-builder-workspace/.derivedData/ModuleCache.noindex -sdk-module-cache-path /Users/admin/builder/spi-builder-workspace/.derivedData/SDKExplicitPrecompiledModules -emit-dependencies -emit-module -emit-module-path /Users/admin/builder/spi-builder-workspace/.derivedData/Build/Intermediates.noindex/EasyFirebaseSwift.build/Debug-watchos/EasyFirebaseSwiftStorage-t.build/Objects-normal/arm64/EasyFirebaseSwiftStorage.swiftmodule -serialize-diagnostics -dependency-scan-serialize-diagnostics-path /Users/admin/builder/spi-builder-workspace/.derivedData/Build/Intermediates.noindex/EasyFirebaseSwift.build/Debug-watchos/EasyFirebaseSwiftStorage-t.build/Objects-normal/arm64/EasyFirebaseSwiftStorage-dependency-scan.dia -validate-clang-modules-once -clang-build-session-file /Users/admin/builder/spi-builder-workspace/.derivedData/ModuleCache.noindex/Session.modulevalidation -Xcc -fmodules-prune-interval\=86400 -Xcc -fmodules-prune-after\=345600 -emit-const-values -const-gather-protocols-list /Users/admin/builder/spi-builder-workspace/.derivedData/Build/Intermediates.noindex/EasyFirebaseSwift.build/Debug-watchos/EasyFirebaseSwiftStorage-t.build/Objects-normal/arm64/EasyFirebaseSwiftStorage_const_extract_protocols.json -Xcc -I/Users/admin/builder/spi-builder-workspace/.dependencies/checkouts/GoogleUtilities/GoogleUtilities/NSData+zlib/Public -Xcc -I/Users/admin/builder/spi-builder-workspace/.dependencies/checkouts/promises/Sources/FBLPromises/include -Xcc -I/Users/admin/builder/spi-builder-workspace/.dependencies/checkouts/GoogleUtilities/GoogleUtilities/Environment/Public -Xcc -I/Users/admin/builder/spi-builder-workspace/.dependencies/checkouts/GoogleUtilities/third_party/IsAppEncrypted/Public -Xcc -I/Users/admin/builder/spi-builder-workspace/.dependencies/checkouts/GoogleUtilities/GoogleUtilities/Logger/Public -Xcc -I/Users/admin/builder/spi-builder-workspace/.dependencies/checkouts/gtm-session-fetcher/Sources/Core/Public -Xcc -I/Users/admin/builder/spi-builder-workspace/.dependencies/checkouts/firebase-ios-sdk/FirebaseCore/Extension -Xcc -I/Users/admin/builder/spi-builder-workspace/.dependencies/checkouts/firebase-ios-sdk/FirebaseCore/Sources/Public -Xcc -I/Users/admin/builder/spi-builder-workspace/.dependencies/checkouts/firebase-ios-sdk/CoreOnly/Sources -Xcc -I/Users/admin/builder/spi-builder-workspace/.dependencies/checkouts/firebase-ios-sdk/FirebaseAuth/Interop -Xcc -I/Users/admin/builder/spi-builder-workspace/.dependencies/checkouts/firebase-ios-sdk/FirebaseAppCheck/Interop/Public -Xcc -I/Users/admin/builder/spi-builder-workspace/.derivedData/Build/Products/Debug-watchos/include -Xcc -I/Users/admin/builder/spi-builder-workspace/.derivedData/Build/Intermediates.noindex/EasyFirebaseSwift.build/Debug-watchos/EasyFirebaseSwiftStorage-t.build/DerivedSources-normal/arm64 -Xcc -I/Users/admin/builder/spi-builder-workspace/.derivedData/Build/Intermediates.noindex/EasyFirebaseSwift.build/Debug-watchos/EasyFirebaseSwiftStorage-t.build/DerivedSources/arm64 -Xcc -I/Users/admin/builder/spi-builder-workspace/.derivedData/Build/Intermediates.noindex/EasyFirebaseSwift.build/Debug-watchos/EasyFirebaseSwiftStorage-t.build/DerivedSources -Xcc -DSWIFT_PACKAGE -Xcc -DDEBUG\=1 -emit-objc-header -emit-objc-header-path /Users/admin/builder/spi-builder-workspace/.derivedData/Build/Intermediates.noindex/EasyFirebaseSwift.build/Debug-watchos/EasyFirebaseSwiftStorage-t.build/Objects-normal/arm64/EasyFirebaseSwiftStorage-Swift.h -working-directory /Users/admin/builder/spi-builder-workspace/.swiftpm/xcode -experimental-emit-module-separately -disable-cmo
SwiftDriver EasyFirebaseSwiftFirestore normal arm64_32 com.apple.xcode.tools.swift.compiler (in target 'EasyFirebaseSwiftFirestore' from project 'EasyFirebaseSwift')
    cd /Users/admin/builder/spi-builder-workspace/.swiftpm/xcode
    builtin-SwiftDriver -- /Applications/Xcode-27.0.0-Release.Candidate.app/Contents/Developer/Toolchains/XcodeDefault.xctoolchain/usr/bin/swiftc -parse-as-library -module-name EasyFirebaseSwiftFirestore -Onone @/Users/admin/builder/spi-builder-workspace/.derivedData/Build/Intermediates.noindex/EasyFirebaseSwift.build/Debug-watchos/EasyFirebaseSwiftFirestore-t.build/Objects-normal/arm64_32/EasyFirebaseSwiftFirestore.SwiftFileList -DSWIFT_PACKAGE -DDEBUG -DSWIFT_MODULE_RESOURCE_BUNDLE_UNAVAILABLE -Xcc -fmodule-map-file\=/Users/admin/builder/spi-builder-workspace/.derivedData/Build/Intermediates.noindex/GeneratedModuleMaps-watchos/GoogleUtilities-NSData.modulemap -Xcc -fmodule-map-file\=/Users/admin/builder/spi-builder-workspace/.dependencies/checkouts/promises/Sources/FBLPromises/include/module.modulemap -Xcc -fmodule-map-file\=/Users/admin/builder/spi-builder-workspace/.derivedData/Build/Intermediates.noindex/GeneratedModuleMaps-watchos/GoogleUtilities-Environment.modulemap -Xcc -fmodule-map-file\=/Users/admin/builder/spi-builder-workspace/.derivedData/Build/Intermediates.noindex/GeneratedModuleMaps-watchos/third-party-IsAppEncrypted.modulemap -Xcc -fmodule-map-file\=/Users/admin/builder/spi-builder-workspace/.derivedData/Build/Intermediates.noindex/GeneratedModuleMaps-watchos/GoogleUtilities-Logger.modulemap -Xcc -fmodule-map-file\=/Users/admin/builder/spi-builder-workspace/.derivedData/Build/Intermediates.noindex/GeneratedModuleMaps-watchos/nanopb.modulemap -Xcc -fmodule-map-file\=/Users/admin/builder/spi-builder-workspace/.derivedData/Build/Intermediates.noindex/GeneratedModuleMaps-watchos/leveldb.modulemap -Xcc -fmodule-map-file\=/Users/admin/builder/spi-builder-workspace/.derivedData/Build/Intermediates.noindex/GeneratedModuleMaps-watchos/FirebaseFirestoreTarget.modulemap -Xcc -fmodule-map-file\=/Users/admin/builder/spi-builder-workspace/.derivedData/Build/Intermediates.noindex/GeneratedModuleMaps-watchos/FirebaseCoreExtension.modulemap -Xcc -fmodule-map-file\=/Users/admin/builder/spi-builder-workspace/.derivedData/Build/Intermediates.noindex/GeneratedModuleMaps-watchos/FirebaseCore.modulemap -Xcc -fmodule-map-file\=/Users/admin/builder/spi-builder-workspace/.dependencies/checkouts/firebase-ios-sdk/CoreOnly/Sources/module.modulemap -Xcc -fmodule-map-file\=/Users/admin/builder/spi-builder-workspace/.derivedData/Build/Intermediates.noindex/GeneratedModuleMaps-watchos/FirebaseAppCheckInterop.modulemap -Xcc -fmodule-map-file\=/Users/admin/builder/spi-builder-workspace/.derivedData/Build/Intermediates.noindex/GeneratedModuleMaps-watchos/FirebaseFirestoreSwiftTarget.modulemap -DXcode -plugin-path /Applications/Xcode-27.0.0-Release.Candidate.app/Contents/Developer/Toolchains/XcodeDefault.xctoolchain/usr/lib/swift/host/plugins/testing -enable-experimental-feature DebugDescriptionMacro -sdk /Applications/Xcode-27.0.0-Release.Candidate.app/Contents/Developer/Platforms/WatchOS.platform/Developer/SDKs/WatchOS27.0.sdk -target arm64_32-apple-watchos9.0 -g -module-cache-path /Users/admin/builder/spi-builder-workspace/.derivedData/ModuleCache.noindex -Xfrontend -serialize-debugging-options -enable-testing -index-store-path /Users/admin/builder/spi-builder-workspace/.derivedData/Index.noindex/DataStore -Xcc -D_LIBCPP_HARDENING_MODE\=_LIBCPP_HARDENING_MODE_DEBUG -swift-version 5 -I /Users/admin/builder/spi-builder-workspace/.derivedData/Build/Products/Debug-watchos -Isystem /Applications/Xcode-27.0.0-Release.Candidate.app/Contents/Developer/Platforms/WatchOS.platform/Developer/usr/lib -F /Users/admin/builder/spi-builder-workspace/.derivedData/Build/Products/Debug-watchos/PackageFrameworks -F /Users/admin/builder/spi-builder-workspace/.derivedData/Build/Products/Debug-watchos -F /Applications/Xcode-27.0.0-Release.Candidate.app/Contents/Developer/Platforms/WatchOS.platform/Developer/Library/Frameworks -F /Applications/Xcode-27.0.0-Release.Candidate.app/Contents/Developer/Platforms/WatchOS.platform/Developer/SDKs/WatchOS27.0.sdk/Developer/Library/Frameworks -c -j10 -enable-batch-mode -incremental -Xcc -ivfsstatcache -Xcc /Users/admin/builder/spi-builder-workspace/.derivedData/SDKStatCaches.noindex/watchos27.0-24R360-e829b21a6f8c9b70876ba0858053c04477534ef55a1706bf4c1112bbb242f0a2.sdkstatcache -output-file-map /Users/admin/builder/spi-builder-workspace/.derivedData/Build/Intermediates.noindex/EasyFirebaseSwift.build/Debug-watchos/EasyFirebaseSwiftFirestore-t.build/Objects-normal/arm64_32/EasyFirebaseSwiftFirestore-OutputFileMap.json -save-temps -no-color-diagnostics -explicit-module-build -module-cache-path /Users/admin/builder/spi-builder-workspace/.derivedData/Build/Intermediates.noindex/SwiftExplicitPrecompiledModules -clang-scanner-module-cache-path /Users/admin/builder/spi-builder-workspace/.derivedData/ModuleCache.noindex -sdk-module-cache-path /Users/admin/builder/spi-builder-workspace/.derivedData/SDKExplicitPrecompiledModules -emit-dependencies -emit-module -emit-module-path /Users/admin/builder/spi-builder-workspace/.derivedData/Build/Intermediates.noindex/EasyFirebaseSwift.build/Debug-watchos/EasyFirebaseSwiftFirestore-t.build/Objects-normal/arm64_32/EasyFirebaseSwiftFirestore.swiftmodule -serialize-diagnostics -dependency-scan-serialize-diagnostics-path /Users/admin/builder/spi-builder-workspace/.derivedData/Build/Intermediates.noindex/EasyFirebaseSwift.build/Debug-watchos/EasyFirebaseSwiftFirestore-t.build/Objects-normal/arm64_32/EasyFirebaseSwiftFirestore-dependency-scan.dia -validate-clang-modules-once -clang-build-session-file /Users/admin/builder/spi-builder-workspace/.derivedData/ModuleCache.noindex/Session.modulevalidation -Xcc -fmodules-prune-interval\=86400 -Xcc -fmodules-prune-after\=345600 -emit-const-values -const-gather-protocols-list /Users/admin/builder/spi-builder-workspace/.derivedData/Build/Intermediates.noindex/EasyFirebaseSwift.build/Debug-watchos/EasyFirebaseSwiftFirestore-t.build/Objects-normal/arm64_32/EasyFirebaseSwiftFirestore_const_extract_protocols.json -Xcc -I/Users/admin/builder/spi-builder-workspace/.dependencies/checkouts/GoogleUtilities/GoogleUtilities/NSData+zlib/Public -Xcc -I/Users/admin/builder/spi-builder-workspace/.dependencies/checkouts/promises/Sources/FBLPromises/include -Xcc -I/Users/admin/builder/spi-builder-workspace/.dependencies/checkouts/GoogleUtilities/GoogleUtilities/Environment/Public -Xcc -I/Users/admin/builder/spi-builder-workspace/.dependencies/checkouts/GoogleUtilities/third_party/IsAppEncrypted/Public -Xcc -I/Users/admin/builder/spi-builder-workspace/.dependencies/checkouts/GoogleUtilities/GoogleUtilities/Logger/Public -Xcc -I/Users/admin/builder/spi-builder-workspace/.dependencies/checkouts/nanopb/spm_headers -Xcc -I/Users/admin/builder/spi-builder-workspace/.dependencies/checkouts/leveldb/include -Xcc -I/Users/admin/builder/spi-builder-workspace/.dependencies/checkouts/firebase-ios-sdk/SwiftPM-PlatformExclude/FirebaseFirestoreWrap/include -Xcc -I/Users/admin/builder/spi-builder-workspace/.dependencies/checkouts/firebase-ios-sdk/FirebaseCore/Extension -Xcc -I/Users/admin/builder/spi-builder-workspace/.dependencies/checkouts/firebase-ios-sdk/FirebaseCore/Sources/Public -Xcc -I/Users/admin/builder/spi-builder-workspace/.dependencies/checkouts/firebase-ios-sdk/CoreOnly/Sources -Xcc -I/Users/admin/builder/spi-builder-workspace/.dependencies/checkouts/firebase-ios-sdk/FirebaseAppCheck/Interop/Public -Xcc -I/Users/admin/builder/spi-builder-workspace/.dependencies/checkouts/firebase-ios-sdk/SwiftPM-PlatformExclude/FirebaseFirestoreSwiftWrap/include -Xcc -I/Users/admin/builder/spi-builder-workspace/.derivedData/Build/Products/Debug-watchos/include -Xcc -I/Users/admin/builder/spi-builder-workspace/.derivedData/Build/Intermediates.noindex/EasyFirebaseSwift.build/Debug-watchos/EasyFirebaseSwiftFirestore-t.build/DerivedSources-normal/arm64_32 -Xcc -I/Users/admin/builder/spi-builder-workspace/.derivedData/Build/Intermediates.noindex/EasyFirebaseSwift.build/Debug-watchos/EasyFirebaseSwiftFirestore-t.build/DerivedSources/arm64_32 -Xcc -I/Users/admin/builder/spi-builder-workspace/.derivedData/Build/Intermediates.noindex/EasyFirebaseSwift.build/Debug-watchos/EasyFirebaseSwiftFirestore-t.build/DerivedSources -Xcc -DSWIFT_PACKAGE -Xcc -DDEBUG\=1 -emit-objc-header -emit-objc-header-path /Users/admin/builder/spi-builder-workspace/.derivedData/Build/Intermediates.noindex/EasyFirebaseSwift.build/Debug-watchos/EasyFirebaseSwiftFirestore-t.build/Objects-normal/arm64_32/EasyFirebaseSwiftFirestore-Swift.h -working-directory /Users/admin/builder/spi-builder-workspace/.swiftpm/xcode -experimental-emit-module-separately -disable-cmo
/Users/admin/builder/spi-builder-workspace/Sources/Firestore/Combine/CombineCore.swift:9:8: error: Unable to resolve module dependency: 'FirebaseFirestore' (in target 'EasyFirebaseSwiftFirestore' from project 'EasyFirebaseSwift')
    note: A dependency of main module 'EasyFirebaseSwiftFirestore'
    /Users/admin/builder/spi-builder-workspace/Sources/Firestore/Combine/FirestoreModel+Combine.swift:9:8: note: Also imported here
    /Users/admin/builder/spi-builder-workspace/Sources/Firestore/Concurrency/FirestoreClient+Concurrency.swift:9:8: note: Also imported here
    /Users/admin/builder/spi-builder-workspace/Sources/Firestore/FirestoreClient.swift:8:8: note: Also imported here
/Users/admin/builder/spi-builder-workspace/Sources/Firestore/Concurrency/FirestoreClient+Concurrency.swift:10:8: error: Unable to resolve module dependency: 'FirebaseFirestoreSwift' (in target 'EasyFirebaseSwiftFirestore' from project 'EasyFirebaseSwift')
    note: A dependency of main module 'EasyFirebaseSwiftFirestore'
    /Users/admin/builder/spi-builder-workspace/Sources/Firestore/FirestoreClient.swift:9:8: note: Also imported here
/Users/admin/builder/spi-builder-workspace/Sources/Firestore/Combine/CombineCore.swift:9:8: note: A dependency of main module 'EasyFirebaseSwiftFirestore'
import FirebaseFirestore
       ^ (in target 'EasyFirebaseSwiftFirestore' from project 'EasyFirebaseSwift')
/Users/admin/builder/spi-builder-workspace/Sources/Firestore/Combine/FirestoreModel+Combine.swift:9:8: note: Also imported here
import FirebaseFirestore
       ^ (in target 'EasyFirebaseSwiftFirestore' from project 'EasyFirebaseSwift')
/Users/admin/builder/spi-builder-workspace/Sources/Firestore/Concurrency/FirestoreClient+Concurrency.swift:9:8: note: Also imported here
import FirebaseFirestore
       ^ (in target 'EasyFirebaseSwiftFirestore' from project 'EasyFirebaseSwift')
/Users/admin/builder/spi-builder-workspace/Sources/Firestore/FirestoreClient.swift:8:8: note: Also imported here
import FirebaseFirestore
       ^ (in target 'EasyFirebaseSwiftFirestore' from project 'EasyFirebaseSwift')
/Users/admin/builder/spi-builder-workspace/Sources/Firestore/Concurrency/FirestoreClient+Concurrency.swift:10:8: note: A dependency of main module 'EasyFirebaseSwiftFirestore'
import FirebaseFirestoreSwift
       ^ (in target 'EasyFirebaseSwiftFirestore' from project 'EasyFirebaseSwift')
/Users/admin/builder/spi-builder-workspace/Sources/Firestore/FirestoreClient.swift:9:8: note: Also imported here
import FirebaseFirestoreSwift
       ^ (in target 'EasyFirebaseSwiftFirestore' from project 'EasyFirebaseSwift')
SwiftDriver EasyFirebaseSwiftFirestore normal arm64 com.apple.xcode.tools.swift.compiler (in target 'EasyFirebaseSwiftFirestore' from project 'EasyFirebaseSwift')
    cd /Users/admin/builder/spi-builder-workspace/.swiftpm/xcode
    builtin-SwiftDriver -- /Applications/Xcode-27.0.0-Release.Candidate.app/Contents/Developer/Toolchains/XcodeDefault.xctoolchain/usr/bin/swiftc -parse-as-library -module-name EasyFirebaseSwiftFirestore -Onone @/Users/admin/builder/spi-builder-workspace/.derivedData/Build/Intermediates.noindex/EasyFirebaseSwift.build/Debug-watchos/EasyFirebaseSwiftFirestore-t.build/Objects-normal/arm64/EasyFirebaseSwiftFirestore.SwiftFileList -DSWIFT_PACKAGE -DDEBUG -DSWIFT_MODULE_RESOURCE_BUNDLE_UNAVAILABLE -Xcc -fmodule-map-file\=/Users/admin/builder/spi-builder-workspace/.derivedData/Build/Intermediates.noindex/GeneratedModuleMaps-watchos/GoogleUtilities-NSData.modulemap -Xcc -fmodule-map-file\=/Users/admin/builder/spi-builder-workspace/.dependencies/checkouts/promises/Sources/FBLPromises/include/module.modulemap -Xcc -fmodule-map-file\=/Users/admin/builder/spi-builder-workspace/.derivedData/Build/Intermediates.noindex/GeneratedModuleMaps-watchos/GoogleUtilities-Environment.modulemap -Xcc -fmodule-map-file\=/Users/admin/builder/spi-builder-workspace/.derivedData/Build/Intermediates.noindex/GeneratedModuleMaps-watchos/third-party-IsAppEncrypted.modulemap -Xcc -fmodule-map-file\=/Users/admin/builder/spi-builder-workspace/.derivedData/Build/Intermediates.noindex/GeneratedModuleMaps-watchos/GoogleUtilities-Logger.modulemap -Xcc -fmodule-map-file\=/Users/admin/builder/spi-builder-workspace/.derivedData/Build/Intermediates.noindex/GeneratedModuleMaps-watchos/nanopb.modulemap -Xcc -fmodule-map-file\=/Users/admin/builder/spi-builder-workspace/.derivedData/Build/Intermediates.noindex/GeneratedModuleMaps-watchos/leveldb.modulemap -Xcc -fmodule-map-file\=/Users/admin/builder/spi-builder-workspace/.derivedData/Build/Intermediates.noindex/GeneratedModuleMaps-watchos/FirebaseFirestoreTarget.modulemap -Xcc -fmodule-map-file\=/Users/admin/builder/spi-builder-workspace/.derivedData/Build/Intermediates.noindex/GeneratedModuleMaps-watchos/FirebaseCoreExtension.modulemap -Xcc -fmodule-map-file\=/Users/admin/builder/spi-builder-workspace/.derivedData/Build/Intermediates.noindex/GeneratedModuleMaps-watchos/FirebaseCore.modulemap -Xcc -fmodule-map-file\=/Users/admin/builder/spi-builder-workspace/.dependencies/checkouts/firebase-ios-sdk/CoreOnly/Sources/module.modulemap -Xcc -fmodule-map-file\=/Users/admin/builder/spi-builder-workspace/.derivedData/Build/Intermediates.noindex/GeneratedModuleMaps-watchos/FirebaseAppCheckInterop.modulemap -Xcc -fmodule-map-file\=/Users/admin/builder/spi-builder-workspace/.derivedData/Build/Intermediates.noindex/GeneratedModuleMaps-watchos/FirebaseFirestoreSwiftTarget.modulemap -DXcode -plugin-path /Applications/Xcode-27.0.0-Release.Candidate.app/Contents/Developer/Toolchains/XcodeDefault.xctoolchain/usr/lib/swift/host/plugins/testing -enable-experimental-feature DebugDescriptionMacro -sdk /Applications/Xcode-27.0.0-Release.Candidate.app/Contents/Developer/Platforms/WatchOS.platform/Developer/SDKs/WatchOS27.0.sdk -target arm64-apple-watchos9.0 -g -module-cache-path /Users/admin/builder/spi-builder-workspace/.derivedData/ModuleCache.noindex -Xfrontend -serialize-debugging-options -enable-testing -index-store-path /Users/admin/builder/spi-builder-workspace/.derivedData/Index.noindex/DataStore -Xcc -D_LIBCPP_HARDENING_MODE\=_LIBCPP_HARDENING_MODE_DEBUG -swift-version 5 -I /Users/admin/builder/spi-builder-workspace/.derivedData/Build/Products/Debug-watchos -Isystem /Applications/Xcode-27.0.0-Release.Candidate.app/Contents/Developer/Platforms/WatchOS.platform/Developer/usr/lib -F /Users/admin/builder/spi-builder-workspace/.derivedData/Build/Products/Debug-watchos/PackageFrameworks -F /Users/admin/builder/spi-builder-workspace/.derivedData/Build/Products/Debug-watchos -F /Applications/Xcode-27.0.0-Release.Candidate.app/Contents/Developer/Platforms/WatchOS.platform/Developer/Library/Frameworks -F /Applications/Xcode-27.0.0-Release.Candidate.app/Contents/Developer/Platforms/WatchOS.platform/Developer/SDKs/WatchOS27.0.sdk/Developer/Library/Frameworks -c -j10 -enable-batch-mode -incremental -Xcc -ivfsstatcache -Xcc /Users/admin/builder/spi-builder-workspace/.derivedData/SDKStatCaches.noindex/watchos27.0-24R360-e829b21a6f8c9b70876ba0858053c04477534ef55a1706bf4c1112bbb242f0a2.sdkstatcache -output-file-map /Users/admin/builder/spi-builder-workspace/.derivedData/Build/Intermediates.noindex/EasyFirebaseSwift.build/Debug-watchos/EasyFirebaseSwiftFirestore-t.build/Objects-normal/arm64/EasyFirebaseSwiftFirestore-OutputFileMap.json -save-temps -no-color-diagnostics -explicit-module-build -module-cache-path /Users/admin/builder/spi-builder-workspace/.derivedData/Build/Intermediates.noindex/SwiftExplicitPrecompiledModules -clang-scanner-module-cache-path /Users/admin/builder/spi-builder-workspace/.derivedData/ModuleCache.noindex -sdk-module-cache-path /Users/admin/builder/spi-builder-workspace/.derivedData/SDKExplicitPrecompiledModules -emit-dependencies -emit-module -emit-module-path /Users/admin/builder/spi-builder-workspace/.derivedData/Build/Intermediates.noindex/EasyFirebaseSwift.build/Debug-watchos/EasyFirebaseSwiftFirestore-t.build/Objects-normal/arm64/EasyFirebaseSwiftFirestore.swiftmodule -serialize-diagnostics -dependency-scan-serialize-diagnostics-path /Users/admin/builder/spi-builder-workspace/.derivedData/Build/Intermediates.noindex/EasyFirebaseSwift.build/Debug-watchos/EasyFirebaseSwiftFirestore-t.build/Objects-normal/arm64/EasyFirebaseSwiftFirestore-dependency-scan.dia -validate-clang-modules-once -clang-build-session-file /Users/admin/builder/spi-builder-workspace/.derivedData/ModuleCache.noindex/Session.modulevalidation -Xcc -fmodules-prune-interval\=86400 -Xcc -fmodules-prune-after\=345600 -emit-const-values -const-gather-protocols-list /Users/admin/builder/spi-builder-workspace/.derivedData/Build/Intermediates.noindex/EasyFirebaseSwift.build/Debug-watchos/EasyFirebaseSwiftFirestore-t.build/Objects-normal/arm64/EasyFirebaseSwiftFirestore_const_extract_protocols.json -Xcc -I/Users/admin/builder/spi-builder-workspace/.dependencies/checkouts/GoogleUtilities/GoogleUtilities/NSData+zlib/Public -Xcc -I/Users/admin/builder/spi-builder-workspace/.dependencies/checkouts/promises/Sources/FBLPromises/include -Xcc -I/Users/admin/builder/spi-builder-workspace/.dependencies/checkouts/GoogleUtilities/GoogleUtilities/Environment/Public -Xcc -I/Users/admin/builder/spi-builder-workspace/.dependencies/checkouts/GoogleUtilities/third_party/IsAppEncrypted/Public -Xcc -I/Users/admin/builder/spi-builder-workspace/.dependencies/checkouts/GoogleUtilities/GoogleUtilities/Logger/Public -Xcc -I/Users/admin/builder/spi-builder-workspace/.dependencies/checkouts/nanopb/spm_headers -Xcc -I/Users/admin/builder/spi-builder-workspace/.dependencies/checkouts/leveldb/include -Xcc -I/Users/admin/builder/spi-builder-workspace/.dependencies/checkouts/firebase-ios-sdk/SwiftPM-PlatformExclude/FirebaseFirestoreWrap/include -Xcc -I/Users/admin/builder/spi-builder-workspace/.dependencies/checkouts/firebase-ios-sdk/FirebaseCore/Extension -Xcc -I/Users/admin/builder/spi-builder-workspace/.dependencies/checkouts/firebase-ios-sdk/FirebaseCore/Sources/Public -Xcc -I/Users/admin/builder/spi-builder-workspace/.dependencies/checkouts/firebase-ios-sdk/CoreOnly/Sources -Xcc -I/Users/admin/builder/spi-builder-workspace/.dependencies/checkouts/firebase-ios-sdk/FirebaseAppCheck/Interop/Public -Xcc -I/Users/admin/builder/spi-builder-workspace/.dependencies/checkouts/firebase-ios-sdk/SwiftPM-PlatformExclude/FirebaseFirestoreSwiftWrap/include -Xcc -I/Users/admin/builder/spi-builder-workspace/.derivedData/Build/Products/Debug-watchos/include -Xcc -I/Users/admin/builder/spi-builder-workspace/.derivedData/Build/Intermediates.noindex/EasyFirebaseSwift.build/Debug-watchos/EasyFirebaseSwiftFirestore-t.build/DerivedSources-normal/arm64 -Xcc -I/Users/admin/builder/spi-builder-workspace/.derivedData/Build/Intermediates.noindex/EasyFirebaseSwift.build/Debug-watchos/EasyFirebaseSwiftFirestore-t.build/DerivedSources/arm64 -Xcc -I/Users/admin/builder/spi-builder-workspace/.derivedData/Build/Intermediates.noindex/EasyFirebaseSwift.build/Debug-watchos/EasyFirebaseSwiftFirestore-t.build/DerivedSources -Xcc -DSWIFT_PACKAGE -Xcc -DDEBUG\=1 -emit-objc-header -emit-objc-header-path /Users/admin/builder/spi-builder-workspace/.derivedData/Build/Intermediates.noindex/EasyFirebaseSwift.build/Debug-watchos/EasyFirebaseSwiftFirestore-t.build/Objects-normal/arm64/EasyFirebaseSwiftFirestore-Swift.h -working-directory /Users/admin/builder/spi-builder-workspace/.swiftpm/xcode -experimental-emit-module-separately -disable-cmo
/Users/admin/builder/spi-builder-workspace/Sources/Firestore/Combine/CombineCore.swift:9:8: error: Unable to resolve module dependency: 'FirebaseFirestore' (in target 'EasyFirebaseSwiftFirestore' from project 'EasyFirebaseSwift')
    note: A dependency of main module 'EasyFirebaseSwiftFirestore'
    /Users/admin/builder/spi-builder-workspace/Sources/Firestore/Combine/FirestoreModel+Combine.swift:9:8: note: Also imported here
    /Users/admin/builder/spi-builder-workspace/Sources/Firestore/Concurrency/FirestoreClient+Concurrency.swift:9:8: note: Also imported here
    /Users/admin/builder/spi-builder-workspace/Sources/Firestore/FirestoreClient.swift:8:8: note: Also imported here
/Users/admin/builder/spi-builder-workspace/Sources/Firestore/Concurrency/FirestoreClient+Concurrency.swift:10:8: error: Unable to resolve module dependency: 'FirebaseFirestoreSwift' (in target 'EasyFirebaseSwiftFirestore' from project 'EasyFirebaseSwift')
    note: A dependency of main module 'EasyFirebaseSwiftFirestore'
    /Users/admin/builder/spi-builder-workspace/Sources/Firestore/FirestoreClient.swift:9:8: note: Also imported here
/Users/admin/builder/spi-builder-workspace/Sources/Firestore/Combine/CombineCore.swift:9:8: note: A dependency of main module 'EasyFirebaseSwiftFirestore'
import FirebaseFirestore
       ^ (in target 'EasyFirebaseSwiftFirestore' from project 'EasyFirebaseSwift')
/Users/admin/builder/spi-builder-workspace/Sources/Firestore/Combine/FirestoreModel+Combine.swift:9:8: note: Also imported here
import FirebaseFirestore
       ^ (in target 'EasyFirebaseSwiftFirestore' from project 'EasyFirebaseSwift')
/Users/admin/builder/spi-builder-workspace/Sources/Firestore/Concurrency/FirestoreClient+Concurrency.swift:9:8: note: Also imported here
import FirebaseFirestore
       ^ (in target 'EasyFirebaseSwiftFirestore' from project 'EasyFirebaseSwift')
/Users/admin/builder/spi-builder-workspace/Sources/Firestore/FirestoreClient.swift:8:8: note: Also imported here
import FirebaseFirestore
       ^ (in target 'EasyFirebaseSwiftFirestore' from project 'EasyFirebaseSwift')
/Users/admin/builder/spi-builder-workspace/Sources/Firestore/Concurrency/FirestoreClient+Concurrency.swift:10:8: note: A dependency of main module 'EasyFirebaseSwiftFirestore'
import FirebaseFirestoreSwift
       ^ (in target 'EasyFirebaseSwiftFirestore' from project 'EasyFirebaseSwift')
/Users/admin/builder/spi-builder-workspace/Sources/Firestore/FirestoreClient.swift:9:8: note: Also imported here
import FirebaseFirestoreSwift
       ^ (in target 'EasyFirebaseSwiftFirestore' from project 'EasyFirebaseSwift')
SwiftDriver EasyFirebaseSwiftAuth normal arm64_32 com.apple.xcode.tools.swift.compiler (in target 'EasyFirebaseSwiftAuth' from project 'EasyFirebaseSwift')
    cd /Users/admin/builder/spi-builder-workspace/.swiftpm/xcode
    builtin-SwiftDriver -- /Applications/Xcode-27.0.0-Release.Candidate.app/Contents/Developer/Toolchains/XcodeDefault.xctoolchain/usr/bin/swiftc -parse-as-library -module-name EasyFirebaseSwiftAuth -Onone @/Users/admin/builder/spi-builder-workspace/.derivedData/Build/Intermediates.noindex/EasyFirebaseSwift.build/Debug-watchos/EasyFirebaseSwiftAuth-t.build/Objects-normal/arm64_32/EasyFirebaseSwiftAuth.SwiftFileList -DSWIFT_PACKAGE -DDEBUG -DSWIFT_MODULE_RESOURCE_BUNDLE_UNAVAILABLE -Xcc -fmodule-map-file\=/Users/admin/builder/spi-builder-workspace/.dependencies/checkouts/promises/Sources/FBLPromises/include/module.modulemap -Xcc -fmodule-map-file\=/Users/admin/builder/spi-builder-workspace/.derivedData/Build/Intermediates.noindex/GeneratedModuleMaps-watchos/GoogleUtilities-Network.modulemap -Xcc -fmodule-map-file\=/Users/admin/builder/spi-builder-workspace/.derivedData/Build/Intermediates.noindex/GeneratedModuleMaps-watchos/GoogleUtilities-Reachability.modulemap -Xcc -fmodule-map-file\=/Users/admin/builder/spi-builder-workspace/.derivedData/Build/Intermediates.noindex/GeneratedModuleMaps-watchos/GoogleUtilities-NSData.modulemap -Xcc -fmodule-map-file\=/Users/admin/builder/spi-builder-workspace/.derivedData/Build/Intermediates.noindex/GeneratedModuleMaps-watchos/GoogleUtilities-Logger.modulemap -Xcc -fmodule-map-file\=/Users/admin/builder/spi-builder-workspace/.derivedData/Build/Intermediates.noindex/GeneratedModuleMaps-watchos/GoogleUtilities-Environment.modulemap -Xcc -fmodule-map-file\=/Users/admin/builder/spi-builder-workspace/.derivedData/Build/Intermediates.noindex/GeneratedModuleMaps-watchos/third-party-IsAppEncrypted.modulemap -Xcc -fmodule-map-file\=/Users/admin/builder/spi-builder-workspace/.derivedData/Build/Intermediates.noindex/GeneratedModuleMaps-watchos/GoogleUtilities-AppDelegateSwizzler.modulemap -Xcc -fmodule-map-file\=/Users/admin/builder/spi-builder-workspace/.derivedData/Build/Intermediates.noindex/GeneratedModuleMaps-watchos/GTMSessionFetcherCore.modulemap -Xcc -fmodule-map-file\=/Users/admin/builder/spi-builder-workspace/.derivedData/Build/Intermediates.noindex/GeneratedModuleMaps-watchos/RecaptchaInterop.modulemap -Xcc -fmodule-map-file\=/Users/admin/builder/spi-builder-workspace/.derivedData/Build/Intermediates.noindex/GeneratedModuleMaps-watchos/FirebaseCore.modulemap -Xcc -fmodule-map-file\=/Users/admin/builder/spi-builder-workspace/.dependencies/checkouts/firebase-ios-sdk/CoreOnly/Sources/module.modulemap -Xcc -fmodule-map-file\=/Users/admin/builder/spi-builder-workspace/.derivedData/Build/Intermediates.noindex/GeneratedModuleMaps-watchos/FirebaseAppCheckInterop.modulemap -Xcc -fmodule-map-file\=/Users/admin/builder/spi-builder-workspace/.derivedData/Build/Intermediates.noindex/GeneratedModuleMaps-watchos/FirebaseAuth.modulemap -DXcode -plugin-path /Applications/Xcode-27.0.0-Release.Candidate.app/Contents/Developer/Toolchains/XcodeDefault.xctoolchain/usr/lib/swift/host/plugins/testing -enable-experimental-feature DebugDescriptionMacro -sdk /Applications/Xcode-27.0.0-Release.Candidate.app/Contents/Developer/Platforms/WatchOS.platform/Developer/SDKs/WatchOS27.0.sdk -target arm64_32-apple-watchos9.0 -g -module-cache-path /Users/admin/builder/spi-builder-workspace/.derivedData/ModuleCache.noindex -Xfrontend -serialize-debugging-options -enable-testing -index-store-path /Users/admin/builder/spi-builder-workspace/.derivedData/Index.noindex/DataStore -Xcc -D_LIBCPP_HARDENING_MODE\=_LIBCPP_HARDENING_MODE_DEBUG -swift-version 5 -I /Users/admin/builder/spi-builder-workspace/.derivedData/Build/Products/Debug-watchos -Isystem /Applications/Xcode-27.0.0-Release.Candidate.app/Contents/Developer/Platforms/WatchOS.platform/Developer/usr/lib -F /Users/admin/builder/spi-builder-workspace/.derivedData/Build/Products/Debug-watchos/PackageFrameworks -F /Users/admin/builder/spi-builder-workspace/.derivedData/Build/Products/Debug-watchos -F /Applications/Xcode-27.0.0-Release.Candidate.app/Contents/Developer/Platforms/WatchOS.platform/Developer/Library/Frameworks -F /Applications/Xcode-27.0.0-Release.Candidate.app/Contents/Developer/Platforms/WatchOS.platform/Developer/SDKs/WatchOS27.0.sdk/Developer/Library/Frameworks -c -j10 -enable-batch-mode -incremental -Xcc -ivfsstatcache -Xcc /Users/admin/builder/spi-builder-workspace/.derivedData/SDKStatCaches.noindex/watchos27.0-24R360-e829b21a6f8c9b70876ba0858053c04477534ef55a1706bf4c1112bbb242f0a2.sdkstatcache -output-file-map /Users/admin/builder/spi-builder-workspace/.derivedData/Build/Intermediates.noindex/EasyFirebaseSwift.build/Debug-watchos/EasyFirebaseSwiftAuth-t.build/Objects-normal/arm64_32/EasyFirebaseSwiftAuth-OutputFileMap.json -save-temps -no-color-diagnostics -explicit-module-build -module-cache-path /Users/admin/builder/spi-builder-workspace/.derivedData/Build/Intermediates.noindex/SwiftExplicitPrecompiledModules -clang-scanner-module-cache-path /Users/admin/builder/spi-builder-workspace/.derivedData/ModuleCache.noindex -sdk-module-cache-path /Users/admin/builder/spi-builder-workspace/.derivedData/SDKExplicitPrecompiledModules -emit-dependencies -emit-module -emit-module-path /Users/admin/builder/spi-builder-workspace/.derivedData/Build/Intermediates.noindex/EasyFirebaseSwift.build/Debug-watchos/EasyFirebaseSwiftAuth-t.build/Objects-normal/arm64_32/EasyFirebaseSwiftAuth.swiftmodule -serialize-diagnostics -dependency-scan-serialize-diagnostics-path /Users/admin/builder/spi-builder-workspace/.derivedData/Build/Intermediates.noindex/EasyFirebaseSwift.build/Debug-watchos/EasyFirebaseSwiftAuth-t.build/Objects-normal/arm64_32/EasyFirebaseSwiftAuth-dependency-scan.dia -validate-clang-modules-once -clang-build-session-file /Users/admin/builder/spi-builder-workspace/.derivedData/ModuleCache.noindex/Session.modulevalidation -Xcc -fmodules-prune-interval\=86400 -Xcc -fmodules-prune-after\=345600 -emit-const-values -const-gather-protocols-list /Users/admin/builder/spi-builder-workspace/.derivedData/Build/Intermediates.noindex/EasyFirebaseSwift.build/Debug-watchos/EasyFirebaseSwiftAuth-t.build/Objects-normal/arm64_32/EasyFirebaseSwiftAuth_const_extract_protocols.json -Xcc -I/Users/admin/builder/spi-builder-workspace/.dependencies/checkouts/promises/Sources/FBLPromises/include -Xcc -I/Users/admin/builder/spi-builder-workspace/.dependencies/checkouts/GoogleUtilities/GoogleUtilities/Network/Public -Xcc -I/Users/admin/builder/spi-builder-workspace/.dependencies/checkouts/GoogleUtilities/GoogleUtilities/Reachability/Public -Xcc -I/Users/admin/builder/spi-builder-workspace/.dependencies/checkouts/GoogleUtilities/GoogleUtilities/NSData+zlib/Public -Xcc -I/Users/admin/builder/spi-builder-workspace/.dependencies/checkouts/GoogleUtilities/GoogleUtilities/Logger/Public -Xcc -I/Users/admin/builder/spi-builder-workspace/.dependencies/checkouts/GoogleUtilities/GoogleUtilities/Environment/Public -Xcc -I/Users/admin/builder/spi-builder-workspace/.dependencies/checkouts/GoogleUtilities/third_party/IsAppEncrypted/Public -Xcc -I/Users/admin/builder/spi-builder-workspace/.dependencies/checkouts/GoogleUtilities/GoogleUtilities/AppDelegateSwizzler/Public -Xcc -I/Users/admin/builder/spi-builder-workspace/.dependencies/checkouts/gtm-session-fetcher/Sources/Core/Public -Xcc -I/Users/admin/builder/spi-builder-workspace/.dependencies/checkouts/interop-ios-for-google-sdks/RecaptchaEnterprise/RecaptchaInterop/Public -Xcc -I/Users/admin/builder/spi-builder-workspace/.dependencies/checkouts/firebase-ios-sdk/FirebaseCore/Sources/Public -Xcc -I/Users/admin/builder/spi-builder-workspace/.dependencies/checkouts/firebase-ios-sdk/CoreOnly/Sources -Xcc -I/Users/admin/builder/spi-builder-workspace/.dependencies/checkouts/firebase-ios-sdk/FirebaseAppCheck/Interop/Public -Xcc -I/Users/admin/builder/spi-builder-workspace/.dependencies/checkouts/firebase-ios-sdk/FirebaseAuth/Sources/Public -Xcc -I/Users/admin/builder/spi-builder-workspace/.derivedData/Build/Products/Debug-watchos/include -Xcc -I/Users/admin/builder/spi-builder-workspace/.derivedData/Build/Intermediates.noindex/EasyFirebaseSwift.build/Debug-watchos/EasyFirebaseSwiftAuth-t.build/DerivedSources-normal/arm64_32 -Xcc -I/Users/admin/builder/spi-builder-workspace/.derivedData/Build/Intermediates.noindex/EasyFirebaseSwift.build/Debug-watchos/EasyFirebaseSwiftAuth-t.build/DerivedSources/arm64_32 -Xcc -I/Users/admin/builder/spi-builder-workspace/.derivedData/Build/Intermediates.noindex/EasyFirebaseSwift.build/Debug-watchos/EasyFirebaseSwiftAuth-t.build/DerivedSources -Xcc -DSWIFT_PACKAGE -Xcc -DDEBUG\=1 -emit-objc-header -emit-objc-header-path /Users/admin/builder/spi-builder-workspace/.derivedData/Build/Intermediates.noindex/EasyFirebaseSwift.build/Debug-watchos/EasyFirebaseSwiftAuth-t.build/Objects-normal/arm64_32/EasyFirebaseSwiftAuth-Swift.h -working-directory /Users/admin/builder/spi-builder-workspace/.swiftpm/xcode -experimental-emit-module-separately -disable-cmo
SwiftDriver EasyFirebaseSwiftAuth normal arm64 com.apple.xcode.tools.swift.compiler (in target 'EasyFirebaseSwiftAuth' from project 'EasyFirebaseSwift')
    cd /Users/admin/builder/spi-builder-workspace/.swiftpm/xcode
    builtin-SwiftDriver -- /Applications/Xcode-27.0.0-Release.Candidate.app/Contents/Developer/Toolchains/XcodeDefault.xctoolchain/usr/bin/swiftc -parse-as-library -module-name EasyFirebaseSwiftAuth -Onone @/Users/admin/builder/spi-builder-workspace/.derivedData/Build/Intermediates.noindex/EasyFirebaseSwift.build/Debug-watchos/EasyFirebaseSwiftAuth-t.build/Objects-normal/arm64/EasyFirebaseSwiftAuth.SwiftFileList -DSWIFT_PACKAGE -DDEBUG -DSWIFT_MODULE_RESOURCE_BUNDLE_UNAVAILABLE -Xcc -fmodule-map-file\=/Users/admin/builder/spi-builder-workspace/.dependencies/checkouts/promises/Sources/FBLPromises/include/module.modulemap -Xcc -fmodule-map-file\=/Users/admin/builder/spi-builder-workspace/.derivedData/Build/Intermediates.noindex/GeneratedModuleMaps-watchos/GoogleUtilities-Network.modulemap -Xcc -fmodule-map-file\=/Users/admin/builder/spi-builder-workspace/.derivedData/Build/Intermediates.noindex/GeneratedModuleMaps-watchos/GoogleUtilities-Reachability.modulemap -Xcc -fmodule-map-file\=/Users/admin/builder/spi-builder-workspace/.derivedData/Build/Intermediates.noindex/GeneratedModuleMaps-watchos/GoogleUtilities-NSData.modulemap -Xcc -fmodule-map-file\=/Users/admin/builder/spi-builder-workspace/.derivedData/Build/Intermediates.noindex/GeneratedModuleMaps-watchos/GoogleUtilities-Logger.modulemap -Xcc -fmodule-map-file\=/Users/admin/builder/spi-builder-workspace/.derivedData/Build/Intermediates.noindex/GeneratedModuleMaps-watchos/GoogleUtilities-Environment.modulemap -Xcc -fmodule-map-file\=/Users/admin/builder/spi-builder-workspace/.derivedData/Build/Intermediates.noindex/GeneratedModuleMaps-watchos/third-party-IsAppEncrypted.modulemap -Xcc -fmodule-map-file\=/Users/admin/builder/spi-builder-workspace/.derivedData/Build/Intermediates.noindex/GeneratedModuleMaps-watchos/GoogleUtilities-AppDelegateSwizzler.modulemap -Xcc -fmodule-map-file\=/Users/admin/builder/spi-builder-workspace/.derivedData/Build/Intermediates.noindex/GeneratedModuleMaps-watchos/GTMSessionFetcherCore.modulemap -Xcc -fmodule-map-file\=/Users/admin/builder/spi-builder-workspace/.derivedData/Build/Intermediates.noindex/GeneratedModuleMaps-watchos/RecaptchaInterop.modulemap -Xcc -fmodule-map-file\=/Users/admin/builder/spi-builder-workspace/.derivedData/Build/Intermediates.noindex/GeneratedModuleMaps-watchos/FirebaseCore.modulemap -Xcc -fmodule-map-file\=/Users/admin/builder/spi-builder-workspace/.dependencies/checkouts/firebase-ios-sdk/CoreOnly/Sources/module.modulemap -Xcc -fmodule-map-file\=/Users/admin/builder/spi-builder-workspace/.derivedData/Build/Intermediates.noindex/GeneratedModuleMaps-watchos/FirebaseAppCheckInterop.modulemap -Xcc -fmodule-map-file\=/Users/admin/builder/spi-builder-workspace/.derivedData/Build/Intermediates.noindex/GeneratedModuleMaps-watchos/FirebaseAuth.modulemap -DXcode -plugin-path /Applications/Xcode-27.0.0-Release.Candidate.app/Contents/Developer/Toolchains/XcodeDefault.xctoolchain/usr/lib/swift/host/plugins/testing -enable-experimental-feature DebugDescriptionMacro -sdk /Applications/Xcode-27.0.0-Release.Candidate.app/Contents/Developer/Platforms/WatchOS.platform/Developer/SDKs/WatchOS27.0.sdk -target arm64-apple-watchos9.0 -g -module-cache-path /Users/admin/builder/spi-builder-workspace/.derivedData/ModuleCache.noindex -Xfrontend -serialize-debugging-options -enable-testing -index-store-path /Users/admin/builder/spi-builder-workspace/.derivedData/Index.noindex/DataStore -Xcc -D_LIBCPP_HARDENING_MODE\=_LIBCPP_HARDENING_MODE_DEBUG -swift-version 5 -I /Users/admin/builder/spi-builder-workspace/.derivedData/Build/Products/Debug-watchos -Isystem /Applications/Xcode-27.0.0-Release.Candidate.app/Contents/Developer/Platforms/WatchOS.platform/Developer/usr/lib -F /Users/admin/builder/spi-builder-workspace/.derivedData/Build/Products/Debug-watchos/PackageFrameworks -F /Users/admin/builder/spi-builder-workspace/.derivedData/Build/Products/Debug-watchos -F /Applications/Xcode-27.0.0-Release.Candidate.app/Contents/Developer/Platforms/WatchOS.platform/Developer/Library/Frameworks -F /Applications/Xcode-27.0.0-Release.Candidate.app/Contents/Developer/Platforms/WatchOS.platform/Developer/SDKs/WatchOS27.0.sdk/Developer/Library/Frameworks -c -j10 -enable-batch-mode -incremental -Xcc -ivfsstatcache -Xcc /Users/admin/builder/spi-builder-workspace/.derivedData/SDKStatCaches.noindex/watchos27.0-24R360-e829b21a6f8c9b70876ba0858053c04477534ef55a1706bf4c1112bbb242f0a2.sdkstatcache -output-file-map /Users/admin/builder/spi-builder-workspace/.derivedData/Build/Intermediates.noindex/EasyFirebaseSwift.build/Debug-watchos/EasyFirebaseSwiftAuth-t.build/Objects-normal/arm64/EasyFirebaseSwiftAuth-OutputFileMap.json -save-temps -no-color-diagnostics -explicit-module-build -module-cache-path /Users/admin/builder/spi-builder-workspace/.derivedData/Build/Intermediates.noindex/SwiftExplicitPrecompiledModules -clang-scanner-module-cache-path /Users/admin/builder/spi-builder-workspace/.derivedData/ModuleCache.noindex -sdk-module-cache-path /Users/admin/builder/spi-builder-workspace/.derivedData/SDKExplicitPrecompiledModules -emit-dependencies -emit-module -emit-module-path /Users/admin/builder/spi-builder-workspace/.derivedData/Build/Intermediates.noindex/EasyFirebaseSwift.build/Debug-watchos/EasyFirebaseSwiftAuth-t.build/Objects-normal/arm64/EasyFirebaseSwiftAuth.swiftmodule -serialize-diagnostics -dependency-scan-serialize-diagnostics-path /Users/admin/builder/spi-builder-workspace/.derivedData/Build/Intermediates.noindex/EasyFirebaseSwift.build/Debug-watchos/EasyFirebaseSwiftAuth-t.build/Objects-normal/arm64/EasyFirebaseSwiftAuth-dependency-scan.dia -validate-clang-modules-once -clang-build-session-file /Users/admin/builder/spi-builder-workspace/.derivedData/ModuleCache.noindex/Session.modulevalidation -Xcc -fmodules-prune-interval\=86400 -Xcc -fmodules-prune-after\=345600 -emit-const-values -const-gather-protocols-list /Users/admin/builder/spi-builder-workspace/.derivedData/Build/Intermediates.noindex/EasyFirebaseSwift.build/Debug-watchos/EasyFirebaseSwiftAuth-t.build/Objects-normal/arm64/EasyFirebaseSwiftAuth_const_extract_protocols.json -Xcc -I/Users/admin/builder/spi-builder-workspace/.dependencies/checkouts/promises/Sources/FBLPromises/include -Xcc -I/Users/admin/builder/spi-builder-workspace/.dependencies/checkouts/GoogleUtilities/GoogleUtilities/Network/Public -Xcc -I/Users/admin/builder/spi-builder-workspace/.dependencies/checkouts/GoogleUtilities/GoogleUtilities/Reachability/Public -Xcc -I/Users/admin/builder/spi-builder-workspace/.dependencies/checkouts/GoogleUtilities/GoogleUtilities/NSData+zlib/Public -Xcc -I/Users/admin/builder/spi-builder-workspace/.dependencies/checkouts/GoogleUtilities/GoogleUtilities/Logger/Public -Xcc -I/Users/admin/builder/spi-builder-workspace/.dependencies/checkouts/GoogleUtilities/GoogleUtilities/Environment/Public -Xcc -I/Users/admin/builder/spi-builder-workspace/.dependencies/checkouts/GoogleUtilities/third_party/IsAppEncrypted/Public -Xcc -I/Users/admin/builder/spi-builder-workspace/.dependencies/checkouts/GoogleUtilities/GoogleUtilities/AppDelegateSwizzler/Public -Xcc -I/Users/admin/builder/spi-builder-workspace/.dependencies/checkouts/gtm-session-fetcher/Sources/Core/Public -Xcc -I/Users/admin/builder/spi-builder-workspace/.dependencies/checkouts/interop-ios-for-google-sdks/RecaptchaEnterprise/RecaptchaInterop/Public -Xcc -I/Users/admin/builder/spi-builder-workspace/.dependencies/checkouts/firebase-ios-sdk/FirebaseCore/Sources/Public -Xcc -I/Users/admin/builder/spi-builder-workspace/.dependencies/checkouts/firebase-ios-sdk/CoreOnly/Sources -Xcc -I/Users/admin/builder/spi-builder-workspace/.dependencies/checkouts/firebase-ios-sdk/FirebaseAppCheck/Interop/Public -Xcc -I/Users/admin/builder/spi-builder-workspace/.dependencies/checkouts/firebase-ios-sdk/FirebaseAuth/Sources/Public -Xcc -I/Users/admin/builder/spi-builder-workspace/.derivedData/Build/Products/Debug-watchos/include -Xcc -I/Users/admin/builder/spi-builder-workspace/.derivedData/Build/Intermediates.noindex/EasyFirebaseSwift.build/Debug-watchos/EasyFirebaseSwiftAuth-t.build/DerivedSources-normal/arm64 -Xcc -I/Users/admin/builder/spi-builder-workspace/.derivedData/Build/Intermediates.noindex/EasyFirebaseSwift.build/Debug-watchos/EasyFirebaseSwiftAuth-t.build/DerivedSources/arm64 -Xcc -I/Users/admin/builder/spi-builder-workspace/.derivedData/Build/Intermediates.noindex/EasyFirebaseSwift.build/Debug-watchos/EasyFirebaseSwiftAuth-t.build/DerivedSources -Xcc -DSWIFT_PACKAGE -Xcc -DDEBUG\=1 -emit-objc-header -emit-objc-header-path /Users/admin/builder/spi-builder-workspace/.derivedData/Build/Intermediates.noindex/EasyFirebaseSwift.build/Debug-watchos/EasyFirebaseSwiftAuth-t.build/Objects-normal/arm64/EasyFirebaseSwiftAuth-Swift.h -working-directory /Users/admin/builder/spi-builder-workspace/.swiftpm/xcode -experimental-emit-module-separately -disable-cmo
CompileC /Users/admin/builder/spi-builder-workspace/.derivedData/Build/Intermediates.noindex/Firebase.build/Debug-watchos/FirebaseAuth-t.build/Objects-normal/arm64/FIRAuthBackend.o /Users/admin/builder/spi-builder-workspace/.dependencies/checkouts/firebase-ios-sdk/FirebaseAuth/Sources/Backend/FIRAuthBackend.m normal arm64 objective-c com.apple.compilers.llvm.clang.1_0.compiler (in target 'FirebaseAuth' from project 'Firebase')
    cd /Users/admin/builder/spi-builder-workspace/.swiftpm/xcode

    Using response file: /Users/admin/builder/spi-builder-workspace/.derivedData/Build/Intermediates.noindex/Firebase.build/Debug-watchos/FirebaseAuth-t.build/Objects-normal/arm64/e6072d4f65d7061329687fe24e3d63a7-common-args.resp

    /Applications/Xcode-27.0.0-Release.Candidate.app/Contents/Developer/Toolchains/XcodeDefault.xctoolchain/usr/bin/clang -x objective-c -ivfsstatcache /Users/admin/builder/spi-builder-workspace/.derivedData/SDKStatCaches.noindex/watchos27.0-24R360-e829b21a6f8c9b70876ba0858053c04477534ef55a1706bf4c1112bbb242f0a2.sdkstatcache -target arm64-apple-watchos9.0 -fmessage-length\=0 -fdiagnostics-show-note-include-stack -fmacro-backtrace-limit\=0 -fno-color-diagnostics -fmodules-prune-interval\=86400 -fmodules-prune-after\=345600 -fbuild-session-file\=/Users/admin/builder/spi-builder-workspace/.derivedData/ModuleCache.noindex/Session.modulevalidation -fmodules-validate-once-per-build-session -Wnon-modular-include-in-framework-module -Werror\=non-modular-include-in-framework-module -Wno-trigraphs -Wno-missing-field-initializers -Wno-missing-prototypes -Wno-return-type -Wno-implicit-atomic-properties -Wno-objc-interface-ivars -Wno-arc-repeated-use-of-weak -Wno-missing-braces -Wparentheses -Wswitch -Wno-unused-function -Wno-unused-label -Wno-unused-parameter -Wno-unused-variable -Wunused-value -Wno-empty-body -Wno-uninitialized -Wno-unknown-pragmas -w -Wno-shadow -Wno-four-char-constants -Wno-conversion -Wno-constant-conversion -Wno-int-conversion -Wno-bool-conversion -Wno-enum-conversion -Wno-float-conversion -Wno-non-literal-null-conversion -Wno-objc-literal-conversion -Wshorten-64-to-32 -Wpointer-sign -Wno-newline-eof -Wno-selector -Wno-strict-selector-match -Wno-undeclared-selector -Wno-deprecated-implementations -Wno-implicit-fallthrough -isysroot /Applications/Xcode-27.0.0-Release.Candidate.app/Contents/Developer/Platforms/WatchOS.platform/Developer/SDKs/WatchOS27.0.sdk -fstrict-aliasing -Wprotocol -Wdeprecated-declarations -Wno-sign-conversion -Wno-infinite-recursion -Wno-comma -Wno-block-capture-autoreleasing -Wno-strict-prototypes -Wno-semicolon-before-method-body -index-store-path /Users/admin/builder/spi-builder-workspace/.derivedData/Index.noindex/DataStore @/Users/admin/builder/spi-builder-workspace/.derivedData/Build/Intermediates.noindex/Firebase.build/Debug-watchos/FirebaseAuth-t.build/Objects-normal/arm64/e6072d4f65d7061329687fe24e3d63a7-common-args.resp -include /Users/admin/builder/spi-builder-workspace/.derivedData/Build/Intermediates.noindex/Firebase.build/Debug-watchos/FirebaseAuth-t.build/DerivedSources/resource_bundle_accessor.h -MMD -MT dependencies -MF /Users/admin/builder/spi-builder-workspace/.derivedData/Build/Intermediates.noindex/Firebase.build/Debug-watchos/FirebaseAuth-t.build/Objects-normal/arm64/FIRAuthBackend.d --serialize-diagnostics /Users/admin/builder/spi-builder-workspace/.derivedData/Build/Intermediates.noindex/Firebase.build/Debug-watchos/FirebaseAuth-t.build/Objects-normal/arm64/FIRAuthBackend.dia -c /Users/admin/builder/spi-builder-workspace/.dependencies/checkouts/firebase-ios-sdk/FirebaseAuth/Sources/Backend/FIRAuthBackend.m -o /Users/admin/builder/spi-builder-workspace/.derivedData/Build/Intermediates.noindex/Firebase.build/Debug-watchos/FirebaseAuth-t.build/Objects-normal/arm64/FIRAuthBackend.o -index-unit-output-path /Firebase.build/Debug-watchos/FirebaseAuth-t.build/Objects-normal/arm64/FIRAuthBackend.o
CompileC /Users/admin/builder/spi-builder-workspace/.derivedData/Build/Intermediates.noindex/Firebase.build/Debug-watchos/FirebaseAuth-t.build/Objects-normal/arm64/FIRAuth.o /Users/admin/builder/spi-builder-workspace/.dependencies/checkouts/firebase-ios-sdk/FirebaseAuth/Sources/Auth/FIRAuth.m normal arm64 objective-c com.apple.compilers.llvm.clang.1_0.compiler (in target 'FirebaseAuth' from project 'Firebase')
    cd /Users/admin/builder/spi-builder-workspace/.swiftpm/xcode

    Using response file: /Users/admin/builder/spi-builder-workspace/.derivedData/Build/Intermediates.noindex/Firebase.build/Debug-watchos/FirebaseAuth-t.build/Objects-normal/arm64/e6072d4f65d7061329687fe24e3d63a7-common-args.resp

    /Applications/Xcode-27.0.0-Release.Candidate.app/Contents/Developer/Toolchains/XcodeDefault.xctoolchain/usr/bin/clang -x objective-c -ivfsstatcache /Users/admin/builder/spi-builder-workspace/.derivedData/SDKStatCaches.noindex/watchos27.0-24R360-e829b21a6f8c9b70876ba0858053c04477534ef55a1706bf4c1112bbb242f0a2.sdkstatcache -target arm64-apple-watchos9.0 -fmessage-length\=0 -fdiagnostics-show-note-include-stack -fmacro-backtrace-limit\=0 -fno-color-diagnostics -fmodules-prune-interval\=86400 -fmodules-prune-after\=345600 -fbuild-session-file\=/Users/admin/builder/spi-builder-workspace/.derivedData/ModuleCache.noindex/Session.modulevalidation -fmodules-validate-once-per-build-session -Wnon-modular-include-in-framework-module -Werror\=non-modular-include-in-framework-module -Wno-trigraphs -Wno-missing-field-initializers -Wno-missing-prototypes -Wno-return-type -Wno-implicit-atomic-properties -Wno-objc-interface-ivars -Wno-arc-repeated-use-of-weak -Wno-missing-braces -Wparentheses -Wswitch -Wno-unused-function -Wno-unused-label -Wno-unused-parameter -Wno-unused-variable -Wunused-value -Wno-empty-body -Wno-uninitialized -Wno-unknown-pragmas -w -Wno-shadow -Wno-four-char-constants -Wno-conversion -Wno-constant-conversion -Wno-int-conversion -Wno-bool-conversion -Wno-enum-conversion -Wno-float-conversion -Wno-non-literal-null-conversion -Wno-objc-literal-conversion -Wshorten-64-to-32 -Wpointer-sign -Wno-newline-eof -Wno-selector -Wno-strict-selector-match -Wno-undeclared-selector -Wno-deprecated-implementations -Wno-implicit-fallthrough -isysroot /Applications/Xcode-27.0.0-Release.Candidate.app/Contents/Developer/Platforms/WatchOS.platform/Developer/SDKs/WatchOS27.0.sdk -fstrict-aliasing -Wprotocol -Wdeprecated-declarations -Wno-sign-conversion -Wno-infinite-recursion -Wno-comma -Wno-block-capture-autoreleasing -Wno-strict-prototypes -Wno-semicolon-before-method-body -index-store-path /Users/admin/builder/spi-builder-workspace/.derivedData/Index.noindex/DataStore @/Users/admin/builder/spi-builder-workspace/.derivedData/Build/Intermediates.noindex/Firebase.build/Debug-watchos/FirebaseAuth-t.build/Objects-normal/arm64/e6072d4f65d7061329687fe24e3d63a7-common-args.resp -include /Users/admin/builder/spi-builder-workspace/.derivedData/Build/Intermediates.noindex/Firebase.build/Debug-watchos/FirebaseAuth-t.build/DerivedSources/resource_bundle_accessor.h -MMD -MT dependencies -MF /Users/admin/builder/spi-builder-workspace/.derivedData/Build/Intermediates.noindex/Firebase.build/Debug-watchos/FirebaseAuth-t.build/Objects-normal/arm64/FIRAuth.d --serialize-diagnostics /Users/admin/builder/spi-builder-workspace/.derivedData/Build/Intermediates.noindex/Firebase.build/Debug-watchos/FirebaseAuth-t.build/Objects-normal/arm64/FIRAuth.dia -c /Users/admin/builder/spi-builder-workspace/.dependencies/checkouts/firebase-ios-sdk/FirebaseAuth/Sources/Auth/FIRAuth.m -o /Users/admin/builder/spi-builder-workspace/.derivedData/Build/Intermediates.noindex/Firebase.build/Debug-watchos/FirebaseAuth-t.build/Objects-normal/arm64/FIRAuth.o -index-unit-output-path /Firebase.build/Debug-watchos/FirebaseAuth-t.build/Objects-normal/arm64/FIRAuth.o
Ld /Users/admin/builder/spi-builder-workspace/.derivedData/Build/Intermediates.noindex/GoogleUtilities.build/Debug-watchos/GoogleUtilities-Logger-t.build/Objects-normal/arm64_32/Binary/GoogleUtilities-Logger.o normal arm64_32 (in target 'GoogleUtilities-Logger' from project 'GoogleUtilities')
    cd /Users/admin/builder/spi-builder-workspace/.dependencies/checkouts/GoogleUtilities
    /Applications/Xcode-27.0.0-Release.Candidate.app/Contents/Developer/Toolchains/XcodeDefault.xctoolchain/usr/bin/clang -Xlinker -reproducible -target arm64_32-apple-watchos9.0 -r -isysroot /Applications/Xcode-27.0.0-Release.Candidate.app/Contents/Developer/Platforms/WatchOS.platform/Developer/SDKs/WatchOS27.0.sdk -O0 -w -Xlinker -no_warn_duplicate_libraries -F/Users/admin/builder/spi-builder-workspace/.derivedData/Build/Intermediates.noindex/EagerLinkingTBDs/Debug-watchos -F/Users/admin/builder/spi-builder-workspace/.derivedData/Build/Products/Debug-watchos/PackageFrameworks -F/Users/admin/builder/spi-builder-workspace/.derivedData/Build/Products/Debug-watchos -iframework /Applications/Xcode-27.0.0-Release.Candidate.app/Contents/Developer/Platforms/WatchOS.platform/Developer/Library/Frameworks -iframework /Applications/Xcode-27.0.0-Release.Candidate.app/Contents/Developer/Platforms/WatchOS.platform/Developer/SDKs/WatchOS27.0.sdk/Developer/Library/Frameworks -filelist /Users/admin/builder/spi-builder-workspace/.derivedData/Build/Intermediates.noindex/GoogleUtilities.build/Debug-watchos/GoogleUtilities-Logger-t.build/Objects-normal/arm64_32/GoogleUtilities-Logger.LinkFileList -nostdlib -Xlinker -object_path_lto -Xlinker /Users/admin/builder/spi-builder-workspace/.derivedData/Build/Intermediates.noindex/GoogleUtilities.build/Debug-watchos/GoogleUtilities-Logger-t.build/Objects-normal/arm64_32/GoogleUtilities-Logger_lto.o -Xlinker -no_deduplicate -Xlinker -dependency_info -Xlinker /Users/admin/builder/spi-builder-workspace/.derivedData/Build/Intermediates.noindex/GoogleUtilities.build/Debug-watchos/GoogleUtilities-Logger-t.build/Objects-normal/arm64_32/GoogleUtilities-Logger_dependency_info.dat -fobjc-arc -fobjc-link-runtime -o /Users/admin/builder/spi-builder-workspace/.derivedData/Build/Intermediates.noindex/GoogleUtilities.build/Debug-watchos/GoogleUtilities-Logger-t.build/Objects-normal/arm64_32/Binary/GoogleUtilities-Logger.o
Ld /Users/admin/builder/spi-builder-workspace/.derivedData/Build/Intermediates.noindex/GoogleUtilities.build/Debug-watchos/GoogleUtilities-Logger-t.build/Objects-normal/arm64/Binary/GoogleUtilities-Logger.o normal arm64 (in target 'GoogleUtilities-Logger' from project 'GoogleUtilities')
    cd /Users/admin/builder/spi-builder-workspace/.dependencies/checkouts/GoogleUtilities
    /Applications/Xcode-27.0.0-Release.Candidate.app/Contents/Developer/Toolchains/XcodeDefault.xctoolchain/usr/bin/clang -Xlinker -reproducible -target arm64-apple-watchos9.0 -r -isysroot /Applications/Xcode-27.0.0-Release.Candidate.app/Contents/Developer/Platforms/WatchOS.platform/Developer/SDKs/WatchOS27.0.sdk -O0 -w -Xlinker -no_warn_duplicate_libraries -F/Users/admin/builder/spi-builder-workspace/.derivedData/Build/Intermediates.noindex/EagerLinkingTBDs/Debug-watchos -F/Users/admin/builder/spi-builder-workspace/.derivedData/Build/Products/Debug-watchos/PackageFrameworks -F/Users/admin/builder/spi-builder-workspace/.derivedData/Build/Products/Debug-watchos -iframework /Applications/Xcode-27.0.0-Release.Candidate.app/Contents/Developer/Platforms/WatchOS.platform/Developer/Library/Frameworks -iframework /Applications/Xcode-27.0.0-Release.Candidate.app/Contents/Developer/Platforms/WatchOS.platform/Developer/SDKs/WatchOS27.0.sdk/Developer/Library/Frameworks -filelist /Users/admin/builder/spi-builder-workspace/.derivedData/Build/Intermediates.noindex/GoogleUtilities.build/Debug-watchos/GoogleUtilities-Logger-t.build/Objects-normal/arm64/GoogleUtilities-Logger.LinkFileList -nostdlib -Xlinker -object_path_lto -Xlinker /Users/admin/builder/spi-builder-workspace/.derivedData/Build/Intermediates.noindex/GoogleUtilities.build/Debug-watchos/GoogleUtilities-Logger-t.build/Objects-normal/arm64/GoogleUtilities-Logger_lto.o -Xlinker -no_deduplicate -Xlinker -dependency_info -Xlinker /Users/admin/builder/spi-builder-workspace/.derivedData/Build/Intermediates.noindex/GoogleUtilities.build/Debug-watchos/GoogleUtilities-Logger-t.build/Objects-normal/arm64/GoogleUtilities-Logger_dependency_info.dat -fobjc-arc -fobjc-link-runtime -o /Users/admin/builder/spi-builder-workspace/.derivedData/Build/Intermediates.noindex/GoogleUtilities.build/Debug-watchos/GoogleUtilities-Logger-t.build/Objects-normal/arm64/Binary/GoogleUtilities-Logger.o
CreateUniversalBinary /Users/admin/builder/spi-builder-workspace/.derivedData/Build/Products/Debug-watchos/GoogleUtilities-Logger.o normal arm64\ arm64_32 (in target 'GoogleUtilities-Logger' from project 'GoogleUtilities')
    cd /Users/admin/builder/spi-builder-workspace/.dependencies/checkouts/GoogleUtilities
    /Applications/Xcode-27.0.0-Release.Candidate.app/Contents/Developer/Toolchains/XcodeDefault.xctoolchain/usr/bin/lipo -create /Users/admin/builder/spi-builder-workspace/.derivedData/Build/Intermediates.noindex/GoogleUtilities.build/Debug-watchos/GoogleUtilities-Logger-t.build/Objects-normal/arm64/Binary/GoogleUtilities-Logger.o /Users/admin/builder/spi-builder-workspace/.derivedData/Build/Intermediates.noindex/GoogleUtilities.build/Debug-watchos/GoogleUtilities-Logger-t.build/Objects-normal/arm64_32/Binary/GoogleUtilities-Logger.o -output /Users/admin/builder/spi-builder-workspace/.derivedData/Build/Products/Debug-watchos/GoogleUtilities-Logger.o
Ld /Users/admin/builder/spi-builder-workspace/.derivedData/Build/Intermediates.noindex/GoogleUtilities.build/Debug-watchos/GoogleUtilities-Reachability-t.build/Objects-normal/arm64/Binary/GoogleUtilities-Reachability.o normal arm64 (in target 'GoogleUtilities-Reachability' from project 'GoogleUtilities')
    cd /Users/admin/builder/spi-builder-workspace/.dependencies/checkouts/GoogleUtilities
    /Applications/Xcode-27.0.0-Release.Candidate.app/Contents/Developer/Toolchains/XcodeDefault.xctoolchain/usr/bin/clang -Xlinker -reproducible -target arm64-apple-watchos9.0 -r -isysroot /Applications/Xcode-27.0.0-Release.Candidate.app/Contents/Developer/Platforms/WatchOS.platform/Developer/SDKs/WatchOS27.0.sdk -O0 -w -Xlinker -no_warn_duplicate_libraries -F/Users/admin/builder/spi-builder-workspace/.derivedData/Build/Intermediates.noindex/EagerLinkingTBDs/Debug-watchos -F/Users/admin/builder/spi-builder-workspace/.derivedData/Build/Products/Debug-watchos/PackageFrameworks -F/Users/admin/builder/spi-builder-workspace/.derivedData/Build/Products/Debug-watchos -iframework /Applications/Xcode-27.0.0-Release.Candidate.app/Contents/Developer/Platforms/WatchOS.platform/Developer/Library/Frameworks -iframework /Applications/Xcode-27.0.0-Release.Candidate.app/Contents/Developer/Platforms/WatchOS.platform/Developer/SDKs/WatchOS27.0.sdk/Developer/Library/Frameworks -filelist /Users/admin/builder/spi-builder-workspace/.derivedData/Build/Intermediates.noindex/GoogleUtilities.build/Debug-watchos/GoogleUtilities-Reachability-t.build/Objects-normal/arm64/GoogleUtilities-Reachability.LinkFileList -nostdlib -Xlinker -object_path_lto -Xlinker /Users/admin/builder/spi-builder-workspace/.derivedData/Build/Intermediates.noindex/GoogleUtilities.build/Debug-watchos/GoogleUtilities-Reachability-t.build/Objects-normal/arm64/GoogleUtilities-Reachability_lto.o -Xlinker -no_deduplicate -Xlinker -dependency_info -Xlinker /Users/admin/builder/spi-builder-workspace/.derivedData/Build/Intermediates.noindex/GoogleUtilities.build/Debug-watchos/GoogleUtilities-Reachability-t.build/Objects-normal/arm64/GoogleUtilities-Reachability_dependency_info.dat -fobjc-arc -fobjc-link-runtime -o /Users/admin/builder/spi-builder-workspace/.derivedData/Build/Intermediates.noindex/GoogleUtilities.build/Debug-watchos/GoogleUtilities-Reachability-t.build/Objects-normal/arm64/Binary/GoogleUtilities-Reachability.o
Ld /Users/admin/builder/spi-builder-workspace/.derivedData/Build/Intermediates.noindex/GoogleUtilities.build/Debug-watchos/GoogleUtilities-Reachability-t.build/Objects-normal/arm64_32/Binary/GoogleUtilities-Reachability.o normal arm64_32 (in target 'GoogleUtilities-Reachability' from project 'GoogleUtilities')
    cd /Users/admin/builder/spi-builder-workspace/.dependencies/checkouts/GoogleUtilities
    /Applications/Xcode-27.0.0-Release.Candidate.app/Contents/Developer/Toolchains/XcodeDefault.xctoolchain/usr/bin/clang -Xlinker -reproducible -target arm64_32-apple-watchos9.0 -r -isysroot /Applications/Xcode-27.0.0-Release.Candidate.app/Contents/Developer/Platforms/WatchOS.platform/Developer/SDKs/WatchOS27.0.sdk -O0 -w -Xlinker -no_warn_duplicate_libraries -F/Users/admin/builder/spi-builder-workspace/.derivedData/Build/Intermediates.noindex/EagerLinkingTBDs/Debug-watchos -F/Users/admin/builder/spi-builder-workspace/.derivedData/Build/Products/Debug-watchos/PackageFrameworks -F/Users/admin/builder/spi-builder-workspace/.derivedData/Build/Products/Debug-watchos -iframework /Applications/Xcode-27.0.0-Release.Candidate.app/Contents/Developer/Platforms/WatchOS.platform/Developer/Library/Frameworks -iframework /Applications/Xcode-27.0.0-Release.Candidate.app/Contents/Developer/Platforms/WatchOS.platform/Developer/SDKs/WatchOS27.0.sdk/Developer/Library/Frameworks -filelist /Users/admin/builder/spi-builder-workspace/.derivedData/Build/Intermediates.noindex/GoogleUtilities.build/Debug-watchos/GoogleUtilities-Reachability-t.build/Objects-normal/arm64_32/GoogleUtilities-Reachability.LinkFileList -nostdlib -Xlinker -object_path_lto -Xlinker /Users/admin/builder/spi-builder-workspace/.derivedData/Build/Intermediates.noindex/GoogleUtilities.build/Debug-watchos/GoogleUtilities-Reachability-t.build/Objects-normal/arm64_32/GoogleUtilities-Reachability_lto.o -Xlinker -no_deduplicate -Xlinker -dependency_info -Xlinker /Users/admin/builder/spi-builder-workspace/.derivedData/Build/Intermediates.noindex/GoogleUtilities.build/Debug-watchos/GoogleUtilities-Reachability-t.build/Objects-normal/arm64_32/GoogleUtilities-Reachability_dependency_info.dat -fobjc-arc -fobjc-link-runtime -o /Users/admin/builder/spi-builder-workspace/.derivedData/Build/Intermediates.noindex/GoogleUtilities.build/Debug-watchos/GoogleUtilities-Reachability-t.build/Objects-normal/arm64_32/Binary/GoogleUtilities-Reachability.o
CreateUniversalBinary /Users/admin/builder/spi-builder-workspace/.derivedData/Build/Products/Debug-watchos/GoogleUtilities-Reachability.o normal arm64\ arm64_32 (in target 'GoogleUtilities-Reachability' from project 'GoogleUtilities')
    cd /Users/admin/builder/spi-builder-workspace/.dependencies/checkouts/GoogleUtilities
    /Applications/Xcode-27.0.0-Release.Candidate.app/Contents/Developer/Toolchains/XcodeDefault.xctoolchain/usr/bin/lipo -create /Users/admin/builder/spi-builder-workspace/.derivedData/Build/Intermediates.noindex/GoogleUtilities.build/Debug-watchos/GoogleUtilities-Reachability-t.build/Objects-normal/arm64/Binary/GoogleUtilities-Reachability.o /Users/admin/builder/spi-builder-workspace/.derivedData/Build/Intermediates.noindex/GoogleUtilities.build/Debug-watchos/GoogleUtilities-Reachability-t.build/Objects-normal/arm64_32/Binary/GoogleUtilities-Reachability.o -output /Users/admin/builder/spi-builder-workspace/.derivedData/Build/Products/Debug-watchos/GoogleUtilities-Reachability.o
Ld /Users/admin/builder/spi-builder-workspace/.derivedData/Build/Intermediates.noindex/Firebase.build/Debug-watchos/FirebaseCore-t.build/Objects-normal/arm64_32/Binary/FirebaseCore.o normal arm64_32 (in target 'FirebaseCore' from project 'Firebase')
    cd /Users/admin/builder/spi-builder-workspace/.dependencies/checkouts/firebase-ios-sdk
    /Applications/Xcode-27.0.0-Release.Candidate.app/Contents/Developer/Toolchains/XcodeDefault.xctoolchain/usr/bin/clang -Xlinker -reproducible -target arm64_32-apple-watchos9.0 -r -isysroot /Applications/Xcode-27.0.0-Release.Candidate.app/Contents/Developer/Platforms/WatchOS.platform/Developer/SDKs/WatchOS27.0.sdk -O0 -w -Xlinker -no_warn_duplicate_libraries -F/Users/admin/builder/spi-builder-workspace/.derivedData/Build/Intermediates.noindex/EagerLinkingTBDs/Debug-watchos -F/Users/admin/builder/spi-builder-workspace/.derivedData/Build/Products/Debug-watchos/PackageFrameworks -F/Users/admin/builder/spi-builder-workspace/.derivedData/Build/Products/Debug-watchos -iframework /Applications/Xcode-27.0.0-Release.Candidate.app/Contents/Developer/Platforms/WatchOS.platform/Developer/Library/Frameworks -iframework /Applications/Xcode-27.0.0-Release.Candidate.app/Contents/Developer/Platforms/WatchOS.platform/Developer/SDKs/WatchOS27.0.sdk/Developer/Library/Frameworks -filelist /Users/admin/builder/spi-builder-workspace/.derivedData/Build/Intermediates.noindex/Firebase.build/Debug-watchos/FirebaseCore-t.build/Objects-normal/arm64_32/FirebaseCore.LinkFileList -nostdlib -Xlinker -object_path_lto -Xlinker /Users/admin/builder/spi-builder-workspace/.derivedData/Build/Intermediates.noindex/Firebase.build/Debug-watchos/FirebaseCore-t.build/Objects-normal/arm64_32/FirebaseCore_lto.o -Xlinker -no_deduplicate -Xlinker -dependency_info -Xlinker /Users/admin/builder/spi-builder-workspace/.derivedData/Build/Intermediates.noindex/Firebase.build/Debug-watchos/FirebaseCore-t.build/Objects-normal/arm64_32/FirebaseCore_dependency_info.dat -fobjc-arc -fobjc-link-runtime -o /Users/admin/builder/spi-builder-workspace/.derivedData/Build/Intermediates.noindex/Firebase.build/Debug-watchos/FirebaseCore-t.build/Objects-normal/arm64_32/Binary/FirebaseCore.o
Ld /Users/admin/builder/spi-builder-workspace/.derivedData/Build/Intermediates.noindex/Firebase.build/Debug-watchos/FirebaseCore-t.build/Objects-normal/arm64/Binary/FirebaseCore.o normal arm64 (in target 'FirebaseCore' from project 'Firebase')
    cd /Users/admin/builder/spi-builder-workspace/.dependencies/checkouts/firebase-ios-sdk
    /Applications/Xcode-27.0.0-Release.Candidate.app/Contents/Developer/Toolchains/XcodeDefault.xctoolchain/usr/bin/clang -Xlinker -reproducible -target arm64-apple-watchos9.0 -r -isysroot /Applications/Xcode-27.0.0-Release.Candidate.app/Contents/Developer/Platforms/WatchOS.platform/Developer/SDKs/WatchOS27.0.sdk -O0 -w -Xlinker -no_warn_duplicate_libraries -F/Users/admin/builder/spi-builder-workspace/.derivedData/Build/Intermediates.noindex/EagerLinkingTBDs/Debug-watchos -F/Users/admin/builder/spi-builder-workspace/.derivedData/Build/Products/Debug-watchos/PackageFrameworks -F/Users/admin/builder/spi-builder-workspace/.derivedData/Build/Products/Debug-watchos -iframework /Applications/Xcode-27.0.0-Release.Candidate.app/Contents/Developer/Platforms/WatchOS.platform/Developer/Library/Frameworks -iframework /Applications/Xcode-27.0.0-Release.Candidate.app/Contents/Developer/Platforms/WatchOS.platform/Developer/SDKs/WatchOS27.0.sdk/Developer/Library/Frameworks -filelist /Users/admin/builder/spi-builder-workspace/.derivedData/Build/Intermediates.noindex/Firebase.build/Debug-watchos/FirebaseCore-t.build/Objects-normal/arm64/FirebaseCore.LinkFileList -nostdlib -Xlinker -object_path_lto -Xlinker /Users/admin/builder/spi-builder-workspace/.derivedData/Build/Intermediates.noindex/Firebase.build/Debug-watchos/FirebaseCore-t.build/Objects-normal/arm64/FirebaseCore_lto.o -Xlinker -no_deduplicate -Xlinker -dependency_info -Xlinker /Users/admin/builder/spi-builder-workspace/.derivedData/Build/Intermediates.noindex/Firebase.build/Debug-watchos/FirebaseCore-t.build/Objects-normal/arm64/FirebaseCore_dependency_info.dat -fobjc-arc -fobjc-link-runtime -o /Users/admin/builder/spi-builder-workspace/.derivedData/Build/Intermediates.noindex/Firebase.build/Debug-watchos/FirebaseCore-t.build/Objects-normal/arm64/Binary/FirebaseCore.o
Ld /Users/admin/builder/spi-builder-workspace/.derivedData/Build/Intermediates.noindex/GoogleUtilities.build/Debug-watchos/GoogleUtilities-Network-t.build/Objects-normal/arm64_32/Binary/GoogleUtilities-Network.o normal arm64_32 (in target 'GoogleUtilities-Network' from project 'GoogleUtilities')
    cd /Users/admin/builder/spi-builder-workspace/.dependencies/checkouts/GoogleUtilities
    /Applications/Xcode-27.0.0-Release.Candidate.app/Contents/Developer/Toolchains/XcodeDefault.xctoolchain/usr/bin/clang -Xlinker -reproducible -target arm64_32-apple-watchos9.0 -r -isysroot /Applications/Xcode-27.0.0-Release.Candidate.app/Contents/Developer/Platforms/WatchOS.platform/Developer/SDKs/WatchOS27.0.sdk -O0 -w -Xlinker -no_warn_duplicate_libraries -F/Users/admin/builder/spi-builder-workspace/.derivedData/Build/Intermediates.noindex/EagerLinkingTBDs/Debug-watchos -F/Users/admin/builder/spi-builder-workspace/.derivedData/Build/Products/Debug-watchos/PackageFrameworks -F/Users/admin/builder/spi-builder-workspace/.derivedData/Build/Products/Debug-watchos -iframework /Applications/Xcode-27.0.0-Release.Candidate.app/Contents/Developer/Platforms/WatchOS.platform/Developer/Library/Frameworks -iframework /Applications/Xcode-27.0.0-Release.Candidate.app/Contents/Developer/Platforms/WatchOS.platform/Developer/SDKs/WatchOS27.0.sdk/Developer/Library/Frameworks -filelist /Users/admin/builder/spi-builder-workspace/.derivedData/Build/Intermediates.noindex/GoogleUtilities.build/Debug-watchos/GoogleUtilities-Network-t.build/Objects-normal/arm64_32/GoogleUtilities-Network.LinkFileList -nostdlib -Xlinker -object_path_lto -Xlinker /Users/admin/builder/spi-builder-workspace/.derivedData/Build/Intermediates.noindex/GoogleUtilities.build/Debug-watchos/GoogleUtilities-Network-t.build/Objects-normal/arm64_32/GoogleUtilities-Network_lto.o -Xlinker -no_deduplicate -Xlinker -dependency_info -Xlinker /Users/admin/builder/spi-builder-workspace/.derivedData/Build/Intermediates.noindex/GoogleUtilities.build/Debug-watchos/GoogleUtilities-Network-t.build/Objects-normal/arm64_32/GoogleUtilities-Network_dependency_info.dat -fobjc-arc -fobjc-link-runtime -o /Users/admin/builder/spi-builder-workspace/.derivedData/Build/Intermediates.noindex/GoogleUtilities.build/Debug-watchos/GoogleUtilities-Network-t.build/Objects-normal/arm64_32/Binary/GoogleUtilities-Network.o
Ld /Users/admin/builder/spi-builder-workspace/.derivedData/Build/Intermediates.noindex/GoogleUtilities.build/Debug-watchos/GoogleUtilities-Network-t.build/Objects-normal/arm64/Binary/GoogleUtilities-Network.o normal arm64 (in target 'GoogleUtilities-Network' from project 'GoogleUtilities')
    cd /Users/admin/builder/spi-builder-workspace/.dependencies/checkouts/GoogleUtilities
    /Applications/Xcode-27.0.0-Release.Candidate.app/Contents/Developer/Toolchains/XcodeDefault.xctoolchain/usr/bin/clang -Xlinker -reproducible -target arm64-apple-watchos9.0 -r -isysroot /Applications/Xcode-27.0.0-Release.Candidate.app/Contents/Developer/Platforms/WatchOS.platform/Developer/SDKs/WatchOS27.0.sdk -O0 -w -Xlinker -no_warn_duplicate_libraries -F/Users/admin/builder/spi-builder-workspace/.derivedData/Build/Intermediates.noindex/EagerLinkingTBDs/Debug-watchos -F/Users/admin/builder/spi-builder-workspace/.derivedData/Build/Products/Debug-watchos/PackageFrameworks -F/Users/admin/builder/spi-builder-workspace/.derivedData/Build/Products/Debug-watchos -iframework /Applications/Xcode-27.0.0-Release.Candidate.app/Contents/Developer/Platforms/WatchOS.platform/Developer/Library/Frameworks -iframework /Applications/Xcode-27.0.0-Release.Candidate.app/Contents/Developer/Platforms/WatchOS.platform/Developer/SDKs/WatchOS27.0.sdk/Developer/Library/Frameworks -filelist /Users/admin/builder/spi-builder-workspace/.derivedData/Build/Intermediates.noindex/GoogleUtilities.build/Debug-watchos/GoogleUtilities-Network-t.build/Objects-normal/arm64/GoogleUtilities-Network.LinkFileList -nostdlib -Xlinker -object_path_lto -Xlinker /Users/admin/builder/spi-builder-workspace/.derivedData/Build/Intermediates.noindex/GoogleUtilities.build/Debug-watchos/GoogleUtilities-Network-t.build/Objects-normal/arm64/GoogleUtilities-Network_lto.o -Xlinker -no_deduplicate -Xlinker -dependency_info -Xlinker /Users/admin/builder/spi-builder-workspace/.derivedData/Build/Intermediates.noindex/GoogleUtilities.build/Debug-watchos/GoogleUtilities-Network-t.build/Objects-normal/arm64/GoogleUtilities-Network_dependency_info.dat -fobjc-arc -fobjc-link-runtime -o /Users/admin/builder/spi-builder-workspace/.derivedData/Build/Intermediates.noindex/GoogleUtilities.build/Debug-watchos/GoogleUtilities-Network-t.build/Objects-normal/arm64/Binary/GoogleUtilities-Network.o
CreateUniversalBinary /Users/admin/builder/spi-builder-workspace/.derivedData/Build/Products/Debug-watchos/FirebaseCore.o normal arm64\ arm64_32 (in target 'FirebaseCore' from project 'Firebase')
    cd /Users/admin/builder/spi-builder-workspace/.dependencies/checkouts/firebase-ios-sdk
    /Applications/Xcode-27.0.0-Release.Candidate.app/Contents/Developer/Toolchains/XcodeDefault.xctoolchain/usr/bin/lipo -create /Users/admin/builder/spi-builder-workspace/.derivedData/Build/Intermediates.noindex/Firebase.build/Debug-watchos/FirebaseCore-t.build/Objects-normal/arm64/Binary/FirebaseCore.o /Users/admin/builder/spi-builder-workspace/.derivedData/Build/Intermediates.noindex/Firebase.build/Debug-watchos/FirebaseCore-t.build/Objects-normal/arm64_32/Binary/FirebaseCore.o -output /Users/admin/builder/spi-builder-workspace/.derivedData/Build/Products/Debug-watchos/FirebaseCore.o
CreateUniversalBinary /Users/admin/builder/spi-builder-workspace/.derivedData/Build/Products/Debug-watchos/GoogleUtilities-Network.o normal arm64\ arm64_32 (in target 'GoogleUtilities-Network' from project 'GoogleUtilities')
    cd /Users/admin/builder/spi-builder-workspace/.dependencies/checkouts/GoogleUtilities
    /Applications/Xcode-27.0.0-Release.Candidate.app/Contents/Developer/Toolchains/XcodeDefault.xctoolchain/usr/bin/lipo -create /Users/admin/builder/spi-builder-workspace/.derivedData/Build/Intermediates.noindex/GoogleUtilities.build/Debug-watchos/GoogleUtilities-Network-t.build/Objects-normal/arm64/Binary/GoogleUtilities-Network.o /Users/admin/builder/spi-builder-workspace/.derivedData/Build/Intermediates.noindex/GoogleUtilities.build/Debug-watchos/GoogleUtilities-Network-t.build/Objects-normal/arm64_32/Binary/GoogleUtilities-Network.o -output /Users/admin/builder/spi-builder-workspace/.derivedData/Build/Products/Debug-watchos/GoogleUtilities-Network.o
Ld /Users/admin/builder/spi-builder-workspace/.derivedData/Build/Intermediates.noindex/Firebase.build/Debug-watchos/FirebaseStorage-t.build/Objects-normal/arm64_32/Binary/FirebaseStorage.o normal arm64_32 (in target 'FirebaseStorage' from project 'Firebase')
    cd /Users/admin/builder/spi-builder-workspace/.dependencies/checkouts/firebase-ios-sdk
    /Applications/Xcode-27.0.0-Release.Candidate.app/Contents/Developer/Toolchains/XcodeDefault.xctoolchain/usr/bin/clang -Xlinker -reproducible -target arm64_32-apple-watchos9.0 -r -isysroot /Applications/Xcode-27.0.0-Release.Candidate.app/Contents/Developer/Platforms/WatchOS.platform/Developer/SDKs/WatchOS27.0.sdk -O0 -w -Xlinker -no_warn_duplicate_libraries -F/Users/admin/builder/spi-builder-workspace/.derivedData/Build/Intermediates.noindex/EagerLinkingTBDs/Debug-watchos -F/Users/admin/builder/spi-builder-workspace/.derivedData/Build/Products/Debug-watchos/PackageFrameworks -F/Users/admin/builder/spi-builder-workspace/.derivedData/Build/Products/Debug-watchos -iframework /Applications/Xcode-27.0.0-Release.Candidate.app/Contents/Developer/Platforms/WatchOS.platform/Developer/Library/Frameworks -iframework /Applications/Xcode-27.0.0-Release.Candidate.app/Contents/Developer/Platforms/WatchOS.platform/Developer/SDKs/WatchOS27.0.sdk/Developer/Library/Frameworks -filelist /Users/admin/builder/spi-builder-workspace/.derivedData/Build/Intermediates.noindex/Firebase.build/Debug-watchos/FirebaseStorage-t.build/Objects-normal/arm64_32/FirebaseStorage.LinkFileList -nostdlib -Xlinker -object_path_lto -Xlinker /Users/admin/builder/spi-builder-workspace/.derivedData/Build/Intermediates.noindex/Firebase.build/Debug-watchos/FirebaseStorage-t.build/Objects-normal/arm64_32/FirebaseStorage_lto.o -Xlinker -no_deduplicate -Xlinker -dependency_info -Xlinker /Users/admin/builder/spi-builder-workspace/.derivedData/Build/Intermediates.noindex/Firebase.build/Debug-watchos/FirebaseStorage-t.build/Objects-normal/arm64_32/FirebaseStorage_dependency_info.dat -fobjc-link-runtime -L/Applications/Xcode-27.0.0-Release.Candidate.app/Contents/Developer/Toolchains/XcodeDefault.xctoolchain/usr/lib/swift/watchos -L/usr/lib/swift -Xlinker -add_ast_path -Xlinker /Users/admin/builder/spi-builder-workspace/.derivedData/Build/Intermediates.noindex/Firebase.build/Debug-watchos/FirebaseStorage-t.build/Objects-normal/arm64_32/FirebaseStorage.swiftmodule -o /Users/admin/builder/spi-builder-workspace/.derivedData/Build/Intermediates.noindex/Firebase.build/Debug-watchos/FirebaseStorage-t.build/Objects-normal/arm64_32/Binary/FirebaseStorage.o
Ld /Users/admin/builder/spi-builder-workspace/.derivedData/Build/Intermediates.noindex/Firebase.build/Debug-watchos/FirebaseStorage-t.build/Objects-normal/arm64/Binary/FirebaseStorage.o normal arm64 (in target 'FirebaseStorage' from project 'Firebase')
    cd /Users/admin/builder/spi-builder-workspace/.dependencies/checkouts/firebase-ios-sdk
    /Applications/Xcode-27.0.0-Release.Candidate.app/Contents/Developer/Toolchains/XcodeDefault.xctoolchain/usr/bin/clang -Xlinker -reproducible -target arm64-apple-watchos9.0 -r -isysroot /Applications/Xcode-27.0.0-Release.Candidate.app/Contents/Developer/Platforms/WatchOS.platform/Developer/SDKs/WatchOS27.0.sdk -O0 -w -Xlinker -no_warn_duplicate_libraries -F/Users/admin/builder/spi-builder-workspace/.derivedData/Build/Intermediates.noindex/EagerLinkingTBDs/Debug-watchos -F/Users/admin/builder/spi-builder-workspace/.derivedData/Build/Products/Debug-watchos/PackageFrameworks -F/Users/admin/builder/spi-builder-workspace/.derivedData/Build/Products/Debug-watchos -iframework /Applications/Xcode-27.0.0-Release.Candidate.app/Contents/Developer/Platforms/WatchOS.platform/Developer/Library/Frameworks -iframework /Applications/Xcode-27.0.0-Release.Candidate.app/Contents/Developer/Platforms/WatchOS.platform/Developer/SDKs/WatchOS27.0.sdk/Developer/Library/Frameworks -filelist /Users/admin/builder/spi-builder-workspace/.derivedData/Build/Intermediates.noindex/Firebase.build/Debug-watchos/FirebaseStorage-t.build/Objects-normal/arm64/FirebaseStorage.LinkFileList -nostdlib -Xlinker -object_path_lto -Xlinker /Users/admin/builder/spi-builder-workspace/.derivedData/Build/Intermediates.noindex/Firebase.build/Debug-watchos/FirebaseStorage-t.build/Objects-normal/arm64/FirebaseStorage_lto.o -Xlinker -no_deduplicate -Xlinker -dependency_info -Xlinker /Users/admin/builder/spi-builder-workspace/.derivedData/Build/Intermediates.noindex/Firebase.build/Debug-watchos/FirebaseStorage-t.build/Objects-normal/arm64/FirebaseStorage_dependency_info.dat -fobjc-link-runtime -L/Applications/Xcode-27.0.0-Release.Candidate.app/Contents/Developer/Toolchains/XcodeDefault.xctoolchain/usr/lib/swift/watchos -L/usr/lib/swift -Xlinker -add_ast_path -Xlinker /Users/admin/builder/spi-builder-workspace/.derivedData/Build/Intermediates.noindex/Firebase.build/Debug-watchos/FirebaseStorage-t.build/Objects-normal/arm64/FirebaseStorage.swiftmodule -o /Users/admin/builder/spi-builder-workspace/.derivedData/Build/Intermediates.noindex/Firebase.build/Debug-watchos/FirebaseStorage-t.build/Objects-normal/arm64/Binary/FirebaseStorage.o
Ld /Users/admin/builder/spi-builder-workspace/.derivedData/Build/Intermediates.noindex/Firebase.build/Debug-watchos/FirebaseFirestoreTarget-t.build/Objects-normal/arm64_32/Binary/FirebaseFirestoreTarget.o normal arm64_32 (in target 'FirebaseFirestoreTarget' from project 'Firebase')
    cd /Users/admin/builder/spi-builder-workspace/.dependencies/checkouts/firebase-ios-sdk
    /Applications/Xcode-27.0.0-Release.Candidate.app/Contents/Developer/Toolchains/XcodeDefault.xctoolchain/usr/bin/clang -Xlinker -reproducible -target arm64_32-apple-watchos9.0 -r -isysroot /Applications/Xcode-27.0.0-Release.Candidate.app/Contents/Developer/Platforms/WatchOS.platform/Developer/SDKs/WatchOS27.0.sdk -O0 -w -Xlinker -no_warn_duplicate_libraries -F/Users/admin/builder/spi-builder-workspace/.derivedData/Build/Intermediates.noindex/EagerLinkingTBDs/Debug-watchos -F/Users/admin/builder/spi-builder-workspace/.derivedData/Build/Products/Debug-watchos/PackageFrameworks -F/Users/admin/builder/spi-builder-workspace/.derivedData/Build/Products/Debug-watchos -iframework /Applications/Xcode-27.0.0-Release.Candidate.app/Contents/Developer/Platforms/WatchOS.platform/Developer/Library/Frameworks -iframework /Applications/Xcode-27.0.0-Release.Candidate.app/Contents/Developer/Platforms/WatchOS.platform/Developer/SDKs/WatchOS27.0.sdk/Developer/Library/Frameworks -filelist /Users/admin/builder/spi-builder-workspace/.derivedData/Build/Intermediates.noindex/Firebase.build/Debug-watchos/FirebaseFirestoreTarget-t.build/Objects-normal/arm64_32/FirebaseFirestoreTarget.LinkFileList -nostdlib -Xlinker -object_path_lto -Xlinker /Users/admin/builder/spi-builder-workspace/.derivedData/Build/Intermediates.noindex/Firebase.build/Debug-watchos/FirebaseFirestoreTarget-t.build/Objects-normal/arm64_32/FirebaseFirestoreTarget_lto.o -Xlinker -no_deduplicate -Xlinker -dependency_info -Xlinker /Users/admin/builder/spi-builder-workspace/.derivedData/Build/Intermediates.noindex/Firebase.build/Debug-watchos/FirebaseFirestoreTarget-t.build/Objects-normal/arm64_32/FirebaseFirestoreTarget_dependency_info.dat -fobjc-arc -fobjc-link-runtime -o /Users/admin/builder/spi-builder-workspace/.derivedData/Build/Intermediates.noindex/Firebase.build/Debug-watchos/FirebaseFirestoreTarget-t.build/Objects-normal/arm64_32/Binary/FirebaseFirestoreTarget.o
Ld /Users/admin/builder/spi-builder-workspace/.derivedData/Build/Intermediates.noindex/Firebase.build/Debug-watchos/FirebaseFirestoreTarget-t.build/Objects-normal/arm64/Binary/FirebaseFirestoreTarget.o normal arm64 (in target 'FirebaseFirestoreTarget' from project 'Firebase')
    cd /Users/admin/builder/spi-builder-workspace/.dependencies/checkouts/firebase-ios-sdk
    /Applications/Xcode-27.0.0-Release.Candidate.app/Contents/Developer/Toolchains/XcodeDefault.xctoolchain/usr/bin/clang -Xlinker -reproducible -target arm64-apple-watchos9.0 -r -isysroot /Applications/Xcode-27.0.0-Release.Candidate.app/Contents/Developer/Platforms/WatchOS.platform/Developer/SDKs/WatchOS27.0.sdk -O0 -w -Xlinker -no_warn_duplicate_libraries -F/Users/admin/builder/spi-builder-workspace/.derivedData/Build/Intermediates.noindex/EagerLinkingTBDs/Debug-watchos -F/Users/admin/builder/spi-builder-workspace/.derivedData/Build/Products/Debug-watchos/PackageFrameworks -F/Users/admin/builder/spi-builder-workspace/.derivedData/Build/Products/Debug-watchos -iframework /Applications/Xcode-27.0.0-Release.Candidate.app/Contents/Developer/Platforms/WatchOS.platform/Developer/Library/Frameworks -iframework /Applications/Xcode-27.0.0-Release.Candidate.app/Contents/Developer/Platforms/WatchOS.platform/Developer/SDKs/WatchOS27.0.sdk/Developer/Library/Frameworks -filelist /Users/admin/builder/spi-builder-workspace/.derivedData/Build/Intermediates.noindex/Firebase.build/Debug-watchos/FirebaseFirestoreTarget-t.build/Objects-normal/arm64/FirebaseFirestoreTarget.LinkFileList -nostdlib -Xlinker -object_path_lto -Xlinker /Users/admin/builder/spi-builder-workspace/.derivedData/Build/Intermediates.noindex/Firebase.build/Debug-watchos/FirebaseFirestoreTarget-t.build/Objects-normal/arm64/FirebaseFirestoreTarget_lto.o -Xlinker -no_deduplicate -Xlinker -dependency_info -Xlinker /Users/admin/builder/spi-builder-workspace/.derivedData/Build/Intermediates.noindex/Firebase.build/Debug-watchos/FirebaseFirestoreTarget-t.build/Objects-normal/arm64/FirebaseFirestoreTarget_dependency_info.dat -fobjc-arc -fobjc-link-runtime -o /Users/admin/builder/spi-builder-workspace/.derivedData/Build/Intermediates.noindex/Firebase.build/Debug-watchos/FirebaseFirestoreTarget-t.build/Objects-normal/arm64/Binary/FirebaseFirestoreTarget.o
CreateUniversalBinary /Users/admin/builder/spi-builder-workspace/.derivedData/Build/Products/Debug-watchos/FirebaseStorage.o normal arm64\ arm64_32 (in target 'FirebaseStorage' from project 'Firebase')
    cd /Users/admin/builder/spi-builder-workspace/.dependencies/checkouts/firebase-ios-sdk
    /Applications/Xcode-27.0.0-Release.Candidate.app/Contents/Developer/Toolchains/XcodeDefault.xctoolchain/usr/bin/lipo -create /Users/admin/builder/spi-builder-workspace/.derivedData/Build/Intermediates.noindex/Firebase.build/Debug-watchos/FirebaseStorage-t.build/Objects-normal/arm64/Binary/FirebaseStorage.o /Users/admin/builder/spi-builder-workspace/.derivedData/Build/Intermediates.noindex/Firebase.build/Debug-watchos/FirebaseStorage-t.build/Objects-normal/arm64_32/Binary/FirebaseStorage.o -output /Users/admin/builder/spi-builder-workspace/.derivedData/Build/Products/Debug-watchos/FirebaseStorage.o
CreateUniversalBinary /Users/admin/builder/spi-builder-workspace/.derivedData/Build/Products/Debug-watchos/FirebaseFirestoreTarget.o normal arm64\ arm64_32 (in target 'FirebaseFirestoreTarget' from project 'Firebase')
    cd /Users/admin/builder/spi-builder-workspace/.dependencies/checkouts/firebase-ios-sdk
    /Applications/Xcode-27.0.0-Release.Candidate.app/Contents/Developer/Toolchains/XcodeDefault.xctoolchain/usr/bin/lipo -create /Users/admin/builder/spi-builder-workspace/.derivedData/Build/Intermediates.noindex/Firebase.build/Debug-watchos/FirebaseFirestoreTarget-t.build/Objects-normal/arm64/Binary/FirebaseFirestoreTarget.o /Users/admin/builder/spi-builder-workspace/.derivedData/Build/Intermediates.noindex/Firebase.build/Debug-watchos/FirebaseFirestoreTarget-t.build/Objects-normal/arm64_32/Binary/FirebaseFirestoreTarget.o -output /Users/admin/builder/spi-builder-workspace/.derivedData/Build/Products/Debug-watchos/FirebaseFirestoreTarget.o
PruneExplicitPrecompiledModules /Users/admin/builder/spi-builder-workspace/.derivedData/Build/Intermediates.noindex/ExplicitPrecompiledModules
PruneExplicitPrecompiledModules /Users/admin/builder/spi-builder-workspace/.derivedData/SDKExplicitPrecompiledModules
PruneExplicitPrecompiledModules /Users/admin/builder/spi-builder-workspace/.derivedData/Build/Intermediates.noindex/SwiftExplicitPrecompiledModules
2026-09-19 09:34:59.605 xcodebuild[2554:11448] [MT] IDERunDestination: Supported platforms for the buildables in the current scheme is empty.
2026-09-19 09:34:59.707 xcodebuild[2554:11448] [MT] IDERunDestination: Supported platforms for the buildables in the current scheme is empty.
** BUILD FAILED **
The following build commands failed:
	SwiftDriver TestCore normal arm64 com.apple.xcode.tools.swift.compiler (in target 'TestCore' from project 'EasyFirebaseSwift')
	SwiftDriver TestCore normal arm64_32 com.apple.xcode.tools.swift.compiler (in target 'TestCore' from project 'EasyFirebaseSwift')
	SwiftDriver EasyFirebaseSwiftFirestore normal arm64_32 com.apple.xcode.tools.swift.compiler (in target 'EasyFirebaseSwiftFirestore' from project 'EasyFirebaseSwift')
	SwiftDriver EasyFirebaseSwiftFirestore normal arm64 com.apple.xcode.tools.swift.compiler (in target 'EasyFirebaseSwiftFirestore' from project 'EasyFirebaseSwift')
	Building workspace EasyFirebaseSwift with scheme EasyFirebaseSwift-Package
(5 failures)
BUILD FAILURE 6.4 watchOS