Build Information
Failed to build OpenImmersive, reference 1.6.3 (670e0b), with Swift 6.2 for watchOS using Xcode 26.3 on 9 Oct 2026 06:22:35 UTC.
Build Command
env DEVELOPER_DIR=/Applications/Xcode-26.3.0.app xcrun xcodebuild -IDEClonedSourcePackagesDirPathOverride=$PWD/.dependencies -skipMacroValidation -skipPackagePluginValidation -derivedDataPath $PWD/.derivedData build -scheme OpenImmersive -destination generic/platform=watchOSBuild Log
========================================
RunAll
========================================
Builder version: 5.1.1
Interrupt handler set up.
========================================
Checkout
========================================
Clone URL: https://github.com/acuteimmersive/openimmersivelib.git
Reference: 1.6.3
Initialized empty Git repository in /Users/admin/builder/spi-builder-workspace/.git/
From https://github.com/acuteimmersive/openimmersivelib
* tag 1.6.3 -> FETCH_HEAD
HEAD is now at 670e0bc Merge pull request #34 from rdotrifork/bugfix/fix-field-of-view
Cloned https://github.com/acuteimmersive/openimmersivelib.git
Revision (git rev-parse @):
670e0bc6701095d0b2aa5b80d0b8258763b57632
SUCCESS checkout https://github.com/acuteimmersive/openimmersivelib.git at 1.6.3
========================================
Build
========================================
Selected platform: watchOS
Swift version: 6.2
Building package at path: $PWD
https://github.com/acuteimmersive/openimmersivelib.git
Command line invocation:
/Applications/Xcode-26.3.0.app/Contents/Developer/usr/bin/xcodebuild -IDEClonedSourcePackagesDirPathOverride=/Users/admin/builder/spi-builder-workspace/.dependencies -resolvePackageDependencies
Resolve Package Graph
Resolve Package Graph
Resolved source packages:
OpenImmersive: /Users/admin/builder/spi-builder-workspace
resolved source packages: OpenImmersive
2026-10-09 02:22:08.211 xcodebuild[538:3094] [MT] IDERunDestination: Supported platforms for the buildables in the current scheme is empty.
{
"dependencies" : [
],
"manifest_display_name" : "OpenImmersive",
"name" : "OpenImmersive",
"path" : "/Users/admin/builder/spi-builder-workspace",
"platforms" : [
{
"name" : "visionos",
"version" : "26.0"
}
],
"products" : [
{
"name" : "OpenImmersiveLib",
"targets" : [
"OpenImmersive"
],
"type" : {
"library" : [
"automatic"
]
}
}
],
"targets" : [
{
"c99name" : "OpenImmersive",
"module_type" : "SwiftTarget",
"name" : "OpenImmersive",
"path" : "Sources",
"product_memberships" : [
"OpenImmersiveLib"
],
"sources" : [
"Controllers/HeadTracker.swift",
"Controllers/VideoPlayer.swift",
"Extensions/AVMetadataIdentifier+Codable.swift",
"Models/AudioOption.swift",
"Models/BitrateRung.swift",
"Models/SpatialVideoTransferable.swift",
"Models/VideoItem.swift",
"Models/VideoScreen.swift",
"Utils/APMPInjector.swift",
"Utils/Closures.swift",
"Utils/Config.swift",
"Utils/PlaylistLoaderDelegate.swift",
"Utils/PlaylistReader.swift",
"Utils/PlaylistWriter.swift",
"Utils/VideoTools.swift",
"Views/ControlPanel.swift",
"Views/DropTarget.swift",
"Views/FilePicker.swift",
"Views/GalleryVideoPicker.swift",
"Views/ImmersivePlayer.swift",
"Views/StreamUrlInput.swift"
],
"type" : "library"
}
],
"tools_version" : "6.2"
}
{
"workspace" : {
"name" : "spi-builder-workspace",
"schemes" : [
"OpenImmersive"
]
}
}
2026-10-09 02:22:26.380 xcodebuild[674:4199] [MT] IDERunDestination: Supported platforms for the buildables in the current scheme is empty.
Running build ...
env DEVELOPER_DIR=/Applications/Xcode-26.3.0.app xcrun xcodebuild -IDEClonedSourcePackagesDirPathOverride=$PWD/.dependencies -skipMacroValidation -skipPackagePluginValidation -derivedDataPath $PWD/.derivedData build -scheme OpenImmersive -destination generic/platform=watchOS
Command line invocation:
/Applications/Xcode-26.3.0.app/Contents/Developer/usr/bin/xcodebuild -IDEClonedSourcePackagesDirPathOverride=/Users/admin/builder/spi-builder-workspace/.dependencies -skipMacroValidation -skipPackagePluginValidation -derivedDataPath /Users/admin/builder/spi-builder-workspace/.derivedData build -scheme OpenImmersive -destination generic/platform=watchOS
Resolve Package Graph
Resolved source packages:
OpenImmersive: /Users/admin/builder/spi-builder-workspace
ComputePackagePrebuildTargetDependencyGraph
Prepare packages
CreateBuildRequest
SendProjectDescription
CreateBuildOperation
ComputeTargetDependencyGraph
note: Building targets in dependency order
note: Target dependency graph (2 targets)
Target 'OpenImmersiveLib' in project 'OpenImmersive'
➜ Explicit dependency on target 'OpenImmersive' in project 'OpenImmersive'
Target 'OpenImmersive' in project 'OpenImmersive' (no dependencies)
GatherProvisioningInputs
CreateBuildDescription
ExecuteExternalTool /Applications/Xcode-26.3.0.app/Contents/Developer/Toolchains/XcodeDefault.xctoolchain/usr/bin/clang -v -E -dM -isysroot /Applications/Xcode-26.3.0.app/Contents/Developer/Platforms/WatchOS.platform/Developer/SDKs/WatchOS26.2.sdk -x c -c /dev/null
ExecuteExternalTool /Applications/Xcode-26.3.0.app/Contents/Developer/Toolchains/XcodeDefault.xctoolchain/usr/bin/swiftc --version
ExecuteExternalTool /Applications/Xcode-26.3.0.app/Contents/Developer/Toolchains/XcodeDefault.xctoolchain/usr/bin/ld -version_details
Build description signature: 4f363ad7f3bed42a97ce781ff6378b99
Build description path: /Users/admin/builder/spi-builder-workspace/.derivedData/Build/Intermediates.noindex/XCBuildData/4f363ad7f3bed42a97ce781ff6378b99.xcbuilddata
ClangStatCache /Applications/Xcode-26.3.0.app/Contents/Developer/Toolchains/XcodeDefault.xctoolchain/usr/bin/clang-stat-cache /Applications/Xcode-26.3.0.app/Contents/Developer/Platforms/WatchOS.platform/Developer/SDKs/WatchOS26.2.sdk /Users/admin/builder/spi-builder-workspace/.derivedData/SDKStatCaches.noindex/watchos26.2-23S303-dc75598d0054f22ec865fa860f139d721753b489057de6bda919edfa1c59a62b.sdkstatcache
cd /Users/admin/builder/spi-builder-workspace/.swiftpm/xcode
/Applications/Xcode-26.3.0.app/Contents/Developer/Toolchains/XcodeDefault.xctoolchain/usr/bin/clang-stat-cache /Applications/Xcode-26.3.0.app/Contents/Developer/Platforms/WatchOS.platform/Developer/SDKs/WatchOS26.2.sdk -o /Users/admin/builder/spi-builder-workspace/.derivedData/SDKStatCaches.noindex/watchos26.2-23S303-dc75598d0054f22ec865fa860f139d721753b489057de6bda919edfa1c59a62b.sdkstatcache
CreateBuildDirectory /Users/admin/builder/spi-builder-workspace/.derivedData/Build/Products
cd /Users/admin/builder/spi-builder-workspace/.swiftpm/xcode
builtin-create-build-directory /Users/admin/builder/spi-builder-workspace/.derivedData/Build/Products
CreateBuildDirectory /Users/admin/builder/spi-builder-workspace/.derivedData/Build/Intermediates.noindex
cd /Users/admin/builder/spi-builder-workspace/.swiftpm/xcode
builtin-create-build-directory /Users/admin/builder/spi-builder-workspace/.derivedData/Build/Intermediates.noindex
CreateBuildDirectory /Users/admin/builder/spi-builder-workspace/.derivedData/Build/Products/Debug-watchos
cd /Users/admin/builder/spi-builder-workspace/.swiftpm/xcode
builtin-create-build-directory /Users/admin/builder/spi-builder-workspace/.derivedData/Build/Products/Debug-watchos
CreateBuildDirectory /Users/admin/builder/spi-builder-workspace/.derivedData/Build/Intermediates.noindex/SwiftExplicitPrecompiledModules
cd /Users/admin/builder/spi-builder-workspace/.swiftpm/xcode
builtin-create-build-directory /Users/admin/builder/spi-builder-workspace/.derivedData/Build/Intermediates.noindex/SwiftExplicitPrecompiledModules
CreateBuildDirectory /Users/admin/builder/spi-builder-workspace/.derivedData/Build/Intermediates.noindex/ExplicitPrecompiledModules
cd /Users/admin/builder/spi-builder-workspace/.swiftpm/xcode
builtin-create-build-directory /Users/admin/builder/spi-builder-workspace/.derivedData/Build/Intermediates.noindex/ExplicitPrecompiledModules
CreateBuildDirectory /Users/admin/builder/spi-builder-workspace/.derivedData/Build/Intermediates.noindex/EagerLinkingTBDs/Debug-watchos
cd /Users/admin/builder/spi-builder-workspace/.swiftpm/xcode
builtin-create-build-directory /Users/admin/builder/spi-builder-workspace/.derivedData/Build/Intermediates.noindex/EagerLinkingTBDs/Debug-watchos
CreateBuildDirectory /Users/admin/builder/spi-builder-workspace/.derivedData/Build/Products/Debug-watchos/PackageFrameworks
cd /Users/admin/builder/spi-builder-workspace/.swiftpm/xcode
builtin-create-build-directory /Users/admin/builder/spi-builder-workspace/.derivedData/Build/Products/Debug-watchos/PackageFrameworks
WriteAuxiliaryFile /Users/admin/builder/spi-builder-workspace/.derivedData/Build/Intermediates.noindex/OpenImmersive.build/Debug-watchos/OpenImmersive.build/OpenImmersive.modulemap (in target 'OpenImmersive' from project 'OpenImmersive')
cd /Users/admin/builder/spi-builder-workspace
write-file /Users/admin/builder/spi-builder-workspace/.derivedData/Build/Intermediates.noindex/OpenImmersive.build/Debug-watchos/OpenImmersive.build/OpenImmersive.modulemap
WriteAuxiliaryFile /Users/admin/builder/spi-builder-workspace/.derivedData/Build/Intermediates.noindex/OpenImmersive.build/Debug-watchos/OpenImmersive.build/Objects-normal/armv7k/OpenImmersive.SwiftConstValuesFileList (in target 'OpenImmersive' from project 'OpenImmersive')
cd /Users/admin/builder/spi-builder-workspace
write-file /Users/admin/builder/spi-builder-workspace/.derivedData/Build/Intermediates.noindex/OpenImmersive.build/Debug-watchos/OpenImmersive.build/Objects-normal/armv7k/OpenImmersive.SwiftConstValuesFileList
WriteAuxiliaryFile /Users/admin/builder/spi-builder-workspace/.derivedData/Build/Intermediates.noindex/OpenImmersive.build/Debug-watchos/OpenImmersive.build/Objects-normal/arm64_32/OpenImmersive_const_extract_protocols.json (in target 'OpenImmersive' from project 'OpenImmersive')
cd /Users/admin/builder/spi-builder-workspace
write-file /Users/admin/builder/spi-builder-workspace/.derivedData/Build/Intermediates.noindex/OpenImmersive.build/Debug-watchos/OpenImmersive.build/Objects-normal/arm64_32/OpenImmersive_const_extract_protocols.json
WriteAuxiliaryFile /Users/admin/builder/spi-builder-workspace/.derivedData/Build/Intermediates.noindex/OpenImmersive.build/Debug-watchos/OpenImmersive.build/Objects-normal/armv7k/OpenImmersive_const_extract_protocols.json (in target 'OpenImmersive' from project 'OpenImmersive')
cd /Users/admin/builder/spi-builder-workspace
write-file /Users/admin/builder/spi-builder-workspace/.derivedData/Build/Intermediates.noindex/OpenImmersive.build/Debug-watchos/OpenImmersive.build/Objects-normal/armv7k/OpenImmersive_const_extract_protocols.json
WriteAuxiliaryFile /Users/admin/builder/spi-builder-workspace/.derivedData/Build/Intermediates.noindex/OpenImmersive.build/Debug-watchos/OpenImmersive.build/Objects-normal/armv7k/OpenImmersive.SwiftFileList (in target 'OpenImmersive' from project 'OpenImmersive')
cd /Users/admin/builder/spi-builder-workspace
write-file /Users/admin/builder/spi-builder-workspace/.derivedData/Build/Intermediates.noindex/OpenImmersive.build/Debug-watchos/OpenImmersive.build/Objects-normal/armv7k/OpenImmersive.SwiftFileList
WriteAuxiliaryFile /Users/admin/builder/spi-builder-workspace/.derivedData/Build/Intermediates.noindex/OpenImmersive.build/Debug-watchos/OpenImmersive.build/Objects-normal/arm64_32/OpenImmersive.SwiftConstValuesFileList (in target 'OpenImmersive' from project 'OpenImmersive')
cd /Users/admin/builder/spi-builder-workspace
write-file /Users/admin/builder/spi-builder-workspace/.derivedData/Build/Intermediates.noindex/OpenImmersive.build/Debug-watchos/OpenImmersive.build/Objects-normal/arm64_32/OpenImmersive.SwiftConstValuesFileList
WriteAuxiliaryFile /Users/admin/builder/spi-builder-workspace/.derivedData/Build/Intermediates.noindex/OpenImmersive.build/Debug-watchos/OpenImmersive.build/Objects-normal/arm64_32/OpenImmersive.SwiftFileList (in target 'OpenImmersive' from project 'OpenImmersive')
cd /Users/admin/builder/spi-builder-workspace
write-file /Users/admin/builder/spi-builder-workspace/.derivedData/Build/Intermediates.noindex/OpenImmersive.build/Debug-watchos/OpenImmersive.build/Objects-normal/arm64_32/OpenImmersive.SwiftFileList
WriteAuxiliaryFile /Users/admin/builder/spi-builder-workspace/.derivedData/Build/Intermediates.noindex/OpenImmersive.build/Debug-watchos/OpenImmersive.build/Objects-normal/armv7k/OpenImmersive-OutputFileMap.json (in target 'OpenImmersive' from project 'OpenImmersive')
cd /Users/admin/builder/spi-builder-workspace
write-file /Users/admin/builder/spi-builder-workspace/.derivedData/Build/Intermediates.noindex/OpenImmersive.build/Debug-watchos/OpenImmersive.build/Objects-normal/armv7k/OpenImmersive-OutputFileMap.json
WriteAuxiliaryFile /Users/admin/builder/spi-builder-workspace/.derivedData/Build/Intermediates.noindex/OpenImmersive.build/Debug-watchos/OpenImmersive.build/Objects-normal/armv7k/OpenImmersive.LinkFileList (in target 'OpenImmersive' from project 'OpenImmersive')
cd /Users/admin/builder/spi-builder-workspace
write-file /Users/admin/builder/spi-builder-workspace/.derivedData/Build/Intermediates.noindex/OpenImmersive.build/Debug-watchos/OpenImmersive.build/Objects-normal/armv7k/OpenImmersive.LinkFileList
WriteAuxiliaryFile /Users/admin/builder/spi-builder-workspace/.derivedData/Build/Intermediates.noindex/OpenImmersive.build/Debug-watchos/OpenImmersive.build/OpenImmersive.DependencyStaticMetadataFileList (in target 'OpenImmersive' from project 'OpenImmersive')
cd /Users/admin/builder/spi-builder-workspace
write-file /Users/admin/builder/spi-builder-workspace/.derivedData/Build/Intermediates.noindex/OpenImmersive.build/Debug-watchos/OpenImmersive.build/OpenImmersive.DependencyStaticMetadataFileList
WriteAuxiliaryFile /Users/admin/builder/spi-builder-workspace/.derivedData/Build/Intermediates.noindex/OpenImmersive.build/Debug-watchos/OpenImmersive.build/OpenImmersive.DependencyMetadataFileList (in target 'OpenImmersive' from project 'OpenImmersive')
cd /Users/admin/builder/spi-builder-workspace
write-file /Users/admin/builder/spi-builder-workspace/.derivedData/Build/Intermediates.noindex/OpenImmersive.build/Debug-watchos/OpenImmersive.build/OpenImmersive.DependencyMetadataFileList
WriteAuxiliaryFile /Users/admin/builder/spi-builder-workspace/.derivedData/Build/Intermediates.noindex/OpenImmersive.build/Debug-watchos/OpenImmersive.build/Objects-normal/arm64_32/OpenImmersive.LinkFileList (in target 'OpenImmersive' from project 'OpenImmersive')
cd /Users/admin/builder/spi-builder-workspace
write-file /Users/admin/builder/spi-builder-workspace/.derivedData/Build/Intermediates.noindex/OpenImmersive.build/Debug-watchos/OpenImmersive.build/Objects-normal/arm64_32/OpenImmersive.LinkFileList
WriteAuxiliaryFile /Users/admin/builder/spi-builder-workspace/.derivedData/Build/Intermediates.noindex/OpenImmersive.build/Debug-watchos/OpenImmersive.build/Objects-normal/arm64_32/OpenImmersive-OutputFileMap.json (in target 'OpenImmersive' from project 'OpenImmersive')
cd /Users/admin/builder/spi-builder-workspace
write-file /Users/admin/builder/spi-builder-workspace/.derivedData/Build/Intermediates.noindex/OpenImmersive.build/Debug-watchos/OpenImmersive.build/Objects-normal/arm64_32/OpenImmersive-OutputFileMap.json
WriteAuxiliaryFile /Users/admin/builder/spi-builder-workspace/.derivedData/Build/Intermediates.noindex/OpenImmersive.build/Debug-watchos/OpenImmersive.build/Objects-normal/arm64/OpenImmersive_const_extract_protocols.json (in target 'OpenImmersive' from project 'OpenImmersive')
cd /Users/admin/builder/spi-builder-workspace
write-file /Users/admin/builder/spi-builder-workspace/.derivedData/Build/Intermediates.noindex/OpenImmersive.build/Debug-watchos/OpenImmersive.build/Objects-normal/arm64/OpenImmersive_const_extract_protocols.json
WriteAuxiliaryFile /Users/admin/builder/spi-builder-workspace/.derivedData/Build/Intermediates.noindex/OpenImmersive.build/Debug-watchos/OpenImmersive.build/Objects-normal/arm64/OpenImmersive.SwiftFileList (in target 'OpenImmersive' from project 'OpenImmersive')
cd /Users/admin/builder/spi-builder-workspace
write-file /Users/admin/builder/spi-builder-workspace/.derivedData/Build/Intermediates.noindex/OpenImmersive.build/Debug-watchos/OpenImmersive.build/Objects-normal/arm64/OpenImmersive.SwiftFileList
WriteAuxiliaryFile /Users/admin/builder/spi-builder-workspace/.derivedData/Build/Intermediates.noindex/OpenImmersive.build/Debug-watchos/OpenImmersive.build/Objects-normal/arm64/OpenImmersive.SwiftConstValuesFileList (in target 'OpenImmersive' from project 'OpenImmersive')
cd /Users/admin/builder/spi-builder-workspace
write-file /Users/admin/builder/spi-builder-workspace/.derivedData/Build/Intermediates.noindex/OpenImmersive.build/Debug-watchos/OpenImmersive.build/Objects-normal/arm64/OpenImmersive.SwiftConstValuesFileList
WriteAuxiliaryFile /Users/admin/builder/spi-builder-workspace/.derivedData/Build/Intermediates.noindex/OpenImmersive.build/Debug-watchos/OpenImmersive.build/Objects-normal/arm64/OpenImmersive.LinkFileList (in target 'OpenImmersive' from project 'OpenImmersive')
cd /Users/admin/builder/spi-builder-workspace
write-file /Users/admin/builder/spi-builder-workspace/.derivedData/Build/Intermediates.noindex/OpenImmersive.build/Debug-watchos/OpenImmersive.build/Objects-normal/arm64/OpenImmersive.LinkFileList
WriteAuxiliaryFile /Users/admin/builder/spi-builder-workspace/.derivedData/Build/Intermediates.noindex/OpenImmersive.build/Debug-watchos/OpenImmersive.build/Objects-normal/arm64/OpenImmersive-OutputFileMap.json (in target 'OpenImmersive' from project 'OpenImmersive')
cd /Users/admin/builder/spi-builder-workspace
write-file /Users/admin/builder/spi-builder-workspace/.derivedData/Build/Intermediates.noindex/OpenImmersive.build/Debug-watchos/OpenImmersive.build/Objects-normal/arm64/OpenImmersive-OutputFileMap.json
Copy /Users/admin/builder/spi-builder-workspace/.derivedData/Build/Intermediates.noindex/GeneratedModuleMaps-watchos/OpenImmersive.modulemap /Users/admin/builder/spi-builder-workspace/.derivedData/Build/Intermediates.noindex/OpenImmersive.build/Debug-watchos/OpenImmersive.build/OpenImmersive.modulemap (in target 'OpenImmersive' from project 'OpenImmersive')
cd /Users/admin/builder/spi-builder-workspace
builtin-copy -exclude .DS_Store -exclude CVS -exclude .svn -exclude .git -exclude .hg -resolve-src-symlinks /Users/admin/builder/spi-builder-workspace/.derivedData/Build/Intermediates.noindex/OpenImmersive.build/Debug-watchos/OpenImmersive.build/OpenImmersive.modulemap /Users/admin/builder/spi-builder-workspace/.derivedData/Build/Intermediates.noindex/GeneratedModuleMaps-watchos
SwiftDriver OpenImmersive normal armv7k com.apple.xcode.tools.swift.compiler (in target 'OpenImmersive' from project 'OpenImmersive')
cd /Users/admin/builder/spi-builder-workspace/.swiftpm/xcode
builtin-SwiftDriver -- /Applications/Xcode-26.3.0.app/Contents/Developer/Toolchains/XcodeDefault.xctoolchain/usr/bin/swiftc -module-name OpenImmersive -Onone -enforce-exclusivity\=checked @/Users/admin/builder/spi-builder-workspace/.derivedData/Build/Intermediates.noindex/OpenImmersive.build/Debug-watchos/OpenImmersive.build/Objects-normal/armv7k/OpenImmersive.SwiftFileList -DSWIFT_PACKAGE -DDEBUG -DSWIFT_MODULE_RESOURCE_BUNDLE_UNAVAILABLE -DXcode -default-isolation MainActor -plugin-path /Applications/Xcode-26.3.0.app/Contents/Developer/Toolchains/XcodeDefault.xctoolchain/usr/lib/swift/host/plugins/testing -enable-experimental-feature DebugDescriptionMacro -sdk /Applications/Xcode-26.3.0.app/Contents/Developer/Platforms/WatchOS.platform/Developer/SDKs/WatchOS26.2.sdk -target armv7k-apple-watchos5.0 -g -module-cache-path /Users/admin/builder/spi-builder-workspace/.derivedData/ModuleCache.noindex -Xfrontend -serialize-debugging-options -enable-testing -index-store-path /Users/admin/builder/spi-builder-workspace/.derivedData/Index.noindex/DataStore -Xcc -D_LIBCPP_HARDENING_MODE\=_LIBCPP_HARDENING_MODE_DEBUG -swift-version 6 -I /Users/admin/builder/spi-builder-workspace/.derivedData/Build/Products/Debug-watchos -Isystem /Applications/Xcode-26.3.0.app/Contents/Developer/Platforms/WatchOS.platform/Developer/usr/lib -F /Users/admin/builder/spi-builder-workspace/.derivedData/Build/Products/Debug-watchos -F /Applications/Xcode-26.3.0.app/Contents/Developer/Platforms/WatchOS.platform/Developer/Library/Frameworks -F /Applications/Xcode-26.3.0.app/Contents/Developer/Platforms/WatchOS.platform/Developer/SDKs/WatchOS26.2.sdk/Developer/Library/Frameworks -c -j10 -enable-batch-mode -incremental -Xcc -ivfsstatcache -Xcc /Users/admin/builder/spi-builder-workspace/.derivedData/SDKStatCaches.noindex/watchos26.2-23S303-dc75598d0054f22ec865fa860f139d721753b489057de6bda919edfa1c59a62b.sdkstatcache -output-file-map /Users/admin/builder/spi-builder-workspace/.derivedData/Build/Intermediates.noindex/OpenImmersive.build/Debug-watchos/OpenImmersive.build/Objects-normal/armv7k/OpenImmersive-OutputFileMap.json -use-frontend-parseable-output -save-temps -no-color-diagnostics -explicit-module-build -module-cache-path /Users/admin/builder/spi-builder-workspace/.derivedData/Build/Intermediates.noindex/SwiftExplicitPrecompiledModules -clang-scanner-module-cache-path /Users/admin/builder/spi-builder-workspace/.derivedData/ModuleCache.noindex -sdk-module-cache-path /Users/admin/builder/spi-builder-workspace/.derivedData/ModuleCache.noindex -serialize-diagnostics -emit-dependencies -emit-module -emit-module-path /Users/admin/builder/spi-builder-workspace/.derivedData/Build/Intermediates.noindex/OpenImmersive.build/Debug-watchos/OpenImmersive.build/Objects-normal/armv7k/OpenImmersive.swiftmodule -validate-clang-modules-once -clang-build-session-file /Users/admin/builder/spi-builder-workspace/.derivedData/ModuleCache.noindex/Session.modulevalidation -package-name spi_builder_workspace -Xcc -I/Users/admin/builder/spi-builder-workspace/.derivedData/Build/Intermediates.noindex/OpenImmersive.build/Debug-watchos/OpenImmersive.build/swift-overrides.hmap -emit-const-values -Xfrontend -const-gather-protocols-file -Xfrontend /Users/admin/builder/spi-builder-workspace/.derivedData/Build/Intermediates.noindex/OpenImmersive.build/Debug-watchos/OpenImmersive.build/Objects-normal/armv7k/OpenImmersive_const_extract_protocols.json -Xcc -I/Users/admin/builder/spi-builder-workspace/.derivedData/Build/Products/Debug-watchos/include -Xcc -I/Users/admin/builder/spi-builder-workspace/.derivedData/Build/Intermediates.noindex/OpenImmersive.build/Debug-watchos/OpenImmersive.build/DerivedSources-normal/armv7k -Xcc -I/Users/admin/builder/spi-builder-workspace/.derivedData/Build/Intermediates.noindex/OpenImmersive.build/Debug-watchos/OpenImmersive.build/DerivedSources/armv7k -Xcc -I/Users/admin/builder/spi-builder-workspace/.derivedData/Build/Intermediates.noindex/OpenImmersive.build/Debug-watchos/OpenImmersive.build/DerivedSources -Xcc -DSWIFT_PACKAGE -Xcc -DDEBUG\=1 -emit-objc-header -emit-objc-header-path /Users/admin/builder/spi-builder-workspace/.derivedData/Build/Intermediates.noindex/OpenImmersive.build/Debug-watchos/OpenImmersive.build/Objects-normal/armv7k/OpenImmersive-Swift.h -working-directory /Users/admin/builder/spi-builder-workspace/.swiftpm/xcode -experimental-emit-module-separately -disable-cmo
/Users/admin/builder/spi-builder-workspace/Sources/Controllers/HeadTracker.swift:8:8: error: Unable to find module dependency: 'ARKit'
import ARKit
^ (in target 'OpenImmersive' from project 'OpenImmersive')
/Users/admin/builder/spi-builder-workspace/Sources/Controllers/HeadTracker.swift:8:8: note: A dependency of main module 'OpenImmersive'
import ARKit
^ (in target 'OpenImmersive' from project 'OpenImmersive')
/Users/admin/builder/spi-builder-workspace/Sources/Controllers/HeadTracker.swift:9:8: error: Unable to find module dependency: 'RealityKit'
import RealityKit
^ (in target 'OpenImmersive' from project 'OpenImmersive')
/Users/admin/builder/spi-builder-workspace/Sources/Controllers/HeadTracker.swift:9:8: note: A dependency of main module 'OpenImmersive'
import RealityKit
^ (in target 'OpenImmersive' from project 'OpenImmersive')
/Users/admin/builder/spi-builder-workspace/Sources/Controllers/VideoPlayer.swift:10:8: note: Also imported here
import RealityKit
^ (in target 'OpenImmersive' from project 'OpenImmersive')
/Users/admin/builder/spi-builder-workspace/Sources/Models/VideoScreen.swift:8:8: note: Also imported here
import RealityKit
^ (in target 'OpenImmersive' from project 'OpenImmersive')
/Users/admin/builder/spi-builder-workspace/Sources/Utils/VideoTools.swift:8:8: note: Also imported here
import RealityKit
^ (in target 'OpenImmersive' from project 'OpenImmersive')
/Users/admin/builder/spi-builder-workspace/Sources/Views/ControlPanel.swift:9:8: note: Also imported here
import RealityKit
^ (in target 'OpenImmersive' from project 'OpenImmersive')
/Users/admin/builder/spi-builder-workspace/Sources/Views/ImmersivePlayer.swift:9:8: note: Also imported here
import RealityKit
^ (in target 'OpenImmersive' from project 'OpenImmersive')
SwiftDriver OpenImmersive normal arm64_32 com.apple.xcode.tools.swift.compiler (in target 'OpenImmersive' from project 'OpenImmersive')
cd /Users/admin/builder/spi-builder-workspace/.swiftpm/xcode
builtin-SwiftDriver -- /Applications/Xcode-26.3.0.app/Contents/Developer/Toolchains/XcodeDefault.xctoolchain/usr/bin/swiftc -module-name OpenImmersive -Onone -enforce-exclusivity\=checked @/Users/admin/builder/spi-builder-workspace/.derivedData/Build/Intermediates.noindex/OpenImmersive.build/Debug-watchos/OpenImmersive.build/Objects-normal/arm64_32/OpenImmersive.SwiftFileList -DSWIFT_PACKAGE -DDEBUG -DSWIFT_MODULE_RESOURCE_BUNDLE_UNAVAILABLE -DXcode -default-isolation MainActor -plugin-path /Applications/Xcode-26.3.0.app/Contents/Developer/Toolchains/XcodeDefault.xctoolchain/usr/lib/swift/host/plugins/testing -enable-experimental-feature DebugDescriptionMacro -sdk /Applications/Xcode-26.3.0.app/Contents/Developer/Platforms/WatchOS.platform/Developer/SDKs/WatchOS26.2.sdk -target arm64_32-apple-watchos5.0 -g -module-cache-path /Users/admin/builder/spi-builder-workspace/.derivedData/ModuleCache.noindex -Xfrontend -serialize-debugging-options -enable-testing -index-store-path /Users/admin/builder/spi-builder-workspace/.derivedData/Index.noindex/DataStore -Xcc -D_LIBCPP_HARDENING_MODE\=_LIBCPP_HARDENING_MODE_DEBUG -swift-version 6 -I /Users/admin/builder/spi-builder-workspace/.derivedData/Build/Products/Debug-watchos -Isystem /Applications/Xcode-26.3.0.app/Contents/Developer/Platforms/WatchOS.platform/Developer/usr/lib -F /Users/admin/builder/spi-builder-workspace/.derivedData/Build/Products/Debug-watchos -F /Applications/Xcode-26.3.0.app/Contents/Developer/Platforms/WatchOS.platform/Developer/Library/Frameworks -F /Applications/Xcode-26.3.0.app/Contents/Developer/Platforms/WatchOS.platform/Developer/SDKs/WatchOS26.2.sdk/Developer/Library/Frameworks -c -j10 -enable-batch-mode -incremental -Xcc -ivfsstatcache -Xcc /Users/admin/builder/spi-builder-workspace/.derivedData/SDKStatCaches.noindex/watchos26.2-23S303-dc75598d0054f22ec865fa860f139d721753b489057de6bda919edfa1c59a62b.sdkstatcache -output-file-map /Users/admin/builder/spi-builder-workspace/.derivedData/Build/Intermediates.noindex/OpenImmersive.build/Debug-watchos/OpenImmersive.build/Objects-normal/arm64_32/OpenImmersive-OutputFileMap.json -use-frontend-parseable-output -save-temps -no-color-diagnostics -explicit-module-build -module-cache-path /Users/admin/builder/spi-builder-workspace/.derivedData/Build/Intermediates.noindex/SwiftExplicitPrecompiledModules -clang-scanner-module-cache-path /Users/admin/builder/spi-builder-workspace/.derivedData/ModuleCache.noindex -sdk-module-cache-path /Users/admin/builder/spi-builder-workspace/.derivedData/ModuleCache.noindex -serialize-diagnostics -emit-dependencies -emit-module -emit-module-path /Users/admin/builder/spi-builder-workspace/.derivedData/Build/Intermediates.noindex/OpenImmersive.build/Debug-watchos/OpenImmersive.build/Objects-normal/arm64_32/OpenImmersive.swiftmodule -validate-clang-modules-once -clang-build-session-file /Users/admin/builder/spi-builder-workspace/.derivedData/ModuleCache.noindex/Session.modulevalidation -package-name spi_builder_workspace -Xcc -I/Users/admin/builder/spi-builder-workspace/.derivedData/Build/Intermediates.noindex/OpenImmersive.build/Debug-watchos/OpenImmersive.build/swift-overrides.hmap -emit-const-values -Xfrontend -const-gather-protocols-file -Xfrontend /Users/admin/builder/spi-builder-workspace/.derivedData/Build/Intermediates.noindex/OpenImmersive.build/Debug-watchos/OpenImmersive.build/Objects-normal/arm64_32/OpenImmersive_const_extract_protocols.json -Xcc -I/Users/admin/builder/spi-builder-workspace/.derivedData/Build/Products/Debug-watchos/include -Xcc -I/Users/admin/builder/spi-builder-workspace/.derivedData/Build/Intermediates.noindex/OpenImmersive.build/Debug-watchos/OpenImmersive.build/DerivedSources-normal/arm64_32 -Xcc -I/Users/admin/builder/spi-builder-workspace/.derivedData/Build/Intermediates.noindex/OpenImmersive.build/Debug-watchos/OpenImmersive.build/DerivedSources/arm64_32 -Xcc -I/Users/admin/builder/spi-builder-workspace/.derivedData/Build/Intermediates.noindex/OpenImmersive.build/Debug-watchos/OpenImmersive.build/DerivedSources -Xcc -DSWIFT_PACKAGE -Xcc -DDEBUG\=1 -emit-objc-header -emit-objc-header-path /Users/admin/builder/spi-builder-workspace/.derivedData/Build/Intermediates.noindex/OpenImmersive.build/Debug-watchos/OpenImmersive.build/Objects-normal/arm64_32/OpenImmersive-Swift.h -working-directory /Users/admin/builder/spi-builder-workspace/.swiftpm/xcode -experimental-emit-module-separately -disable-cmo
/Users/admin/builder/spi-builder-workspace/Sources/Controllers/HeadTracker.swift:8:8: error: Unable to find module dependency: 'ARKit'
import ARKit
^ (in target 'OpenImmersive' from project 'OpenImmersive')
/Users/admin/builder/spi-builder-workspace/Sources/Controllers/HeadTracker.swift:8:8: note: A dependency of main module 'OpenImmersive'
import ARKit
^ (in target 'OpenImmersive' from project 'OpenImmersive')
/Users/admin/builder/spi-builder-workspace/Sources/Controllers/HeadTracker.swift:9:8: error: Unable to find module dependency: 'RealityKit'
import RealityKit
^ (in target 'OpenImmersive' from project 'OpenImmersive')
/Users/admin/builder/spi-builder-workspace/Sources/Controllers/HeadTracker.swift:9:8: note: A dependency of main module 'OpenImmersive'
import RealityKit
^ (in target 'OpenImmersive' from project 'OpenImmersive')
/Users/admin/builder/spi-builder-workspace/Sources/Controllers/VideoPlayer.swift:10:8: note: Also imported here
import RealityKit
^ (in target 'OpenImmersive' from project 'OpenImmersive')
/Users/admin/builder/spi-builder-workspace/Sources/Models/VideoScreen.swift:8:8: note: Also imported here
import RealityKit
^ (in target 'OpenImmersive' from project 'OpenImmersive')
/Users/admin/builder/spi-builder-workspace/Sources/Utils/VideoTools.swift:8:8: note: Also imported here
import RealityKit
^ (in target 'OpenImmersive' from project 'OpenImmersive')
/Users/admin/builder/spi-builder-workspace/Sources/Views/ControlPanel.swift:9:8: note: Also imported here
import RealityKit
^ (in target 'OpenImmersive' from project 'OpenImmersive')
/Users/admin/builder/spi-builder-workspace/Sources/Views/ImmersivePlayer.swift:9:8: note: Also imported here
import RealityKit
^ (in target 'OpenImmersive' from project 'OpenImmersive')
SwiftDriver OpenImmersive normal arm64 com.apple.xcode.tools.swift.compiler (in target 'OpenImmersive' from project 'OpenImmersive')
cd /Users/admin/builder/spi-builder-workspace/.swiftpm/xcode
builtin-SwiftDriver -- /Applications/Xcode-26.3.0.app/Contents/Developer/Toolchains/XcodeDefault.xctoolchain/usr/bin/swiftc -module-name OpenImmersive -Onone -enforce-exclusivity\=checked @/Users/admin/builder/spi-builder-workspace/.derivedData/Build/Intermediates.noindex/OpenImmersive.build/Debug-watchos/OpenImmersive.build/Objects-normal/arm64/OpenImmersive.SwiftFileList -DSWIFT_PACKAGE -DDEBUG -DSWIFT_MODULE_RESOURCE_BUNDLE_UNAVAILABLE -DXcode -default-isolation MainActor -plugin-path /Applications/Xcode-26.3.0.app/Contents/Developer/Toolchains/XcodeDefault.xctoolchain/usr/lib/swift/host/plugins/testing -enable-experimental-feature DebugDescriptionMacro -sdk /Applications/Xcode-26.3.0.app/Contents/Developer/Platforms/WatchOS.platform/Developer/SDKs/WatchOS26.2.sdk -target arm64-apple-watchos5.0 -g -module-cache-path /Users/admin/builder/spi-builder-workspace/.derivedData/ModuleCache.noindex -Xfrontend -serialize-debugging-options -enable-testing -index-store-path /Users/admin/builder/spi-builder-workspace/.derivedData/Index.noindex/DataStore -Xcc -D_LIBCPP_HARDENING_MODE\=_LIBCPP_HARDENING_MODE_DEBUG -swift-version 6 -I /Users/admin/builder/spi-builder-workspace/.derivedData/Build/Products/Debug-watchos -Isystem /Applications/Xcode-26.3.0.app/Contents/Developer/Platforms/WatchOS.platform/Developer/usr/lib -F /Users/admin/builder/spi-builder-workspace/.derivedData/Build/Products/Debug-watchos -F /Applications/Xcode-26.3.0.app/Contents/Developer/Platforms/WatchOS.platform/Developer/Library/Frameworks -F /Applications/Xcode-26.3.0.app/Contents/Developer/Platforms/WatchOS.platform/Developer/SDKs/WatchOS26.2.sdk/Developer/Library/Frameworks -c -j10 -enable-batch-mode -incremental -Xcc -ivfsstatcache -Xcc /Users/admin/builder/spi-builder-workspace/.derivedData/SDKStatCaches.noindex/watchos26.2-23S303-dc75598d0054f22ec865fa860f139d721753b489057de6bda919edfa1c59a62b.sdkstatcache -output-file-map /Users/admin/builder/spi-builder-workspace/.derivedData/Build/Intermediates.noindex/OpenImmersive.build/Debug-watchos/OpenImmersive.build/Objects-normal/arm64/OpenImmersive-OutputFileMap.json -use-frontend-parseable-output -save-temps -no-color-diagnostics -explicit-module-build -module-cache-path /Users/admin/builder/spi-builder-workspace/.derivedData/Build/Intermediates.noindex/SwiftExplicitPrecompiledModules -clang-scanner-module-cache-path /Users/admin/builder/spi-builder-workspace/.derivedData/ModuleCache.noindex -sdk-module-cache-path /Users/admin/builder/spi-builder-workspace/.derivedData/ModuleCache.noindex -serialize-diagnostics -emit-dependencies -emit-module -emit-module-path /Users/admin/builder/spi-builder-workspace/.derivedData/Build/Intermediates.noindex/OpenImmersive.build/Debug-watchos/OpenImmersive.build/Objects-normal/arm64/OpenImmersive.swiftmodule -validate-clang-modules-once -clang-build-session-file /Users/admin/builder/spi-builder-workspace/.derivedData/ModuleCache.noindex/Session.modulevalidation -package-name spi_builder_workspace -Xcc -I/Users/admin/builder/spi-builder-workspace/.derivedData/Build/Intermediates.noindex/OpenImmersive.build/Debug-watchos/OpenImmersive.build/swift-overrides.hmap -emit-const-values -Xfrontend -const-gather-protocols-file -Xfrontend /Users/admin/builder/spi-builder-workspace/.derivedData/Build/Intermediates.noindex/OpenImmersive.build/Debug-watchos/OpenImmersive.build/Objects-normal/arm64/OpenImmersive_const_extract_protocols.json -Xcc -I/Users/admin/builder/spi-builder-workspace/.derivedData/Build/Products/Debug-watchos/include -Xcc -I/Users/admin/builder/spi-builder-workspace/.derivedData/Build/Intermediates.noindex/OpenImmersive.build/Debug-watchos/OpenImmersive.build/DerivedSources-normal/arm64 -Xcc -I/Users/admin/builder/spi-builder-workspace/.derivedData/Build/Intermediates.noindex/OpenImmersive.build/Debug-watchos/OpenImmersive.build/DerivedSources/arm64 -Xcc -I/Users/admin/builder/spi-builder-workspace/.derivedData/Build/Intermediates.noindex/OpenImmersive.build/Debug-watchos/OpenImmersive.build/DerivedSources -Xcc -DSWIFT_PACKAGE -Xcc -DDEBUG\=1 -emit-objc-header -emit-objc-header-path /Users/admin/builder/spi-builder-workspace/.derivedData/Build/Intermediates.noindex/OpenImmersive.build/Debug-watchos/OpenImmersive.build/Objects-normal/arm64/OpenImmersive-Swift.h -working-directory /Users/admin/builder/spi-builder-workspace/.swiftpm/xcode -experimental-emit-module-separately -disable-cmo
/Users/admin/builder/spi-builder-workspace/Sources/Controllers/HeadTracker.swift:8:8: error: Unable to find module dependency: 'ARKit'
import ARKit
^ (in target 'OpenImmersive' from project 'OpenImmersive')
/Users/admin/builder/spi-builder-workspace/Sources/Controllers/HeadTracker.swift:8:8: note: A dependency of main module 'OpenImmersive'
import ARKit
^ (in target 'OpenImmersive' from project 'OpenImmersive')
/Users/admin/builder/spi-builder-workspace/Sources/Controllers/HeadTracker.swift:9:8: error: Unable to find module dependency: 'RealityKit'
import RealityKit
^ (in target 'OpenImmersive' from project 'OpenImmersive')
/Users/admin/builder/spi-builder-workspace/Sources/Controllers/HeadTracker.swift:9:8: note: A dependency of main module 'OpenImmersive'
import RealityKit
^ (in target 'OpenImmersive' from project 'OpenImmersive')
/Users/admin/builder/spi-builder-workspace/Sources/Controllers/VideoPlayer.swift:10:8: note: Also imported here
import RealityKit
^ (in target 'OpenImmersive' from project 'OpenImmersive')
/Users/admin/builder/spi-builder-workspace/Sources/Models/VideoScreen.swift:8:8: note: Also imported here
import RealityKit
^ (in target 'OpenImmersive' from project 'OpenImmersive')
/Users/admin/builder/spi-builder-workspace/Sources/Utils/VideoTools.swift:8:8: note: Also imported here
import RealityKit
^ (in target 'OpenImmersive' from project 'OpenImmersive')
/Users/admin/builder/spi-builder-workspace/Sources/Views/ControlPanel.swift:9:8: note: Also imported here
import RealityKit
^ (in target 'OpenImmersive' from project 'OpenImmersive')
/Users/admin/builder/spi-builder-workspace/Sources/Views/ImmersivePlayer.swift:9:8: note: Also imported here
import RealityKit
^ (in target 'OpenImmersive' from project 'OpenImmersive')
2026-10-09 02:22:27.811 xcodebuild[676:4246] [MT] IDERunDestination: Supported platforms for the buildables in the current scheme is empty.
/Users/admin/builder/spi-builder-workspace/Sources/Controllers/HeadTracker.swift:8:8: error: Unable to find module dependency: 'ARKit'
import ARKit
^
/Users/admin/builder/spi-builder-workspace/Sources/Controllers/HeadTracker.swift:8:8: note: a dependency of main module 'OpenImmersive'
import ARKit
^
/Users/admin/builder/spi-builder-workspace/Sources/Controllers/HeadTracker.swift:9:8: error: Unable to find module dependency: 'RealityKit'
import RealityKit
^
/Users/admin/builder/spi-builder-workspace/Sources/Controllers/HeadTracker.swift:9:8: note: a dependency of main module 'OpenImmersive'
import RealityKit
^
/Users/admin/builder/spi-builder-workspace/Sources/Controllers/VideoPlayer.swift:10:8: note: also imported here
import RealityKit
^
/Users/admin/builder/spi-builder-workspace/Sources/Models/VideoScreen.swift:8:8: note: also imported here
import RealityKit
^
/Users/admin/builder/spi-builder-workspace/Sources/Controllers/HeadTracker.swift:8:8: error: Unable to find module dependency: 'ARKit'
import ARKit
^
/Users/admin/builder/spi-builder-workspace/Sources/Utils/VideoTools.swift:8:8: note: also imported here
import RealityKit
^
/Users/admin/builder/spi-builder-workspace/Sources/Controllers/HeadTracker.swift:8:8: note: a dependency of main module 'OpenImmersive'
import ARKit
^
/Users/admin/builder/spi-builder-workspace/Sources/Views/ControlPanel.swift:9:8: note: also imported here
import RealityKit
^
/Users/admin/builder/spi-builder-workspace/Sources/Controllers/HeadTracker.swift:9:8: error: Unable to find module dependency: 'RealityKit'
import RealityKit
^
/Users/admin/builder/spi-builder-workspace/Sources/Views/ImmersivePlayer.swift:9:8: note: also imported here
import RealityKit
^
/Users/admin/builder/spi-builder-workspace/Sources/Controllers/HeadTracker.swift:9:8: note: a dependency of main module 'OpenImmersive'
import RealityKit
^
/Users/admin/builder/spi-builder-workspace/Sources/Controllers/HeadTracker.swift:8:8: error: Unable to find module dependency: 'ARKit'
import ARKit
^
/Users/admin/builder/spi-builder-workspace/Sources/Controllers/VideoPlayer.swift:10:8: note: also imported here
import RealityKit
^
/Users/admin/builder/spi-builder-workspace/Sources/Controllers/HeadTracker.swift:8:8: note: a dependency of main module 'OpenImmersive'
import ARKit
^
/Users/admin/builder/spi-builder-workspace/Sources/Models/VideoScreen.swift:8:8: note: also imported here
import RealityKit
^
/Users/admin/builder/spi-builder-workspace/Sources/Controllers/HeadTracker.swift:9:8: error: Unable to find module dependency: 'RealityKit'
import RealityKit
^
/Users/admin/builder/spi-builder-workspace/Sources/Utils/VideoTools.swift:8:8: note: also imported here
import RealityKit
^
/Users/admin/builder/spi-builder-workspace/Sources/Controllers/HeadTracker.swift:9:8: note: a dependency of main module 'OpenImmersive'
import RealityKit
^
/Users/admin/builder/spi-builder-workspace/Sources/Views/ControlPanel.swift:9:8: note: also imported here
import RealityKit
^
/Users/admin/builder/spi-builder-workspace/Sources/Controllers/VideoPlayer.swift:10:8: note: also imported here
import RealityKit
^
/Users/admin/builder/spi-builder-workspace/Sources/Views/ImmersivePlayer.swift:9:8: note: also imported here
import RealityKit
^
/Users/admin/builder/spi-builder-workspace/Sources/Models/VideoScreen.swift:8:8: note: also imported here
import RealityKit
^
/Users/admin/builder/spi-builder-workspace/Sources/Utils/VideoTools.swift:8:8: note: also imported here
import RealityKit
^
/Users/admin/builder/spi-builder-workspace/Sources/Views/ControlPanel.swift:9:8: note: also imported here
import RealityKit
^
/Users/admin/builder/spi-builder-workspace/Sources/Views/ImmersivePlayer.swift:9:8: note: also imported here
import RealityKit
^
** BUILD FAILED **
The following build commands failed:
SwiftDriver OpenImmersive normal armv7k com.apple.xcode.tools.swift.compiler (in target 'OpenImmersive' from project 'OpenImmersive')
SwiftDriver OpenImmersive normal arm64_32 com.apple.xcode.tools.swift.compiler (in target 'OpenImmersive' from project 'OpenImmersive')
SwiftDriver OpenImmersive normal arm64 com.apple.xcode.tools.swift.compiler (in target 'OpenImmersive' from project 'OpenImmersive')
Building workspace spi-builder-workspace with scheme OpenImmersive
(4 failures)
Command line invocation:
/Applications/Xcode-26.3.0.app/Contents/Developer/usr/bin/xcodebuild -IDEClonedSourcePackagesDirPathOverride=/Users/admin/builder/spi-builder-workspace/.dependencies -resolvePackageDependencies
Resolve Package Graph
Resolved source packages:
OpenImmersive: /Users/admin/builder/spi-builder-workspace
resolved source packages: OpenImmersive
2026-10-09 02:22:32.744 xcodebuild[692:4591] [MT] IDERunDestination: Supported platforms for the buildables in the current scheme is empty.
{
"dependencies" : [
],
"manifest_display_name" : "OpenImmersive",
"name" : "OpenImmersive",
"path" : "/Users/admin/builder/spi-builder-workspace",
"platforms" : [
{
"name" : "visionos",
"version" : "26.0"
}
],
"products" : [
{
"name" : "OpenImmersiveLib",
"targets" : [
"OpenImmersive"
],
"type" : {
"library" : [
"automatic"
]
}
}
],
"targets" : [
{
"c99name" : "OpenImmersive",
"module_type" : "SwiftTarget",
"name" : "OpenImmersive",
"path" : "Sources",
"product_memberships" : [
"OpenImmersiveLib"
],
"sources" : [
"Controllers/HeadTracker.swift",
"Controllers/VideoPlayer.swift",
"Extensions/AVMetadataIdentifier+Codable.swift",
"Models/AudioOption.swift",
"Models/BitrateRung.swift",
"Models/SpatialVideoTransferable.swift",
"Models/VideoItem.swift",
"Models/VideoScreen.swift",
"Utils/APMPInjector.swift",
"Utils/Closures.swift",
"Utils/Config.swift",
"Utils/PlaylistLoaderDelegate.swift",
"Utils/PlaylistReader.swift",
"Utils/PlaylistWriter.swift",
"Utils/VideoTools.swift",
"Views/ControlPanel.swift",
"Views/DropTarget.swift",
"Views/FilePicker.swift",
"Views/GalleryVideoPicker.swift",
"Views/ImmersivePlayer.swift",
"Views/StreamUrlInput.swift"
],
"type" : "library"
}
],
"tools_version" : "6.2"
}
{
"workspace" : {
"name" : "spi-builder-workspace",
"schemes" : [
"OpenImmersive"
]
}
}
2026-10-09 02:22:33.840 xcodebuild[700:4663] [MT] IDERunDestination: Supported platforms for the buildables in the current scheme is empty.
Running build ...
env DEVELOPER_DIR=/Applications/Xcode-26.3.0.app xcrun xcodebuild -IDEClonedSourcePackagesDirPathOverride=$PWD/.dependencies -skipMacroValidation -skipPackagePluginValidation -derivedDataPath $PWD/.derivedData build -scheme OpenImmersive -destination generic/platform=watchOS
Command line invocation:
/Applications/Xcode-26.3.0.app/Contents/Developer/usr/bin/xcodebuild -IDEClonedSourcePackagesDirPathOverride=/Users/admin/builder/spi-builder-workspace/.dependencies -skipMacroValidation -skipPackagePluginValidation -derivedDataPath /Users/admin/builder/spi-builder-workspace/.derivedData build -scheme OpenImmersive -destination generic/platform=watchOS
Resolve Package Graph
Resolved source packages:
OpenImmersive: /Users/admin/builder/spi-builder-workspace
ComputePackagePrebuildTargetDependencyGraph
Prepare packages
CreateBuildRequest
SendProjectDescription
CreateBuildOperation
ComputeTargetDependencyGraph
note: Building targets in dependency order
note: Target dependency graph (2 targets)
Target 'OpenImmersiveLib' in project 'OpenImmersive'
➜ Explicit dependency on target 'OpenImmersive' in project 'OpenImmersive'
Target 'OpenImmersive' in project 'OpenImmersive' (no dependencies)
GatherProvisioningInputs
CreateBuildDescription
ClangStatCache /Applications/Xcode-26.3.0.app/Contents/Developer/Toolchains/XcodeDefault.xctoolchain/usr/bin/clang-stat-cache /Applications/Xcode-26.3.0.app/Contents/Developer/Platforms/WatchOS.platform/Developer/SDKs/WatchOS26.2.sdk /Users/admin/builder/spi-builder-workspace/.derivedData/SDKStatCaches.noindex/watchos26.2-23S303-dc75598d0054f22ec865fa860f139d721753b489057de6bda919edfa1c59a62b.sdkstatcache
cd /Users/admin/builder/spi-builder-workspace/.swiftpm/xcode
/Applications/Xcode-26.3.0.app/Contents/Developer/Toolchains/XcodeDefault.xctoolchain/usr/bin/clang-stat-cache /Applications/Xcode-26.3.0.app/Contents/Developer/Platforms/WatchOS.platform/Developer/SDKs/WatchOS26.2.sdk -o /Users/admin/builder/spi-builder-workspace/.derivedData/SDKStatCaches.noindex/watchos26.2-23S303-dc75598d0054f22ec865fa860f139d721753b489057de6bda919edfa1c59a62b.sdkstatcache
SwiftDriver OpenImmersive normal arm64_32 com.apple.xcode.tools.swift.compiler (in target 'OpenImmersive' from project 'OpenImmersive')
cd /Users/admin/builder/spi-builder-workspace/.swiftpm/xcode
builtin-SwiftDriver -- /Applications/Xcode-26.3.0.app/Contents/Developer/Toolchains/XcodeDefault.xctoolchain/usr/bin/swiftc -module-name OpenImmersive -Onone -enforce-exclusivity\=checked @/Users/admin/builder/spi-builder-workspace/.derivedData/Build/Intermediates.noindex/OpenImmersive.build/Debug-watchos/OpenImmersive.build/Objects-normal/arm64_32/OpenImmersive.SwiftFileList -DSWIFT_PACKAGE -DDEBUG -DSWIFT_MODULE_RESOURCE_BUNDLE_UNAVAILABLE -DXcode -default-isolation MainActor -plugin-path /Applications/Xcode-26.3.0.app/Contents/Developer/Toolchains/XcodeDefault.xctoolchain/usr/lib/swift/host/plugins/testing -enable-experimental-feature DebugDescriptionMacro -sdk /Applications/Xcode-26.3.0.app/Contents/Developer/Platforms/WatchOS.platform/Developer/SDKs/WatchOS26.2.sdk -target arm64_32-apple-watchos5.0 -g -module-cache-path /Users/admin/builder/spi-builder-workspace/.derivedData/ModuleCache.noindex -Xfrontend -serialize-debugging-options -enable-testing -index-store-path /Users/admin/builder/spi-builder-workspace/.derivedData/Index.noindex/DataStore -Xcc -D_LIBCPP_HARDENING_MODE\=_LIBCPP_HARDENING_MODE_DEBUG -swift-version 6 -I /Users/admin/builder/spi-builder-workspace/.derivedData/Build/Products/Debug-watchos -Isystem /Applications/Xcode-26.3.0.app/Contents/Developer/Platforms/WatchOS.platform/Developer/usr/lib -F /Users/admin/builder/spi-builder-workspace/.derivedData/Build/Products/Debug-watchos -F /Applications/Xcode-26.3.0.app/Contents/Developer/Platforms/WatchOS.platform/Developer/Library/Frameworks -F /Applications/Xcode-26.3.0.app/Contents/Developer/Platforms/WatchOS.platform/Developer/SDKs/WatchOS26.2.sdk/Developer/Library/Frameworks -c -j10 -enable-batch-mode -incremental -Xcc -ivfsstatcache -Xcc /Users/admin/builder/spi-builder-workspace/.derivedData/SDKStatCaches.noindex/watchos26.2-23S303-dc75598d0054f22ec865fa860f139d721753b489057de6bda919edfa1c59a62b.sdkstatcache -output-file-map /Users/admin/builder/spi-builder-workspace/.derivedData/Build/Intermediates.noindex/OpenImmersive.build/Debug-watchos/OpenImmersive.build/Objects-normal/arm64_32/OpenImmersive-OutputFileMap.json -use-frontend-parseable-output -save-temps -no-color-diagnostics -explicit-module-build -module-cache-path /Users/admin/builder/spi-builder-workspace/.derivedData/Build/Intermediates.noindex/SwiftExplicitPrecompiledModules -clang-scanner-module-cache-path /Users/admin/builder/spi-builder-workspace/.derivedData/ModuleCache.noindex -sdk-module-cache-path /Users/admin/builder/spi-builder-workspace/.derivedData/ModuleCache.noindex -serialize-diagnostics -emit-dependencies -emit-module -emit-module-path /Users/admin/builder/spi-builder-workspace/.derivedData/Build/Intermediates.noindex/OpenImmersive.build/Debug-watchos/OpenImmersive.build/Objects-normal/arm64_32/OpenImmersive.swiftmodule -validate-clang-modules-once -clang-build-session-file /Users/admin/builder/spi-builder-workspace/.derivedData/ModuleCache.noindex/Session.modulevalidation -package-name spi_builder_workspace -Xcc -I/Users/admin/builder/spi-builder-workspace/.derivedData/Build/Intermediates.noindex/OpenImmersive.build/Debug-watchos/OpenImmersive.build/swift-overrides.hmap -emit-const-values -Xfrontend -const-gather-protocols-file -Xfrontend /Users/admin/builder/spi-builder-workspace/.derivedData/Build/Intermediates.noindex/OpenImmersive.build/Debug-watchos/OpenImmersive.build/Objects-normal/arm64_32/OpenImmersive_const_extract_protocols.json -Xcc -I/Users/admin/builder/spi-builder-workspace/.derivedData/Build/Products/Debug-watchos/include -Xcc -I/Users/admin/builder/spi-builder-workspace/.derivedData/Build/Intermediates.noindex/OpenImmersive.build/Debug-watchos/OpenImmersive.build/DerivedSources-normal/arm64_32 -Xcc -I/Users/admin/builder/spi-builder-workspace/.derivedData/Build/Intermediates.noindex/OpenImmersive.build/Debug-watchos/OpenImmersive.build/DerivedSources/arm64_32 -Xcc -I/Users/admin/builder/spi-builder-workspace/.derivedData/Build/Intermediates.noindex/OpenImmersive.build/Debug-watchos/OpenImmersive.build/DerivedSources -Xcc -DSWIFT_PACKAGE -Xcc -DDEBUG\=1 -emit-objc-header -emit-objc-header-path /Users/admin/builder/spi-builder-workspace/.derivedData/Build/Intermediates.noindex/OpenImmersive.build/Debug-watchos/OpenImmersive.build/Objects-normal/arm64_32/OpenImmersive-Swift.h -working-directory /Users/admin/builder/spi-builder-workspace/.swiftpm/xcode -experimental-emit-module-separately -disable-cmo
/Users/admin/builder/spi-builder-workspace/Sources/Controllers/HeadTracker.swift:8:8: error: Unable to find module dependency: 'ARKit'
import ARKit
^ (in target 'OpenImmersive' from project 'OpenImmersive')
/Users/admin/builder/spi-builder-workspace/Sources/Controllers/HeadTracker.swift:8:8: note: A dependency of main module 'OpenImmersive'
import ARKit
^ (in target 'OpenImmersive' from project 'OpenImmersive')
/Users/admin/builder/spi-builder-workspace/Sources/Controllers/HeadTracker.swift:9:8: error: Unable to find module dependency: 'RealityKit'
import RealityKit
^ (in target 'OpenImmersive' from project 'OpenImmersive')
/Users/admin/builder/spi-builder-workspace/Sources/Controllers/HeadTracker.swift:9:8: note: A dependency of main module 'OpenImmersive'
import RealityKit
^ (in target 'OpenImmersive' from project 'OpenImmersive')
/Users/admin/builder/spi-builder-workspace/Sources/Controllers/VideoPlayer.swift:10:8: note: Also imported here
import RealityKit
^ (in target 'OpenImmersive' from project 'OpenImmersive')
/Users/admin/builder/spi-builder-workspace/Sources/Models/VideoScreen.swift:8:8: note: Also imported here
import RealityKit
^ (in target 'OpenImmersive' from project 'OpenImmersive')
/Users/admin/builder/spi-builder-workspace/Sources/Utils/VideoTools.swift:8:8: note: Also imported here
import RealityKit
^ (in target 'OpenImmersive' from project 'OpenImmersive')
/Users/admin/builder/spi-builder-workspace/Sources/Views/ControlPanel.swift:9:8: note: Also imported here
import RealityKit
^ (in target 'OpenImmersive' from project 'OpenImmersive')
/Users/admin/builder/spi-builder-workspace/Sources/Views/ImmersivePlayer.swift:9:8: note: Also imported here
import RealityKit
^ (in target 'OpenImmersive' from project 'OpenImmersive')
SwiftDriver OpenImmersive normal armv7k com.apple.xcode.tools.swift.compiler (in target 'OpenImmersive' from project 'OpenImmersive')
cd /Users/admin/builder/spi-builder-workspace/.swiftpm/xcode
builtin-SwiftDriver -- /Applications/Xcode-26.3.0.app/Contents/Developer/Toolchains/XcodeDefault.xctoolchain/usr/bin/swiftc -module-name OpenImmersive -Onone -enforce-exclusivity\=checked @/Users/admin/builder/spi-builder-workspace/.derivedData/Build/Intermediates.noindex/OpenImmersive.build/Debug-watchos/OpenImmersive.build/Objects-normal/armv7k/OpenImmersive.SwiftFileList -DSWIFT_PACKAGE -DDEBUG -DSWIFT_MODULE_RESOURCE_BUNDLE_UNAVAILABLE -DXcode -default-isolation MainActor -plugin-path /Applications/Xcode-26.3.0.app/Contents/Developer/Toolchains/XcodeDefault.xctoolchain/usr/lib/swift/host/plugins/testing -enable-experimental-feature DebugDescriptionMacro -sdk /Applications/Xcode-26.3.0.app/Contents/Developer/Platforms/WatchOS.platform/Developer/SDKs/WatchOS26.2.sdk -target armv7k-apple-watchos5.0 -g -module-cache-path /Users/admin/builder/spi-builder-workspace/.derivedData/ModuleCache.noindex -Xfrontend -serialize-debugging-options -enable-testing -index-store-path /Users/admin/builder/spi-builder-workspace/.derivedData/Index.noindex/DataStore -Xcc -D_LIBCPP_HARDENING_MODE\=_LIBCPP_HARDENING_MODE_DEBUG -swift-version 6 -I /Users/admin/builder/spi-builder-workspace/.derivedData/Build/Products/Debug-watchos -Isystem /Applications/Xcode-26.3.0.app/Contents/Developer/Platforms/WatchOS.platform/Developer/usr/lib -F /Users/admin/builder/spi-builder-workspace/.derivedData/Build/Products/Debug-watchos -F /Applications/Xcode-26.3.0.app/Contents/Developer/Platforms/WatchOS.platform/Developer/Library/Frameworks -F /Applications/Xcode-26.3.0.app/Contents/Developer/Platforms/WatchOS.platform/Developer/SDKs/WatchOS26.2.sdk/Developer/Library/Frameworks -c -j10 -enable-batch-mode -incremental -Xcc -ivfsstatcache -Xcc /Users/admin/builder/spi-builder-workspace/.derivedData/SDKStatCaches.noindex/watchos26.2-23S303-dc75598d0054f22ec865fa860f139d721753b489057de6bda919edfa1c59a62b.sdkstatcache -output-file-map /Users/admin/builder/spi-builder-workspace/.derivedData/Build/Intermediates.noindex/OpenImmersive.build/Debug-watchos/OpenImmersive.build/Objects-normal/armv7k/OpenImmersive-OutputFileMap.json -use-frontend-parseable-output -save-temps -no-color-diagnostics -explicit-module-build -module-cache-path /Users/admin/builder/spi-builder-workspace/.derivedData/Build/Intermediates.noindex/SwiftExplicitPrecompiledModules -clang-scanner-module-cache-path /Users/admin/builder/spi-builder-workspace/.derivedData/ModuleCache.noindex -sdk-module-cache-path /Users/admin/builder/spi-builder-workspace/.derivedData/ModuleCache.noindex -serialize-diagnostics -emit-dependencies -emit-module -emit-module-path /Users/admin/builder/spi-builder-workspace/.derivedData/Build/Intermediates.noindex/OpenImmersive.build/Debug-watchos/OpenImmersive.build/Objects-normal/armv7k/OpenImmersive.swiftmodule -validate-clang-modules-once -clang-build-session-file /Users/admin/builder/spi-builder-workspace/.derivedData/ModuleCache.noindex/Session.modulevalidation -package-name spi_builder_workspace -Xcc -I/Users/admin/builder/spi-builder-workspace/.derivedData/Build/Intermediates.noindex/OpenImmersive.build/Debug-watchos/OpenImmersive.build/swift-overrides.hmap -emit-const-values -Xfrontend -const-gather-protocols-file -Xfrontend /Users/admin/builder/spi-builder-workspace/.derivedData/Build/Intermediates.noindex/OpenImmersive.build/Debug-watchos/OpenImmersive.build/Objects-normal/armv7k/OpenImmersive_const_extract_protocols.json -Xcc -I/Users/admin/builder/spi-builder-workspace/.derivedData/Build/Products/Debug-watchos/include -Xcc -I/Users/admin/builder/spi-builder-workspace/.derivedData/Build/Intermediates.noindex/OpenImmersive.build/Debug-watchos/OpenImmersive.build/DerivedSources-normal/armv7k -Xcc -I/Users/admin/builder/spi-builder-workspace/.derivedData/Build/Intermediates.noindex/OpenImmersive.build/Debug-watchos/OpenImmersive.build/DerivedSources/armv7k -Xcc -I/Users/admin/builder/spi-builder-workspace/.derivedData/Build/Intermediates.noindex/OpenImmersive.build/Debug-watchos/OpenImmersive.build/DerivedSources -Xcc -DSWIFT_PACKAGE -Xcc -DDEBUG\=1 -emit-objc-header -emit-objc-header-path /Users/admin/builder/spi-builder-workspace/.derivedData/Build/Intermediates.noindex/OpenImmersive.build/Debug-watchos/OpenImmersive.build/Objects-normal/armv7k/OpenImmersive-Swift.h -working-directory /Users/admin/builder/spi-builder-workspace/.swiftpm/xcode -experimental-emit-module-separately -disable-cmo
/Users/admin/builder/spi-builder-workspace/Sources/Controllers/HeadTracker.swift:8:8: error: Unable to find module dependency: 'ARKit'
import ARKit
^ (in target 'OpenImmersive' from project 'OpenImmersive')
/Users/admin/builder/spi-builder-workspace/Sources/Controllers/HeadTracker.swift:8:8: note: A dependency of main module 'OpenImmersive'
import ARKit
^ (in target 'OpenImmersive' from project 'OpenImmersive')
/Users/admin/builder/spi-builder-workspace/Sources/Controllers/HeadTracker.swift:9:8: error: Unable to find module dependency: 'RealityKit'
import RealityKit
^ (in target 'OpenImmersive' from project 'OpenImmersive')
/Users/admin/builder/spi-builder-workspace/Sources/Controllers/HeadTracker.swift:9:8: note: A dependency of main module 'OpenImmersive'
import RealityKit
^ (in target 'OpenImmersive' from project 'OpenImmersive')
/Users/admin/builder/spi-builder-workspace/Sources/Controllers/VideoPlayer.swift:10:8: note: Also imported here
import RealityKit
^ (in target 'OpenImmersive' from project 'OpenImmersive')
/Users/admin/builder/spi-builder-workspace/Sources/Models/VideoScreen.swift:8:8: note: Also imported here
import RealityKit
^ (in target 'OpenImmersive' from project 'OpenImmersive')
/Users/admin/builder/spi-builder-workspace/Sources/Utils/VideoTools.swift:8:8: note: Also imported here
import RealityKit
^ (in target 'OpenImmersive' from project 'OpenImmersive')
/Users/admin/builder/spi-builder-workspace/Sources/Views/ControlPanel.swift:9:8: note: Also imported here
import RealityKit
^ (in target 'OpenImmersive' from project 'OpenImmersive')
/Users/admin/builder/spi-builder-workspace/Sources/Views/ImmersivePlayer.swift:9:8: note: Also imported here
import RealityKit
^ (in target 'OpenImmersive' from project 'OpenImmersive')
SwiftDriver OpenImmersive normal arm64 com.apple.xcode.tools.swift.compiler (in target 'OpenImmersive' from project 'OpenImmersive')
cd /Users/admin/builder/spi-builder-workspace/.swiftpm/xcode
builtin-SwiftDriver -- /Applications/Xcode-26.3.0.app/Contents/Developer/Toolchains/XcodeDefault.xctoolchain/usr/bin/swiftc -module-name OpenImmersive -Onone -enforce-exclusivity\=checked @/Users/admin/builder/spi-builder-workspace/.derivedData/Build/Intermediates.noindex/OpenImmersive.build/Debug-watchos/OpenImmersive.build/Objects-normal/arm64/OpenImmersive.SwiftFileList -DSWIFT_PACKAGE -DDEBUG -DSWIFT_MODULE_RESOURCE_BUNDLE_UNAVAILABLE -DXcode -default-isolation MainActor -plugin-path /Applications/Xcode-26.3.0.app/Contents/Developer/Toolchains/XcodeDefault.xctoolchain/usr/lib/swift/host/plugins/testing -enable-experimental-feature DebugDescriptionMacro -sdk /Applications/Xcode-26.3.0.app/Contents/Developer/Platforms/WatchOS.platform/Developer/SDKs/WatchOS26.2.sdk -target arm64-apple-watchos5.0 -g -module-cache-path /Users/admin/builder/spi-builder-workspace/.derivedData/ModuleCache.noindex -Xfrontend -serialize-debugging-options -enable-testing -index-store-path /Users/admin/builder/spi-builder-workspace/.derivedData/Index.noindex/DataStore -Xcc -D_LIBCPP_HARDENING_MODE\=_LIBCPP_HARDENING_MODE_DEBUG -swift-version 6 -I /Users/admin/builder/spi-builder-workspace/.derivedData/Build/Products/Debug-watchos -Isystem /Applications/Xcode-26.3.0.app/Contents/Developer/Platforms/WatchOS.platform/Developer/usr/lib -F /Users/admin/builder/spi-builder-workspace/.derivedData/Build/Products/Debug-watchos -F /Applications/Xcode-26.3.0.app/Contents/Developer/Platforms/WatchOS.platform/Developer/Library/Frameworks -F /Applications/Xcode-26.3.0.app/Contents/Developer/Platforms/WatchOS.platform/Developer/SDKs/WatchOS26.2.sdk/Developer/Library/Frameworks -c -j10 -enable-batch-mode -incremental -Xcc -ivfsstatcache -Xcc /Users/admin/builder/spi-builder-workspace/.derivedData/SDKStatCaches.noindex/watchos26.2-23S303-dc75598d0054f22ec865fa860f139d721753b489057de6bda919edfa1c59a62b.sdkstatcache -output-file-map /Users/admin/builder/spi-builder-workspace/.derivedData/Build/Intermediates.noindex/OpenImmersive.build/Debug-watchos/OpenImmersive.build/Objects-normal/arm64/OpenImmersive-OutputFileMap.json -use-frontend-parseable-output -save-temps -no-color-diagnostics -explicit-module-build -module-cache-path /Users/admin/builder/spi-builder-workspace/.derivedData/Build/Intermediates.noindex/SwiftExplicitPrecompiledModules -clang-scanner-module-cache-path /Users/admin/builder/spi-builder-workspace/.derivedData/ModuleCache.noindex -sdk-module-cache-path /Users/admin/builder/spi-builder-workspace/.derivedData/ModuleCache.noindex -serialize-diagnostics -emit-dependencies -emit-module -emit-module-path /Users/admin/builder/spi-builder-workspace/.derivedData/Build/Intermediates.noindex/OpenImmersive.build/Debug-watchos/OpenImmersive.build/Objects-normal/arm64/OpenImmersive.swiftmodule -validate-clang-modules-once -clang-build-session-file /Users/admin/builder/spi-builder-workspace/.derivedData/ModuleCache.noindex/Session.modulevalidation -package-name spi_builder_workspace -Xcc -I/Users/admin/builder/spi-builder-workspace/.derivedData/Build/Intermediates.noindex/OpenImmersive.build/Debug-watchos/OpenImmersive.build/swift-overrides.hmap -emit-const-values -Xfrontend -const-gather-protocols-file -Xfrontend /Users/admin/builder/spi-builder-workspace/.derivedData/Build/Intermediates.noindex/OpenImmersive.build/Debug-watchos/OpenImmersive.build/Objects-normal/arm64/OpenImmersive_const_extract_protocols.json -Xcc -I/Users/admin/builder/spi-builder-workspace/.derivedData/Build/Products/Debug-watchos/include -Xcc -I/Users/admin/builder/spi-builder-workspace/.derivedData/Build/Intermediates.noindex/OpenImmersive.build/Debug-watchos/OpenImmersive.build/DerivedSources-normal/arm64 -Xcc -I/Users/admin/builder/spi-builder-workspace/.derivedData/Build/Intermediates.noindex/OpenImmersive.build/Debug-watchos/OpenImmersive.build/DerivedSources/arm64 -Xcc -I/Users/admin/builder/spi-builder-workspace/.derivedData/Build/Intermediates.noindex/OpenImmersive.build/Debug-watchos/OpenImmersive.build/DerivedSources -Xcc -DSWIFT_PACKAGE -Xcc -DDEBUG\=1 -emit-objc-header -emit-objc-header-path /Users/admin/builder/spi-builder-workspace/.derivedData/Build/Intermediates.noindex/OpenImmersive.build/Debug-watchos/OpenImmersive.build/Objects-normal/arm64/OpenImmersive-Swift.h -working-directory /Users/admin/builder/spi-builder-workspace/.swiftpm/xcode -experimental-emit-module-separately -disable-cmo
/Users/admin/builder/spi-builder-workspace/Sources/Controllers/HeadTracker.swift:8:8: error: Unable to find module dependency: 'ARKit'
import ARKit
^ (in target 'OpenImmersive' from project 'OpenImmersive')
/Users/admin/builder/spi-builder-workspace/Sources/Controllers/HeadTracker.swift:8:8: note: A dependency of main module 'OpenImmersive'
import ARKit
^ (in target 'OpenImmersive' from project 'OpenImmersive')
/Users/admin/builder/spi-builder-workspace/Sources/Controllers/HeadTracker.swift:9:8: error: Unable to find module dependency: 'RealityKit'
import RealityKit
^ (in target 'OpenImmersive' from project 'OpenImmersive')
/Users/admin/builder/spi-builder-workspace/Sources/Controllers/HeadTracker.swift:9:8: note: A dependency of main module 'OpenImmersive'
import RealityKit
^ (in target 'OpenImmersive' from project 'OpenImmersive')
/Users/admin/builder/spi-builder-workspace/Sources/Controllers/VideoPlayer.swift:10:8: note: Also imported here
import RealityKit
^ (in target 'OpenImmersive' from project 'OpenImmersive')
/Users/admin/builder/spi-builder-workspace/Sources/Models/VideoScreen.swift:8:8: note: Also imported here
import RealityKit
^ (in target 'OpenImmersive' from project 'OpenImmersive')
/Users/admin/builder/spi-builder-workspace/Sources/Utils/VideoTools.swift:8:8: note: Also imported here
import RealityKit
^ (in target 'OpenImmersive' from project 'OpenImmersive')
/Users/admin/builder/spi-builder-workspace/Sources/Views/ControlPanel.swift:9:8: note: Also imported here
import RealityKit
^ (in target 'OpenImmersive' from project 'OpenImmersive')
/Users/admin/builder/spi-builder-workspace/Sources/Views/ImmersivePlayer.swift:9:8: note: Also imported here
import RealityKit
^ (in target 'OpenImmersive' from project 'OpenImmersive')
2026-10-09 02:22:34.668 xcodebuild[702:4695] [MT] IDERunDestination: Supported platforms for the buildables in the current scheme is empty.
/Users/admin/builder/spi-builder-workspace/Sources/Controllers/HeadTracker.swift:8:8: error: Unable to find module dependency: 'ARKit'
import ARKit
^
/Users/admin/builder/spi-builder-workspace/Sources/Controllers/HeadTracker.swift:8:8: note: a dependency of main module 'OpenImmersive'
import ARKit
^
/Users/admin/builder/spi-builder-workspace/Sources/Controllers/HeadTracker.swift:9:8: error: Unable to find module dependency: 'RealityKit'
import RealityKit
^
/Users/admin/builder/spi-builder-workspace/Sources/Controllers/HeadTracker.swift:9:8: note: a dependency of main module 'OpenImmersive'
import RealityKit
^
/Users/admin/builder/spi-builder-workspace/Sources/Controllers/VideoPlayer.swift:10:8: note: also imported here
import RealityKit
^
/Users/admin/builder/spi-builder-workspace/Sources/Models/VideoScreen.swift:8:8: note: also imported here
import RealityKit
^
/Users/admin/builder/spi-builder-workspace/Sources/Utils/VideoTools.swift:8:8: note: also imported here
import RealityKit
^
/Users/admin/builder/spi-builder-workspace/Sources/Views/ControlPanel.swift:9:8: note: also imported here
import RealityKit
^
/Users/admin/builder/spi-builder-workspace/Sources/Views/ImmersivePlayer.swift:9:8: note: also imported here
import RealityKit
^
/Users/admin/builder/spi-builder-workspace/Sources/Controllers/HeadTracker.swift:8:8: error: Unable to find module dependency: 'ARKit'
import ARKit
^
/Users/admin/builder/spi-builder-workspace/Sources/Controllers/HeadTracker.swift:8:8: note: a dependency of main module 'OpenImmersive'
import ARKit
^
/Users/admin/builder/spi-builder-workspace/Sources/Controllers/HeadTracker.swift:9:8: error: Unable to find module dependency: 'RealityKit'
import RealityKit
^
/Users/admin/builder/spi-builder-workspace/Sources/Controllers/HeadTracker.swift:9:8: note: a dependency of main module 'OpenImmersive'
import RealityKit
^
/Users/admin/builder/spi-builder-workspace/Sources/Controllers/VideoPlayer.swift:10:8: note: also imported here
import RealityKit
^
/Users/admin/builder/spi-builder-workspace/Sources/Models/VideoScreen.swift:8:8: note: also imported here
import RealityKit
^
/Users/admin/builder/spi-builder-workspace/Sources/Utils/VideoTools.swift:8:8: note: also imported here
import RealityKit
^
/Users/admin/builder/spi-builder-workspace/Sources/Views/ControlPanel.swift:9:8: note: also imported here
import RealityKit
^
/Users/admin/builder/spi-builder-workspace/Sources/Views/ImmersivePlayer.swift:9:8: note: also imported here
import RealityKit
^
/Users/admin/builder/spi-builder-workspace/Sources/Controllers/HeadTracker.swift:8:8: error: Unable to find module dependency: 'ARKit'
import ARKit
^
/Users/admin/builder/spi-builder-workspace/Sources/Controllers/HeadTracker.swift:8:8: note: a dependency of main module 'OpenImmersive'
import ARKit
^
/Users/admin/builder/spi-builder-workspace/Sources/Controllers/HeadTracker.swift:9:8: error: Unable to find module dependency: 'RealityKit'
import RealityKit
^
/Users/admin/builder/spi-builder-workspace/Sources/Controllers/HeadTracker.swift:9:8: note: a dependency of main module 'OpenImmersive'
import RealityKit
^
/Users/admin/builder/spi-builder-workspace/Sources/Controllers/VideoPlayer.swift:10:8: note: also imported here
import RealityKit
^
/Users/admin/builder/spi-builder-workspace/Sources/Models/VideoScreen.swift:8:8: note: also imported here
import RealityKit
^
/Users/admin/builder/spi-builder-workspace/Sources/Utils/VideoTools.swift:8:8: note: also imported here
import RealityKit
^
/Users/admin/builder/spi-builder-workspace/Sources/Views/ControlPanel.swift:9:8: note: also imported here
import RealityKit
^
/Users/admin/builder/spi-builder-workspace/Sources/Views/ImmersivePlayer.swift:9:8: note: also imported here
import RealityKit
^
** BUILD FAILED **
The following build commands failed:
SwiftDriver OpenImmersive normal arm64_32 com.apple.xcode.tools.swift.compiler (in target 'OpenImmersive' from project 'OpenImmersive')
SwiftDriver OpenImmersive normal armv7k com.apple.xcode.tools.swift.compiler (in target 'OpenImmersive' from project 'OpenImmersive')
SwiftDriver OpenImmersive normal arm64 com.apple.xcode.tools.swift.compiler (in target 'OpenImmersive' from project 'OpenImmersive')
Building workspace spi-builder-workspace with scheme OpenImmersive
(4 failures)
BUILD FAILURE 6.2 watchOS