Build Information
Failed to build DicyaninEntityDebugger, reference master (32f66a), with Swift 6.4 for macOS (Xcode) using Xcode 27.0 on 22 Sep 2026 08:16:16 UTC.
Build Command
env DEVELOPER_DIR=/Applications/Xcode-27.0.0-Release.Candidate.app xcrun xcodebuild -IDEClonedSourcePackagesDirPathOverride=$PWD/.dependencies -skipMacroValidation -skipPackagePluginValidation -derivedDataPath $PWD/.derivedData build -scheme DicyaninEntityDebugger -destination platform=macOS,arch=arm64Build Log
========================================
RunAll
========================================
Builder version: 5.1.0
Interrupt handler set up.
========================================
Checkout
========================================
Clone URL: https://github.com/hunterh37/DicyaninEntityDebugger.git
Reference: master
Initialized empty Git repository in /Users/admin/builder/spi-builder-workspace/.git/
From https://github.com/hunterh37/DicyaninEntityDebugger
* branch master -> FETCH_HEAD
* [new branch] master -> origin/master
HEAD is now at 32f66a9 Update README.md
Cloned https://github.com/hunterh37/DicyaninEntityDebugger.git
Revision (git rev-parse @):
32f66a9194134491a71c20268f942d631557c3c5
SUCCESS checkout https://github.com/hunterh37/DicyaninEntityDebugger.git at master
========================================
Build
========================================
Selected platform: macosXcodebuild
Swift version: 6.4
Building package at path: $PWD
https://github.com/hunterh37/DicyaninEntityDebugger.git
Command line invocation:
/Applications/Xcode-27.0.0-Release.Candidate.app/Contents/Developer/usr/bin/xcodebuild -IDEClonedSourcePackagesDirPathOverride=/Users/admin/builder/spi-builder-workspace/.dependencies -resolvePackageDependencies
Resolve Package Graph
Resolve Package Graph
Resolved source packages:
DicyaninEntityDebugger: /Users/admin/builder/spi-builder-workspace
resolved source packages: DicyaninEntityDebugger
2026-09-22 04:15:30.000 xcodebuild[529:3036] [MT] IDERunDestination: Supported platforms for the buildables in the current scheme is empty.
{
"dependencies" : [
],
"manifest_display_name" : "DicyaninEntityDebugger",
"name" : "DicyaninEntityDebugger",
"path" : "/Users/admin/builder/spi-builder-workspace",
"platforms" : [
{
"name" : "visionos",
"version" : "1.0"
}
],
"products" : [
{
"name" : "DicyaninEntityDebugger",
"targets" : [
"DicyaninEntityDebugger"
],
"type" : {
"library" : [
"automatic"
]
}
}
],
"targets" : [
{
"c99name" : "DicyaninEntityDebuggerTests",
"module_type" : "SwiftTarget",
"name" : "DicyaninEntityDebuggerTests",
"path" : "Tests",
"sources" : [
"DicyaninPlaygroundsTests/DicyaninPlaygroundsTests.swift"
],
"target_dependencies" : [
"DicyaninEntityDebugger"
],
"type" : "test"
},
{
"c99name" : "DicyaninEntityDebugger",
"module_type" : "SwiftTarget",
"name" : "DicyaninEntityDebugger",
"path" : "Sources/DicyaninEntityDebugger",
"product_memberships" : [
"DicyaninEntityDebugger"
],
"sources" : [
"DebugViewButton.swift",
"DicyaninEntityDebugger.swift",
"Entity+Debugger.swift",
"EntityDebugView.swift",
"VisualArrowIndicator.swift"
],
"type" : "library"
}
],
"tools_version" : "5.9"
}
{
"workspace" : {
"name" : "DicyaninEntityDebugger",
"schemes" : [
"DicyaninEntityDebugger"
]
}
}
2026-09-22 04:16:02.020 xcodebuild[626:3846] [MT] IDERunDestination: Supported platforms for the buildables in the current scheme is empty.
Running build ...
env DEVELOPER_DIR=/Applications/Xcode-27.0.0-Release.Candidate.app xcrun xcodebuild -IDEClonedSourcePackagesDirPathOverride=$PWD/.dependencies -skipMacroValidation -skipPackagePluginValidation -derivedDataPath $PWD/.derivedData build -scheme DicyaninEntityDebugger -destination platform=macOS,arch=arm64
Command line invocation:
/Applications/Xcode-27.0.0-Release.Candidate.app/Contents/Developer/usr/bin/xcodebuild -IDEClonedSourcePackagesDirPathOverride=/Users/admin/builder/spi-builder-workspace/.dependencies -skipMacroValidation -skipPackagePluginValidation -derivedDataPath /Users/admin/builder/spi-builder-workspace/.derivedData build -scheme DicyaninEntityDebugger -destination platform=macOS,arch=arm64
Resolve Package Graph
Resolved source packages:
DicyaninEntityDebugger: /Users/admin/builder/spi-builder-workspace
ComputePackagePrebuildTargetDependencyGraph
Prepare packages
CreateBuildRequest
SendProjectDescription
CreateBuildOperation
ComputeTargetDependencyGraph
note: Building targets in dependency order
note: Target dependency graph (2 targets)
Target 'DicyaninEntityDebugger-product' in project 'DicyaninEntityDebugger'
➜ Explicit dependency on target 'DicyaninEntityDebugger' in project 'DicyaninEntityDebugger'
Target 'DicyaninEntityDebugger' in project 'DicyaninEntityDebugger' (no dependencies)
GatherProvisioningInputs
CreateBuildDescription
ExecuteExternalTool /Applications/Xcode-27.0.0-Release.Candidate.app/Contents/Developer/Toolchains/XcodeDefault.xctoolchain/usr/bin/clang -v -E -dM -isysroot /Applications/Xcode-27.0.0-Release.Candidate.app/Contents/Developer/Platforms/MacOSX.platform/Developer/SDKs/MacOSX27.0.sdk -x c -c /dev/null
ExecuteExternalTool /Applications/Xcode-27.0.0-Release.Candidate.app/Contents/Developer/Toolchains/XcodeDefault.xctoolchain/usr/bin/swiftc --version
ExecuteExternalTool /Applications/Xcode-27.0.0-Release.Candidate.app/Contents/Developer/Toolchains/XcodeDefault.xctoolchain/usr/bin/ld -version_details
Build description signature: 0ab55f54600012b6ed71841396325d46
Build description path: /Users/admin/builder/spi-builder-workspace/.derivedData/Build/Intermediates.noindex/XCBuildData/0ab55f54600012b6ed71841396325d46.xcbuilddata
CreateBuildDirectory /Users/admin/builder/spi-builder-workspace/.derivedData/SDKExplicitPrecompiledModules
cd /Users/admin/builder/spi-builder-workspace/.swiftpm/xcode
builtin-create-build-directory /Users/admin/builder/spi-builder-workspace/.derivedData/SDKExplicitPrecompiledModules
CreateBuildDirectory /Users/admin/builder/spi-builder-workspace/.derivedData/ModuleCache.noindex
cd /Users/admin/builder/spi-builder-workspace/.swiftpm/xcode
builtin-create-build-directory /Users/admin/builder/spi-builder-workspace/.derivedData/ModuleCache.noindex
CreateBuildDirectory /Users/admin/builder/spi-builder-workspace/.derivedData/Build/Intermediates.noindex
cd /Users/admin/builder/spi-builder-workspace/.swiftpm/xcode
builtin-create-build-directory /Users/admin/builder/spi-builder-workspace/.derivedData/Build/Intermediates.noindex
CreateBuildDirectory /Users/admin/builder/spi-builder-workspace/.derivedData/CompilationCache.noindex
cd /Users/admin/builder/spi-builder-workspace/.swiftpm/xcode
builtin-create-build-directory /Users/admin/builder/spi-builder-workspace/.derivedData/CompilationCache.noindex
CreateBuildDirectory /Users/admin/builder/spi-builder-workspace/.derivedData/Build/Products
cd /Users/admin/builder/spi-builder-workspace/.swiftpm/xcode
builtin-create-build-directory /Users/admin/builder/spi-builder-workspace/.derivedData/Build/Products
ClangStatCache /Applications/Xcode-27.0.0-Release.Candidate.app/Contents/Developer/Toolchains/XcodeDefault.xctoolchain/usr/bin/clang-stat-cache /Applications/Xcode-27.0.0-Release.Candidate.app/Contents/Developer/Platforms/MacOSX.platform/Developer/SDKs/MacOSX27.0.sdk /Users/admin/builder/spi-builder-workspace/.derivedData/SDKStatCaches.noindex/macosx27.0-26A425-e829b21a6f8c9b70876ba0858053c0446a22442a12e9d48fe1a705f55a1adfc4.sdkstatcache
cd /Users/admin/builder/spi-builder-workspace/.swiftpm/xcode
/Applications/Xcode-27.0.0-Release.Candidate.app/Contents/Developer/Toolchains/XcodeDefault.xctoolchain/usr/bin/clang-stat-cache /Applications/Xcode-27.0.0-Release.Candidate.app/Contents/Developer/Platforms/MacOSX.platform/Developer/SDKs/MacOSX27.0.sdk -o /Users/admin/builder/spi-builder-workspace/.derivedData/SDKStatCaches.noindex/macosx27.0-26A425-e829b21a6f8c9b70876ba0858053c0446a22442a12e9d48fe1a705f55a1adfc4.sdkstatcache
CreateBuildDirectory /Users/admin/builder/spi-builder-workspace/.derivedData/Build/Intermediates.noindex/SwiftExplicitPrecompiledModules
cd /Users/admin/builder/spi-builder-workspace/.swiftpm/xcode
builtin-create-build-directory /Users/admin/builder/spi-builder-workspace/.derivedData/Build/Intermediates.noindex/SwiftExplicitPrecompiledModules
CreateBuildDirectory /Users/admin/builder/spi-builder-workspace/.derivedData/Build/Intermediates.noindex/PrecompiledHeaders
cd /Users/admin/builder/spi-builder-workspace/.swiftpm/xcode
builtin-create-build-directory /Users/admin/builder/spi-builder-workspace/.derivedData/Build/Intermediates.noindex/PrecompiledHeaders
CreateBuildDirectory /Users/admin/builder/spi-builder-workspace/.derivedData/Build/Intermediates.noindex/ExplicitPrecompiledModules
cd /Users/admin/builder/spi-builder-workspace/.swiftpm/xcode
builtin-create-build-directory /Users/admin/builder/spi-builder-workspace/.derivedData/Build/Intermediates.noindex/ExplicitPrecompiledModules
CreateBuildDirectory /Users/admin/builder/spi-builder-workspace/.derivedData/Build/Intermediates.noindex/EagerLinkingTBDs/Debug
cd /Users/admin/builder/spi-builder-workspace/.swiftpm/xcode
builtin-create-build-directory /Users/admin/builder/spi-builder-workspace/.derivedData/Build/Intermediates.noindex/EagerLinkingTBDs/Debug
CreateBuildDirectory /Users/admin/builder/spi-builder-workspace/.derivedData/Build/Products/Debug
cd /Users/admin/builder/spi-builder-workspace/.swiftpm/xcode
builtin-create-build-directory /Users/admin/builder/spi-builder-workspace/.derivedData/Build/Products/Debug
CreateBuildDirectory /Users/admin/builder/spi-builder-workspace/.derivedData/Build/Products/Debug/PackageFrameworks
cd /Users/admin/builder/spi-builder-workspace/.swiftpm/xcode
builtin-create-build-directory /Users/admin/builder/spi-builder-workspace/.derivedData/Build/Products/Debug/PackageFrameworks
WriteAuxiliaryFile /Users/admin/builder/spi-builder-workspace/.derivedData/Build/Intermediates.noindex/DicyaninEntityDebugger.build/Debug/DicyaninEntityDebugger-t.build/DicyaninEntityDebugger.DependencyMetadataFileList (in target 'DicyaninEntityDebugger' from project 'DicyaninEntityDebugger')
cd /Users/admin/builder/spi-builder-workspace
write-file /Users/admin/builder/spi-builder-workspace/.derivedData/Build/Intermediates.noindex/DicyaninEntityDebugger.build/Debug/DicyaninEntityDebugger-t.build/DicyaninEntityDebugger.DependencyMetadataFileList
WriteAuxiliaryFile /Users/admin/builder/spi-builder-workspace/.derivedData/Build/Intermediates.noindex/DicyaninEntityDebugger.build/Debug/DicyaninEntityDebugger-t.build/DicyaninEntityDebugger.DependencyStaticMetadataFileList (in target 'DicyaninEntityDebugger' from project 'DicyaninEntityDebugger')
cd /Users/admin/builder/spi-builder-workspace
write-file /Users/admin/builder/spi-builder-workspace/.derivedData/Build/Intermediates.noindex/DicyaninEntityDebugger.build/Debug/DicyaninEntityDebugger-t.build/DicyaninEntityDebugger.DependencyStaticMetadataFileList
WriteAuxiliaryFile /Users/admin/builder/spi-builder-workspace/.derivedData/Build/Intermediates.noindex/DicyaninEntityDebugger.build/Debug/DicyaninEntityDebugger-t.build/DicyaninEntityDebugger.modulemap (in target 'DicyaninEntityDebugger' from project 'DicyaninEntityDebugger')
cd /Users/admin/builder/spi-builder-workspace
write-file /Users/admin/builder/spi-builder-workspace/.derivedData/Build/Intermediates.noindex/DicyaninEntityDebugger.build/Debug/DicyaninEntityDebugger-t.build/DicyaninEntityDebugger.modulemap
WriteAuxiliaryFile /Users/admin/builder/spi-builder-workspace/.derivedData/Build/Intermediates.noindex/DicyaninEntityDebugger.build/Debug/DicyaninEntityDebugger-t.build/Objects-normal/arm64/DicyaninEntityDebugger.LinkFileList (in target 'DicyaninEntityDebugger' from project 'DicyaninEntityDebugger')
cd /Users/admin/builder/spi-builder-workspace
write-file /Users/admin/builder/spi-builder-workspace/.derivedData/Build/Intermediates.noindex/DicyaninEntityDebugger.build/Debug/DicyaninEntityDebugger-t.build/Objects-normal/arm64/DicyaninEntityDebugger.LinkFileList
WriteAuxiliaryFile /Users/admin/builder/spi-builder-workspace/.derivedData/Build/Intermediates.noindex/DicyaninEntityDebugger.build/Debug/DicyaninEntityDebugger-t.build/Objects-normal/arm64/DicyaninEntityDebugger_const_extract_protocols.json (in target 'DicyaninEntityDebugger' from project 'DicyaninEntityDebugger')
cd /Users/admin/builder/spi-builder-workspace
write-file /Users/admin/builder/spi-builder-workspace/.derivedData/Build/Intermediates.noindex/DicyaninEntityDebugger.build/Debug/DicyaninEntityDebugger-t.build/Objects-normal/arm64/DicyaninEntityDebugger_const_extract_protocols.json
WriteAuxiliaryFile /Users/admin/builder/spi-builder-workspace/.derivedData/Build/Intermediates.noindex/DicyaninEntityDebugger.build/Debug/DicyaninEntityDebugger-t.build/Objects-normal/arm64/DicyaninEntityDebugger.SwiftFileList (in target 'DicyaninEntityDebugger' from project 'DicyaninEntityDebugger')
cd /Users/admin/builder/spi-builder-workspace
write-file /Users/admin/builder/spi-builder-workspace/.derivedData/Build/Intermediates.noindex/DicyaninEntityDebugger.build/Debug/DicyaninEntityDebugger-t.build/Objects-normal/arm64/DicyaninEntityDebugger.SwiftFileList
WriteAuxiliaryFile /Users/admin/builder/spi-builder-workspace/.derivedData/Build/Intermediates.noindex/DicyaninEntityDebugger.build/Debug/DicyaninEntityDebugger-t.build/Objects-normal/arm64/DicyaninEntityDebugger.SwiftConstValuesFileList (in target 'DicyaninEntityDebugger' from project 'DicyaninEntityDebugger')
cd /Users/admin/builder/spi-builder-workspace
write-file /Users/admin/builder/spi-builder-workspace/.derivedData/Build/Intermediates.noindex/DicyaninEntityDebugger.build/Debug/DicyaninEntityDebugger-t.build/Objects-normal/arm64/DicyaninEntityDebugger.SwiftConstValuesFileList
WriteAuxiliaryFile /Users/admin/builder/spi-builder-workspace/.derivedData/Build/Intermediates.noindex/DicyaninEntityDebugger.build/Debug/DicyaninEntityDebugger-t.build/Objects-normal/arm64/DicyaninEntityDebugger-OutputFileMap.json (in target 'DicyaninEntityDebugger' from project 'DicyaninEntityDebugger')
cd /Users/admin/builder/spi-builder-workspace
write-file /Users/admin/builder/spi-builder-workspace/.derivedData/Build/Intermediates.noindex/DicyaninEntityDebugger.build/Debug/DicyaninEntityDebugger-t.build/Objects-normal/arm64/DicyaninEntityDebugger-OutputFileMap.json
Copy /Users/admin/builder/spi-builder-workspace/.derivedData/Build/Intermediates.noindex/GeneratedModuleMaps/DicyaninEntityDebugger.modulemap /Users/admin/builder/spi-builder-workspace/.derivedData/Build/Intermediates.noindex/DicyaninEntityDebugger.build/Debug/DicyaninEntityDebugger-t.build/DicyaninEntityDebugger.modulemap (in target 'DicyaninEntityDebugger' from project 'DicyaninEntityDebugger')
cd /Users/admin/builder/spi-builder-workspace
builtin-copy -exclude .DS_Store -exclude CVS -exclude .svn -exclude .git -exclude .hg -resolve-src-symlinks /Users/admin/builder/spi-builder-workspace/.derivedData/Build/Intermediates.noindex/DicyaninEntityDebugger.build/Debug/DicyaninEntityDebugger-t.build/DicyaninEntityDebugger.modulemap /Users/admin/builder/spi-builder-workspace/.derivedData/Build/Intermediates.noindex/GeneratedModuleMaps
SwiftDriver DicyaninEntityDebugger normal arm64 com.apple.xcode.tools.swift.compiler (in target 'DicyaninEntityDebugger' from project 'DicyaninEntityDebugger')
cd /Users/admin/builder/spi-builder-workspace/.swiftpm/xcode
builtin-SwiftDriver -- /Applications/Xcode-27.0.0-Release.Candidate.app/Contents/Developer/Toolchains/XcodeDefault.xctoolchain/usr/bin/swiftc -parse-as-library -module-name DicyaninEntityDebugger -Onone @/Users/admin/builder/spi-builder-workspace/.derivedData/Build/Intermediates.noindex/DicyaninEntityDebugger.build/Debug/DicyaninEntityDebugger-t.build/Objects-normal/arm64/DicyaninEntityDebugger.SwiftFileList -DSWIFT_PACKAGE -DDEBUG -DSWIFT_MODULE_RESOURCE_BUNDLE_UNAVAILABLE -DXcode -plugin-path /Applications/Xcode-27.0.0-Release.Candidate.app/Contents/Developer/Toolchains/XcodeDefault.xctoolchain/usr/lib/swift/host/plugins/testing -enable-experimental-feature DebugDescriptionMacro -sdk /Applications/Xcode-27.0.0-Release.Candidate.app/Contents/Developer/Platforms/MacOSX.platform/Developer/SDKs/MacOSX27.0.sdk -target arm64-apple-macos12.0 -g -module-cache-path /Users/admin/builder/spi-builder-workspace/.derivedData/ModuleCache.noindex -Xfrontend -serialize-debugging-options -profile-coverage-mapping -profile-generate -enable-testing -index-store-path /Users/admin/builder/spi-builder-workspace/.derivedData/Index.noindex/DataStore -Xcc -D_LIBCPP_HARDENING_MODE\=_LIBCPP_HARDENING_MODE_DEBUG -swift-version 5 -I /Users/admin/builder/spi-builder-workspace/.derivedData/Build/Products/Debug -Isystem /Applications/Xcode-27.0.0-Release.Candidate.app/Contents/Developer/Platforms/MacOSX.platform/Developer/usr/lib -F /Users/admin/builder/spi-builder-workspace/.derivedData/Build/Products/Debug -F /Applications/Xcode-27.0.0-Release.Candidate.app/Contents/Developer/Platforms/MacOSX.platform/Developer/Library/Frameworks -c -j10 -enable-batch-mode -incremental -Xcc -ivfsstatcache -Xcc /Users/admin/builder/spi-builder-workspace/.derivedData/SDKStatCaches.noindex/macosx27.0-26A425-e829b21a6f8c9b70876ba0858053c0446a22442a12e9d48fe1a705f55a1adfc4.sdkstatcache -output-file-map /Users/admin/builder/spi-builder-workspace/.derivedData/Build/Intermediates.noindex/DicyaninEntityDebugger.build/Debug/DicyaninEntityDebugger-t.build/Objects-normal/arm64/DicyaninEntityDebugger-OutputFileMap.json -save-temps -no-color-diagnostics -explicit-module-build -module-cache-path /Users/admin/builder/spi-builder-workspace/.derivedData/Build/Intermediates.noindex/SwiftExplicitPrecompiledModules -clang-scanner-module-cache-path /Users/admin/builder/spi-builder-workspace/.derivedData/ModuleCache.noindex -sdk-module-cache-path /Users/admin/builder/spi-builder-workspace/.derivedData/SDKExplicitPrecompiledModules -emit-dependencies -emit-module -emit-module-path /Users/admin/builder/spi-builder-workspace/.derivedData/Build/Intermediates.noindex/DicyaninEntityDebugger.build/Debug/DicyaninEntityDebugger-t.build/Objects-normal/arm64/DicyaninEntityDebugger.swiftmodule -serialize-diagnostics -dependency-scan-serialize-diagnostics-path /Users/admin/builder/spi-builder-workspace/.derivedData/Build/Intermediates.noindex/DicyaninEntityDebugger.build/Debug/DicyaninEntityDebugger-t.build/Objects-normal/arm64/DicyaninEntityDebugger-dependency-scan.dia -validate-clang-modules-once -clang-build-session-file /Users/admin/builder/spi-builder-workspace/.derivedData/ModuleCache.noindex/Session.modulevalidation -Xcc -fmodules-prune-interval\=86400 -Xcc -fmodules-prune-after\=345600 -package-name spi_builder_workspace -emit-const-values -const-gather-protocols-list /Users/admin/builder/spi-builder-workspace/.derivedData/Build/Intermediates.noindex/DicyaninEntityDebugger.build/Debug/DicyaninEntityDebugger-t.build/Objects-normal/arm64/DicyaninEntityDebugger_const_extract_protocols.json -Xcc -I/Users/admin/builder/spi-builder-workspace/.derivedData/Build/Products/Debug/include -Xcc -I/Users/admin/builder/spi-builder-workspace/.derivedData/Build/Intermediates.noindex/DicyaninEntityDebugger.build/Debug/DicyaninEntityDebugger-t.build/DerivedSources-normal/arm64 -Xcc -I/Users/admin/builder/spi-builder-workspace/.derivedData/Build/Intermediates.noindex/DicyaninEntityDebugger.build/Debug/DicyaninEntityDebugger-t.build/DerivedSources/arm64 -Xcc -I/Users/admin/builder/spi-builder-workspace/.derivedData/Build/Intermediates.noindex/DicyaninEntityDebugger.build/Debug/DicyaninEntityDebugger-t.build/DerivedSources -Xcc -DSWIFT_PACKAGE -Xcc -DDEBUG\=1 -emit-objc-header -emit-objc-header-path /Users/admin/builder/spi-builder-workspace/.derivedData/Build/Intermediates.noindex/DicyaninEntityDebugger.build/Debug/DicyaninEntityDebugger-t.build/Objects-normal/arm64/DicyaninEntityDebugger-Swift.h -working-directory /Users/admin/builder/spi-builder-workspace/.swiftpm/xcode -experimental-emit-module-separately -disable-cmo
SwiftExplicitDependencyGeneratePcm arm64 /Users/admin/builder/spi-builder-workspace/.derivedData/SDKExplicitPrecompiledModules/_AvailabilityInternal-CJTV5E7EL3MWRA437DUFPBVN2.pcm
SwiftExplicitDependencyGeneratePcm arm64 /Users/admin/builder/spi-builder-workspace/.derivedData/SDKExplicitPrecompiledModules/ShaderGraph-5XCR4C0MGT2LF5AP8M8GZQBR0.pcm
SwiftExplicitDependencyGeneratePcm arm64 /Users/admin/builder/spi-builder-workspace/.derivedData/SDKExplicitPrecompiledModules/_Builtin_float-105CRCDRP90FQCQO5ZX1LHV7H.pcm
SwiftExplicitDependencyGeneratePcm arm64 /Users/admin/builder/spi-builder-workspace/.derivedData/SDKExplicitPrecompiledModules/_Builtin_stddef-3GI9GOKXSW3QCTFOI1USFLDZO.pcm
SwiftExplicitDependencyGeneratePcm arm64 /Users/admin/builder/spi-builder-workspace/.derivedData/SDKExplicitPrecompiledModules/SwiftShims-C4V0DQ62WSTCYBYGILXXGQNO3.pcm
SwiftExplicitDependencyGeneratePcm arm64 /Users/admin/builder/spi-builder-workspace/.derivedData/SDKExplicitPrecompiledModules/ptrcheck-DHLCBWKPNUZOYTPJ1J3QVTCXK.pcm
SwiftExplicitDependencyGeneratePcm arm64 /Users/admin/builder/spi-builder-workspace/.derivedData/SDKExplicitPrecompiledModules/_Builtin_stdarg-7CFWA9OSW5N24E7PG4ZOCF1VH.pcm
SwiftExplicitDependencyGeneratePcm arm64 /Users/admin/builder/spi-builder-workspace/.derivedData/SDKExplicitPrecompiledModules/DeveloperToolsSupport-13SNQ6N57G3DOS3KQA7V91OE7.pcm
SwiftExplicitDependencyGeneratePcm arm64 /Users/admin/builder/spi-builder-workspace/.derivedData/SDKExplicitPrecompiledModules/_SwiftConcurrencyShims-BLUUWKI6AGMD7TJ4RGYS7DP6T.pcm
SwiftExplicitDependencyGeneratePcm arm64 /Users/admin/builder/spi-builder-workspace/.derivedData/SDKExplicitPrecompiledModules/GroupActivities-C1TVJRHPBSO352OH9Y2XWU0VY.pcm
SwiftExplicitDependencyGeneratePcm arm64 /Users/admin/builder/spi-builder-workspace/.derivedData/SDKExplicitPrecompiledModules/_Builtin_stdbool-KYV2HKP8IKLKMKQS9DGA2GUQ.pcm
SwiftExplicitDependencyGeneratePcm arm64 /Users/admin/builder/spi-builder-workspace/.derivedData/SDKExplicitPrecompiledModules/ptrauth-2W92ZJRLNJU99RJUQGGJG3OC3.pcm
SwiftExplicitDependencyGeneratePcm arm64 /Users/admin/builder/spi-builder-workspace/.derivedData/SDKExplicitPrecompiledModules/RealityCoreTextureProcessing-EPFF09CBEJS4NUVAW1W7GETNQ.pcm
SwiftExplicitDependencyGeneratePcm arm64 /Users/admin/builder/spi-builder-workspace/.derivedData/SDKExplicitPrecompiledModules/_DarwinFoundation1-7PRJIG163YE9KSKYA3BS35ZZP.pcm
SwiftExplicitDependencyGeneratePcm arm64 /Users/admin/builder/spi-builder-workspace/.derivedData/SDKExplicitPrecompiledModules/_Builtin_limits-AXGUGXBFPC0I7QDLJFB0K341Y.pcm
SwiftExplicitDependencyGeneratePcm arm64 /Users/admin/builder/spi-builder-workspace/.derivedData/SDKExplicitPrecompiledModules/_DarwinFoundation2-94WUUGE4H5R03OWXE0QFZX1DN.pcm
SwiftExplicitDependencyGeneratePcm arm64 /Users/admin/builder/spi-builder-workspace/.derivedData/SDKExplicitPrecompiledModules/_Builtin_stdint-22CBBOK8BNSF0UELDCAXSHGB.pcm
SwiftExplicitDependencyGeneratePcm arm64 /Users/admin/builder/spi-builder-workspace/.derivedData/SDKExplicitPrecompiledModules/string_h-10WPXBF3YFYMX5HUAW06LSABR.pcm
SwiftExplicitDependencyGeneratePcm arm64 /Users/admin/builder/spi-builder-workspace/.derivedData/SDKExplicitPrecompiledModules/sys_types-F4RNCN6UR5R5OWTLTOUM7TN3E.pcm
SwiftExplicitDependencyGeneratePcm arm64 /Users/admin/builder/spi-builder-workspace/.derivedData/SDKExplicitPrecompiledModules/_Builtin_tgmath-52XE6HC8DWOG6S7B5QAI046D1.pcm
SwiftExplicitDependencyGeneratePcm arm64 /Users/admin/builder/spi-builder-workspace/.derivedData/SDKExplicitPrecompiledModules/libDER-5RCYOD0PCUUY2UGMBNE9LI8N9.pcm
SwiftExplicitDependencyGeneratePcm arm64 /Users/admin/builder/spi-builder-workspace/.derivedData/SDKExplicitPrecompiledModules/_Builtin_intrinsics-4O6R03GTH5FLWSHEUBP0Z3GZ2.pcm
SwiftExplicitDependencyGeneratePcm arm64 /Users/admin/builder/spi-builder-workspace/.derivedData/SDKExplicitPrecompiledModules/_DarwinFoundation3-32PO5Q4RCB6WXH5VFO3HA3AVS.pcm
SwiftExplicitDependencyGeneratePcm arm64 /Users/admin/builder/spi-builder-workspace/.derivedData/SDKExplicitPrecompiledModules/_Builtin_stdatomic-8LN7S35C6I48KJOCW7VPXX04X.pcm
SwiftExplicitDependencyGeneratePcm arm64 /Users/admin/builder/spi-builder-workspace/.derivedData/SDKExplicitPrecompiledModules/_Builtin_inttypes-1U6AP9A8AJ4G9WD98E9RHLGTJ.pcm
SwiftExplicitDependencyGeneratePcm arm64 /Users/admin/builder/spi-builder-workspace/.derivedData/SDKExplicitPrecompiledModules/Darwin-1RAAWNGKQM8YGHV0YJNNN5YDY.pcm
SwiftExplicitDependencyGeneratePcm arm64 /Users/admin/builder/spi-builder-workspace/.derivedData/SDKExplicitPrecompiledModules/simd-A9TKR8OE9APRJ1RNS7F0OBY4Q.pcm
SwiftExplicitDependencyGeneratePcm arm64 /Users/admin/builder/spi-builder-workspace/.derivedData/SDKExplicitPrecompiledModules/libkern-22MDXN9G35RPO3OLKX9B2PN16.pcm
SwiftExplicitDependencyGeneratePcm arm64 /Users/admin/builder/spi-builder-workspace/.derivedData/SDKExplicitPrecompiledModules/CUPS-45MNISAOHSEBD6VQA5G0MXN9H.pcm
SwiftExplicitDependencyGeneratePcm arm64 /Users/admin/builder/spi-builder-workspace/.derivedData/SDKExplicitPrecompiledModules/MachO-AWTJ65TFR7TMST2NUE6ZCC1SL.pcm
SwiftExplicitDependencyGeneratePcm arm64 /Users/admin/builder/spi-builder-workspace/.derivedData/SDKExplicitPrecompiledModules/launch-2XAORMJNLLVS0OVKC1M0752GY.pcm
SwiftExplicitDependencyGeneratePcm arm64 /Users/admin/builder/spi-builder-workspace/.derivedData/SDKExplicitPrecompiledModules/ObjectiveC-B89IQP2TC4CFSWOUMTUZRI1VZ.pcm
SwiftExplicitDependencyGeneratePcm arm64 /Users/admin/builder/spi-builder-workspace/.derivedData/SDKExplicitPrecompiledModules/Spatial-2JNOU2HNJ0Q174XCFCD0GCOUQ.pcm
SwiftExplicitDependencyGeneratePcm arm64 /Users/admin/builder/spi-builder-workspace/.derivedData/SDKExplicitPrecompiledModules/os_object-3KLCCI03OX6OQTLJ92KQH2KIO.pcm
SwiftExplicitDependencyGeneratePcm arm64 /Users/admin/builder/spi-builder-workspace/.derivedData/SDKExplicitPrecompiledModules/os_workgroup-10SJ5M8R2OB4BG1TPFL9SZMKV.pcm
SwiftExplicitDependencyGeneratePcm arm64 /Users/admin/builder/spi-builder-workspace/.derivedData/SDKExplicitPrecompiledModules/Dispatch-NAMWF9KN29KC7Z5OS3TTTAE8.pcm
SwiftExplicitDependencyGeneratePcm arm64 /Users/admin/builder/spi-builder-workspace/.derivedData/SDKExplicitPrecompiledModules/CoreFoundation-4ZIITQ30SOGUQE8KJAB99ZV0Q.pcm
SwiftExplicitDependencyGeneratePcm arm64 /Users/admin/builder/spi-builder-workspace/.derivedData/SDKExplicitPrecompiledModules/XPC-E1MSAZG4ZNL24S2WK6K6Y7GWW.pcm
SwiftExplicitDependencyGeneratePcm arm64 /Users/admin/builder/spi-builder-workspace/.derivedData/SDKExplicitPrecompiledModules/os-BYOEVK2GEMB4Q8WWHGZGREA00.pcm
SwiftExplicitDependencyGeneratePcm arm64 /Users/admin/builder/spi-builder-workspace/.derivedData/SDKExplicitPrecompiledModules/Security-ESPJ7FP0YAY1EL3VXBGY9MCZ8.pcm
SwiftExplicitDependencyGeneratePcm arm64 /Users/admin/builder/spi-builder-workspace/.derivedData/SDKExplicitPrecompiledModules/IOKit-6H3X691EDBH124EYTC2PEOP5T.pcm
SwiftExplicitDependencyGeneratePcm arm64 /Users/admin/builder/spi-builder-workspace/.derivedData/SDKExplicitPrecompiledModules/CFNetwork-CVHS5CT20191MFYXQIEDWSRGJ.pcm
SwiftExplicitDependencyGeneratePcm arm64 /Users/admin/builder/spi-builder-workspace/.derivedData/SDKExplicitPrecompiledModules/ColorSync-BBCIZDDQ6O3QECFAWJQ6RU4ZJ.pcm
SwiftExplicitDependencyGeneratePcm arm64 /Users/admin/builder/spi-builder-workspace/.derivedData/SDKExplicitPrecompiledModules/CoreAudioTypes-EEH2XZ47XX4YM3FOOISUYVRQE.pcm
SwiftExplicitDependencyGeneratePcm arm64 /Users/admin/builder/spi-builder-workspace/.derivedData/SDKExplicitPrecompiledModules/CoreGraphics-5TRMNDB7ZP6FFMRNSZCWEOZMD.pcm
SwiftExplicitDependencyGeneratePcm arm64 /Users/admin/builder/spi-builder-workspace/.derivedData/SDKExplicitPrecompiledModules/DiskArbitration-ZNZZU7T0SYELB0DAR56WQF0R.pcm
SwiftExplicitDependencyGeneratePcm arm64 /Users/admin/builder/spi-builder-workspace/.derivedData/SDKExplicitPrecompiledModules/CoreServices-CGCGY0FOMEQGSNMO3HQSC09XU.pcm
SwiftExplicitDependencyGeneratePcm arm64 /Users/admin/builder/spi-builder-workspace/.derivedData/SDKExplicitPrecompiledModules/ImageIO-88YNP2EU498GB5YXIFJ9ANNYW.pcm
SwiftExplicitDependencyGeneratePcm arm64 /Users/admin/builder/spi-builder-workspace/.derivedData/SDKExplicitPrecompiledModules/CoreText-C1WSF2HWGIKVJ2XHWBKXQBSEY.pcm
SwiftExplicitDependencyGeneratePcm arm64 /Users/admin/builder/spi-builder-workspace/.derivedData/SDKExplicitPrecompiledModules/Foundation-44WR0NU86C67CV5BW8W1MGKNG.pcm
SwiftExplicitDependencyGeneratePcm arm64 /Users/admin/builder/spi-builder-workspace/.derivedData/SDKExplicitPrecompiledModules/CoreMIDI-CCJ8M3Z4I36O80AMQH4ISET6O.pcm
SwiftExplicitDependencyGeneratePcm arm64 /Users/admin/builder/spi-builder-workspace/.derivedData/SDKExplicitPrecompiledModules/DataDetection-5GDUUWT6YIA10PE5D9A8SXWZ9.pcm
SwiftExplicitDependencyGeneratePcm arm64 /Users/admin/builder/spi-builder-workspace/.derivedData/SDKExplicitPrecompiledModules/ApplicationServices-ALXSS633FQY42UMJSLR6MNLSK.pcm
SwiftExplicitDependencyGeneratePcm arm64 /Users/admin/builder/spi-builder-workspace/.derivedData/SDKExplicitPrecompiledModules/CoreData-4EPJ39F9L3QQ9486B5AMG5G6J.pcm
SwiftExplicitDependencyGeneratePcm arm64 /Users/admin/builder/spi-builder-workspace/.derivedData/SDKExplicitPrecompiledModules/Symbols-2NFSQR6R0R96WH1KKGBXW1J.pcm
SwiftExplicitDependencyGeneratePcm arm64 /Users/admin/builder/spi-builder-workspace/.derivedData/SDKExplicitPrecompiledModules/_LocationEssentials-CV55KC6C4HGASVU6279M2TPYS.pcm
SwiftExplicitDependencyGeneratePcm arm64 /Users/admin/builder/spi-builder-workspace/.derivedData/SDKExplicitPrecompiledModules/UniformTypeIdentifiers-5LG8RE3Q01MBLZVRR3FFHHL5H.pcm
SwiftExplicitDependencyGeneratePcm arm64 /Users/admin/builder/spi-builder-workspace/.derivedData/SDKExplicitPrecompiledModules/CoreAudio-8XPVZMQXZVBU162UQPW77JTL1.pcm
SwiftExplicitDependencyGeneratePcm arm64 /Users/admin/builder/spi-builder-workspace/.derivedData/SDKExplicitPrecompiledModules/OSLog-1GSRGGGEESVJH9OULZA91RAA3.pcm
SwiftExplicitDependencyGeneratePcm arm64 /Users/admin/builder/spi-builder-workspace/.derivedData/SDKExplicitPrecompiledModules/IOSurface-1TUG4NQVIPJF59WSUNATZ447F.pcm
SwiftExplicitDependencyGeneratePcm arm64 /Users/admin/builder/spi-builder-workspace/.derivedData/SDKExplicitPrecompiledModules/CoreTransferable-2HJ1Z8HJBPECRD89AVJ0X7S63.pcm
SwiftExplicitDependencyGeneratePcm arm64 /Users/admin/builder/spi-builder-workspace/.derivedData/SDKExplicitPrecompiledModules/LocalAuthentication-8T1JVW9JOJ0KH24ATQIF5OCZU.pcm
SwiftExplicitDependencyGeneratePcm arm64 /Users/admin/builder/spi-builder-workspace/.derivedData/SDKExplicitPrecompiledModules/CoreLocation-6PHJES15W7TUABDNQ1VHCJETV.pcm
SwiftExplicitDependencyGeneratePcm arm64 /Users/admin/builder/spi-builder-workspace/.derivedData/SDKExplicitPrecompiledModules/Accessibility-6F38G4T85MOHD9AA2EH4U2PJS.pcm
SwiftExplicitDependencyGeneratePcm arm64 /Users/admin/builder/spi-builder-workspace/.derivedData/SDKExplicitPrecompiledModules/OpenGL-FXV81CD8YS42YTVJKJH1VLGA.pcm
SwiftExplicitDependencyGeneratePcm arm64 /Users/admin/builder/spi-builder-workspace/.derivedData/SDKExplicitPrecompiledModules/Metal-KM8CI04R5X5OUWMGRMNZE4KP.pcm
SwiftExplicitDependencyGeneratePcm arm64 /Users/admin/builder/spi-builder-workspace/.derivedData/SDKExplicitPrecompiledModules/Carbon-2ONS33PR0M3OUK9U5ST5BLH43.pcm
SwiftExplicitDependencyGeneratePcm arm64 /Users/admin/builder/spi-builder-workspace/.derivedData/SDKExplicitPrecompiledModules/CloudKit-53XPJBX1NPEA06LS94ZVO1TCP.pcm
SwiftExplicitDependencyGeneratePcm arm64 /Users/admin/builder/spi-builder-workspace/.derivedData/SDKExplicitPrecompiledModules/CoreMotion-33H6G10YF6B3HSOMFY62WZ9GP.pcm
SwiftExplicitDependencyGeneratePcm arm64 /Users/admin/builder/spi-builder-workspace/.derivedData/SDKExplicitPrecompiledModules/CoreVideo-11TKSDKW0L2K02H4B9ZHWLM3B.pcm
SwiftExplicitDependencyCompileModuleFromInterface arm64 /Users/admin/builder/spi-builder-workspace/.derivedData/SDKExplicitPrecompiledModules/RealityCoreTextureProcessing-1QQXO7WQWIWIL.swiftmodule
SwiftExplicitDependencyCompileModuleFromInterface arm64 /Users/admin/builder/spi-builder-workspace/.derivedData/SDKExplicitPrecompiledModules/RealityCoreDeformation-1PCRLRCRSBNYD.swiftmodule
SwiftExplicitDependencyCompileModuleFromInterface arm64 /Users/admin/builder/spi-builder-workspace/.derivedData/SDKExplicitPrecompiledModules/ShaderGraph-L1AZM40HBP28.swiftmodule
SwiftExplicitDependencyGeneratePcm arm64 /Users/admin/builder/spi-builder-workspace/.derivedData/SDKExplicitPrecompiledModules/AudioToolbox-2T0MY057M2IF62UMRCVMCXBCW.pcm
SwiftExplicitDependencyGeneratePcm arm64 /Users/admin/builder/spi-builder-workspace/.derivedData/SDKExplicitPrecompiledModules/CoreImage-AKYY8VSFWQ6KIIXG3EQJ7PW5T.pcm
SwiftExplicitDependencyGeneratePcm arm64 /Users/admin/builder/spi-builder-workspace/.derivedData/SDKExplicitPrecompiledModules/QuartzCore-AP21NXF3BYPWOG416U3DI6QME.pcm
SwiftExplicitDependencyGeneratePcm arm64 /Users/admin/builder/spi-builder-workspace/.derivedData/SDKExplicitPrecompiledModules/CoreMedia-699WGYGEEF2LGFEEGSCM9Y1UF.pcm
SwiftExplicitDependencyGeneratePcm arm64 /Users/admin/builder/spi-builder-workspace/.derivedData/SDKExplicitPrecompiledModules/SwiftUICore-ESLJM4CVIQEQNCRTK6KPAF1I7.pcm
SwiftExplicitDependencyGeneratePcm arm64 /Users/admin/builder/spi-builder-workspace/.derivedData/SDKExplicitPrecompiledModules/AVFAudio-8O3YR1E0VTB07VYVVPNE7AW5O.pcm
SwiftExplicitDependencyGeneratePcm arm64 /Users/admin/builder/spi-builder-workspace/.derivedData/SDKExplicitPrecompiledModules/VideoToolbox-6IDX6DMGASVEDUVPEGSTLUE4G.pcm
SwiftExplicitDependencyGeneratePcm arm64 /Users/admin/builder/spi-builder-workspace/.derivedData/SDKExplicitPrecompiledModules/MediaToolbox-A1FBUTL5IVSGB3TSM17GGXT7S.pcm
SwiftExplicitDependencyCompileModuleFromInterface arm64 /Users/admin/builder/spi-builder-workspace/.derivedData/SDKExplicitPrecompiledModules/RealityCoreRenderer-1Z34JANOB6EEI.swiftmodule
SwiftExplicitDependencyGeneratePcm arm64 /Users/admin/builder/spi-builder-workspace/.derivedData/SDKExplicitPrecompiledModules/AppKit-C2WRQ26QXORUMMNQB0M8H4QYD.pcm
SwiftExplicitDependencyGeneratePcm arm64 /Users/admin/builder/spi-builder-workspace/.derivedData/SDKExplicitPrecompiledModules/AVFoundation-7AXUV20FGUWS4UKWN8IVZVM84.pcm
SwiftExplicitDependencyCompileModuleFromInterface arm64 /Users/admin/builder/spi-builder-workspace/.derivedData/SDKExplicitPrecompiledModules/RealityFoundationCloth-1G0UELXGDH1PY.swiftmodule
SwiftExplicitDependencyGeneratePcm arm64 /Users/admin/builder/spi-builder-workspace/.derivedData/SDKExplicitPrecompiledModules/GameController-E0DUYP067ZB6S721ZCOW2XBCS.pcm
SwiftExplicitDependencyGeneratePcm arm64 /Users/admin/builder/spi-builder-workspace/.derivedData/SDKExplicitPrecompiledModules/Cocoa-C4EM04F55Q09X00LN45U96140.pcm
SwiftExplicitDependencyGeneratePcm arm64 /Users/admin/builder/spi-builder-workspace/.derivedData/SDKExplicitPrecompiledModules/SwiftUI-5IEOINZEJ69OCDVRMHPS5W4XI.pcm
SwiftExplicitDependencyGeneratePcm arm64 /Users/admin/builder/spi-builder-workspace/.derivedData/SDKExplicitPrecompiledModules/MultipeerConnectivity-3A13W67BB379V9V0RIXKUBVZP.pcm
SwiftEmitModule normal arm64 Emitting\ module\ for\ DicyaninEntityDebugger (in target 'DicyaninEntityDebugger' from project 'DicyaninEntityDebugger')
SwiftCompile normal arm64 (in target 'DicyaninEntityDebugger' from project 'DicyaninEntityDebugger')
cd /Users/admin/builder/spi-builder-workspace/.swiftpm/xcode
/Users/admin/builder/spi-builder-workspace/Sources/DicyaninEntityDebugger/DebugViewButton.swift:7:20: error: 'openWindow' is only available in macOS 13.0 or newer
4 |
5 | /// A button that opens the EntityDebugView in a new window.
6 | public struct DebugViewButton: View {
| `- note: add '@available' attribute to enclosing struct
7 | @Environment(\.openWindow) private var openWindow
| `- error: 'openWindow' is only available in macOS 13.0 or newer
8 |
9 | public init() {}
Failed frontend command:
/Applications/Xcode-27.0.0-Release.Candidate.app/Contents/Developer/Toolchains/XcodeDefault.xctoolchain/usr/bin/swift-frontend -frontend -emit-module -experimental-skip-non-inlinable-function-bodies-without-types /Users/admin/builder/spi-builder-workspace/Sources/DicyaninEntityDebugger/DebugViewButton.swift /Users/admin/builder/spi-builder-workspace/Sources/DicyaninEntityDebugger/DicyaninEntityDebugger.swift /Users/admin/builder/spi-builder-workspace/Sources/DicyaninEntityDebugger/Entity+Debugger.swift /Users/admin/builder/spi-builder-workspace/Sources/DicyaninEntityDebugger/EntityDebugView.swift /Users/admin/builder/spi-builder-workspace/Sources/DicyaninEntityDebugger/VisualArrowIndicator.swift -target arm64-apple-macos12.0 -disable-cross-import-overlay-search -swift-module-cross-import RealityKit /Applications/Xcode-27.0.0-Release.Candidate.app/Contents/Developer/Platforms/MacOSX.platform/Developer/SDKs/MacOSX27.0.sdk/System/Library/Frameworks/RealityKit.framework/Modules/RealityKit.swiftcrossimport/ComputeGraph.swiftoverlay -swift-module-cross-import RealityKit /Applications/Xcode-27.0.0-Release.Candidate.app/Contents/Developer/Platforms/MacOSX.platform/Developer/SDKs/MacOSX27.0.sdk/System/Library/Frameworks/RealityKit.framework/Modules/RealityKit.swiftcrossimport/SwiftUI.swiftoverlay -load-resolved-plugin /Applications/Xcode-27.0.0-Release.Candidate.app/Contents/Developer/Platforms/MacOSX.platform/Developer/usr/lib/swift/host/plugins/libFoundationMacros.dylib\#/Applications/Xcode-27.0.0-Release.Candidate.app/Contents/Developer/Platforms/MacOSX.platform/Developer/usr/bin/swift-plugin-server\#FoundationMacros -load-resolved-plugin /Applications/Xcode-27.0.0-Release.Candidate.app/Contents/Developer/Platforms/MacOSX.platform/Developer/usr/lib/swift/host/plugins/libObservationMacros.dylib\#/Applications/Xcode-27.0.0-Release.Candidate.app/Contents/Developer/Platforms/MacOSX.platform/Developer/usr/bin/swift-plugin-server\#ObservationMacros -load-resolved-plugin /Applications/Xcode-27.0.0-Release.Candidate.app/Contents/Developer/Platforms/MacOSX.platform/Developer/usr/lib/swift/host/plugins/libPreviewsMacros.dylib\#/Applications/Xcode-27.0.0-Release.Candidate.app/Contents/Developer/Platforms/MacOSX.platform/Developer/usr/bin/swift-plugin-server\#PreviewsMacros -load-resolved-plugin /Applications/Xcode-27.0.0-Release.Candidate.app/Contents/Developer/Platforms/MacOSX.platform/Developer/usr/lib/swift/host/plugins/libSwiftMacros.dylib\#/Applications/Xcode-27.0.0-Release.Candidate.app/Contents/Developer/Platforms/MacOSX.platform/Developer/usr/bin/swift-plugin-server\#SwiftMacros -load-resolved-plugin /Applications/Xcode-27.0.0-Release.Candidate.app/Contents/Developer/Platforms/MacOSX.platform/Developer/usr/lib/swift/host/plugins/libSwiftUIMacros.dylib\#/Applications/Xcode-27.0.0-Release.Candidate.app/Contents/Developer/Platforms/MacOSX.platform/Developer/usr/bin/swift-plugin-server\#SwiftUIMacros -disable-implicit-swift-modules -Xcc -fno-implicit-modules -Xcc -fno-implicit-module-maps -explicit-swift-module-map-file /Users/admin/builder/spi-builder-workspace/.derivedData/Build/Intermediates.noindex/DicyaninEntityDebugger.build/Debug/DicyaninEntityDebugger-t.build/Objects-normal/arm64/DicyaninEntityDebugger-dependencies-1.json -Xllvm -aarch64-use-tbi -enable-objc-interop -stack-check -sdk /Applications/Xcode-27.0.0-Release.Candidate.app/Contents/Developer/Platforms/MacOSX.platform/Developer/SDKs/MacOSX27.0.sdk -I /Users/admin/builder/spi-builder-workspace/.derivedData/Build/Products/Debug -Isystem /Applications/Xcode-27.0.0-Release.Candidate.app/Contents/Developer/Platforms/MacOSX.platform/Developer/usr/lib -F /Users/admin/builder/spi-builder-workspace/.derivedData/Build/Products/Debug -F /Applications/Xcode-27.0.0-Release.Candidate.app/Contents/Developer/Platforms/MacOSX.platform/Developer/Library/Frameworks -module-cache-path /Users/admin/builder/spi-builder-workspace/.derivedData/Build/Intermediates.noindex/SwiftExplicitPrecompiledModules -no-color-diagnostics -Xcc -fno-color-diagnostics -enable-testing -g -debug-info-format\=dwarf -dwarf-version\=4 -profile-generate -profile-coverage-mapping -swift-version 5 -Onone -D SWIFT_PACKAGE -D DEBUG -D SWIFT_MODULE_RESOURCE_BUNDLE_UNAVAILABLE -D Xcode -serialize-debugging-options -enable-experimental-feature DebugDescriptionMacro -empty-abi-descriptor -validate-clang-modules-once -clang-build-session-file /Users/admin/builder/spi-builder-workspace/.derivedData/ModuleCache.noindex/Session.modulevalidation -Xcc -working-directory -Xcc /Users/admin/builder/spi-builder-workspace/.swiftpm/xcode -enable-anonymous-context-mangled-names -file-compilation-dir /Users/admin/builder/spi-builder-workspace/.swiftpm/xcode -Xcc -D_LIBCPP_HARDENING_MODE\=_LIBCPP_HARDENING_MODE_DEBUG -Xcc -ivfsstatcache -Xcc /Users/admin/builder/spi-builder-workspace/.derivedData/SDKStatCaches.noindex/macosx27.0-26A425-e829b21a6f8c9b70876ba0858053c0446a22442a12e9d48fe1a705f55a1adfc4.sdkstatcache -Xcc -fmodules-prune-interval\=86400 -Xcc -fmodules-prune-after\=345600 -Xcc -I/Users/admin/builder/spi-builder-workspace/.derivedData/Build/Products/Debug/include -Xcc -I/Users/admin/builder/spi-builder-workspace/.derivedData/Build/Intermediates.noindex/DicyaninEntityDebugger.build/Debug/DicyaninEntityDebugger-t.build/DerivedSources-normal/arm64 -Xcc -I/Users/admin/builder/spi-builder-workspace/.derivedData/Build/Intermediates.noindex/DicyaninEntityDebugger.build/Debug/DicyaninEntityDebugger-t.build/DerivedSources/arm64 -Xcc -I/Users/admin/builder/spi-builder-workspace/.derivedData/Build/Intermediates.noindex/DicyaninEntityDebugger.build/Debug/DicyaninEntityDebugger-t.build/DerivedSources -Xcc -DSWIFT_PACKAGE -Xcc -DDEBUG\=1 -no-auto-bridging-header-chaining -module-name DicyaninEntityDebugger -package-name spi_builder_workspace -const-gather-protocols-file /Users/admin/builder/spi-builder-workspace/.derivedData/Build/Intermediates.noindex/DicyaninEntityDebugger.build/Debug/DicyaninEntityDebugger-t.build/Objects-normal/arm64/DicyaninEntityDebugger_const_extract_protocols.json -disable-clang-spi -clang-target arm64-apple-macos27.0 -target-sdk-version 27.0 -target-sdk-name macosx27.0 -in-process-plugin-server-path /Applications/Xcode-27.0.0-Release.Candidate.app/Contents/Developer/Toolchains/XcodeDefault.xctoolchain/usr/lib/swift/host/libSwiftInProcPluginServer.dylib -emit-module-doc-path /Users/admin/builder/spi-builder-workspace/.derivedData/Build/Intermediates.noindex/DicyaninEntityDebugger.build/Debug/DicyaninEntityDebugger-t.build/Objects-normal/arm64/DicyaninEntityDebugger.swiftdoc -emit-module-source-info-path /Users/admin/builder/spi-builder-workspace/.derivedData/Build/Intermediates.noindex/DicyaninEntityDebugger.build/Debug/DicyaninEntityDebugger-t.build/Objects-normal/arm64/DicyaninEntityDebugger.swiftsourceinfo -emit-objc-header-path /Users/admin/builder/spi-builder-workspace/.derivedData/Build/Intermediates.noindex/DicyaninEntityDebugger.build/Debug/DicyaninEntityDebugger-t.build/Objects-normal/arm64/DicyaninEntityDebugger-Swift.h -serialize-diagnostics-path /Users/admin/builder/spi-builder-workspace/.derivedData/Build/Intermediates.noindex/DicyaninEntityDebugger.build/Debug/DicyaninEntityDebugger-t.build/Objects-normal/arm64/DicyaninEntityDebugger-primary-emit-module.dia -emit-dependencies-path /Users/admin/builder/spi-builder-workspace/.derivedData/Build/Intermediates.noindex/DicyaninEntityDebugger.build/Debug/DicyaninEntityDebugger-t.build/Objects-normal/arm64/DicyaninEntityDebugger-primary-emit-module.d -parse-as-library -o /Users/admin/builder/spi-builder-workspace/.derivedData/Build/Intermediates.noindex/DicyaninEntityDebugger.build/Debug/DicyaninEntityDebugger-t.build/Objects-normal/arm64/DicyaninEntityDebugger.swiftmodule -emit-abi-descriptor-path /Users/admin/builder/spi-builder-workspace/.derivedData/Build/Intermediates.noindex/DicyaninEntityDebugger.build/Debug/DicyaninEntityDebugger-t.build/Objects-normal/arm64/DicyaninEntityDebugger.abi.json
SwiftCompile normal arm64 Compiling\ DebugViewButton.swift /Users/admin/builder/spi-builder-workspace/Sources/DicyaninEntityDebugger/DebugViewButton.swift (in target 'DicyaninEntityDebugger' from project 'DicyaninEntityDebugger')
SwiftCompile normal arm64 /Users/admin/builder/spi-builder-workspace/Sources/DicyaninEntityDebugger/DebugViewButton.swift (in target 'DicyaninEntityDebugger' from project 'DicyaninEntityDebugger')
cd /Users/admin/builder/spi-builder-workspace/.swiftpm/xcode
builtin-SwiftPerFileCompile DebugViewButton.swift
/Users/admin/builder/spi-builder-workspace/Sources/DicyaninEntityDebugger/DebugViewButton.swift:7:20: error: 'openWindow' is only available in macOS 13.0 or newer
4 |
5 | /// A button that opens the EntityDebugView in a new window.
6 | public struct DebugViewButton: View {
| `- note: add '@available' attribute to enclosing struct
7 | @Environment(\.openWindow) private var openWindow
| `- error: 'openWindow' is only available in macOS 13.0 or newer
8 |
9 | public init() {}
SwiftCompile normal arm64 Compiling\ EntityDebugView.swift /Users/admin/builder/spi-builder-workspace/Sources/DicyaninEntityDebugger/EntityDebugView.swift (in target 'DicyaninEntityDebugger' from project 'DicyaninEntityDebugger')
SwiftCompile normal arm64 /Users/admin/builder/spi-builder-workspace/Sources/DicyaninEntityDebugger/EntityDebugView.swift (in target 'DicyaninEntityDebugger' from project 'DicyaninEntityDebugger')
cd /Users/admin/builder/spi-builder-workspace/.swiftpm/xcode
builtin-SwiftPerFileCompile EntityDebugView.swift
SwiftCompile normal arm64 Compiling\ DicyaninEntityDebugger.swift /Users/admin/builder/spi-builder-workspace/Sources/DicyaninEntityDebugger/DicyaninEntityDebugger.swift (in target 'DicyaninEntityDebugger' from project 'DicyaninEntityDebugger')
SwiftCompile normal arm64 /Users/admin/builder/spi-builder-workspace/Sources/DicyaninEntityDebugger/DicyaninEntityDebugger.swift (in target 'DicyaninEntityDebugger' from project 'DicyaninEntityDebugger')
cd /Users/admin/builder/spi-builder-workspace/.swiftpm/xcode
builtin-SwiftPerFileCompile DicyaninEntityDebugger.swift
SwiftCompile normal arm64 Compiling\ VisualArrowIndicator.swift /Users/admin/builder/spi-builder-workspace/Sources/DicyaninEntityDebugger/VisualArrowIndicator.swift (in target 'DicyaninEntityDebugger' from project 'DicyaninEntityDebugger')
SwiftCompile normal arm64 /Users/admin/builder/spi-builder-workspace/Sources/DicyaninEntityDebugger/VisualArrowIndicator.swift (in target 'DicyaninEntityDebugger' from project 'DicyaninEntityDebugger')
cd /Users/admin/builder/spi-builder-workspace/.swiftpm/xcode
builtin-SwiftPerFileCompile VisualArrowIndicator.swift
/Users/admin/builder/spi-builder-workspace/Sources/DicyaninEntityDebugger/VisualArrowIndicator.swift:67:38: error: 'generateCylinder(height:radius:)' is only available in macOS 15.0 or newer
57 | }
58 |
59 | public class ArrowEntity: Entity, HasModel {
| `- note: add '@available' attribute to enclosing class
60 | required init() {
61 | super.init()
:
63 | }
64 |
65 | private func createArrowModel() {
| `- note: add '@available' attribute to enclosing instance method
66 | // Create arrow shaft (cylinder)
67 | let shaftMesh = MeshResource.generateCylinder(
| |- error: 'generateCylinder(height:radius:)' is only available in macOS 15.0 or newer
| `- note: add 'if #available' version check
68 | height: 0.1,
69 | radius: 0.005
SwiftCompile normal arm64 Compiling\ Entity+Debugger.swift /Users/admin/builder/spi-builder-workspace/Sources/DicyaninEntityDebugger/Entity+Debugger.swift (in target 'DicyaninEntityDebugger' from project 'DicyaninEntityDebugger')
SwiftCompile normal arm64 /Users/admin/builder/spi-builder-workspace/Sources/DicyaninEntityDebugger/Entity+Debugger.swift (in target 'DicyaninEntityDebugger' from project 'DicyaninEntityDebugger')
cd /Users/admin/builder/spi-builder-workspace/.swiftpm/xcode
builtin-SwiftPerFileCompile Entity+Debugger.swift
PruneExplicitPrecompiledModules /Users/admin/builder/spi-builder-workspace/.derivedData/SDKExplicitPrecompiledModules
PruneExplicitPrecompiledModules /Users/admin/builder/spi-builder-workspace/.derivedData/Build/Intermediates.noindex/ExplicitPrecompiledModules
PruneExplicitPrecompiledModules /Users/admin/builder/spi-builder-workspace/.derivedData/Build/Intermediates.noindex/SwiftExplicitPrecompiledModules
2026-09-22 04:16:03.616 xcodebuild[627:3894] [MT] IDERunDestination: Supported platforms for the buildables in the current scheme is empty.
--- xcodebuild: WARNING: Using the first of multiple matching destinations:
{ platform:macOS, arch:arm64, id:9682b4fa75aa000f5269d1ff136bf86d56f0c112, name:My Mac }
{ platform:macOS, arch:arm64, variant:Mac Catalyst, id:9682b4fa75aa000f5269d1ff136bf86d56f0c112, name:My Mac }
{ platform:macOS, arch:arm64, variant:DriverKit, id:9682b4fa75aa000f5269d1ff136bf86d56f0c112, name:My Mac }
{ platform:macOS, arch:arm64, variant:Designed for [iPad,iPhone], id:9682b4fa75aa000f5269d1ff136bf86d56f0c112, name:My Mac }
** BUILD FAILED **
The following build commands failed:
SwiftCompile normal arm64 (in target 'DicyaninEntityDebugger' from project 'DicyaninEntityDebugger')
SwiftEmitModule normal arm64 Emitting\ module\ for\ DicyaninEntityDebugger (in target 'DicyaninEntityDebugger' from project 'DicyaninEntityDebugger')
Building workspace DicyaninEntityDebugger with scheme DicyaninEntityDebugger
(3 failures)
Command line invocation:
/Applications/Xcode-27.0.0-Release.Candidate.app/Contents/Developer/usr/bin/xcodebuild -IDEClonedSourcePackagesDirPathOverride=/Users/admin/builder/spi-builder-workspace/.dependencies -resolvePackageDependencies
Resolve Package Graph
Resolved source packages:
DicyaninEntityDebugger: /Users/admin/builder/spi-builder-workspace
resolved source packages: DicyaninEntityDebugger
2026-09-22 04:16:12.921 xcodebuild[762:4523] [MT] IDERunDestination: Supported platforms for the buildables in the current scheme is empty.
{
"dependencies" : [
],
"manifest_display_name" : "DicyaninEntityDebugger",
"name" : "DicyaninEntityDebugger",
"path" : "/Users/admin/builder/spi-builder-workspace",
"platforms" : [
{
"name" : "visionos",
"version" : "1.0"
}
],
"products" : [
{
"name" : "DicyaninEntityDebugger",
"targets" : [
"DicyaninEntityDebugger"
],
"type" : {
"library" : [
"automatic"
]
}
}
],
"targets" : [
{
"c99name" : "DicyaninEntityDebuggerTests",
"module_type" : "SwiftTarget",
"name" : "DicyaninEntityDebuggerTests",
"path" : "Tests",
"sources" : [
"DicyaninPlaygroundsTests/DicyaninPlaygroundsTests.swift"
],
"target_dependencies" : [
"DicyaninEntityDebugger"
],
"type" : "test"
},
{
"c99name" : "DicyaninEntityDebugger",
"module_type" : "SwiftTarget",
"name" : "DicyaninEntityDebugger",
"path" : "Sources/DicyaninEntityDebugger",
"product_memberships" : [
"DicyaninEntityDebugger"
],
"sources" : [
"DebugViewButton.swift",
"DicyaninEntityDebugger.swift",
"Entity+Debugger.swift",
"EntityDebugView.swift",
"VisualArrowIndicator.swift"
],
"type" : "library"
}
],
"tools_version" : "5.9"
}
{
"workspace" : {
"name" : "DicyaninEntityDebugger",
"schemes" : [
"DicyaninEntityDebugger"
]
}
}
2026-09-22 04:16:14.126 xcodebuild[770:4587] [MT] IDERunDestination: Supported platforms for the buildables in the current scheme is empty.
Running build ...
env DEVELOPER_DIR=/Applications/Xcode-27.0.0-Release.Candidate.app xcrun xcodebuild -IDEClonedSourcePackagesDirPathOverride=$PWD/.dependencies -skipMacroValidation -skipPackagePluginValidation -derivedDataPath $PWD/.derivedData build -scheme DicyaninEntityDebugger -destination platform=macOS,arch=arm64
Command line invocation:
/Applications/Xcode-27.0.0-Release.Candidate.app/Contents/Developer/usr/bin/xcodebuild -IDEClonedSourcePackagesDirPathOverride=/Users/admin/builder/spi-builder-workspace/.dependencies -skipMacroValidation -skipPackagePluginValidation -derivedDataPath /Users/admin/builder/spi-builder-workspace/.derivedData build -scheme DicyaninEntityDebugger -destination platform=macOS,arch=arm64
Resolve Package Graph
Resolved source packages:
DicyaninEntityDebugger: /Users/admin/builder/spi-builder-workspace
ComputePackagePrebuildTargetDependencyGraph
Prepare packages
CreateBuildRequest
SendProjectDescription
CreateBuildOperation
ComputeTargetDependencyGraph
note: Building targets in dependency order
note: Target dependency graph (2 targets)
Target 'DicyaninEntityDebugger-product' in project 'DicyaninEntityDebugger'
➜ Explicit dependency on target 'DicyaninEntityDebugger' in project 'DicyaninEntityDebugger'
Target 'DicyaninEntityDebugger' in project 'DicyaninEntityDebugger' (no dependencies)
GatherProvisioningInputs
CreateBuildDescription
ClangStatCache /Applications/Xcode-27.0.0-Release.Candidate.app/Contents/Developer/Toolchains/XcodeDefault.xctoolchain/usr/bin/clang-stat-cache /Applications/Xcode-27.0.0-Release.Candidate.app/Contents/Developer/Platforms/MacOSX.platform/Developer/SDKs/MacOSX27.0.sdk /Users/admin/builder/spi-builder-workspace/.derivedData/SDKStatCaches.noindex/macosx27.0-26A425-e829b21a6f8c9b70876ba0858053c0446a22442a12e9d48fe1a705f55a1adfc4.sdkstatcache
cd /Users/admin/builder/spi-builder-workspace/.swiftpm/xcode
/Applications/Xcode-27.0.0-Release.Candidate.app/Contents/Developer/Toolchains/XcodeDefault.xctoolchain/usr/bin/clang-stat-cache /Applications/Xcode-27.0.0-Release.Candidate.app/Contents/Developer/Platforms/MacOSX.platform/Developer/SDKs/MacOSX27.0.sdk -o /Users/admin/builder/spi-builder-workspace/.derivedData/SDKStatCaches.noindex/macosx27.0-26A425-e829b21a6f8c9b70876ba0858053c0446a22442a12e9d48fe1a705f55a1adfc4.sdkstatcache
SwiftDriver DicyaninEntityDebugger normal arm64 com.apple.xcode.tools.swift.compiler (in target 'DicyaninEntityDebugger' from project 'DicyaninEntityDebugger')
cd /Users/admin/builder/spi-builder-workspace/.swiftpm/xcode
builtin-SwiftDriver -- /Applications/Xcode-27.0.0-Release.Candidate.app/Contents/Developer/Toolchains/XcodeDefault.xctoolchain/usr/bin/swiftc -parse-as-library -module-name DicyaninEntityDebugger -Onone @/Users/admin/builder/spi-builder-workspace/.derivedData/Build/Intermediates.noindex/DicyaninEntityDebugger.build/Debug/DicyaninEntityDebugger-t.build/Objects-normal/arm64/DicyaninEntityDebugger.SwiftFileList -DSWIFT_PACKAGE -DDEBUG -DSWIFT_MODULE_RESOURCE_BUNDLE_UNAVAILABLE -DXcode -plugin-path /Applications/Xcode-27.0.0-Release.Candidate.app/Contents/Developer/Toolchains/XcodeDefault.xctoolchain/usr/lib/swift/host/plugins/testing -enable-experimental-feature DebugDescriptionMacro -sdk /Applications/Xcode-27.0.0-Release.Candidate.app/Contents/Developer/Platforms/MacOSX.platform/Developer/SDKs/MacOSX27.0.sdk -target arm64-apple-macos12.0 -g -module-cache-path /Users/admin/builder/spi-builder-workspace/.derivedData/ModuleCache.noindex -Xfrontend -serialize-debugging-options -profile-coverage-mapping -profile-generate -enable-testing -index-store-path /Users/admin/builder/spi-builder-workspace/.derivedData/Index.noindex/DataStore -Xcc -D_LIBCPP_HARDENING_MODE\=_LIBCPP_HARDENING_MODE_DEBUG -swift-version 5 -I /Users/admin/builder/spi-builder-workspace/.derivedData/Build/Products/Debug -Isystem /Applications/Xcode-27.0.0-Release.Candidate.app/Contents/Developer/Platforms/MacOSX.platform/Developer/usr/lib -F /Users/admin/builder/spi-builder-workspace/.derivedData/Build/Products/Debug -F /Applications/Xcode-27.0.0-Release.Candidate.app/Contents/Developer/Platforms/MacOSX.platform/Developer/Library/Frameworks -c -j10 -enable-batch-mode -incremental -Xcc -ivfsstatcache -Xcc /Users/admin/builder/spi-builder-workspace/.derivedData/SDKStatCaches.noindex/macosx27.0-26A425-e829b21a6f8c9b70876ba0858053c0446a22442a12e9d48fe1a705f55a1adfc4.sdkstatcache -output-file-map /Users/admin/builder/spi-builder-workspace/.derivedData/Build/Intermediates.noindex/DicyaninEntityDebugger.build/Debug/DicyaninEntityDebugger-t.build/Objects-normal/arm64/DicyaninEntityDebugger-OutputFileMap.json -save-temps -no-color-diagnostics -explicit-module-build -module-cache-path /Users/admin/builder/spi-builder-workspace/.derivedData/Build/Intermediates.noindex/SwiftExplicitPrecompiledModules -clang-scanner-module-cache-path /Users/admin/builder/spi-builder-workspace/.derivedData/ModuleCache.noindex -sdk-module-cache-path /Users/admin/builder/spi-builder-workspace/.derivedData/SDKExplicitPrecompiledModules -emit-dependencies -emit-module -emit-module-path /Users/admin/builder/spi-builder-workspace/.derivedData/Build/Intermediates.noindex/DicyaninEntityDebugger.build/Debug/DicyaninEntityDebugger-t.build/Objects-normal/arm64/DicyaninEntityDebugger.swiftmodule -serialize-diagnostics -dependency-scan-serialize-diagnostics-path /Users/admin/builder/spi-builder-workspace/.derivedData/Build/Intermediates.noindex/DicyaninEntityDebugger.build/Debug/DicyaninEntityDebugger-t.build/Objects-normal/arm64/DicyaninEntityDebugger-dependency-scan.dia -validate-clang-modules-once -clang-build-session-file /Users/admin/builder/spi-builder-workspace/.derivedData/ModuleCache.noindex/Session.modulevalidation -Xcc -fmodules-prune-interval\=86400 -Xcc -fmodules-prune-after\=345600 -package-name spi_builder_workspace -emit-const-values -const-gather-protocols-list /Users/admin/builder/spi-builder-workspace/.derivedData/Build/Intermediates.noindex/DicyaninEntityDebugger.build/Debug/DicyaninEntityDebugger-t.build/Objects-normal/arm64/DicyaninEntityDebugger_const_extract_protocols.json -Xcc -I/Users/admin/builder/spi-builder-workspace/.derivedData/Build/Products/Debug/include -Xcc -I/Users/admin/builder/spi-builder-workspace/.derivedData/Build/Intermediates.noindex/DicyaninEntityDebugger.build/Debug/DicyaninEntityDebugger-t.build/DerivedSources-normal/arm64 -Xcc -I/Users/admin/builder/spi-builder-workspace/.derivedData/Build/Intermediates.noindex/DicyaninEntityDebugger.build/Debug/DicyaninEntityDebugger-t.build/DerivedSources/arm64 -Xcc -I/Users/admin/builder/spi-builder-workspace/.derivedData/Build/Intermediates.noindex/DicyaninEntityDebugger.build/Debug/DicyaninEntityDebugger-t.build/DerivedSources -Xcc -DSWIFT_PACKAGE -Xcc -DDEBUG\=1 -emit-objc-header -emit-objc-header-path /Users/admin/builder/spi-builder-workspace/.derivedData/Build/Intermediates.noindex/DicyaninEntityDebugger.build/Debug/DicyaninEntityDebugger-t.build/Objects-normal/arm64/DicyaninEntityDebugger-Swift.h -working-directory /Users/admin/builder/spi-builder-workspace/.swiftpm/xcode -experimental-emit-module-separately -disable-cmo
SwiftCompile normal arm64 Compiling\ Entity+Debugger.swift /Users/admin/builder/spi-builder-workspace/Sources/DicyaninEntityDebugger/Entity+Debugger.swift (in target 'DicyaninEntityDebugger' from project 'DicyaninEntityDebugger')
SwiftCompile normal arm64 /Users/admin/builder/spi-builder-workspace/Sources/DicyaninEntityDebugger/Entity+Debugger.swift (in target 'DicyaninEntityDebugger' from project 'DicyaninEntityDebugger')
cd /Users/admin/builder/spi-builder-workspace/.swiftpm/xcode
builtin-SwiftPerFileCompile Entity+Debugger.swift
SwiftEmitModule normal arm64 Emitting\ module\ for\ DicyaninEntityDebugger (in target 'DicyaninEntityDebugger' from project 'DicyaninEntityDebugger')
/Users/admin/builder/spi-builder-workspace/Sources/DicyaninEntityDebugger/DebugViewButton.swift:7:20: error: 'openWindow' is only available in macOS 13.0 or newer
4 |
5 | /// A button that opens the EntityDebugView in a new window.
6 | public struct DebugViewButton: View {
| `- note: add '@available' attribute to enclosing struct
7 | @Environment(\.openWindow) private var openWindow
| `- error: 'openWindow' is only available in macOS 13.0 or newer
8 |
9 | public init() {}
Failed frontend command:
/Applications/Xcode-27.0.0-Release.Candidate.app/Contents/Developer/Toolchains/XcodeDefault.xctoolchain/usr/bin/swift-frontend -frontend -emit-module -experimental-skip-non-inlinable-function-bodies-without-types /Users/admin/builder/spi-builder-workspace/Sources/DicyaninEntityDebugger/DebugViewButton.swift /Users/admin/builder/spi-builder-workspace/Sources/DicyaninEntityDebugger/DicyaninEntityDebugger.swift /Users/admin/builder/spi-builder-workspace/Sources/DicyaninEntityDebugger/Entity+Debugger.swift /Users/admin/builder/spi-builder-workspace/Sources/DicyaninEntityDebugger/EntityDebugView.swift /Users/admin/builder/spi-builder-workspace/Sources/DicyaninEntityDebugger/VisualArrowIndicator.swift -target arm64-apple-macos12.0 -disable-cross-import-overlay-search -swift-module-cross-import RealityKit /Applications/Xcode-27.0.0-Release.Candidate.app/Contents/Developer/Platforms/MacOSX.platform/Developer/SDKs/MacOSX27.0.sdk/System/Library/Frameworks/RealityKit.framework/Modules/RealityKit.swiftcrossimport/ComputeGraph.swiftoverlay -swift-module-cross-import RealityKit /Applications/Xcode-27.0.0-Release.Candidate.app/Contents/Developer/Platforms/MacOSX.platform/Developer/SDKs/MacOSX27.0.sdk/System/Library/Frameworks/RealityKit.framework/Modules/RealityKit.swiftcrossimport/SwiftUI.swiftoverlay -load-resolved-plugin /Applications/Xcode-27.0.0-Release.Candidate.app/Contents/Developer/Platforms/MacOSX.platform/Developer/usr/lib/swift/host/plugins/libFoundationMacros.dylib\#/Applications/Xcode-27.0.0-Release.Candidate.app/Contents/Developer/Platforms/MacOSX.platform/Developer/usr/bin/swift-plugin-server\#FoundationMacros -load-resolved-plugin /Applications/Xcode-27.0.0-Release.Candidate.app/Contents/Developer/Platforms/MacOSX.platform/Developer/usr/lib/swift/host/plugins/libObservationMacros.dylib\#/Applications/Xcode-27.0.0-Release.Candidate.app/Contents/Developer/Platforms/MacOSX.platform/Developer/usr/bin/swift-plugin-server\#ObservationMacros -load-resolved-plugin /Applications/Xcode-27.0.0-Release.Candidate.app/Contents/Developer/Platforms/MacOSX.platform/Developer/usr/lib/swift/host/plugins/libPreviewsMacros.dylib\#/Applications/Xcode-27.0.0-Release.Candidate.app/Contents/Developer/Platforms/MacOSX.platform/Developer/usr/bin/swift-plugin-server\#PreviewsMacros -load-resolved-plugin /Applications/Xcode-27.0.0-Release.Candidate.app/Contents/Developer/Platforms/MacOSX.platform/Developer/usr/lib/swift/host/plugins/libSwiftMacros.dylib\#/Applications/Xcode-27.0.0-Release.Candidate.app/Contents/Developer/Platforms/MacOSX.platform/Developer/usr/bin/swift-plugin-server\#SwiftMacros -load-resolved-plugin /Applications/Xcode-27.0.0-Release.Candidate.app/Contents/Developer/Platforms/MacOSX.platform/Developer/usr/lib/swift/host/plugins/libSwiftUIMacros.dylib\#/Applications/Xcode-27.0.0-Release.Candidate.app/Contents/Developer/Platforms/MacOSX.platform/Developer/usr/bin/swift-plugin-server\#SwiftUIMacros -disable-implicit-swift-modules -Xcc -fno-implicit-modules -Xcc -fno-implicit-module-maps -explicit-swift-module-map-file /Users/admin/builder/spi-builder-workspace/.derivedData/Build/Intermediates.noindex/DicyaninEntityDebugger.build/Debug/DicyaninEntityDebugger-t.build/Objects-normal/arm64/DicyaninEntityDebugger-dependencies-1.json -Xllvm -aarch64-use-tbi -enable-objc-interop -stack-check -sdk /Applications/Xcode-27.0.0-Release.Candidate.app/Contents/Developer/Platforms/MacOSX.platform/Developer/SDKs/MacOSX27.0.sdk -I /Users/admin/builder/spi-builder-workspace/.derivedData/Build/Products/Debug -Isystem /Applications/Xcode-27.0.0-Release.Candidate.app/Contents/Developer/Platforms/MacOSX.platform/Developer/usr/lib -F /Users/admin/builder/spi-builder-workspace/.derivedData/Build/Products/Debug -F /Applications/Xcode-27.0.0-Release.Candidate.app/Contents/Developer/Platforms/MacOSX.platform/Developer/Library/Frameworks -module-cache-path /Users/admin/builder/spi-builder-workspace/.derivedData/Build/Intermediates.noindex/SwiftExplicitPrecompiledModules -no-color-diagnostics -Xcc -fno-color-diagnostics -enable-testing -g -debug-info-format\=dwarf -dwarf-version\=4 -profile-generate -profile-coverage-mapping -swift-version 5 -Onone -D SWIFT_PACKAGE -D DEBUG -D SWIFT_MODULE_RESOURCE_BUNDLE_UNAVAILABLE -D Xcode -serialize-debugging-options -enable-experimental-feature DebugDescriptionMacro -empty-abi-descriptor -validate-clang-modules-once -clang-build-session-file /Users/admin/builder/spi-builder-workspace/.derivedData/ModuleCache.noindex/Session.modulevalidation -Xcc -working-directory -Xcc /Users/admin/builder/spi-builder-workspace/.swiftpm/xcode -enable-anonymous-context-mangled-names -file-compilation-dir /Users/admin/builder/spi-builder-workspace/.swiftpm/xcode -Xcc -D_LIBCPP_HARDENING_MODE\=_LIBCPP_HARDENING_MODE_DEBUG -Xcc -ivfsstatcache -Xcc /Users/admin/builder/spi-builder-workspace/.derivedData/SDKStatCaches.noindex/macosx27.0-26A425-e829b21a6f8c9b70876ba0858053c0446a22442a12e9d48fe1a705f55a1adfc4.sdkstatcache -Xcc -fmodules-prune-interval\=86400 -Xcc -fmodules-prune-after\=345600 -Xcc -I/Users/admin/builder/spi-builder-workspace/.derivedData/Build/Products/Debug/include -Xcc -I/Users/admin/builder/spi-builder-workspace/.derivedData/Build/Intermediates.noindex/DicyaninEntityDebugger.build/Debug/DicyaninEntityDebugger-t.build/DerivedSources-normal/arm64 -Xcc -I/Users/admin/builder/spi-builder-workspace/.derivedData/Build/Intermediates.noindex/DicyaninEntityDebugger.build/Debug/DicyaninEntityDebugger-t.build/DerivedSources/arm64 -Xcc -I/Users/admin/builder/spi-builder-workspace/.derivedData/Build/Intermediates.noindex/DicyaninEntityDebugger.build/Debug/DicyaninEntityDebugger-t.build/DerivedSources -Xcc -DSWIFT_PACKAGE -Xcc -DDEBUG\=1 -no-auto-bridging-header-chaining -module-name DicyaninEntityDebugger -package-name spi_builder_workspace -const-gather-protocols-file /Users/admin/builder/spi-builder-workspace/.derivedData/Build/Intermediates.noindex/DicyaninEntityDebugger.build/Debug/DicyaninEntityDebugger-t.build/Objects-normal/arm64/DicyaninEntityDebugger_const_extract_protocols.json -disable-clang-spi -clang-target arm64-apple-macos27.0 -target-sdk-version 27.0 -target-sdk-name macosx27.0 -in-process-plugin-server-path /Applications/Xcode-27.0.0-Release.Candidate.app/Contents/Developer/Toolchains/XcodeDefault.xctoolchain/usr/lib/swift/host/libSwiftInProcPluginServer.dylib -emit-module-doc-path /Users/admin/builder/spi-builder-workspace/.derivedData/Build/Intermediates.noindex/DicyaninEntityDebugger.build/Debug/DicyaninEntityDebugger-t.build/Objects-normal/arm64/DicyaninEntityDebugger.swiftdoc -emit-module-source-info-path /Users/admin/builder/spi-builder-workspace/.derivedData/Build/Intermediates.noindex/DicyaninEntityDebugger.build/Debug/DicyaninEntityDebugger-t.build/Objects-normal/arm64/DicyaninEntityDebugger.swiftsourceinfo -emit-objc-header-path /Users/admin/builder/spi-builder-workspace/.derivedData/Build/Intermediates.noindex/DicyaninEntityDebugger.build/Debug/DicyaninEntityDebugger-t.build/Objects-normal/arm64/DicyaninEntityDebugger-Swift.h -serialize-diagnostics-path /Users/admin/builder/spi-builder-workspace/.derivedData/Build/Intermediates.noindex/DicyaninEntityDebugger.build/Debug/DicyaninEntityDebugger-t.build/Objects-normal/arm64/DicyaninEntityDebugger-primary-emit-module.dia -emit-dependencies-path /Users/admin/builder/spi-builder-workspace/.derivedData/Build/Intermediates.noindex/DicyaninEntityDebugger.build/Debug/DicyaninEntityDebugger-t.build/Objects-normal/arm64/DicyaninEntityDebugger-primary-emit-module.d -parse-as-library -o /Users/admin/builder/spi-builder-workspace/.derivedData/Build/Intermediates.noindex/DicyaninEntityDebugger.build/Debug/DicyaninEntityDebugger-t.build/Objects-normal/arm64/DicyaninEntityDebugger.swiftmodule -emit-abi-descriptor-path /Users/admin/builder/spi-builder-workspace/.derivedData/Build/Intermediates.noindex/DicyaninEntityDebugger.build/Debug/DicyaninEntityDebugger-t.build/Objects-normal/arm64/DicyaninEntityDebugger.abi.json
SwiftCompile normal arm64 (in target 'DicyaninEntityDebugger' from project 'DicyaninEntityDebugger')
cd /Users/admin/builder/spi-builder-workspace/.swiftpm/xcode
SwiftCompile normal arm64 Compiling\ DicyaninEntityDebugger.swift /Users/admin/builder/spi-builder-workspace/Sources/DicyaninEntityDebugger/DicyaninEntityDebugger.swift (in target 'DicyaninEntityDebugger' from project 'DicyaninEntityDebugger')
SwiftCompile normal arm64 /Users/admin/builder/spi-builder-workspace/Sources/DicyaninEntityDebugger/DicyaninEntityDebugger.swift (in target 'DicyaninEntityDebugger' from project 'DicyaninEntityDebugger')
cd /Users/admin/builder/spi-builder-workspace/.swiftpm/xcode
builtin-SwiftPerFileCompile DicyaninEntityDebugger.swift
SwiftCompile normal arm64 Compiling\ EntityDebugView.swift /Users/admin/builder/spi-builder-workspace/Sources/DicyaninEntityDebugger/EntityDebugView.swift (in target 'DicyaninEntityDebugger' from project 'DicyaninEntityDebugger')
SwiftCompile normal arm64 /Users/admin/builder/spi-builder-workspace/Sources/DicyaninEntityDebugger/EntityDebugView.swift (in target 'DicyaninEntityDebugger' from project 'DicyaninEntityDebugger')
cd /Users/admin/builder/spi-builder-workspace/.swiftpm/xcode
builtin-SwiftPerFileCompile EntityDebugView.swift
SwiftCompile normal arm64 Compiling\ DebugViewButton.swift /Users/admin/builder/spi-builder-workspace/Sources/DicyaninEntityDebugger/DebugViewButton.swift (in target 'DicyaninEntityDebugger' from project 'DicyaninEntityDebugger')
SwiftCompile normal arm64 /Users/admin/builder/spi-builder-workspace/Sources/DicyaninEntityDebugger/DebugViewButton.swift (in target 'DicyaninEntityDebugger' from project 'DicyaninEntityDebugger')
cd /Users/admin/builder/spi-builder-workspace/.swiftpm/xcode
builtin-SwiftPerFileCompile DebugViewButton.swift
/Users/admin/builder/spi-builder-workspace/Sources/DicyaninEntityDebugger/DebugViewButton.swift:7:20: error: 'openWindow' is only available in macOS 13.0 or newer
4 |
5 | /// A button that opens the EntityDebugView in a new window.
6 | public struct DebugViewButton: View {
| `- note: add '@available' attribute to enclosing struct
7 | @Environment(\.openWindow) private var openWindow
| `- error: 'openWindow' is only available in macOS 13.0 or newer
8 |
9 | public init() {}
SwiftCompile normal arm64 Compiling\ VisualArrowIndicator.swift /Users/admin/builder/spi-builder-workspace/Sources/DicyaninEntityDebugger/VisualArrowIndicator.swift (in target 'DicyaninEntityDebugger' from project 'DicyaninEntityDebugger')
/Users/admin/builder/spi-builder-workspace/Sources/DicyaninEntityDebugger/VisualArrowIndicator.swift:67:38: error: 'generateCylinder(height:radius:)' is only available in macOS 15.0 or newer
57 | }
58 |
59 | public class ArrowEntity: Entity, HasModel {
| `- note: add '@available' attribute to enclosing class
60 | required init() {
61 | super.init()
:
63 | }
64 |
65 | private func createArrowModel() {
| `- note: add '@available' attribute to enclosing instance method
66 | // Create arrow shaft (cylinder)
67 | let shaftMesh = MeshResource.generateCylinder(
| |- error: 'generateCylinder(height:radius:)' is only available in macOS 15.0 or newer
| `- note: add 'if #available' version check
68 | height: 0.1,
69 | radius: 0.005
SwiftCompile normal arm64 /Users/admin/builder/spi-builder-workspace/Sources/DicyaninEntityDebugger/VisualArrowIndicator.swift (in target 'DicyaninEntityDebugger' from project 'DicyaninEntityDebugger')
cd /Users/admin/builder/spi-builder-workspace/.swiftpm/xcode
builtin-SwiftPerFileCompile VisualArrowIndicator.swift
PruneExplicitPrecompiledModules /Users/admin/builder/spi-builder-workspace/.derivedData/Build/Intermediates.noindex/ExplicitPrecompiledModules
PruneExplicitPrecompiledModules /Users/admin/builder/spi-builder-workspace/.derivedData/Build/Intermediates.noindex/SwiftExplicitPrecompiledModules
PruneExplicitPrecompiledModules /Users/admin/builder/spi-builder-workspace/.derivedData/SDKExplicitPrecompiledModules
2026-09-22 04:16:15.082 xcodebuild[771:4614] [MT] IDERunDestination: Supported platforms for the buildables in the current scheme is empty.
--- xcodebuild: WARNING: Using the first of multiple matching destinations:
{ platform:macOS, arch:arm64, id:9682b4fa75aa000f5269d1ff136bf86d56f0c112, name:My Mac }
{ platform:macOS, arch:arm64, variant:Mac Catalyst, id:9682b4fa75aa000f5269d1ff136bf86d56f0c112, name:My Mac }
{ platform:macOS, arch:arm64, variant:DriverKit, id:9682b4fa75aa000f5269d1ff136bf86d56f0c112, name:My Mac }
{ platform:macOS, arch:arm64, variant:Designed for [iPad,iPhone], id:9682b4fa75aa000f5269d1ff136bf86d56f0c112, name:My Mac }
** BUILD FAILED **
The following build commands failed:
SwiftEmitModule normal arm64 Emitting\ module\ for\ DicyaninEntityDebugger (in target 'DicyaninEntityDebugger' from project 'DicyaninEntityDebugger')
SwiftCompile normal arm64 (in target 'DicyaninEntityDebugger' from project 'DicyaninEntityDebugger')
Building workspace DicyaninEntityDebugger with scheme DicyaninEntityDebugger
(3 failures)
BUILD FAILURE 6.4 macosXcodebuild