Build Information
Failed to build Sh, reference trunk (428de9), with Swift 6.3 for Android on 19 Jul 2026 09:58:51 UTC.
Build Command
bash -c docker run --pull=always --rm -v "checkouts-54344849-3":/host -w "$PWD" -e JAVA_HOME="/root/.sdkman/candidates/java/current" -e SPI_BUILD="1" -e SPI_PROCESSING="1" registry.gitlab.com/saguaro1/spi-images:android-6.3-latest swift build --swift-sdk aarch64-unknown-linux-android28 2>&1Build Log
========================================
RunAll
========================================
Builder version: 333316120c8b89ed7d21f1b34865290794301d91
Interrupt handler set up.
========================================
Checkout
========================================
Clone URL: https://github.com/danielsincere/Sh.git
Reference: trunk
Initialized empty Git repository in /host/spi-builder-workspace/.git/
hint: Using 'master' as the name for the initial branch. This default branch name
hint: is subject to change. To configure the initial branch name to use in all
hint: of your new repositories, which will suppress this warning, call:
hint:
hint: git config --global init.defaultBranch <name>
hint:
hint: Names commonly chosen instead of 'master' are 'main', 'trunk' and
hint: 'development'. The just-created branch can be renamed via this command:
hint:
hint: git branch -m <name>
From https://github.com/danielsincere/Sh
* branch trunk -> FETCH_HEAD
* [new branch] trunk -> origin/trunk
HEAD is now at 428de93 license wasn't upated when I changed my GitHub user name
Cloned https://github.com/danielsincere/Sh.git
Revision (git rev-parse @):
428de931e2bcb49ff70ca003daa739d4eef6091a
SUCCESS checkout https://github.com/danielsincere/Sh.git at trunk
========================================
Build
========================================
Selected platform: android
Swift version: 6.3
Building package at path: $PWD
https://github.com/danielsincere/Sh.git
Running build ...
bash -c docker run --pull=always --rm -v "checkouts-54344849-3":/host -w "$PWD" -e JAVA_HOME="/root/.sdkman/candidates/java/current" -e SPI_BUILD="1" -e SPI_PROCESSING="1" registry.gitlab.com/saguaro1/spi-images:android-6.3-latest swift build --swift-sdk aarch64-unknown-linux-android28 2>&1
android-6.3-latest: Pulling from saguaro1/spi-images
Digest: sha256:451958f7df55f9af673f8b0851dc526f2aee3222db374ae53b89fa21ad564bc8
Status: Image is up to date for registry.gitlab.com/saguaro1/spi-images:android-6.3-latest
Fetching https://github.com/onevcat/Rainbow
Fetching https://github.com/apple/swift-system
[1/1474] Fetching rainbow
[1475/7710] Fetching rainbow, swift-system
Fetched https://github.com/apple/swift-system from cache (0.59s)
Fetched https://github.com/onevcat/Rainbow from cache (0.59s)
Computing version for https://github.com/onevcat/Rainbow
Computed https://github.com/onevcat/Rainbow at 4.2.1 (1.59s)
Computing version for https://github.com/apple/swift-system
Computed https://github.com/apple/swift-system at 1.7.4 (0.21s)
Creating working copy for https://github.com/apple/swift-system
Working copy of https://github.com/apple/swift-system resolved at 1.7.4
Creating working copy for https://github.com/onevcat/Rainbow
Working copy of https://github.com/onevcat/Rainbow resolved at 4.2.1
Building for debugging...
[0/5] Write sources
[3/5] Compiling CSystem shims.c
[4/5] Write swift-version-272D24FF697CF451.txt
[6/57] Emitting module SystemPackage
error: emit-module command failed with exit code 1 (use -v to see invocation)
[7/62] Emitting module Rainbow
/host/spi-builder-workspace/.build/checkouts/Rainbow/Sources/OutputTarget.swift:49:58: error: cannot find 'isatty' in scope
47 | // Check if we are in any term env and the output is a tty.
48 | let termType = getEnvValue("TERM")
49 | if let t = termType, t.lowercased() != "dumb" && isatty(fileno(stdout)) != 0 {
| `- error: cannot find 'isatty' in scope
50 | return .console
51 | }
[8/63] Compiling SystemPackage Errno.swift
[9/63] Compiling SystemPackage ErrnoWindows.swift
[10/63] Compiling SystemPackage FileDescriptor.swift
[11/63] Compiling SystemPackage FileHelpers.swift
[12/63] Compiling SystemPackage FileOperations.swift
[13/63] Compiling SystemPackage FilePath.swift
[14/63] Compiling SystemPackage SystemString.swift
[15/63] Compiling SystemPackage Util+StringArray.swift
[16/63] Compiling SystemPackage Util.swift
[17/63] Compiling SystemPackage UtilConsumers.swift
[18/63] Compiling SystemPackage WinSDK+Overlay.swift
[19/63] Compiling SystemPackage FilePathComponentView.swift
[20/63] Compiling SystemPackage FilePathComponents.swift
[21/63] Compiling SystemPackage FilePathParsing.swift
[22/63] Compiling SystemPackage FilePathString.swift
[23/63] Compiling SystemPackage FilePathSyntax.swift
[24/63] Compiling SystemPackage CInterop.swift
[25/63] Compiling SystemPackage Constants.swift
[26/63] Compiling SystemPackage FileFlags.swift
[27/63] Compiling SystemPackage FileMode.swift
[28/63] Compiling SystemPackage IOCompletion.swift
[29/63] Compiling SystemPackage IORequest.swift
[30/63] Compiling SystemPackage IORing+Util.swift
[31/63] Compiling SystemPackage IORing.swift
[32/63] Compiling SystemPackage RawIORequest.swift
[33/63] Compiling SystemPackage FilePathTemp.swift
[34/63] Compiling SystemPackage FilePathTempPosix.swift
[35/63] Compiling SystemPackage FilePathTempWindows.swift
[36/63] Compiling SystemPackage FilePathWindows.swift
[37/63] Compiling SystemPackage FilePermissions.swift
[38/63] Compiling SystemPackage RawBuffer.swift
[39/63] Compiling SystemPackage Syscalls.swift
[40/63] Compiling SystemPackage WindowsSyscallAdapters.swift
[41/63] Compiling SystemPackage MachPort.swift
[42/63] Compiling SystemPackage PlatformString.swift
[43/63] Compiling SystemPackage Backcompat.swift
[46/63] Compiling SystemPackage Exports.swift
[47/63] Compiling SystemPackage Mocking.swift
[50/63] Compiling SystemPackage FileType.swift
[51/63] Compiling SystemPackage Identifiers.swift
[52/63] Compiling SystemPackage Stat.swift
/host/spi-builder-workspace/.build/checkouts/Rainbow/Sources/OutputTarget.swift:49:58: error: cannot find 'isatty' in scope
47 | // Check if we are in any term env and the output is a tty.
48 | let termType = getEnvValue("TERM")
49 | if let t = termType, t.lowercased() != "dumb" && isatty(fileno(stdout)) != 0 {
| `- error: cannot find 'isatty' in scope
50 | return .console
51 | }
/host/spi-builder-workspace/.build/checkouts/Rainbow/Sources/OutputTarget.swift:49:58: error: cannot find 'isatty' in scope
47 | // Check if we are in any term env and the output is a tty.
48 | let termType = getEnvValue("TERM")
49 | if let t = termType, t.lowercased() != "dumb" && isatty(fileno(stdout)) != 0 {
| `- error: cannot find 'isatty' in scope
50 | return .console
51 | }
[64/64] Compiling Rainbow StyledStringBuilder.swift
BUILD FAILURE 6.3 android