Build Information
Failed to build GoatHerb, reference main (4635b1), with Swift 6.4 for visionOS using Xcode 27.0 on 19 Sep 2026 02:40:50 UTC.
Build Command
env DEVELOPER_DIR=/Applications/Xcode-27.0.0-Release.Candidate.app xcrun xcodebuild -IDEClonedSourcePackagesDirPathOverride=$PWD/.dependencies -skipMacroValidation -skipPackagePluginValidation -derivedDataPath $PWD/.derivedData build -scheme GoatHerb -destination generic/platform=xrOSBuild Log
========================================
RunAll
========================================
Builder version: 5.1.0
Interrupt handler set up.
========================================
Checkout
========================================
Clone URL: https://github.com/bdrelling/GoatHerb.git
Reference: main
Initialized empty Git repository in /Users/admin/builder/spi-builder-workspace/.git/
From https://github.com/bdrelling/GoatHerb
* branch main -> FETCH_HEAD
* [new branch] main -> origin/main
HEAD is now at 4635b13 Bumped KippleNetworking to 0.4.0
Cloned https://github.com/bdrelling/GoatHerb.git
Revision (git rev-parse @):
4635b13f7bf525e4e1e8d060c9b29041f415c573
SPI manifest file found: $PWD/.spi.yml
SUCCESS checkout https://github.com/bdrelling/GoatHerb.git at main
========================================
Build
========================================
Selected platform: visionOS
Swift version: 6.4
Building package at path: $PWD
https://github.com/bdrelling/GoatHerb.git
Command line invocation:
/Applications/Xcode-27.0.0-Release.Candidate.app/Contents/Developer/usr/bin/xcodebuild -IDEClonedSourcePackagesDirPathOverride=/Users/admin/builder/spi-builder-workspace/.dependencies -resolvePackageDependencies
Resolve Package Graph
Fetching from https://github.com/swift-kipple/Networking
Fetching from https://github.com/swift-kipple/Diagnostics
Fetching from https://github.com/apple/swift-log
Creating working copy of package ‘Diagnostics’
Checking out 0.2.2 of package ‘Diagnostics’
Creating working copy of package ‘Networking’
Checking out 0.4.0 of package ‘Networking’
Creating working copy of package ‘swift-log’
Checking out 1.15.1 of package ‘swift-log’
Resolve Package Graph
Resolved source packages:
KippleDiagnostics: https://github.com/swift-kipple/Diagnostics @ 0.2.2
swift-log: https://github.com/apple/swift-log @ 1.15.1
KippleNetworking: https://github.com/swift-kipple/Networking @ 0.4.0
GoatHerb: /Users/admin/builder/spi-builder-workspace
resolved source packages: KippleDiagnostics, swift-log, KippleNetworking, GoatHerb
2026-09-18 22:39:54.962 xcodebuild[529:3069] [MT] IDERunDestination: Supported platforms for the buildables in the current scheme is empty.
{
"dependencies" : [
{
"identity" : "diagnostics",
"requirement" : {
"range" : [
{
"lower_bound" : "0.2.0",
"upper_bound" : "0.3.0"
}
]
},
"type" : "sourceControl",
"url" : "https://github.com/swift-kipple/Diagnostics"
},
{
"identity" : "networking",
"requirement" : {
"range" : [
{
"lower_bound" : "0.4.0",
"upper_bound" : "0.5.0"
}
]
},
"type" : "sourceControl",
"url" : "https://github.com/swift-kipple/Networking"
}
],
"manifest_display_name" : "GoatHerb",
"name" : "GoatHerb",
"path" : "/Users/admin/builder/spi-builder-workspace",
"platforms" : [
{
"name" : "ios",
"version" : "13.0"
},
{
"name" : "macos",
"version" : "10.15"
},
{
"name" : "tvos",
"version" : "13.0"
},
{
"name" : "watchos",
"version" : "6.0"
}
],
"products" : [
{
"name" : "GoatHerb",
"targets" : [
"GoatHerb"
],
"type" : {
"library" : [
"automatic"
]
}
}
],
"targets" : [
{
"c99name" : "GoatHerbTests",
"module_type" : "SwiftTarget",
"name" : "GoatHerbTests",
"path" : "Tests/GoatHerbTests",
"sources" : [
"Core/BaseTestCase.swift",
"Core/Date+Convenience.swift",
"Core/RepositoryValidating.swift",
"Tests/GetOrganizationRequestTests.swift",
"Tests/GetRateLimitRequestTests.swift",
"Tests/GetRepositoriesRequestTests.swift",
"Tests/GetRepositoryRequestTests.swift",
"Tests/GetUserRequestTests.swift"
],
"target_dependencies" : [
"GoatHerb"
],
"type" : "test"
},
{
"c99name" : "GoatHerb",
"module_type" : "SwiftTarget",
"name" : "GoatHerb",
"path" : "Sources/GoatHerb",
"product_dependencies" : [
"KippleDiagnostics",
"KippleNetworking"
],
"product_memberships" : [
"GoatHerb"
],
"sources" : [
"GitHub.swift",
"Models/Organization.swift",
"Models/RateLimit.swift",
"Models/Repository+License.swift",
"Models/Repository+Owner.swift",
"Models/Repository+Permissions.swift",
"Models/Repository.swift",
"Models/User.swift",
"Requests/GetOrganizationRequest.swift",
"Requests/GetRateLimitRequest.swift",
"Requests/GetRepositoriesRequest.swift",
"Requests/GetRepositoryRequest.swift",
"Requests/GetUserRequest.swift"
],
"type" : "library"
}
],
"tools_version" : "5.3"
}
{
"workspace" : {
"name" : "GoatHerb",
"schemes" : [
"GoatHerb"
]
}
}
2026-09-18 22:40:36.570 xcodebuild[759:4707] [MT] IDERunDestination: Supported platforms for the buildables in the current scheme is empty.
Running build ...
env DEVELOPER_DIR=/Applications/Xcode-27.0.0-Release.Candidate.app xcrun xcodebuild -IDEClonedSourcePackagesDirPathOverride=$PWD/.dependencies -skipMacroValidation -skipPackagePluginValidation -derivedDataPath $PWD/.derivedData build -scheme GoatHerb -destination generic/platform=xrOS
Command line invocation:
/Applications/Xcode-27.0.0-Release.Candidate.app/Contents/Developer/usr/bin/xcodebuild -IDEClonedSourcePackagesDirPathOverride=/Users/admin/builder/spi-builder-workspace/.dependencies -skipMacroValidation -skipPackagePluginValidation -derivedDataPath /Users/admin/builder/spi-builder-workspace/.derivedData build -scheme GoatHerb -destination generic/platform=xrOS
Resolve Package Graph
Resolve Package Graph
Resolved source packages:
GoatHerb: /Users/admin/builder/spi-builder-workspace
KippleDiagnostics: https://github.com/swift-kipple/Diagnostics @ 0.2.2
KippleNetworking: https://github.com/swift-kipple/Networking @ 0.4.0
swift-log: https://github.com/apple/swift-log @ 1.15.1
ComputePackagePrebuildTargetDependencyGraph
Prepare packages
CreateBuildRequest
SendProjectDescription
CreateBuildOperation
ComputeTargetDependencyGraph
note: Building targets in dependency order
note: Target dependency graph (8 targets)
Target 'GoatHerb-product' in project 'GoatHerb'
➜ Explicit dependency on target 'GoatHerb' in project 'GoatHerb'
➜ Explicit dependency on target 'KippleDiagnostics-product' in project 'KippleDiagnostics'
➜ Explicit dependency on target 'KippleNetworking-product' in project 'KippleNetworking'
Target 'GoatHerb' in project 'GoatHerb'
➜ Explicit dependency on target 'KippleDiagnostics-product' in project 'KippleDiagnostics'
➜ Explicit dependency on target 'KippleNetworking-product' in project 'KippleNetworking'
Target 'KippleNetworking-product' in project 'KippleNetworking'
➜ Explicit dependency on target 'KippleNetworking' in project 'KippleNetworking'
➜ Explicit dependency on target 'Logging-product' in project 'swift-log'
Target 'KippleNetworking' in project 'KippleNetworking'
➜ Explicit dependency on target 'Logging-product' in project 'swift-log'
Target 'KippleDiagnostics-product' in project 'KippleDiagnostics'
➜ Explicit dependency on target 'KippleDiagnostics' in project 'KippleDiagnostics'
➜ Explicit dependency on target 'Logging-product' in project 'swift-log'
Target 'KippleDiagnostics' in project 'KippleDiagnostics'
➜ Explicit dependency on target 'Logging-product' in project 'swift-log'
Target 'Logging-product' in project 'swift-log'
➜ Explicit dependency on target 'Logging' in project 'swift-log'
Target 'Logging' in project 'swift-log' (no dependencies)
GatherProvisioningInputs
CreateBuildDescription
ExecuteExternalTool /Applications/Xcode-27.0.0-Release.Candidate.app/Contents/Developer/Toolchains/XcodeDefault.xctoolchain/usr/bin/swiftc --version
ExecuteExternalTool /Applications/Xcode-27.0.0-Release.Candidate.app/Contents/Developer/Toolchains/XcodeDefault.xctoolchain/usr/bin/clang -v -E -dM -isysroot /Applications/Xcode-27.0.0-Release.Candidate.app/Contents/Developer/Platforms/XROS.platform/Developer/SDKs/XROS27.0.sdk -x c -c /dev/null
ExecuteExternalTool /Applications/Xcode-27.0.0-Release.Candidate.app/Contents/Developer/Toolchains/XcodeDefault.xctoolchain/usr/bin/ld -version_details
ReadFileContents /Applications/Xcode-27.0.0-Release.Candidate.app/Contents/Developer/Toolchains/XcodeDefault.xctoolchain/usr/share/docc/features.json
Build description signature: 0fb3ec3774847774f1d7ecb4a33d4c53
Build description path: /Users/admin/builder/spi-builder-workspace/.derivedData/Build/Intermediates.noindex/XCBuildData/0fb3ec3774847774f1d7ecb4a33d4c53.xcbuilddata
CreateBuildDirectory /Users/admin/builder/spi-builder-workspace/.derivedData/SDKExplicitPrecompiledModules
cd /Users/admin/builder/spi-builder-workspace/.swiftpm/xcode
builtin-create-build-directory /Users/admin/builder/spi-builder-workspace/.derivedData/SDKExplicitPrecompiledModules
CreateBuildDirectory /Users/admin/builder/spi-builder-workspace/.derivedData/CompilationCache.noindex
cd /Users/admin/builder/spi-builder-workspace/.swiftpm/xcode
builtin-create-build-directory /Users/admin/builder/spi-builder-workspace/.derivedData/CompilationCache.noindex
CreateBuildDirectory /Users/admin/builder/spi-builder-workspace/.derivedData/ModuleCache.noindex
cd /Users/admin/builder/spi-builder-workspace/.swiftpm/xcode
builtin-create-build-directory /Users/admin/builder/spi-builder-workspace/.derivedData/ModuleCache.noindex
ClangStatCache /Applications/Xcode-27.0.0-Release.Candidate.app/Contents/Developer/Toolchains/XcodeDefault.xctoolchain/usr/bin/clang-stat-cache /Applications/Xcode-27.0.0-Release.Candidate.app/Contents/Developer/Platforms/XROS.platform/Developer/SDKs/XROS27.0.sdk /Users/admin/builder/spi-builder-workspace/.derivedData/SDKStatCaches.noindex/xros27.0-24M361-e829b21a6f8c9b70876ba0858053c044735bd543db762f57723cac368afd1ce4.sdkstatcache
cd /Users/admin/builder/spi-builder-workspace/.swiftpm/xcode
/Applications/Xcode-27.0.0-Release.Candidate.app/Contents/Developer/Toolchains/XcodeDefault.xctoolchain/usr/bin/clang-stat-cache /Applications/Xcode-27.0.0-Release.Candidate.app/Contents/Developer/Platforms/XROS.platform/Developer/SDKs/XROS27.0.sdk -o /Users/admin/builder/spi-builder-workspace/.derivedData/SDKStatCaches.noindex/xros27.0-24M361-e829b21a6f8c9b70876ba0858053c044735bd543db762f57723cac368afd1ce4.sdkstatcache
CreateBuildDirectory /Users/admin/builder/spi-builder-workspace/.derivedData/Build/Products
cd /Users/admin/builder/spi-builder-workspace/.swiftpm/xcode
builtin-create-build-directory /Users/admin/builder/spi-builder-workspace/.derivedData/Build/Products
CreateBuildDirectory /Users/admin/builder/spi-builder-workspace/.derivedData/Build/Intermediates.noindex
cd /Users/admin/builder/spi-builder-workspace/.swiftpm/xcode
builtin-create-build-directory /Users/admin/builder/spi-builder-workspace/.derivedData/Build/Intermediates.noindex
CreateBuildDirectory /Users/admin/builder/spi-builder-workspace/.derivedData/Build/Intermediates.noindex/SwiftExplicitPrecompiledModules
cd /Users/admin/builder/spi-builder-workspace/.swiftpm/xcode
builtin-create-build-directory /Users/admin/builder/spi-builder-workspace/.derivedData/Build/Intermediates.noindex/SwiftExplicitPrecompiledModules
CreateBuildDirectory /Users/admin/builder/spi-builder-workspace/.derivedData/Build/Intermediates.noindex/PrecompiledHeaders
cd /Users/admin/builder/spi-builder-workspace/.swiftpm/xcode
builtin-create-build-directory /Users/admin/builder/spi-builder-workspace/.derivedData/Build/Intermediates.noindex/PrecompiledHeaders
CreateBuildDirectory /Users/admin/builder/spi-builder-workspace/.derivedData/Build/Products/Debug-xros
cd /Users/admin/builder/spi-builder-workspace/.swiftpm/xcode
builtin-create-build-directory /Users/admin/builder/spi-builder-workspace/.derivedData/Build/Products/Debug-xros
CreateBuildDirectory /Users/admin/builder/spi-builder-workspace/.derivedData/Build/Intermediates.noindex/ExplicitPrecompiledModules
cd /Users/admin/builder/spi-builder-workspace/.swiftpm/xcode
builtin-create-build-directory /Users/admin/builder/spi-builder-workspace/.derivedData/Build/Intermediates.noindex/ExplicitPrecompiledModules
CreateBuildDirectory /Users/admin/builder/spi-builder-workspace/.derivedData/Build/Intermediates.noindex/EagerLinkingTBDs/Debug-xros
cd /Users/admin/builder/spi-builder-workspace/.swiftpm/xcode
builtin-create-build-directory /Users/admin/builder/spi-builder-workspace/.derivedData/Build/Intermediates.noindex/EagerLinkingTBDs/Debug-xros
CreateBuildDirectory /Users/admin/builder/spi-builder-workspace/.derivedData/Build/Products/Debug-xros/PackageFrameworks
cd /Users/admin/builder/spi-builder-workspace/.swiftpm/xcode
builtin-create-build-directory /Users/admin/builder/spi-builder-workspace/.derivedData/Build/Products/Debug-xros/PackageFrameworks
WriteAuxiliaryFile /Users/admin/builder/spi-builder-workspace/.derivedData/Build/Intermediates.noindex/swift-log.build/Debug-xros/Logging-t.build/Logging.DependencyStaticMetadataFileList (in target 'Logging' from project 'swift-log')
cd /Users/admin/builder/spi-builder-workspace/.dependencies/checkouts/swift-log
write-file /Users/admin/builder/spi-builder-workspace/.derivedData/Build/Intermediates.noindex/swift-log.build/Debug-xros/Logging-t.build/Logging.DependencyStaticMetadataFileList
WriteAuxiliaryFile /Users/admin/builder/spi-builder-workspace/.derivedData/Build/Intermediates.noindex/swift-log.build/Debug-xros/Logging-t.build/Logging.DependencyMetadataFileList (in target 'Logging' from project 'swift-log')
cd /Users/admin/builder/spi-builder-workspace/.dependencies/checkouts/swift-log
write-file /Users/admin/builder/spi-builder-workspace/.derivedData/Build/Intermediates.noindex/swift-log.build/Debug-xros/Logging-t.build/Logging.DependencyMetadataFileList
WriteAuxiliaryFile /Users/admin/builder/spi-builder-workspace/.derivedData/Build/Intermediates.noindex/swift-log.build/Debug-xros/Logging-t.build/Logging.modulemap (in target 'Logging' from project 'swift-log')
cd /Users/admin/builder/spi-builder-workspace/.dependencies/checkouts/swift-log
write-file /Users/admin/builder/spi-builder-workspace/.derivedData/Build/Intermediates.noindex/swift-log.build/Debug-xros/Logging-t.build/Logging.modulemap
WriteAuxiliaryFile /Users/admin/builder/spi-builder-workspace/.derivedData/Build/Intermediates.noindex/swift-log.build/Debug-xros/Logging-t.build/Objects-normal/arm64/Logging.SwiftConstValuesFileList (in target 'Logging' from project 'swift-log')
cd /Users/admin/builder/spi-builder-workspace/.dependencies/checkouts/swift-log
write-file /Users/admin/builder/spi-builder-workspace/.derivedData/Build/Intermediates.noindex/swift-log.build/Debug-xros/Logging-t.build/Objects-normal/arm64/Logging.SwiftConstValuesFileList
WriteAuxiliaryFile /Users/admin/builder/spi-builder-workspace/.derivedData/Build/Intermediates.noindex/swift-log.build/Debug-xros/Logging-t.build/Objects-normal/arm64/Logging-OutputFileMap.json (in target 'Logging' from project 'swift-log')
cd /Users/admin/builder/spi-builder-workspace/.dependencies/checkouts/swift-log
write-file /Users/admin/builder/spi-builder-workspace/.derivedData/Build/Intermediates.noindex/swift-log.build/Debug-xros/Logging-t.build/Objects-normal/arm64/Logging-OutputFileMap.json
WriteAuxiliaryFile /Users/admin/builder/spi-builder-workspace/.derivedData/Build/Intermediates.noindex/swift-log.build/Debug-xros/Logging-t.build/Objects-normal/arm64/Logging.LinkFileList (in target 'Logging' from project 'swift-log')
cd /Users/admin/builder/spi-builder-workspace/.dependencies/checkouts/swift-log
write-file /Users/admin/builder/spi-builder-workspace/.derivedData/Build/Intermediates.noindex/swift-log.build/Debug-xros/Logging-t.build/Objects-normal/arm64/Logging.LinkFileList
WriteAuxiliaryFile /Users/admin/builder/spi-builder-workspace/.derivedData/Build/Intermediates.noindex/swift-log.build/Debug-xros/Logging-t.build/Objects-normal/arm64/Logging.SwiftFileList (in target 'Logging' from project 'swift-log')
cd /Users/admin/builder/spi-builder-workspace/.dependencies/checkouts/swift-log
write-file /Users/admin/builder/spi-builder-workspace/.derivedData/Build/Intermediates.noindex/swift-log.build/Debug-xros/Logging-t.build/Objects-normal/arm64/Logging.SwiftFileList
WriteAuxiliaryFile /Users/admin/builder/spi-builder-workspace/.derivedData/Build/Intermediates.noindex/swift-log.build/Debug-xros/Logging-t.build/Objects-normal/arm64/Logging_const_extract_protocols.json (in target 'Logging' from project 'swift-log')
cd /Users/admin/builder/spi-builder-workspace/.dependencies/checkouts/swift-log
write-file /Users/admin/builder/spi-builder-workspace/.derivedData/Build/Intermediates.noindex/swift-log.build/Debug-xros/Logging-t.build/Objects-normal/arm64/Logging_const_extract_protocols.json
WriteAuxiliaryFile /Users/admin/builder/spi-builder-workspace/.derivedData/Build/Intermediates.noindex/KippleNetworking.build/Debug-xros/KippleNetworking-t.build/Objects-normal/arm64/KippleNetworking_const_extract_protocols.json (in target 'KippleNetworking' from project 'KippleNetworking')
cd /Users/admin/builder/spi-builder-workspace/.dependencies/checkouts/Networking
write-file /Users/admin/builder/spi-builder-workspace/.derivedData/Build/Intermediates.noindex/KippleNetworking.build/Debug-xros/KippleNetworking-t.build/Objects-normal/arm64/KippleNetworking_const_extract_protocols.json
WriteAuxiliaryFile /Users/admin/builder/spi-builder-workspace/.derivedData/Build/Intermediates.noindex/KippleNetworking.build/Debug-xros/KippleNetworking-t.build/Objects-normal/arm64/KippleNetworking.SwiftFileList (in target 'KippleNetworking' from project 'KippleNetworking')
cd /Users/admin/builder/spi-builder-workspace/.dependencies/checkouts/Networking
write-file /Users/admin/builder/spi-builder-workspace/.derivedData/Build/Intermediates.noindex/KippleNetworking.build/Debug-xros/KippleNetworking-t.build/Objects-normal/arm64/KippleNetworking.SwiftFileList
WriteAuxiliaryFile /Users/admin/builder/spi-builder-workspace/.derivedData/Build/Intermediates.noindex/KippleNetworking.build/Debug-xros/KippleNetworking-t.build/Objects-normal/arm64/KippleNetworking.SwiftConstValuesFileList (in target 'KippleNetworking' from project 'KippleNetworking')
cd /Users/admin/builder/spi-builder-workspace/.dependencies/checkouts/Networking
write-file /Users/admin/builder/spi-builder-workspace/.derivedData/Build/Intermediates.noindex/KippleNetworking.build/Debug-xros/KippleNetworking-t.build/Objects-normal/arm64/KippleNetworking.SwiftConstValuesFileList
WriteAuxiliaryFile /Users/admin/builder/spi-builder-workspace/.derivedData/Build/Intermediates.noindex/KippleNetworking.build/Debug-xros/KippleNetworking-t.build/Objects-normal/arm64/KippleNetworking.LinkFileList (in target 'KippleNetworking' from project 'KippleNetworking')
cd /Users/admin/builder/spi-builder-workspace/.dependencies/checkouts/Networking
write-file /Users/admin/builder/spi-builder-workspace/.derivedData/Build/Intermediates.noindex/KippleNetworking.build/Debug-xros/KippleNetworking-t.build/Objects-normal/arm64/KippleNetworking.LinkFileList
WriteAuxiliaryFile /Users/admin/builder/spi-builder-workspace/.derivedData/Build/Intermediates.noindex/KippleNetworking.build/Debug-xros/KippleNetworking-t.build/Objects-normal/arm64/KippleNetworking-OutputFileMap.json (in target 'KippleNetworking' from project 'KippleNetworking')
cd /Users/admin/builder/spi-builder-workspace/.dependencies/checkouts/Networking
write-file /Users/admin/builder/spi-builder-workspace/.derivedData/Build/Intermediates.noindex/KippleNetworking.build/Debug-xros/KippleNetworking-t.build/Objects-normal/arm64/KippleNetworking-OutputFileMap.json
WriteAuxiliaryFile /Users/admin/builder/spi-builder-workspace/.derivedData/Build/Intermediates.noindex/KippleNetworking.build/Debug-xros/KippleNetworking-t.build/KippleNetworking.DependencyStaticMetadataFileList (in target 'KippleNetworking' from project 'KippleNetworking')
cd /Users/admin/builder/spi-builder-workspace/.dependencies/checkouts/Networking
write-file /Users/admin/builder/spi-builder-workspace/.derivedData/Build/Intermediates.noindex/KippleNetworking.build/Debug-xros/KippleNetworking-t.build/KippleNetworking.DependencyStaticMetadataFileList
WriteAuxiliaryFile /Users/admin/builder/spi-builder-workspace/.derivedData/Build/Intermediates.noindex/KippleNetworking.build/Debug-xros/KippleNetworking-t.build/KippleNetworking.modulemap (in target 'KippleNetworking' from project 'KippleNetworking')
cd /Users/admin/builder/spi-builder-workspace/.dependencies/checkouts/Networking
write-file /Users/admin/builder/spi-builder-workspace/.derivedData/Build/Intermediates.noindex/KippleNetworking.build/Debug-xros/KippleNetworking-t.build/KippleNetworking.modulemap
WriteAuxiliaryFile /Users/admin/builder/spi-builder-workspace/.derivedData/Build/Intermediates.noindex/KippleNetworking.build/Debug-xros/KippleNetworking-t.build/KippleNetworking.DependencyMetadataFileList (in target 'KippleNetworking' from project 'KippleNetworking')
cd /Users/admin/builder/spi-builder-workspace/.dependencies/checkouts/Networking
write-file /Users/admin/builder/spi-builder-workspace/.derivedData/Build/Intermediates.noindex/KippleNetworking.build/Debug-xros/KippleNetworking-t.build/KippleNetworking.DependencyMetadataFileList
WriteAuxiliaryFile /Users/admin/builder/spi-builder-workspace/.derivedData/Build/Intermediates.noindex/KippleDiagnostics.build/Debug-xros/KippleDiagnostics-t.build/Objects-normal/arm64/KippleDiagnostics_const_extract_protocols.json (in target 'KippleDiagnostics' from project 'KippleDiagnostics')
cd /Users/admin/builder/spi-builder-workspace/.dependencies/checkouts/Diagnostics
write-file /Users/admin/builder/spi-builder-workspace/.derivedData/Build/Intermediates.noindex/KippleDiagnostics.build/Debug-xros/KippleDiagnostics-t.build/Objects-normal/arm64/KippleDiagnostics_const_extract_protocols.json
WriteAuxiliaryFile /Users/admin/builder/spi-builder-workspace/.derivedData/Build/Intermediates.noindex/KippleDiagnostics.build/Debug-xros/KippleDiagnostics-t.build/Objects-normal/arm64/KippleDiagnostics.SwiftFileList (in target 'KippleDiagnostics' from project 'KippleDiagnostics')
cd /Users/admin/builder/spi-builder-workspace/.dependencies/checkouts/Diagnostics
write-file /Users/admin/builder/spi-builder-workspace/.derivedData/Build/Intermediates.noindex/KippleDiagnostics.build/Debug-xros/KippleDiagnostics-t.build/Objects-normal/arm64/KippleDiagnostics.SwiftFileList
WriteAuxiliaryFile /Users/admin/builder/spi-builder-workspace/.derivedData/Build/Intermediates.noindex/KippleDiagnostics.build/Debug-xros/KippleDiagnostics-t.build/Objects-normal/arm64/KippleDiagnostics.SwiftConstValuesFileList (in target 'KippleDiagnostics' from project 'KippleDiagnostics')
cd /Users/admin/builder/spi-builder-workspace/.dependencies/checkouts/Diagnostics
write-file /Users/admin/builder/spi-builder-workspace/.derivedData/Build/Intermediates.noindex/KippleDiagnostics.build/Debug-xros/KippleDiagnostics-t.build/Objects-normal/arm64/KippleDiagnostics.SwiftConstValuesFileList
WriteAuxiliaryFile /Users/admin/builder/spi-builder-workspace/.derivedData/Build/Intermediates.noindex/KippleDiagnostics.build/Debug-xros/KippleDiagnostics-t.build/Objects-normal/arm64/KippleDiagnostics.LinkFileList (in target 'KippleDiagnostics' from project 'KippleDiagnostics')
cd /Users/admin/builder/spi-builder-workspace/.dependencies/checkouts/Diagnostics
write-file /Users/admin/builder/spi-builder-workspace/.derivedData/Build/Intermediates.noindex/KippleDiagnostics.build/Debug-xros/KippleDiagnostics-t.build/Objects-normal/arm64/KippleDiagnostics.LinkFileList
Copy /Users/admin/builder/spi-builder-workspace/.derivedData/Build/Intermediates.noindex/GeneratedModuleMaps-xros/Logging.modulemap /Users/admin/builder/spi-builder-workspace/.derivedData/Build/Intermediates.noindex/swift-log.build/Debug-xros/Logging-t.build/Logging.modulemap (in target 'Logging' from project 'swift-log')
cd /Users/admin/builder/spi-builder-workspace/.dependencies/checkouts/swift-log
builtin-copy -exclude .DS_Store -exclude CVS -exclude .svn -exclude .git -exclude .hg -resolve-src-symlinks /Users/admin/builder/spi-builder-workspace/.derivedData/Build/Intermediates.noindex/swift-log.build/Debug-xros/Logging-t.build/Logging.modulemap /Users/admin/builder/spi-builder-workspace/.derivedData/Build/Intermediates.noindex/GeneratedModuleMaps-xros
WriteAuxiliaryFile /Users/admin/builder/spi-builder-workspace/.derivedData/Build/Intermediates.noindex/KippleDiagnostics.build/Debug-xros/KippleDiagnostics-t.build/Objects-normal/arm64/KippleDiagnostics-OutputFileMap.json (in target 'KippleDiagnostics' from project 'KippleDiagnostics')
cd /Users/admin/builder/spi-builder-workspace/.dependencies/checkouts/Diagnostics
write-file /Users/admin/builder/spi-builder-workspace/.derivedData/Build/Intermediates.noindex/KippleDiagnostics.build/Debug-xros/KippleDiagnostics-t.build/Objects-normal/arm64/KippleDiagnostics-OutputFileMap.json
WriteAuxiliaryFile /Users/admin/builder/spi-builder-workspace/.derivedData/Build/Intermediates.noindex/KippleDiagnostics.build/Debug-xros/KippleDiagnostics-t.build/KippleDiagnostics.modulemap (in target 'KippleDiagnostics' from project 'KippleDiagnostics')
cd /Users/admin/builder/spi-builder-workspace/.dependencies/checkouts/Diagnostics
write-file /Users/admin/builder/spi-builder-workspace/.derivedData/Build/Intermediates.noindex/KippleDiagnostics.build/Debug-xros/KippleDiagnostics-t.build/KippleDiagnostics.modulemap
Copy /Users/admin/builder/spi-builder-workspace/.derivedData/Build/Intermediates.noindex/GeneratedModuleMaps-xros/KippleNetworking.modulemap /Users/admin/builder/spi-builder-workspace/.derivedData/Build/Intermediates.noindex/KippleNetworking.build/Debug-xros/KippleNetworking-t.build/KippleNetworking.modulemap (in target 'KippleNetworking' from project 'KippleNetworking')
cd /Users/admin/builder/spi-builder-workspace/.dependencies/checkouts/Networking
builtin-copy -exclude .DS_Store -exclude CVS -exclude .svn -exclude .git -exclude .hg -resolve-src-symlinks /Users/admin/builder/spi-builder-workspace/.derivedData/Build/Intermediates.noindex/KippleNetworking.build/Debug-xros/KippleNetworking-t.build/KippleNetworking.modulemap /Users/admin/builder/spi-builder-workspace/.derivedData/Build/Intermediates.noindex/GeneratedModuleMaps-xros
WriteAuxiliaryFile /Users/admin/builder/spi-builder-workspace/.derivedData/Build/Intermediates.noindex/KippleDiagnostics.build/Debug-xros/KippleDiagnostics-t.build/KippleDiagnostics.DependencyStaticMetadataFileList (in target 'KippleDiagnostics' from project 'KippleDiagnostics')
cd /Users/admin/builder/spi-builder-workspace/.dependencies/checkouts/Diagnostics
write-file /Users/admin/builder/spi-builder-workspace/.derivedData/Build/Intermediates.noindex/KippleDiagnostics.build/Debug-xros/KippleDiagnostics-t.build/KippleDiagnostics.DependencyStaticMetadataFileList
WriteAuxiliaryFile /Users/admin/builder/spi-builder-workspace/.derivedData/Build/Intermediates.noindex/KippleDiagnostics.build/Debug-xros/KippleDiagnostics-t.build/KippleDiagnostics.DependencyMetadataFileList (in target 'KippleDiagnostics' from project 'KippleDiagnostics')
cd /Users/admin/builder/spi-builder-workspace/.dependencies/checkouts/Diagnostics
write-file /Users/admin/builder/spi-builder-workspace/.derivedData/Build/Intermediates.noindex/KippleDiagnostics.build/Debug-xros/KippleDiagnostics-t.build/KippleDiagnostics.DependencyMetadataFileList
WriteAuxiliaryFile /Users/admin/builder/spi-builder-workspace/.derivedData/Build/Intermediates.noindex/GoatHerb.build/Debug-xros/GoatHerb-t.build/Objects-normal/arm64/GoatHerb.LinkFileList (in target 'GoatHerb' from project 'GoatHerb')
cd /Users/admin/builder/spi-builder-workspace
write-file /Users/admin/builder/spi-builder-workspace/.derivedData/Build/Intermediates.noindex/GoatHerb.build/Debug-xros/GoatHerb-t.build/Objects-normal/arm64/GoatHerb.LinkFileList
WriteAuxiliaryFile /Users/admin/builder/spi-builder-workspace/.derivedData/Build/Intermediates.noindex/GoatHerb.build/Debug-xros/GoatHerb-t.build/Objects-normal/arm64/GoatHerb.SwiftFileList (in target 'GoatHerb' from project 'GoatHerb')
cd /Users/admin/builder/spi-builder-workspace
write-file /Users/admin/builder/spi-builder-workspace/.derivedData/Build/Intermediates.noindex/GoatHerb.build/Debug-xros/GoatHerb-t.build/Objects-normal/arm64/GoatHerb.SwiftFileList
WriteAuxiliaryFile /Users/admin/builder/spi-builder-workspace/.derivedData/Build/Intermediates.noindex/GoatHerb.build/Debug-xros/GoatHerb-t.build/Objects-normal/arm64/GoatHerb-OutputFileMap.json (in target 'GoatHerb' from project 'GoatHerb')
cd /Users/admin/builder/spi-builder-workspace
write-file /Users/admin/builder/spi-builder-workspace/.derivedData/Build/Intermediates.noindex/GoatHerb.build/Debug-xros/GoatHerb-t.build/Objects-normal/arm64/GoatHerb-OutputFileMap.json
WriteAuxiliaryFile /Users/admin/builder/spi-builder-workspace/.derivedData/Build/Intermediates.noindex/GoatHerb.build/Debug-xros/GoatHerb-t.build/Objects-normal/arm64/GoatHerb_const_extract_protocols.json (in target 'GoatHerb' from project 'GoatHerb')
cd /Users/admin/builder/spi-builder-workspace
write-file /Users/admin/builder/spi-builder-workspace/.derivedData/Build/Intermediates.noindex/GoatHerb.build/Debug-xros/GoatHerb-t.build/Objects-normal/arm64/GoatHerb_const_extract_protocols.json
WriteAuxiliaryFile /Users/admin/builder/spi-builder-workspace/.derivedData/Build/Intermediates.noindex/GoatHerb.build/Debug-xros/GoatHerb-t.build/Objects-normal/arm64/GoatHerb.SwiftConstValuesFileList (in target 'GoatHerb' from project 'GoatHerb')
cd /Users/admin/builder/spi-builder-workspace
write-file /Users/admin/builder/spi-builder-workspace/.derivedData/Build/Intermediates.noindex/GoatHerb.build/Debug-xros/GoatHerb-t.build/Objects-normal/arm64/GoatHerb.SwiftConstValuesFileList
Copy /Users/admin/builder/spi-builder-workspace/.derivedData/Build/Intermediates.noindex/GeneratedModuleMaps-xros/KippleDiagnostics.modulemap /Users/admin/builder/spi-builder-workspace/.derivedData/Build/Intermediates.noindex/KippleDiagnostics.build/Debug-xros/KippleDiagnostics-t.build/KippleDiagnostics.modulemap (in target 'KippleDiagnostics' from project 'KippleDiagnostics')
cd /Users/admin/builder/spi-builder-workspace/.dependencies/checkouts/Diagnostics
builtin-copy -exclude .DS_Store -exclude CVS -exclude .svn -exclude .git -exclude .hg -resolve-src-symlinks /Users/admin/builder/spi-builder-workspace/.derivedData/Build/Intermediates.noindex/KippleDiagnostics.build/Debug-xros/KippleDiagnostics-t.build/KippleDiagnostics.modulemap /Users/admin/builder/spi-builder-workspace/.derivedData/Build/Intermediates.noindex/GeneratedModuleMaps-xros
WriteAuxiliaryFile /Users/admin/builder/spi-builder-workspace/.derivedData/Build/Intermediates.noindex/GoatHerb.build/Debug-xros/GoatHerb-t.build/GoatHerb.modulemap (in target 'GoatHerb' from project 'GoatHerb')
cd /Users/admin/builder/spi-builder-workspace
write-file /Users/admin/builder/spi-builder-workspace/.derivedData/Build/Intermediates.noindex/GoatHerb.build/Debug-xros/GoatHerb-t.build/GoatHerb.modulemap
WriteAuxiliaryFile /Users/admin/builder/spi-builder-workspace/.derivedData/Build/Intermediates.noindex/GoatHerb.build/Debug-xros/GoatHerb-t.build/GoatHerb.DependencyStaticMetadataFileList (in target 'GoatHerb' from project 'GoatHerb')
cd /Users/admin/builder/spi-builder-workspace
write-file /Users/admin/builder/spi-builder-workspace/.derivedData/Build/Intermediates.noindex/GoatHerb.build/Debug-xros/GoatHerb-t.build/GoatHerb.DependencyStaticMetadataFileList
WriteAuxiliaryFile /Users/admin/builder/spi-builder-workspace/.derivedData/Build/Intermediates.noindex/GoatHerb.build/Debug-xros/GoatHerb-t.build/GoatHerb.DependencyMetadataFileList (in target 'GoatHerb' from project 'GoatHerb')
cd /Users/admin/builder/spi-builder-workspace
write-file /Users/admin/builder/spi-builder-workspace/.derivedData/Build/Intermediates.noindex/GoatHerb.build/Debug-xros/GoatHerb-t.build/GoatHerb.DependencyMetadataFileList
Copy /Users/admin/builder/spi-builder-workspace/.derivedData/Build/Intermediates.noindex/GeneratedModuleMaps-xros/GoatHerb.modulemap /Users/admin/builder/spi-builder-workspace/.derivedData/Build/Intermediates.noindex/GoatHerb.build/Debug-xros/GoatHerb-t.build/GoatHerb.modulemap (in target 'GoatHerb' from project 'GoatHerb')
cd /Users/admin/builder/spi-builder-workspace
builtin-copy -exclude .DS_Store -exclude CVS -exclude .svn -exclude .git -exclude .hg -resolve-src-symlinks /Users/admin/builder/spi-builder-workspace/.derivedData/Build/Intermediates.noindex/GoatHerb.build/Debug-xros/GoatHerb-t.build/GoatHerb.modulemap /Users/admin/builder/spi-builder-workspace/.derivedData/Build/Intermediates.noindex/GeneratedModuleMaps-xros
SwiftDriver Logging normal arm64 com.apple.xcode.tools.swift.compiler (in target 'Logging' from project 'swift-log')
cd /Users/admin/builder/spi-builder-workspace/.swiftpm/xcode
builtin-SwiftDriver -- /Applications/Xcode-27.0.0-Release.Candidate.app/Contents/Developer/Toolchains/XcodeDefault.xctoolchain/usr/bin/swiftc -parse-as-library -module-name Logging -Onone @/Users/admin/builder/spi-builder-workspace/.derivedData/Build/Intermediates.noindex/swift-log.build/Debug-xros/Logging-t.build/Objects-normal/arm64/Logging.SwiftFileList -DSWIFT_PACKAGE -DDEBUG -DSWIFT_MODULE_RESOURCE_BUNDLE_UNAVAILABLE -DXcode -enable-upcoming-feature ExistentialAny -enable-upcoming-feature MemberImportVisibility -enable-upcoming-feature InternalImportsByDefault -enable-upcoming-feature NonisolatedNonsendingByDefault -Xfrontend -require-explicit-sendable -plugin-path /Applications/Xcode-27.0.0-Release.Candidate.app/Contents/Developer/Toolchains/XcodeDefault.xctoolchain/usr/lib/swift/host/plugins/testing -enable-experimental-feature DebugDescriptionMacro -sdk /Applications/Xcode-27.0.0-Release.Candidate.app/Contents/Developer/Platforms/XROS.platform/Developer/SDKs/XROS27.0.sdk -target arm64-apple-xros1.0 -g -module-cache-path /Users/admin/builder/spi-builder-workspace/.derivedData/ModuleCache.noindex -Xfrontend -serialize-debugging-options -profile-coverage-mapping -profile-generate -enable-testing -suppress-warnings -index-store-path /Users/admin/builder/spi-builder-workspace/.derivedData/Index.noindex/DataStore -Xcc -D_LIBCPP_HARDENING_MODE\=_LIBCPP_HARDENING_MODE_DEBUG -swift-version 6 -I /Users/admin/builder/spi-builder-workspace/.derivedData/Build/Products/Debug-xros -Isystem /Applications/Xcode-27.0.0-Release.Candidate.app/Contents/Developer/Platforms/XROS.platform/Developer/usr/lib -F /Users/admin/builder/spi-builder-workspace/.derivedData/Build/Products/Debug-xros -F /Applications/Xcode-27.0.0-Release.Candidate.app/Contents/Developer/Platforms/XROS.platform/Developer/Library/Frameworks -F /Applications/Xcode-27.0.0-Release.Candidate.app/Contents/Developer/Platforms/XROS.platform/Developer/SDKs/XROS27.0.sdk/Developer/Library/Frameworks -c -j10 -enable-batch-mode -incremental -Xcc -ivfsstatcache -Xcc /Users/admin/builder/spi-builder-workspace/.derivedData/SDKStatCaches.noindex/xros27.0-24M361-e829b21a6f8c9b70876ba0858053c044735bd543db762f57723cac368afd1ce4.sdkstatcache -output-file-map /Users/admin/builder/spi-builder-workspace/.derivedData/Build/Intermediates.noindex/swift-log.build/Debug-xros/Logging-t.build/Objects-normal/arm64/Logging-OutputFileMap.json -save-temps -no-color-diagnostics -explicit-module-build -module-cache-path /Users/admin/builder/spi-builder-workspace/.derivedData/Build/Intermediates.noindex/SwiftExplicitPrecompiledModules -clang-scanner-module-cache-path /Users/admin/builder/spi-builder-workspace/.derivedData/ModuleCache.noindex -sdk-module-cache-path /Users/admin/builder/spi-builder-workspace/.derivedData/SDKExplicitPrecompiledModules -emit-dependencies -emit-module -emit-module-path /Users/admin/builder/spi-builder-workspace/.derivedData/Build/Intermediates.noindex/swift-log.build/Debug-xros/Logging-t.build/Objects-normal/arm64/Logging.swiftmodule -serialize-diagnostics -dependency-scan-serialize-diagnostics-path /Users/admin/builder/spi-builder-workspace/.derivedData/Build/Intermediates.noindex/swift-log.build/Debug-xros/Logging-t.build/Objects-normal/arm64/Logging-dependency-scan.dia -user-module-version 1.15.1 -validate-clang-modules-once -clang-build-session-file /Users/admin/builder/spi-builder-workspace/.derivedData/ModuleCache.noindex/Session.modulevalidation -Xcc -fmodules-prune-interval\=86400 -Xcc -fmodules-prune-after\=345600 -package-name swift_log -emit-const-values -const-gather-protocols-list /Users/admin/builder/spi-builder-workspace/.derivedData/Build/Intermediates.noindex/swift-log.build/Debug-xros/Logging-t.build/Objects-normal/arm64/Logging_const_extract_protocols.json -Xcc -I/Users/admin/builder/spi-builder-workspace/.derivedData/Build/Products/Debug-xros/include -Xcc -I/Users/admin/builder/spi-builder-workspace/.derivedData/Build/Intermediates.noindex/swift-log.build/Debug-xros/Logging-t.build/DerivedSources-normal/arm64 -Xcc -I/Users/admin/builder/spi-builder-workspace/.derivedData/Build/Intermediates.noindex/swift-log.build/Debug-xros/Logging-t.build/DerivedSources/arm64 -Xcc -I/Users/admin/builder/spi-builder-workspace/.derivedData/Build/Intermediates.noindex/swift-log.build/Debug-xros/Logging-t.build/DerivedSources -Xcc -DSWIFT_PACKAGE -Xcc -DDEBUG\=1 -emit-objc-header -emit-objc-header-path /Users/admin/builder/spi-builder-workspace/.derivedData/Build/Intermediates.noindex/swift-log.build/Debug-xros/Logging-t.build/Objects-normal/arm64/Logging-Swift.h -working-directory /Users/admin/builder/spi-builder-workspace/.swiftpm/xcode -experimental-emit-module-separately -disable-cmo
SwiftExplicitDependencyGeneratePcm arm64 /Users/admin/builder/spi-builder-workspace/.derivedData/SDKExplicitPrecompiledModules/_SwiftConcurrencyShims-9H7TQT237JM0VTD7TXCR6CNM9.pcm
SwiftExplicitDependencyGeneratePcm arm64 /Users/admin/builder/spi-builder-workspace/.derivedData/SDKExplicitPrecompiledModules/_Builtin_stdarg-62NPPE4D8O3BNLU35D74TGLVQ.pcm
SwiftExplicitDependencyGeneratePcm arm64 /Users/admin/builder/spi-builder-workspace/.derivedData/SDKExplicitPrecompiledModules/_Builtin_stddef-2IE0R9M96I5XG0WY72N2UIQ8V.pcm
SwiftExplicitDependencyGeneratePcm arm64 /Users/admin/builder/spi-builder-workspace/.derivedData/SDKExplicitPrecompiledModules/_Builtin_stdbool-1Q6BTYNEVHC9M74WL5O5GJ1ZM.pcm
SwiftExplicitDependencyGeneratePcm arm64 /Users/admin/builder/spi-builder-workspace/.derivedData/SDKExplicitPrecompiledModules/ptrcheck-98Y8DWD0HPCMRMDFKAEZCA81O.pcm
SwiftExplicitDependencyGeneratePcm arm64 /Users/admin/builder/spi-builder-workspace/.derivedData/SDKExplicitPrecompiledModules/_Builtin_float-1J8SO31WACP82RKV0LOTRKG39.pcm
SwiftExplicitDependencyGeneratePcm arm64 /Users/admin/builder/spi-builder-workspace/.derivedData/SDKExplicitPrecompiledModules/_AvailabilityInternal-6BH9T8OE123ARKKFOJFR111NS.pcm
SwiftExplicitDependencyGeneratePcm arm64 /Users/admin/builder/spi-builder-workspace/.derivedData/SDKExplicitPrecompiledModules/SwiftShims-2HAZ94YF1BA79JLFTAIV7APMW.pcm
SwiftExplicitDependencyGeneratePcm arm64 /Users/admin/builder/spi-builder-workspace/.derivedData/SDKExplicitPrecompiledModules/_DarwinFoundation1-AVZIQZ8HOAUXTT5CXVE5TNG7E.pcm
SwiftExplicitDependencyGeneratePcm arm64 /Users/admin/builder/spi-builder-workspace/.derivedData/SDKExplicitPrecompiledModules/_DarwinFoundation2-E0NXA4K8N3W3XTJG0EDH15WR2.pcm
SwiftExplicitDependencyGeneratePcm arm64 /Users/admin/builder/spi-builder-workspace/.derivedData/SDKExplicitPrecompiledModules/_Builtin_limits-599EXAY0E7DPK78D1JASUXYCQ.pcm
SwiftExplicitDependencyGeneratePcm arm64 /Users/admin/builder/spi-builder-workspace/.derivedData/SDKExplicitPrecompiledModules/_Builtin_stdint-F1DLW8WMMSOC414RWOQWK8OS8.pcm
SwiftExplicitDependencyGeneratePcm arm64 /Users/admin/builder/spi-builder-workspace/.derivedData/SDKExplicitPrecompiledModules/sys_types-A3BBS6FJZK4C974FRQ5ZCTND7.pcm
SwiftExplicitDependencyGeneratePcm arm64 /Users/admin/builder/spi-builder-workspace/.derivedData/SDKExplicitPrecompiledModules/_DarwinFoundation3-C1P0SZMW1CBYZ1956G2WPAGVQ.pcm
SwiftExplicitDependencyGeneratePcm arm64 /Users/admin/builder/spi-builder-workspace/.derivedData/SDKExplicitPrecompiledModules/_Builtin_inttypes-9DU9NJC5HKVLIXJ97CZROETBU.pcm
SwiftExplicitDependencyGeneratePcm arm64 /Users/admin/builder/spi-builder-workspace/.derivedData/SDKExplicitPrecompiledModules/Darwin-ET1KOXI5QIB2QZ81K0LJ5SCNP.pcm
SwiftCompile normal arm64 Compiling\ Logger.swift /Users/admin/builder/spi-builder-workspace/.dependencies/checkouts/swift-log/Sources/Logging/Logger.swift (in target 'Logging' from project 'swift-log')
SwiftCompile normal arm64 /Users/admin/builder/spi-builder-workspace/.dependencies/checkouts/swift-log/Sources/Logging/Logger.swift (in target 'Logging' from project 'swift-log')
cd /Users/admin/builder/spi-builder-workspace/.swiftpm/xcode
builtin-SwiftPerFileCompile Logger.swift
SwiftEmitModule normal arm64 Emitting\ module\ for\ Logging (in target 'Logging' from project 'swift-log')
SwiftCompile normal arm64 (in target 'Logging' from project 'swift-log')
cd /Users/admin/builder/spi-builder-workspace/.swiftpm/xcode
SwiftCompile normal arm64 Compiling\ Logger+With.swift /Users/admin/builder/spi-builder-workspace/.dependencies/checkouts/swift-log/Sources/Logging/Logger+With.swift (in target 'Logging' from project 'swift-log')
SwiftCompile normal arm64 /Users/admin/builder/spi-builder-workspace/.dependencies/checkouts/swift-log/Sources/Logging/Logger+With.swift (in target 'Logging' from project 'swift-log')
cd /Users/admin/builder/spi-builder-workspace/.swiftpm/xcode
builtin-SwiftPerFileCompile Logger+With.swift
SwiftCompile normal arm64 Compiling\ LoggingSystem.swift /Users/admin/builder/spi-builder-workspace/.dependencies/checkouts/swift-log/Sources/Logging/LoggingSystem.swift (in target 'Logging' from project 'swift-log')
SwiftCompile normal arm64 /Users/admin/builder/spi-builder-workspace/.dependencies/checkouts/swift-log/Sources/Logging/LoggingSystem.swift (in target 'Logging' from project 'swift-log')
cd /Users/admin/builder/spi-builder-workspace/.swiftpm/xcode
builtin-SwiftPerFileCompile LoggingSystem.swift
SwiftCompile normal arm64 Compiling\ MetadataProvider.swift /Users/admin/builder/spi-builder-workspace/.dependencies/checkouts/swift-log/Sources/Logging/MetadataProvider.swift (in target 'Logging' from project 'swift-log')
SwiftCompile normal arm64 /Users/admin/builder/spi-builder-workspace/.dependencies/checkouts/swift-log/Sources/Logging/MetadataProvider.swift (in target 'Logging' from project 'swift-log')
cd /Users/admin/builder/spi-builder-workspace/.swiftpm/xcode
builtin-SwiftPerFileCompile MetadataProvider.swift
SwiftCompile normal arm64 Compiling\ LogHandler.swift /Users/admin/builder/spi-builder-workspace/.dependencies/checkouts/swift-log/Sources/Logging/LogHandler.swift (in target 'Logging' from project 'swift-log')
SwiftCompile normal arm64 /Users/admin/builder/spi-builder-workspace/.dependencies/checkouts/swift-log/Sources/Logging/LogHandler.swift (in target 'Logging' from project 'swift-log')
cd /Users/admin/builder/spi-builder-workspace/.swiftpm/xcode
builtin-SwiftPerFileCompile LogHandler.swift
SwiftCompile normal arm64 Compiling\ MultiplexLogHandler.swift,\ StreamLogHandler.swift /Users/admin/builder/spi-builder-workspace/.dependencies/checkouts/swift-log/Sources/Logging/Handlers/MultiplexLogHandler.swift /Users/admin/builder/spi-builder-workspace/.dependencies/checkouts/swift-log/Sources/Logging/Handlers/StreamLogHandler.swift (in target 'Logging' from project 'swift-log')
SwiftCompile normal arm64 /Users/admin/builder/spi-builder-workspace/.dependencies/checkouts/swift-log/Sources/Logging/Handlers/MultiplexLogHandler.swift (in target 'Logging' from project 'swift-log')
cd /Users/admin/builder/spi-builder-workspace/.swiftpm/xcode
builtin-SwiftPerFileCompile MultiplexLogHandler.swift
SwiftCompile normal arm64 /Users/admin/builder/spi-builder-workspace/.dependencies/checkouts/swift-log/Sources/Logging/Handlers/StreamLogHandler.swift (in target 'Logging' from project 'swift-log')
cd /Users/admin/builder/spi-builder-workspace/.swiftpm/xcode
builtin-SwiftPerFileCompile StreamLogHandler.swift
SwiftCompile normal arm64 Compiling\ SwiftLogNoOpLogHandler.swift /Users/admin/builder/spi-builder-workspace/.dependencies/checkouts/swift-log/Sources/Logging/Handlers/SwiftLogNoOpLogHandler.swift (in target 'Logging' from project 'swift-log')
SwiftCompile normal arm64 /Users/admin/builder/spi-builder-workspace/.dependencies/checkouts/swift-log/Sources/Logging/Handlers/SwiftLogNoOpLogHandler.swift (in target 'Logging' from project 'swift-log')
cd /Users/admin/builder/spi-builder-workspace/.swiftpm/xcode
builtin-SwiftPerFileCompile SwiftLogNoOpLogHandler.swift
SwiftCompile normal arm64 Compiling\ Locks.swift /Users/admin/builder/spi-builder-workspace/.dependencies/checkouts/swift-log/Sources/Logging/Locks.swift (in target 'Logging' from project 'swift-log')
SwiftCompile normal arm64 /Users/admin/builder/spi-builder-workspace/.dependencies/checkouts/swift-log/Sources/Logging/Locks.swift (in target 'Logging' from project 'swift-log')
cd /Users/admin/builder/spi-builder-workspace/.swiftpm/xcode
builtin-SwiftPerFileCompile Locks.swift
SwiftCompile normal arm64 Compiling\ LogEvent.swift /Users/admin/builder/spi-builder-workspace/.dependencies/checkouts/swift-log/Sources/Logging/LogEvent.swift (in target 'Logging' from project 'swift-log')
SwiftCompile normal arm64 /Users/admin/builder/spi-builder-workspace/.dependencies/checkouts/swift-log/Sources/Logging/LogEvent.swift (in target 'Logging' from project 'swift-log')
cd /Users/admin/builder/spi-builder-workspace/.swiftpm/xcode
builtin-SwiftPerFileCompile LogEvent.swift
SwiftCompile normal arm64 Compiling\ Logger+Attributes.swift /Users/admin/builder/spi-builder-workspace/.dependencies/checkouts/swift-log/Sources/Logging/Logger+Attributes.swift (in target 'Logging' from project 'swift-log')
SwiftCompile normal arm64 /Users/admin/builder/spi-builder-workspace/.dependencies/checkouts/swift-log/Sources/Logging/Logger+Attributes.swift (in target 'Logging' from project 'swift-log')
cd /Users/admin/builder/spi-builder-workspace/.swiftpm/xcode
builtin-SwiftPerFileCompile Logger+Attributes.swift
SwiftDriverJobDiscovery normal arm64 Emitting module for Logging (in target 'Logging' from project 'swift-log')
SwiftDriver\ Compilation\ Requirements Logging normal arm64 com.apple.xcode.tools.swift.compiler (in target 'Logging' from project 'swift-log')
cd /Users/admin/builder/spi-builder-workspace/.swiftpm/xcode
builtin-Swift-Compilation-Requirements -- /Applications/Xcode-27.0.0-Release.Candidate.app/Contents/Developer/Toolchains/XcodeDefault.xctoolchain/usr/bin/swiftc -parse-as-library -module-name Logging -Onone @/Users/admin/builder/spi-builder-workspace/.derivedData/Build/Intermediates.noindex/swift-log.build/Debug-xros/Logging-t.build/Objects-normal/arm64/Logging.SwiftFileList -DSWIFT_PACKAGE -DDEBUG -DSWIFT_MODULE_RESOURCE_BUNDLE_UNAVAILABLE -DXcode -enable-upcoming-feature ExistentialAny -enable-upcoming-feature MemberImportVisibility -enable-upcoming-feature InternalImportsByDefault -enable-upcoming-feature NonisolatedNonsendingByDefault -Xfrontend -require-explicit-sendable -plugin-path /Applications/Xcode-27.0.0-Release.Candidate.app/Contents/Developer/Toolchains/XcodeDefault.xctoolchain/usr/lib/swift/host/plugins/testing -enable-experimental-feature DebugDescriptionMacro -sdk /Applications/Xcode-27.0.0-Release.Candidate.app/Contents/Developer/Platforms/XROS.platform/Developer/SDKs/XROS27.0.sdk -target arm64-apple-xros1.0 -g -module-cache-path /Users/admin/builder/spi-builder-workspace/.derivedData/ModuleCache.noindex -Xfrontend -serialize-debugging-options -profile-coverage-mapping -profile-generate -enable-testing -suppress-warnings -index-store-path /Users/admin/builder/spi-builder-workspace/.derivedData/Index.noindex/DataStore -Xcc -D_LIBCPP_HARDENING_MODE\=_LIBCPP_HARDENING_MODE_DEBUG -swift-version 6 -I /Users/admin/builder/spi-builder-workspace/.derivedData/Build/Products/Debug-xros -Isystem /Applications/Xcode-27.0.0-Release.Candidate.app/Contents/Developer/Platforms/XROS.platform/Developer/usr/lib -F /Users/admin/builder/spi-builder-workspace/.derivedData/Build/Products/Debug-xros -F /Applications/Xcode-27.0.0-Release.Candidate.app/Contents/Developer/Platforms/XROS.platform/Developer/Library/Frameworks -F /Applications/Xcode-27.0.0-Release.Candidate.app/Contents/Developer/Platforms/XROS.platform/Developer/SDKs/XROS27.0.sdk/Developer/Library/Frameworks -c -j10 -enable-batch-mode -incremental -Xcc -ivfsstatcache -Xcc /Users/admin/builder/spi-builder-workspace/.derivedData/SDKStatCaches.noindex/xros27.0-24M361-e829b21a6f8c9b70876ba0858053c044735bd543db762f57723cac368afd1ce4.sdkstatcache -output-file-map /Users/admin/builder/spi-builder-workspace/.derivedData/Build/Intermediates.noindex/swift-log.build/Debug-xros/Logging-t.build/Objects-normal/arm64/Logging-OutputFileMap.json -save-temps -no-color-diagnostics -explicit-module-build -module-cache-path /Users/admin/builder/spi-builder-workspace/.derivedData/Build/Intermediates.noindex/SwiftExplicitPrecompiledModules -clang-scanner-module-cache-path /Users/admin/builder/spi-builder-workspace/.derivedData/ModuleCache.noindex -sdk-module-cache-path /Users/admin/builder/spi-builder-workspace/.derivedData/SDKExplicitPrecompiledModules -emit-dependencies -emit-module -emit-module-path /Users/admin/builder/spi-builder-workspace/.derivedData/Build/Intermediates.noindex/swift-log.build/Debug-xros/Logging-t.build/Objects-normal/arm64/Logging.swiftmodule -serialize-diagnostics -dependency-scan-serialize-diagnostics-path /Users/admin/builder/spi-builder-workspace/.derivedData/Build/Intermediates.noindex/swift-log.build/Debug-xros/Logging-t.build/Objects-normal/arm64/Logging-dependency-scan.dia -user-module-version 1.15.1 -validate-clang-modules-once -clang-build-session-file /Users/admin/builder/spi-builder-workspace/.derivedData/ModuleCache.noindex/Session.modulevalidation -Xcc -fmodules-prune-interval\=86400 -Xcc -fmodules-prune-after\=345600 -package-name swift_log -emit-const-values -const-gather-protocols-list /Users/admin/builder/spi-builder-workspace/.derivedData/Build/Intermediates.noindex/swift-log.build/Debug-xros/Logging-t.build/Objects-normal/arm64/Logging_const_extract_protocols.json -Xcc -I/Users/admin/builder/spi-builder-workspace/.derivedData/Build/Products/Debug-xros/include -Xcc -I/Users/admin/builder/spi-builder-workspace/.derivedData/Build/Intermediates.noindex/swift-log.build/Debug-xros/Logging-t.build/DerivedSources-normal/arm64 -Xcc -I/Users/admin/builder/spi-builder-workspace/.derivedData/Build/Intermediates.noindex/swift-log.build/Debug-xros/Logging-t.build/DerivedSources/arm64 -Xcc -I/Users/admin/builder/spi-builder-workspace/.derivedData/Build/Intermediates.noindex/swift-log.build/Debug-xros/Logging-t.build/DerivedSources -Xcc -DSWIFT_PACKAGE -Xcc -DDEBUG\=1 -emit-objc-header -emit-objc-header-path /Users/admin/builder/spi-builder-workspace/.derivedData/Build/Intermediates.noindex/swift-log.build/Debug-xros/Logging-t.build/Objects-normal/arm64/Logging-Swift.h -working-directory /Users/admin/builder/spi-builder-workspace/.swiftpm/xcode -experimental-emit-module-separately -disable-cmo
SwiftDriverJobDiscovery normal arm64 Compiling SwiftLogNoOpLogHandler.swift (in target 'Logging' from project 'swift-log')
SwiftMergeGeneratedHeaders /Users/admin/builder/spi-builder-workspace/.derivedData/Build/Intermediates.noindex/GeneratedModuleMaps-xros/Logging-Swift.h /Users/admin/builder/spi-builder-workspace/.derivedData/Build/Intermediates.noindex/swift-log.build/Debug-xros/Logging-t.build/Objects-normal/arm64/Logging-Swift.h (in target 'Logging' from project 'swift-log')
cd /Users/admin/builder/spi-builder-workspace/.dependencies/checkouts/swift-log
builtin-swiftHeaderTool -arch arm64 /Users/admin/builder/spi-builder-workspace/.derivedData/Build/Intermediates.noindex/swift-log.build/Debug-xros/Logging-t.build/Objects-normal/arm64/Logging-Swift.h -o /Users/admin/builder/spi-builder-workspace/.derivedData/Build/Intermediates.noindex/GeneratedModuleMaps-xros/Logging-Swift.h
Copy /Users/admin/builder/spi-builder-workspace/.derivedData/Build/Products/Debug-xros/Logging.swiftmodule/arm64-apple-xros.swiftmodule /Users/admin/builder/spi-builder-workspace/.derivedData/Build/Intermediates.noindex/swift-log.build/Debug-xros/Logging-t.build/Objects-normal/arm64/Logging.swiftmodule (in target 'Logging' from project 'swift-log')
cd /Users/admin/builder/spi-builder-workspace/.dependencies/checkouts/swift-log
builtin-copy -exclude .DS_Store -exclude CVS -exclude .svn -exclude .git -exclude .hg -resolve-src-symlinks -rename /Users/admin/builder/spi-builder-workspace/.derivedData/Build/Intermediates.noindex/swift-log.build/Debug-xros/Logging-t.build/Objects-normal/arm64/Logging.swiftmodule /Users/admin/builder/spi-builder-workspace/.derivedData/Build/Products/Debug-xros/Logging.swiftmodule/arm64-apple-xros.swiftmodule
Copy /Users/admin/builder/spi-builder-workspace/.derivedData/Build/Products/Debug-xros/Logging.swiftmodule/arm64-apple-xros.swiftdoc /Users/admin/builder/spi-builder-workspace/.derivedData/Build/Intermediates.noindex/swift-log.build/Debug-xros/Logging-t.build/Objects-normal/arm64/Logging.swiftdoc (in target 'Logging' from project 'swift-log')
cd /Users/admin/builder/spi-builder-workspace/.dependencies/checkouts/swift-log
builtin-copy -exclude .DS_Store -exclude CVS -exclude .svn -exclude .git -exclude .hg -resolve-src-symlinks -rename /Users/admin/builder/spi-builder-workspace/.derivedData/Build/Intermediates.noindex/swift-log.build/Debug-xros/Logging-t.build/Objects-normal/arm64/Logging.swiftdoc /Users/admin/builder/spi-builder-workspace/.derivedData/Build/Products/Debug-xros/Logging.swiftmodule/arm64-apple-xros.swiftdoc
SwiftDriverJobDiscovery normal arm64 Compiling LogHandler.swift (in target 'Logging' from project 'swift-log')
Copy /Users/admin/builder/spi-builder-workspace/.derivedData/Build/Products/Debug-xros/Logging.swiftmodule/arm64-apple-xros.abi.json /Users/admin/builder/spi-builder-workspace/.derivedData/Build/Intermediates.noindex/swift-log.build/Debug-xros/Logging-t.build/Objects-normal/arm64/Logging.abi.json (in target 'Logging' from project 'swift-log')
cd /Users/admin/builder/spi-builder-workspace/.dependencies/checkouts/swift-log
builtin-copy -exclude .DS_Store -exclude CVS -exclude .svn -exclude .git -exclude .hg -resolve-src-symlinks -rename /Users/admin/builder/spi-builder-workspace/.derivedData/Build/Intermediates.noindex/swift-log.build/Debug-xros/Logging-t.build/Objects-normal/arm64/Logging.abi.json /Users/admin/builder/spi-builder-workspace/.derivedData/Build/Products/Debug-xros/Logging.swiftmodule/arm64-apple-xros.abi.json
Copy /Users/admin/builder/spi-builder-workspace/.derivedData/Build/Products/Debug-xros/Logging.swiftmodule/Project/arm64-apple-xros.swiftsourceinfo /Users/admin/builder/spi-builder-workspace/.derivedData/Build/Intermediates.noindex/swift-log.build/Debug-xros/Logging-t.build/Objects-normal/arm64/Logging.swiftsourceinfo (in target 'Logging' from project 'swift-log')
cd /Users/admin/builder/spi-builder-workspace/.dependencies/checkouts/swift-log
builtin-copy -exclude .DS_Store -exclude CVS -exclude .svn -exclude .git -exclude .hg -resolve-src-symlinks -rename /Users/admin/builder/spi-builder-workspace/.derivedData/Build/Intermediates.noindex/swift-log.build/Debug-xros/Logging-t.build/Objects-normal/arm64/Logging.swiftsourceinfo /Users/admin/builder/spi-builder-workspace/.derivedData/Build/Products/Debug-xros/Logging.swiftmodule/Project/arm64-apple-xros.swiftsourceinfo
SwiftDriverJobDiscovery normal arm64 Compiling LogEvent.swift (in target 'Logging' from project 'swift-log')
SwiftDriver KippleNetworking normal arm64 com.apple.xcode.tools.swift.compiler (in target 'KippleNetworking' from project 'KippleNetworking')
cd /Users/admin/builder/spi-builder-workspace/.swiftpm/xcode
builtin-SwiftDriver -- /Applications/Xcode-27.0.0-Release.Candidate.app/Contents/Developer/Toolchains/XcodeDefault.xctoolchain/usr/bin/swiftc -parse-as-library -module-name KippleNetworking -Onone @/Users/admin/builder/spi-builder-workspace/.derivedData/Build/Intermediates.noindex/KippleNetworking.build/Debug-xros/KippleNetworking-t.build/Objects-normal/arm64/KippleNetworking.SwiftFileList -DSWIFT_PACKAGE -DDEBUG -DSWIFT_MODULE_RESOURCE_BUNDLE_UNAVAILABLE -DDEBUG -DXcode -plugin-path /Applications/Xcode-27.0.0-Release.Candidate.app/Contents/Developer/Toolchains/XcodeDefault.xctoolchain/usr/lib/swift/host/plugins/testing -enable-experimental-feature DebugDescriptionMacro -sdk /Applications/Xcode-27.0.0-Release.Candidate.app/Contents/Developer/Platforms/XROS.platform/Developer/SDKs/XROS27.0.sdk -target arm64-apple-xros1.0 -g -module-cache-path /Users/admin/builder/spi-builder-workspace/.derivedData/ModuleCache.noindex -Xfrontend -serialize-debugging-options -profile-coverage-mapping -profile-generate -enable-testing -suppress-warnings -index-store-path /Users/admin/builder/spi-builder-workspace/.derivedData/Index.noindex/DataStore -Xcc -D_LIBCPP_HARDENING_MODE\=_LIBCPP_HARDENING_MODE_DEBUG -swift-version 5 -I /Users/admin/builder/spi-builder-workspace/.derivedData/Build/Products/Debug-xros -Isystem /Applications/Xcode-27.0.0-Release.Candidate.app/Contents/Developer/Platforms/XROS.platform/Developer/usr/lib -F /Users/admin/builder/spi-builder-workspace/.derivedData/Build/Products/Debug-xros/PackageFrameworks -F /Users/admin/builder/spi-builder-workspace/.derivedData/Build/Products/Debug-xros -F /Applications/Xcode-27.0.0-Release.Candidate.app/Contents/Developer/Platforms/XROS.platform/Developer/Library/Frameworks -F /Applications/Xcode-27.0.0-Release.Candidate.app/Contents/Developer/Platforms/XROS.platform/Developer/SDKs/XROS27.0.sdk/Developer/Library/Frameworks -c -j10 -enable-batch-mode -incremental -Xcc -ivfsstatcache -Xcc /Users/admin/builder/spi-builder-workspace/.derivedData/SDKStatCaches.noindex/xros27.0-24M361-e829b21a6f8c9b70876ba0858053c044735bd543db762f57723cac368afd1ce4.sdkstatcache -output-file-map /Users/admin/builder/spi-builder-workspace/.derivedData/Build/Intermediates.noindex/KippleNetworking.build/Debug-xros/KippleNetworking-t.build/Objects-normal/arm64/KippleNetworking-OutputFileMap.json -save-temps -no-color-diagnostics -explicit-module-build -module-cache-path /Users/admin/builder/spi-builder-workspace/.derivedData/Build/Intermediates.noindex/SwiftExplicitPrecompiledModules -clang-scanner-module-cache-path /Users/admin/builder/spi-builder-workspace/.derivedData/ModuleCache.noindex -sdk-module-cache-path /Users/admin/builder/spi-builder-workspace/.derivedData/SDKExplicitPrecompiledModules -emit-dependencies -emit-module -emit-module-path /Users/admin/builder/spi-builder-workspace/.derivedData/Build/Intermediates.noindex/KippleNetworking.build/Debug-xros/KippleNetworking-t.build/Objects-normal/arm64/KippleNetworking.swiftmodule -serialize-diagnostics -dependency-scan-serialize-diagnostics-path /Users/admin/builder/spi-builder-workspace/.derivedData/Build/Intermediates.noindex/KippleNetworking.build/Debug-xros/KippleNetworking-t.build/Objects-normal/arm64/KippleNetworking-dependency-scan.dia -validate-clang-modules-once -clang-build-session-file /Users/admin/builder/spi-builder-workspace/.derivedData/ModuleCache.noindex/Session.modulevalidation -Xcc -fmodules-prune-interval\=86400 -Xcc -fmodules-prune-after\=345600 -emit-const-values -const-gather-protocols-list /Users/admin/builder/spi-builder-workspace/.derivedData/Build/Intermediates.noindex/KippleNetworking.build/Debug-xros/KippleNetworking-t.build/Objects-normal/arm64/KippleNetworking_const_extract_protocols.json -Xcc -I/Users/admin/builder/spi-builder-workspace/.derivedData/Build/Products/Debug-xros/include -Xcc -I/Users/admin/builder/spi-builder-workspace/.derivedData/Build/Intermediates.noindex/KippleNetworking.build/Debug-xros/KippleNetworking-t.build/DerivedSources-normal/arm64 -Xcc -I/Users/admin/builder/spi-builder-workspace/.derivedData/Build/Intermediates.noindex/KippleNetworking.build/Debug-xros/KippleNetworking-t.build/DerivedSources/arm64 -Xcc -I/Users/admin/builder/spi-builder-workspace/.derivedData/Build/Intermediates.noindex/KippleNetworking.build/Debug-xros/KippleNetworking-t.build/DerivedSources -Xcc -DSWIFT_PACKAGE -Xcc -DDEBUG\=1 -emit-objc-header -emit-objc-header-path /Users/admin/builder/spi-builder-workspace/.derivedData/Build/Intermediates.noindex/KippleNetworking.build/Debug-xros/KippleNetworking-t.build/Objects-normal/arm64/KippleNetworking-Swift.h -working-directory /Users/admin/builder/spi-builder-workspace/.swiftpm/xcode -experimental-emit-module-separately -disable-cmo
SwiftDriverJobDiscovery normal arm64 Compiling LoggingSystem.swift (in target 'Logging' from project 'swift-log')
SwiftDriver KippleDiagnostics normal arm64 com.apple.xcode.tools.swift.compiler (in target 'KippleDiagnostics' from project 'KippleDiagnostics')
cd /Users/admin/builder/spi-builder-workspace/.swiftpm/xcode
builtin-SwiftDriver -- /Applications/Xcode-27.0.0-Release.Candidate.app/Contents/Developer/Toolchains/XcodeDefault.xctoolchain/usr/bin/swiftc -parse-as-library -module-name KippleDiagnostics -Onone @/Users/admin/builder/spi-builder-workspace/.derivedData/Build/Intermediates.noindex/KippleDiagnostics.build/Debug-xros/KippleDiagnostics-t.build/Objects-normal/arm64/KippleDiagnostics.SwiftFileList -DSWIFT_PACKAGE -DDEBUG -DSWIFT_MODULE_RESOURCE_BUNDLE_UNAVAILABLE -DDEBUG -DXcode -plugin-path /Applications/Xcode-27.0.0-Release.Candidate.app/Contents/Developer/Toolchains/XcodeDefault.xctoolchain/usr/lib/swift/host/plugins/testing -enable-experimental-feature DebugDescriptionMacro -sdk /Applications/Xcode-27.0.0-Release.Candidate.app/Contents/Developer/Platforms/XROS.platform/Developer/SDKs/XROS27.0.sdk -target arm64-apple-xros1.0 -g -module-cache-path /Users/admin/builder/spi-builder-workspace/.derivedData/ModuleCache.noindex -Xfrontend -serialize-debugging-options -profile-coverage-mapping -profile-generate -enable-testing -suppress-warnings -index-store-path /Users/admin/builder/spi-builder-workspace/.derivedData/Index.noindex/DataStore -Xcc -D_LIBCPP_HARDENING_MODE\=_LIBCPP_HARDENING_MODE_DEBUG -swift-version 5 -I /Users/admin/builder/spi-builder-workspace/.derivedData/Build/Products/Debug-xros -Isystem /Applications/Xcode-27.0.0-Release.Candidate.app/Contents/Developer/Platforms/XROS.platform/Developer/usr/lib -F /Users/admin/builder/spi-builder-workspace/.derivedData/Build/Products/Debug-xros/PackageFrameworks -F /Users/admin/builder/spi-builder-workspace/.derivedData/Build/Products/Debug-xros -F /Applications/Xcode-27.0.0-Release.Candidate.app/Contents/Developer/Platforms/XROS.platform/Developer/Library/Frameworks -F /Applications/Xcode-27.0.0-Release.Candidate.app/Contents/Developer/Platforms/XROS.platform/Developer/SDKs/XROS27.0.sdk/Developer/Library/Frameworks -c -j10 -enable-batch-mode -incremental -Xcc -ivfsstatcache -Xcc /Users/admin/builder/spi-builder-workspace/.derivedData/SDKStatCaches.noindex/xros27.0-24M361-e829b21a6f8c9b70876ba0858053c044735bd543db762f57723cac368afd1ce4.sdkstatcache -output-file-map /Users/admin/builder/spi-builder-workspace/.derivedData/Build/Intermediates.noindex/KippleDiagnostics.build/Debug-xros/KippleDiagnostics-t.build/Objects-normal/arm64/KippleDiagnostics-OutputFileMap.json -save-temps -no-color-diagnostics -explicit-module-build -module-cache-path /Users/admin/builder/spi-builder-workspace/.derivedData/Build/Intermediates.noindex/SwiftExplicitPrecompiledModules -clang-scanner-module-cache-path /Users/admin/builder/spi-builder-workspace/.derivedData/ModuleCache.noindex -sdk-module-cache-path /Users/admin/builder/spi-builder-workspace/.derivedData/SDKExplicitPrecompiledModules -emit-dependencies -emit-module -emit-module-path /Users/admin/builder/spi-builder-workspace/.derivedData/Build/Intermediates.noindex/KippleDiagnostics.build/Debug-xros/KippleDiagnostics-t.build/Objects-normal/arm64/KippleDiagnostics.swiftmodule -serialize-diagnostics -dependency-scan-serialize-diagnostics-path /Users/admin/builder/spi-builder-workspace/.derivedData/Build/Intermediates.noindex/KippleDiagnostics.build/Debug-xros/KippleDiagnostics-t.build/Objects-normal/arm64/KippleDiagnostics-dependency-scan.dia -validate-clang-modules-once -clang-build-session-file /Users/admin/builder/spi-builder-workspace/.derivedData/ModuleCache.noindex/Session.modulevalidation -Xcc -fmodules-prune-interval\=86400 -Xcc -fmodules-prune-after\=345600 -emit-const-values -const-gather-protocols-list /Users/admin/builder/spi-builder-workspace/.derivedData/Build/Intermediates.noindex/KippleDiagnostics.build/Debug-xros/KippleDiagnostics-t.build/Objects-normal/arm64/KippleDiagnostics_const_extract_protocols.json -Xcc -I/Users/admin/builder/spi-builder-workspace/.derivedData/Build/Products/Debug-xros/include -Xcc -I/Users/admin/builder/spi-builder-workspace/.derivedData/Build/Intermediates.noindex/KippleDiagnostics.build/Debug-xros/KippleDiagnostics-t.build/DerivedSources-normal/arm64 -Xcc -I/Users/admin/builder/spi-builder-workspace/.derivedData/Build/Intermediates.noindex/KippleDiagnostics.build/Debug-xros/KippleDiagnostics-t.build/DerivedSources/arm64 -Xcc -I/Users/admin/builder/spi-builder-workspace/.derivedData/Build/Intermediates.noindex/KippleDiagnostics.build/Debug-xros/KippleDiagnostics-t.build/DerivedSources -Xcc -DSWIFT_PACKAGE -Xcc -DDEBUG\=1 -emit-objc-header -emit-objc-header-path /Users/admin/builder/spi-builder-workspace/.derivedData/Build/Intermediates.noindex/KippleDiagnostics.build/Debug-xros/KippleDiagnostics-t.build/Objects-normal/arm64/KippleDiagnostics-Swift.h -working-directory /Users/admin/builder/spi-builder-workspace/.swiftpm/xcode -experimental-emit-module-separately -disable-cmo
SwiftDriverJobDiscovery normal arm64 Compiling Logger+With.swift (in target 'Logging' from project 'swift-log')
SwiftDriverJobDiscovery normal arm64 Compiling Logger+Attributes.swift (in target 'Logging' from project 'swift-log')
SwiftDriverJobDiscovery normal arm64 Compiling Logger.swift (in target 'Logging' from project 'swift-log')
SwiftDriverJobDiscovery normal arm64 Compiling MultiplexLogHandler.swift, StreamLogHandler.swift (in target 'Logging' from project 'swift-log')
SwiftDriverJobDiscovery normal arm64 Compiling MetadataProvider.swift (in target 'Logging' from project 'swift-log')
SwiftDriverJobDiscovery normal arm64 Compiling Locks.swift (in target 'Logging' from project 'swift-log')
SwiftDriver\ Compilation Logging normal arm64 com.apple.xcode.tools.swift.compiler (in target 'Logging' from project 'swift-log')
cd /Users/admin/builder/spi-builder-workspace/.swiftpm/xcode
builtin-Swift-Compilation -- /Applications/Xcode-27.0.0-Release.Candidate.app/Contents/Developer/Toolchains/XcodeDefault.xctoolchain/usr/bin/swiftc -parse-as-library -module-name Logging -Onone @/Users/admin/builder/spi-builder-workspace/.derivedData/Build/Intermediates.noindex/swift-log.build/Debug-xros/Logging-t.build/Objects-normal/arm64/Logging.SwiftFileList -DSWIFT_PACKAGE -DDEBUG -DSWIFT_MODULE_RESOURCE_BUNDLE_UNAVAILABLE -DXcode -enable-upcoming-feature ExistentialAny -enable-upcoming-feature MemberImportVisibility -enable-upcoming-feature InternalImportsByDefault -enable-upcoming-feature NonisolatedNonsendingByDefault -Xfrontend -require-explicit-sendable -plugin-path /Applications/Xcode-27.0.0-Release.Candidate.app/Contents/Developer/Toolchains/XcodeDefault.xctoolchain/usr/lib/swift/host/plugins/testing -enable-experimental-feature DebugDescriptionMacro -sdk /Applications/Xcode-27.0.0-Release.Candidate.app/Contents/Developer/Platforms/XROS.platform/Developer/SDKs/XROS27.0.sdk -target arm64-apple-xros1.0 -g -module-cache-path /Users/admin/builder/spi-builder-workspace/.derivedData/ModuleCache.noindex -Xfrontend -serialize-debugging-options -profile-coverage-mapping -profile-generate -enable-testing -suppress-warnings -index-store-path /Users/admin/builder/spi-builder-workspace/.derivedData/Index.noindex/DataStore -Xcc -D_LIBCPP_HARDENING_MODE\=_LIBCPP_HARDENING_MODE_DEBUG -swift-version 6 -I /Users/admin/builder/spi-builder-workspace/.derivedData/Build/Products/Debug-xros -Isystem /Applications/Xcode-27.0.0-Release.Candidate.app/Contents/Developer/Platforms/XROS.platform/Developer/usr/lib -F /Users/admin/builder/spi-builder-workspace/.derivedData/Build/Products/Debug-xros -F /Applications/Xcode-27.0.0-Release.Candidate.app/Contents/Developer/Platforms/XROS.platform/Developer/Library/Frameworks -F /Applications/Xcode-27.0.0-Release.Candidate.app/Contents/Developer/Platforms/XROS.platform/Developer/SDKs/XROS27.0.sdk/Developer/Library/Frameworks -c -j10 -enable-batch-mode -incremental -Xcc -ivfsstatcache -Xcc /Users/admin/builder/spi-builder-workspace/.derivedData/SDKStatCaches.noindex/xros27.0-24M361-e829b21a6f8c9b70876ba0858053c044735bd543db762f57723cac368afd1ce4.sdkstatcache -output-file-map /Users/admin/builder/spi-builder-workspace/.derivedData/Build/Intermediates.noindex/swift-log.build/Debug-xros/Logging-t.build/Objects-normal/arm64/Logging-OutputFileMap.json -save-temps -no-color-diagnostics -explicit-module-build -module-cache-path /Users/admin/builder/spi-builder-workspace/.derivedData/Build/Intermediates.noindex/SwiftExplicitPrecompiledModules -clang-scanner-module-cache-path /Users/admin/builder/spi-builder-workspace/.derivedData/ModuleCache.noindex -sdk-module-cache-path /Users/admin/builder/spi-builder-workspace/.derivedData/SDKExplicitPrecompiledModules -emit-dependencies -emit-module -emit-module-path /Users/admin/builder/spi-builder-workspace/.derivedData/Build/Intermediates.noindex/swift-log.build/Debug-xros/Logging-t.build/Objects-normal/arm64/Logging.swiftmodule -serialize-diagnostics -dependency-scan-serialize-diagnostics-path /Users/admin/builder/spi-builder-workspace/.derivedData/Build/Intermediates.noindex/swift-log.build/Debug-xros/Logging-t.build/Objects-normal/arm64/Logging-dependency-scan.dia -user-module-version 1.15.1 -validate-clang-modules-once -clang-build-session-file /Users/admin/builder/spi-builder-workspace/.derivedData/ModuleCache.noindex/Session.modulevalidation -Xcc -fmodules-prune-interval\=86400 -Xcc -fmodules-prune-after\=345600 -package-name swift_log -emit-const-values -const-gather-protocols-list /Users/admin/builder/spi-builder-workspace/.derivedData/Build/Intermediates.noindex/swift-log.build/Debug-xros/Logging-t.build/Objects-normal/arm64/Logging_const_extract_protocols.json -Xcc -I/Users/admin/builder/spi-builder-workspace/.derivedData/Build/Products/Debug-xros/include -Xcc -I/Users/admin/builder/spi-builder-workspace/.derivedData/Build/Intermediates.noindex/swift-log.build/Debug-xros/Logging-t.build/DerivedSources-normal/arm64 -Xcc -I/Users/admin/builder/spi-builder-workspace/.derivedData/Build/Intermediates.noindex/swift-log.build/Debug-xros/Logging-t.build/DerivedSources/arm64 -Xcc -I/Users/admin/builder/spi-builder-workspace/.derivedData/Build/Intermediates.noindex/swift-log.build/Debug-xros/Logging-t.build/DerivedSources -Xcc -DSWIFT_PACKAGE -Xcc -DDEBUG\=1 -emit-objc-header -emit-objc-header-path /Users/admin/builder/spi-builder-workspace/.derivedData/Build/Intermediates.noindex/swift-log.build/Debug-xros/Logging-t.build/Objects-normal/arm64/Logging-Swift.h -working-directory /Users/admin/builder/spi-builder-workspace/.swiftpm/xcode -experimental-emit-module-separately -disable-cmo
Ld /Users/admin/builder/spi-builder-workspace/.derivedData/Build/Products/Debug-xros/Logging.o normal (in target 'Logging' from project 'swift-log')
cd /Users/admin/builder/spi-builder-workspace/.dependencies/checkouts/swift-log
/Applications/Xcode-27.0.0-Release.Candidate.app/Contents/Developer/Toolchains/XcodeDefault.xctoolchain/usr/bin/clang -Xlinker -reproducible -target arm64-apple-xros1.0 -r -isysroot /Applications/Xcode-27.0.0-Release.Candidate.app/Contents/Developer/Platforms/XROS.platform/Developer/SDKs/XROS27.0.sdk -O0 -w -Xlinker -no_warn_duplicate_libraries -F/Users/admin/builder/spi-builder-workspace/.derivedData/Build/Intermediates.noindex/EagerLinkingTBDs/Debug-xros -F/Users/admin/builder/spi-builder-workspace/.derivedData/Build/Products/Debug-xros -iframework /Applications/Xcode-27.0.0-Release.Candidate.app/Contents/Developer/Platforms/XROS.platform/Developer/Library/Frameworks -iframework /Applications/Xcode-27.0.0-Release.Candidate.app/Contents/Developer/Platforms/XROS.platform/Developer/SDKs/XROS27.0.sdk/Developer/Library/Frameworks -filelist /Users/admin/builder/spi-builder-workspace/.derivedData/Build/Intermediates.noindex/swift-log.build/Debug-xros/Logging-t.build/Objects-normal/arm64/Logging.LinkFileList -nostdlib -Xlinker -object_path_lto -Xlinker /Users/admin/builder/spi-builder-workspace/.derivedData/Build/Intermediates.noindex/swift-log.build/Debug-xros/Logging-t.build/Objects-normal/arm64/Logging_lto.o -Xlinker -no_deduplicate -Xlinker -debug_variant -Xlinker -dependency_info -Xlinker /Users/admin/builder/spi-builder-workspace/.derivedData/Build/Intermediates.noindex/swift-log.build/Debug-xros/Logging-t.build/Objects-normal/arm64/Logging_dependency_info.dat -fobjc-link-runtime -L/Applications/Xcode-27.0.0-Release.Candidate.app/Contents/Developer/Toolchains/XcodeDefault.xctoolchain/usr/lib/swift/xros -L/usr/lib/swift -Xlinker -add_ast_path -Xlinker /Users/admin/builder/spi-builder-workspace/.derivedData/Build/Intermediates.noindex/swift-log.build/Debug-xros/Logging-t.build/Objects-normal/arm64/Logging.swiftmodule -o /Users/admin/builder/spi-builder-workspace/.derivedData/Build/Products/Debug-xros/Logging.o
ExtractAppIntentsMetadata (in target 'Logging' from project 'swift-log')
cd /Users/admin/builder/spi-builder-workspace/.dependencies/checkouts/swift-log
/Applications/Xcode-27.0.0-Release.Candidate.app/Contents/Developer/Toolchains/XcodeDefault.xctoolchain/usr/bin/appintentsmetadataprocessor --toolchain-dir /var/run/com.apple.security.cryptexd/mnt/com.apple.MobileAsset.MetalToolchain-v27.1.266.1.qHmooW/Metal.xctoolchain --module-name Logging --sdk-root /Applications/Xcode-27.0.0-Release.Candidate.app/Contents/Developer/Platforms/XROS.platform/Developer/SDKs/XROS27.0.sdk --xcode-version 27A266a --platform-family xrOS --deployment-target 1.0 --bundle-identifier swift-log.Logging --output /Users/admin/builder/spi-builder-workspace/.derivedData/Build/Products/Debug-xros/Logging.appintents --target-triple arm64-apple-xros1.0 --binary-file /Users/admin/builder/spi-builder-workspace/.derivedData/Build/Products/Debug-xros/Logging.o --dependency-file /Users/admin/builder/spi-builder-workspace/.derivedData/Build/Intermediates.noindex/swift-log.build/Debug-xros/Logging-t.build/Objects-normal/arm64/Logging_dependency_info.dat --stringsdata-file /Users/admin/builder/spi-builder-workspace/.derivedData/Build/Intermediates.noindex/swift-log.build/Debug-xros/Logging-t.build/Objects-normal/arm64/ExtractedAppShortcutsMetadata.stringsdata --source-file-list /Users/admin/builder/spi-builder-workspace/.derivedData/Build/Intermediates.noindex/swift-log.build/Debug-xros/Logging-t.build/Objects-normal/arm64/Logging.SwiftFileList --metadata-file-list /Users/admin/builder/spi-builder-workspace/.derivedData/Build/Intermediates.noindex/swift-log.build/Debug-xros/Logging-t.build/Logging.DependencyMetadataFileList --static-metadata-file-list /Users/admin/builder/spi-builder-workspace/.derivedData/Build/Intermediates.noindex/swift-log.build/Debug-xros/Logging-t.build/Logging.DependencyStaticMetadataFileList --swift-const-vals-list /Users/admin/builder/spi-builder-workspace/.derivedData/Build/Intermediates.noindex/swift-log.build/Debug-xros/Logging-t.build/Objects-normal/arm64/Logging.SwiftConstValuesFileList --force --compile-time-extraction --deployment-aware-processing --no-app-shortcuts-localization
2026-09-18 22:40:44.413 appintentsmetadataprocessor[849:5205] Starting appintentsmetadataprocessor export
2026-09-18 22:40:44.526 appintentsmetadataprocessor[849:5205] Extracted no relevant App Intents symbols, skipping writing output
SwiftExplicitDependencyGeneratePcm arm64 /Users/admin/builder/spi-builder-workspace/.derivedData/SDKExplicitPrecompiledModules/ptrcheck-BXA97MNLI4BB0HF5I8MJE403D.pcm
SwiftExplicitDependencyGeneratePcm arm64 /Users/admin/builder/spi-builder-workspace/.derivedData/SDKExplicitPrecompiledModules/_Builtin_stdarg-CDA349K2K4US766844K8E0PVA.pcm
SwiftExplicitDependencyGeneratePcm arm64 /Users/admin/builder/spi-builder-workspace/.derivedData/SDKExplicitPrecompiledModules/ptrauth-1WBA714DZSVUL5JQDJ08CLKZ.pcm
SwiftExplicitDependencyGeneratePcm arm64 /Users/admin/builder/spi-builder-workspace/.derivedData/SDKExplicitPrecompiledModules/_Builtin_float-6WKHNW5S40U2QGHXXGETUDIRA.pcm
SwiftExplicitDependencyGeneratePcm arm64 /Users/admin/builder/spi-builder-workspace/.derivedData/SDKExplicitPrecompiledModules/_AvailabilityInternal-1Q8IQP6M38UWSGZ95UCEY2M44.pcm
SwiftExplicitDependencyGeneratePcm arm64 /Users/admin/builder/spi-builder-workspace/.derivedData/SDKExplicitPrecompiledModules/_SwiftConcurrencyShims-C8XHKSHX96D5YYALNM4W70Z0O.pcm
SwiftExplicitDependencyGeneratePcm arm64 /Users/admin/builder/spi-builder-workspace/.derivedData/SDKExplicitPrecompiledModules/_Builtin_stddef-5NQ9Z1GV07GBSRQGAQCGXGVRI.pcm
SwiftExplicitDependencyGeneratePcm arm64 /Users/admin/builder/spi-builder-workspace/.derivedData/SDKExplicitPrecompiledModules/_Builtin_stdbool-5BU2ADS7JXQMYENKQHW9X8XOU.pcm
SwiftExplicitDependencyGeneratePcm arm64 /Users/admin/builder/spi-builder-workspace/.derivedData/SDKExplicitPrecompiledModules/SwiftShims-CI4H5RO9IYFFWQ2COB512Q2S9.pcm
SwiftExplicitDependencyGeneratePcm arm64 /Users/admin/builder/spi-builder-workspace/.derivedData/SDKExplicitPrecompiledModules/_DarwinFoundation1-5RGRVV2TZ6WC4WZW5IXF8NQ04.pcm
SwiftExplicitDependencyGeneratePcm arm64 /Users/admin/builder/spi-builder-workspace/.derivedData/SDKExplicitPrecompiledModules/_DarwinFoundation2-ENTECK156YEWITZRRBTOCE4KR.pcm
SwiftExplicitDependencyGeneratePcm arm64 /Users/admin/builder/spi-builder-workspace/.derivedData/SDKExplicitPrecompiledModules/_Builtin_limits-425JDMN5HPM3D0UEI8LEHP6NM.pcm
SwiftExplicitDependencyGeneratePcm arm64 /Users/admin/builder/spi-builder-workspace/.derivedData/SDKExplicitPrecompiledModules/_Builtin_stdint-8OR6T47OOYJA90ZBO3N1USDE.pcm
SwiftExplicitDependencyGeneratePcm arm64 /Users/admin/builder/spi-builder-workspace/.derivedData/SDKExplicitPrecompiledModules/sys_types-AYM0BHR77VKMWZCO2T0XGV2HF.pcm
SwiftExplicitDependencyGeneratePcm arm64 /Users/admin/builder/spi-builder-workspace/.derivedData/SDKExplicitPrecompiledModules/string_h-2GT67HHHHK5CF1V1S31LH0PU2.pcm
SwiftExplicitDependencyGeneratePcm arm64 /Users/admin/builder/spi-builder-workspace/.derivedData/SDKExplicitPrecompiledModules/_DarwinFoundation3-9ZHN6JKBS40BBA81RQMV8H0IC.pcm
SwiftExplicitDependencyGeneratePcm arm64 /Users/admin/builder/spi-builder-workspace/.derivedData/SDKExplicitPrecompiledModules/_Builtin_inttypes-11B64KJD36B3YOHBR1BBXBJY8.pcm
SwiftExplicitDependencyGeneratePcm arm64 /Users/admin/builder/spi-builder-workspace/.derivedData/SDKExplicitPrecompiledModules/Darwin-60P5LVNQO3ESRRM5DCJ05PFNK.pcm
SwiftExplicitDependencyGeneratePcm arm64 /Users/admin/builder/spi-builder-workspace/.derivedData/SDKExplicitPrecompiledModules/ObjectiveC-26TIBFYCEJZVP216ZZAU1X8KN.pcm
SwiftExplicitDependencyGeneratePcm arm64 /Users/admin/builder/spi-builder-workspace/.derivedData/SDKExplicitPrecompiledModules/os_object-692CJ8BG6RE5H04487EJJOVXW.pcm
SwiftExplicitDependencyGeneratePcm arm64 /Users/admin/builder/spi-builder-workspace/.derivedData/SDKExplicitPrecompiledModules/os_workgroup-4U1VXMWIZD80E7PRUQF2G7P9X.pcm
SwiftExplicitDependencyGeneratePcm arm64 /Users/admin/builder/spi-builder-workspace/.derivedData/SDKExplicitPrecompiledModules/Dispatch-CLT3466HKC22GCKAWSCNG0H7T.pcm
SwiftExplicitDependencyGeneratePcm arm64 /Users/admin/builder/spi-builder-workspace/.derivedData/SDKExplicitPrecompiledModules/XPC-EP5EU7FNGP4VOA3EDM18P1KHO.pcm
SwiftExplicitDependencyGeneratePcm arm64 /Users/admin/builder/spi-builder-workspace/.derivedData/SDKExplicitPrecompiledModules/CoreFoundation-AVLTZVCXBU2TO75JCN4AGU8XJ.pcm
SwiftExplicitDependencyGeneratePcm arm64 /Users/admin/builder/spi-builder-workspace/.derivedData/SDKExplicitPrecompiledModules/Security-8TH2M8WJIQMET4SADWX0N8372.pcm
SwiftExplicitDependencyGeneratePcm arm64 /Users/admin/builder/spi-builder-workspace/.derivedData/SDKExplicitPrecompiledModules/CFNetwork-5MI70N1VLDQSWTX4COWLMSIRO.pcm
SwiftExplicitDependencyGeneratePcm arm64 /Users/admin/builder/spi-builder-workspace/.derivedData/SDKExplicitPrecompiledModules/Foundation-8GON1KVEKRN3NOQI8RETBRWJP.pcm
SwiftEmitModule normal arm64 Emitting\ module\ for\ KippleNetworking (in target 'KippleNetworking' from project 'KippleNetworking')
/Users/admin/builder/spi-builder-workspace/.dependencies/checkouts/Networking/Sources/KippleNetworking/Shared/Helpers/UniversalNetworkRequestDispatcher.swift:11:76: error: type 'UniversalNetworkRequestDispatcher.DispatchMode' has no member 'automatic'
9 | private let dispatcher: NetworkRequestDispatching
10 |
11 | public init(decoder: JSONDecoder? = nil, dispatchMode: DispatchMode = .automatic) {
| `- error: type 'UniversalNetworkRequestDispatcher.DispatchMode' has no member 'automatic'
12 | self.decoder = decoder ?? .safeISO8601
13 | self.dispatcher = dispatchMode.configured(decoder: decoder)
Failed frontend command:
SwiftCompile normal arm64 (in target 'KippleNetworking' from project 'KippleNetworking')
cd /Users/admin/builder/spi-builder-workspace/.swiftpm/xcode
/Applications/Xcode-27.0.0-Release.Candidate.app/Contents/Developer/Toolchains/XcodeDefault.xctoolchain/usr/bin/swift-frontend -frontend -emit-module -experimental-skip-non-inlinable-function-bodies-without-types /Users/admin/builder/spi-builder-workspace/.dependencies/checkouts/Networking/Sources/KippleNetworking/Foundation/Extensions/HTTPURLResponse+Status.swift /Users/admin/builder/spi-builder-workspace/.dependencies/checkouts/Networking/Sources/KippleNetworking/Foundation/Extensions/Request+AsURLRequest.swift /Users/admin/builder/spi-builder-workspace/.dependencies/checkouts/Networking/Sources/KippleNetworking/Foundation/Extensions/URLRequest+Init.swift /Users/admin/builder/spi-builder-workspace/.dependencies/checkouts/Networking/Sources/KippleNetworking/Foundation/Extensions/URLRequest+SetHeaders.swift /Users/admin/builder/spi-builder-workspace/.dependencies/checkouts/Networking/Sources/KippleNetworking/Foundation/Extensions/URLRequest+SetParameters.swift /Users/admin/builder/spi-builder-workspace/.dependencies/checkouts/Networking/Sources/KippleNetworking/Foundation/Extensions/URLRequest+SetTimeout.swift /Users/admin/builder/spi-builder-workspace/.dependencies/checkouts/Networking/Sources/KippleNetworking/Foundation/Helpers/FoundationNetworkRequestDispatcher.swift /Users/admin/builder/spi-builder-workspace/.dependencies/checkouts/Networking/Sources/KippleNetworking/Foundation/Protocols/URLRequestConvertible.swift /Users/admin/builder/spi-builder-workspace/.dependencies/checkouts/Networking/Sources/KippleNetworking/NIO/Extensions/HTTPClient+ExecuteResponseAnticipating.swift /Users/admin/builder/spi-builder-workspace/.dependencies/checkouts/Networking/Sources/KippleNetworking/NIO/Extensions/Request+AsHTTPClientRequest.swift /Users/admin/builder/spi-builder-workspace/.dependencies/checkouts/Networking/Sources/KippleNetworking/NIO/Helpers/NIONetworkRequestDispatcher.swift /Users/admin/builder/spi-builder-workspace/.dependencies/checkouts/Networking/Sources/KippleNetworking/Shared/Enums/HTTPBodyEncoding.swift /Users/admin/builder/spi-builder-workspace/.dependencies/checkouts/Networking/Sources/KippleNetworking/Shared/Enums/HTTPHeader.swift /Users/admin/builder/spi-builder-workspace/.dependencies/checkouts/Networking/Sources/KippleNetworking/Shared/Enums/HTTPMethod.swift /Users/admin/builder/spi-builder-workspace/.dependencies/checkouts/Networking/Sources/KippleNetworking/Shared/Enums/HTTPStatusCode.swift /Users/admin/builder/spi-builder-workspace/.dependencies/checkouts/Networking/Sources/KippleNetworking/Shared/Enums/ParameterEncoding.swift /Users/admin/builder/spi-builder-workspace/.dependencies/checkouts/Networking/Sources/KippleNetworking/Shared/Errors/NetworkingError.swift /Users/admin/builder/spi-builder-workspace/.dependencies/checkouts/Networking/Sources/KippleNetworking/Shared/Extensions/CharacterSet+RFC3986Unreserved.swift /Users/admin/builder/spi-builder-workspace/.dependencies/checkouts/Networking/Sources/KippleNetworking/Shared/Extensions/Data+AsPrettyPrintedJSON.swift /Users/admin/builder/spi-builder-workspace/.dependencies/checkouts/Networking/Sources/KippleNetworking/Shared/Extensions/DecodingError+Cleaned.swift /Users/admin/builder/spi-builder-workspace/.dependencies/checkouts/Networking/Sources/KippleNetworking/Shared/Extensions/Dictionary+AsHeaderDictionary.swift /Users/admin/builder/spi-builder-workspace/.dependencies/checkouts/Networking/Sources/KippleNetworking/Shared/Extensions/Dictionary+AsJSONSerializedData.swift /Users/admin/builder/spi-builder-workspace/.dependencies/checkouts/Networking/Sources/KippleNetworking/Shared/Extensions/Encodable+AsDictionary.swift /Users/admin/builder/spi-builder-workspace/.dependencies/checkouts/Networking/Sources/KippleNetworking/Shared/Extensions/Encodable+PrettyPrinted.swift /Users/admin/builder/spi-builder-workspace/.dependencies/checkouts/Networking/Sources/KippleNetworking/Shared/Extensions/Formatter+ISO8601.swift /Users/admin/builder/spi-builder-workspace/.dependencies/checkouts/Networking/Sources/KippleNetworking/Shared/Extensions/JSONDecoder+DecodeCleaned.swift /Users/admin/builder/spi-builder-workspace/.dependencies/checkouts/Networking/Sources/KippleNetworking/Shared/Extensions/JSONDecoder+SafeISO8601.swift /Users/admin/builder/spi-builder-workspace/.dependencies/checkouts/Networking/Sources/KippleNetworking/Shared/Extensions/JSONEncoder+SafeISO8601.swift /Users/admin/builder/spi-builder-workspace/.dependencies/checkouts/Networking/Sources/KippleNetworking/Shared/Extensions/NSNumber+Boolean.swift /Users/admin/builder/spi-builder-workspace/.dependencies/checkouts/Networking/Sources/KippleNetworking/Shared/Extensions/Result+Convenience.swift /Users/admin/builder/spi-builder-workspace/.dependencies/checkouts/Networking/Sources/KippleNetworking/Shared/Extensions/String+Base64Encoded.swift /Users/admin/builder/spi-builder-workspace/.dependencies/checkouts/Networking/Sources/KippleNetworking/Shared/Extensions/String+TrimmingSlashes.swift /Users/admin/builder/spi-builder-workspace/.dependencies/checkouts/Networking/Sources/KippleNetworking/Shared/Extensions/URLComponents+SetQueryItems.swift /Users/admin/builder/spi-builder-workspace/.dependencies/checkouts/Networking/Sources/KippleNetworking/Shared/Helpers/HTTPClient.swift /Users/admin/builder/spi-builder-workspace/.dependencies/checkouts/Networking/Sources/KippleNetworking/Shared/Helpers/UniversalNetworkRequestDispatcher+DispatchMode.swift /Users/admin/builder/spi-builder-workspace/.dependencies/checkouts/Networking/Sources/KippleNetworking/Shared/Helpers/UniversalNetworkRequestDispatcher.swift /Users/admin/builder/spi-builder-workspace/.dependencies/checkouts/Networking/Sources/KippleNetworking/Shared/Models/DataResponse.swift /Users/admin/builder/spi-builder-workspace/.dependencies/checkouts/Networking/Sources/KippleNetworking/Shared/Models/Environment.swift /Users/admin/builder/spi-builder-workspace/.dependencies/checkouts/Networking/Sources/KippleNetworking/Shared/Models/Request.swift /Users/admin/builder/spi-builder-workspace/.dependencies/checkouts/Networking/Sources/KippleNetworking/Shared/Protocols/NetworkRequestDispatching.swift /Users/admin/builder/spi-builder-workspace/.dependencies/checkouts/Networking/Sources/KippleNetworking/Shared/Protocols/ParameterDictionaryConvertible.swift /Users/admin/builder/spi-builder-workspace/.dependencies/checkouts/Networking/Sources/KippleNetworking/Shared/Protocols/URLConvertible.swift -target arm64-apple-xros1.0 -disable-cross-import-overlay-search -load-resolved-plugin /Applications/Xcode-27.0.0-Release.Candidate.app/Contents/Developer/Platforms/XROS.platform/Developer/usr/lib/swift/host/plugins/libFoundationMacros.dylib\#/Applications/Xcode-27.0.0-Release.Candidate.app/Contents/Developer/Platforms/XROS.platform/Developer/usr/bin/swift-plugin-server\#FoundationMacros -load-resolved-plugin /Applications/Xcode-27.0.0-Release.Candidate.app/Contents/Developer/Platforms/XROS.platform/Developer/usr/lib/swift/host/plugins/libObservationMacros.dylib\#/Applications/Xcode-27.0.0-Release.Candidate.app/Contents/Developer/Platforms/XROS.platform/Developer/usr/bin/swift-plugin-server\#ObservationMacros -load-resolved-plugin /Applications/Xcode-27.0.0-Release.Candidate.app/Contents/Developer/Platforms/XROS.platform/Developer/usr/lib/swift/host/plugins/libSwiftMacros.dylib\#/Applications/Xcode-27.0.0-Release.Candidate.app/Contents/Developer/Platforms/XROS.platform/Developer/usr/bin/swift-plugin-server\#SwiftMacros -disable-implicit-swift-modules -Xcc -fno-implicit-modules -Xcc -fno-implicit-module-maps -explicit-swift-module-map-file /Users/admin/builder/spi-builder-workspace/.derivedData/Build/Intermediates.noindex/KippleNetworking.build/Debug-xros/KippleNetworking-t.build/Objects-normal/arm64/KippleNetworking-dependencies-1.json -Xllvm -aarch64-use-tbi -enable-objc-interop -stack-check -sdk /Applications/Xcode-27.0.0-Release.Candidate.app/Contents/Developer/Platforms/XROS.platform/Developer/SDKs/XROS27.0.sdk -I /Users/admin/builder/spi-builder-workspace/.derivedData/Build/Products/Debug-xros -Isystem /Applications/Xcode-27.0.0-Release.Candidate.app/Contents/Developer/Platforms/XROS.platform/Developer/usr/lib -F /Users/admin/builder/spi-builder-workspace/.derivedData/Build/Products/Debug-xros/PackageFrameworks -F /Users/admin/builder/spi-builder-workspace/.derivedData/Build/Products/Debug-xros -F /Applications/Xcode-27.0.0-Release.Candidate.app/Contents/Developer/Platforms/XROS.platform/Developer/Library/Frameworks -F /Applications/Xcode-27.0.0-Release.Candidate.app/Contents/Developer/Platforms/XROS.platform/Developer/SDKs/XROS27.0.sdk/Developer/Library/Frameworks -module-cache-path /Users/admin/builder/spi-builder-workspace/.derivedData/Build/Intermediates.noindex/SwiftExplicitPrecompiledModules -no-color-diagnostics -Xcc -fno-color-diagnostics -enable-testing -g -debug-info-format\=dwarf -dwarf-version\=4 -suppress-warnings -profile-generate -profile-coverage-mapping -swift-version 5 -Onone -D SWIFT_PACKAGE -D DEBUG -D SWIFT_MODULE_RESOURCE_BUNDLE_UNAVAILABLE -D DEBUG -D Xcode -serialize-debugging-options -enable-experimental-feature DebugDescriptionMacro -empty-abi-descriptor -validate-clang-modules-once -clang-build-session-file /Users/admin/builder/spi-builder-workspace/.derivedData/ModuleCache.noindex/Session.modulevalidation -Xcc -working-directory -Xcc /Users/admin/builder/spi-builder-workspace/.swiftpm/xcode -enable-anonymous-context-mangled-names -file-compilation-dir /Users/admin/builder/spi-builder-workspace/.swiftpm/xcode -Xcc -D_LIBCPP_HARDENING_MODE\=_LIBCPP_HARDENING_MODE_DEBUG -Xcc -ivfsstatcache -Xcc /Users/admin/builder/spi-builder-workspace/.derivedData/SDKStatCaches.noindex/xros27.0-24M361-e829b21a6f8c9b70876ba0858053c044735bd543db762f57723cac368afd1ce4.sdkstatcache -Xcc -fmodules-prune-interval\=86400 -Xcc -fmodules-prune-after\=345600 -Xcc -I/Users/admin/builder/spi-builder-workspace/.derivedData/Build/Products/Debug-xros/include -Xcc -I/Users/admin/builder/spi-builder-workspace/.derivedData/Build/Intermediates.noindex/KippleNetworking.build/Debug-xros/KippleNetworking-t.build/DerivedSources-normal/arm64 -Xcc -I/Users/admin/builder/spi-builder-workspace/.derivedData/Build/Intermediates.noindex/KippleNetworking.build/Debug-xros/KippleNetworking-t.build/DerivedSources/arm64 -Xcc -I/Users/admin/builder/spi-builder-workspace/.derivedData/Build/Intermediates.noindex/KippleNetworking.build/Debug-xros/KippleNetworking-t.build/DerivedSources -Xcc -DSWIFT_PACKAGE -Xcc -DDEBUG\=1 -no-auto-bridging-header-chaining -module-name KippleNetworking -const-gather-protocols-file /Users/admin/builder/spi-builder-workspace/.derivedData/Build/Intermediates.noindex/KippleNetworking.build/Debug-xros/KippleNetworking-t.build/Objects-normal/arm64/KippleNetworking_const_extract_protocols.json -disable-clang-spi -clang-target arm64-apple-xros27.0 -target-sdk-version 27.0 -target-sdk-name xros27.0 -in-process-plugin-server-path /Applications/Xcode-27.0.0-Release.Candidate.app/Contents/Developer/Toolchains/XcodeDefault.xctoolchain/usr/lib/swift/host/libSwiftInProcPluginServer.dylib -emit-module-doc-path /Users/admin/builder/spi-builder-workspace/.derivedData/Build/Intermediates.noindex/KippleNetworking.build/Debug-xros/KippleNetworking-t.build/Objects-normal/arm64/KippleNetworking.swiftdoc -emit-module-source-info-path /Users/admin/builder/spi-builder-workspace/.derivedData/Build/Intermediates.noindex/KippleNetworking.build/Debug-xros/KippleNetworking-t.build/Objects-normal/arm64/KippleNetworking.swiftsourceinfo -emit-objc-header-path /Users/admin/builder/spi-builder-workspace/.derivedData/Build/Intermediates.noindex/KippleNetworking.build/Debug-xros/KippleNetworking-t.build/Objects-normal/arm64/KippleNetworking-Swift.h -serialize-diagnostics-path /Users/admin/builder/spi-builder-workspace/.derivedData/Build/Intermediates.noindex/KippleNetworking.build/Debug-xros/KippleNetworking-t.build/Objects-normal/arm64/KippleNetworking-primary-emit-module.dia -emit-dependencies-path /Users/admin/builder/spi-builder-workspace/.derivedData/Build/Intermediates.noindex/KippleNetworking.build/Debug-xros/KippleNetworking-t.build/Objects-normal/arm64/KippleNetworking-primary-emit-module.d -parse-as-library -o /Users/admin/builder/spi-builder-workspace/.derivedData/Build/Intermediates.noindex/KippleNetworking.build/Debug-xros/KippleNetworking-t.build/Objects-normal/arm64/KippleNetworking.swiftmodule -emit-abi-descriptor-path /Users/admin/builder/spi-builder-workspace/.derivedData/Build/Intermediates.noindex/KippleNetworking.build/Debug-xros/KippleNetworking-t.build/Objects-normal/arm64/KippleNetworking.abi.json
SwiftCompile normal arm64 Compiling\ Request.swift,\ NetworkRequestDispatching.swift,\ ParameterDictionaryConvertible.swift,\ URLConvertible.swift /Users/admin/builder/spi-builder-workspace/.dependencies/checkouts/Networking/Sources/KippleNetworking/Shared/Models/Request.swift /Users/admin/builder/spi-builder-workspace/.dependencies/checkouts/Networking/Sources/KippleNetworking/Shared/Protocols/NetworkRequestDispatching.swift /Users/admin/builder/spi-builder-workspace/.dependencies/checkouts/Networking/Sources/KippleNetworking/Shared/Protocols/ParameterDictionaryConvertible.swift /Users/admin/builder/spi-builder-workspace/.dependencies/checkouts/Networking/Sources/KippleNetworking/Shared/Protocols/URLConvertible.swift (in target 'KippleNetworking' from project 'KippleNetworking')
SwiftCompile normal arm64 /Users/admin/builder/spi-builder-workspace/.dependencies/checkouts/Networking/Sources/KippleNetworking/Shared/Models/Request.swift (in target 'KippleNetworking' from project 'KippleNetworking')
cd /Users/admin/builder/spi-builder-workspace/.swiftpm/xcode
builtin-SwiftPerFileCompile Request.swift
SwiftCompile normal arm64 /Users/admin/builder/spi-builder-workspace/.dependencies/checkouts/Networking/Sources/KippleNetworking/Shared/Protocols/NetworkRequestDispatching.swift (in target 'KippleNetworking' from project 'KippleNetworking')
cd /Users/admin/builder/spi-builder-workspace/.swiftpm/xcode
builtin-SwiftPerFileCompile NetworkRequestDispatching.swift
SwiftCompile normal arm64 /Users/admin/builder/spi-builder-workspace/.dependencies/checkouts/Networking/Sources/KippleNetworking/Shared/Protocols/ParameterDictionaryConvertible.swift (in target 'KippleNetworking' from project 'KippleNetworking')
cd /Users/admin/builder/spi-builder-workspace/.swiftpm/xcode
builtin-SwiftPerFileCompile ParameterDictionaryConvertible.swift
SwiftCompile normal arm64 /Users/admin/builder/spi-builder-workspace/.dependencies/checkouts/Networking/Sources/KippleNetworking/Shared/Protocols/URLConvertible.swift (in target 'KippleNetworking' from project 'KippleNetworking')
cd /Users/admin/builder/spi-builder-workspace/.swiftpm/xcode
builtin-SwiftPerFileCompile URLConvertible.swift
SwiftCompile normal arm64 Compiling\ String+Base64Encoded.swift,\ String+TrimmingSlashes.swift,\ URLComponents+SetQueryItems.swift,\ HTTPClient.swift /Users/admin/builder/spi-builder-workspace/.dependencies/checkouts/Networking/Sources/KippleNetworking/Shared/Extensions/String+Base64Encoded.swift /Users/admin/builder/spi-builder-workspace/.dependencies/checkouts/Networking/Sources/KippleNetworking/Shared/Extensions/String+TrimmingSlashes.swift /Users/admin/builder/spi-builder-workspace/.dependencies/checkouts/Networking/Sources/KippleNetworking/Shared/Extensions/URLComponents+SetQueryItems.swift /Users/admin/builder/spi-builder-workspace/.dependencies/checkouts/Networking/Sources/KippleNetworking/Shared/Helpers/HTTPClient.swift (in target 'KippleNetworking' from project 'KippleNetworking')
SwiftCompile normal arm64 /Users/admin/builder/spi-builder-workspace/.dependencies/checkouts/Networking/Sources/KippleNetworking/Shared/Extensions/String+Base64Encoded.swift (in target 'KippleNetworking' from project 'KippleNetworking')
cd /Users/admin/builder/spi-builder-workspace/.swiftpm/xcode
builtin-SwiftPerFileCompile String+Base64Encoded.swift
SwiftCompile normal arm64 /Users/admin/builder/spi-builder-workspace/.dependencies/checkouts/Networking/Sources/KippleNetworking/Shared/Extensions/String+TrimmingSlashes.swift (in target 'KippleNetworking' from project 'KippleNetworking')
cd /Users/admin/builder/spi-builder-workspace/.swiftpm/xcode
builtin-SwiftPerFileCompile String+TrimmingSlashes.swift
SwiftCompile normal arm64 /Users/admin/builder/spi-builder-workspace/.dependencies/checkouts/Networking/Sources/KippleNetworking/Shared/Extensions/URLComponents+SetQueryItems.swift (in target 'KippleNetworking' from project 'KippleNetworking')
cd /Users/admin/builder/spi-builder-workspace/.swiftpm/xcode
builtin-SwiftPerFileCompile URLComponents+SetQueryItems.swift
SwiftCompile normal arm64 /Users/admin/builder/spi-builder-workspace/.dependencies/checkouts/Networking/Sources/KippleNetworking/Shared/Helpers/HTTPClient.swift (in target 'KippleNetworking' from project 'KippleNetworking')
cd /Users/admin/builder/spi-builder-workspace/.swiftpm/xcode
builtin-SwiftPerFileCompile HTTPClient.swift
SwiftCompile normal arm64 Compiling\ Encodable+AsDictionary.swift,\ Encodable+PrettyPrinted.swift,\ Formatter+ISO8601.swift,\ JSONDecoder+DecodeCleaned.swift /Users/admin/builder/spi-builder-workspace/.dependencies/checkouts/Networking/Sources/KippleNetworking/Shared/Extensions/Encodable+AsDictionary.swift /Users/admin/builder/spi-builder-workspace/.dependencies/checkouts/Networking/Sources/KippleNetworking/Shared/Extensions/Encodable+PrettyPrinted.swift /Users/admin/builder/spi-builder-workspace/.dependencies/checkouts/Networking/Sources/KippleNetworking/Shared/Extensions/Formatter+ISO8601.swift /Users/admin/builder/spi-builder-workspace/.dependencies/checkouts/Networking/Sources/KippleNetworking/Shared/Extensions/JSONDecoder+DecodeCleaned.swift (in target 'KippleNetworking' from project 'KippleNetworking')
SwiftCompile normal arm64 /Users/admin/builder/spi-builder-workspace/.dependencies/checkouts/Networking/Sources/KippleNetworking/Shared/Extensions/Encodable+AsDictionary.swift (in target 'KippleNetworking' from project 'KippleNetworking')
cd /Users/admin/builder/spi-builder-workspace/.swiftpm/xcode
builtin-SwiftPerFileCompile Encodable+AsDictionary.swift
SwiftCompile normal arm64 /Users/admin/builder/spi-builder-workspace/.dependencies/checkouts/Networking/Sources/KippleNetworking/Shared/Extensions/Encodable+PrettyPrinted.swift (in target 'KippleNetworking' from project 'KippleNetworking')
cd /Users/admin/builder/spi-builder-workspace/.swiftpm/xcode
builtin-SwiftPerFileCompile Encodable+PrettyPrinted.swift
SwiftCompile normal arm64 /Users/admin/builder/spi-builder-workspace/.dependencies/checkouts/Networking/Sources/KippleNetworking/Shared/Extensions/Formatter+ISO8601.swift (in target 'KippleNetworking' from project 'KippleNetworking')
cd /Users/admin/builder/spi-builder-workspace/.swiftpm/xcode
builtin-SwiftPerFileCompile Formatter+ISO8601.swift
SwiftCompile normal arm64 /Users/admin/builder/spi-builder-workspace/.dependencies/checkouts/Networking/Sources/KippleNetworking/Shared/Extensions/JSONDecoder+DecodeCleaned.swift (in target 'KippleNetworking' from project 'KippleNetworking')
cd /Users/admin/builder/spi-builder-workspace/.swiftpm/xcode
builtin-SwiftPerFileCompile JSONDecoder+DecodeCleaned.swift
SwiftCompile normal arm64 Compiling\ Data+AsPrettyPrintedJSON.swift,\ DecodingError+Cleaned.swift,\ Dictionary+AsHeaderDictionary.swift,\ Dictionary+AsJSONSerializedData.swift /Users/admin/builder/spi-builder-workspace/.dependencies/checkouts/Networking/Sources/KippleNetworking/Shared/Extensions/Data+AsPrettyPrintedJSON.swift /Users/admin/builder/spi-builder-workspace/.dependencies/checkouts/Networking/Sources/KippleNetworking/Shared/Extensions/DecodingError+Cleaned.swift /Users/admin/builder/spi-builder-workspace/.dependencies/checkouts/Networking/Sources/KippleNetworking/Shared/Extensions/Dictionary+AsHeaderDictionary.swift /Users/admin/builder/spi-builder-workspace/.dependencies/checkouts/Networking/Sources/KippleNetworking/Shared/Extensions/Dictionary+AsJSONSerializedData.swift (in target 'KippleNetworking' from project 'KippleNetworking')
SwiftCompile normal arm64 /Users/admin/builder/spi-builder-workspace/.dependencies/checkouts/Networking/Sources/KippleNetworking/Shared/Extensions/Data+AsPrettyPrintedJSON.swift (in target 'KippleNetworking' from project 'KippleNetworking')
cd /Users/admin/builder/spi-builder-workspace/.swiftpm/xcode
builtin-SwiftPerFileCompile Data+AsPrettyPrintedJSON.swift
SwiftCompile normal arm64 /Users/admin/builder/spi-builder-workspace/.dependencies/checkouts/Networking/Sources/KippleNetworking/Shared/Extensions/DecodingError+Cleaned.swift (in target 'KippleNetworking' from project 'KippleNetworking')
cd /Users/admin/builder/spi-builder-workspace/.swiftpm/xcode
builtin-SwiftPerFileCompile DecodingError+Cleaned.swift
SwiftCompile normal arm64 /Users/admin/builder/spi-builder-workspace/.dependencies/checkouts/Networking/Sources/KippleNetworking/Shared/Extensions/Dictionary+AsHeaderDictionary.swift (in target 'KippleNetworking' from project 'KippleNetworking')
cd /Users/admin/builder/spi-builder-workspace/.swiftpm/xcode
builtin-SwiftPerFileCompile Dictionary+AsHeaderDictionary.swift
SwiftCompile normal arm64 /Users/admin/builder/spi-builder-workspace/.dependencies/checkouts/Networking/Sources/KippleNetworking/Shared/Extensions/Dictionary+AsJSONSerializedData.swift (in target 'KippleNetworking' from project 'KippleNetworking')
cd /Users/admin/builder/spi-builder-workspace/.swiftpm/xcode
builtin-SwiftPerFileCompile Dictionary+AsJSONSerializedData.swift
SwiftCompile normal arm64 Compiling\ NIONetworkRequestDispatcher.swift,\ HTTPBodyEncoding.swift,\ HTTPHeader.swift,\ HTTPMethod.swift /Users/admin/builder/spi-builder-workspace/.dependencies/checkouts/Networking/Sources/KippleNetworking/NIO/Helpers/NIONetworkRequestDispatcher.swift /Users/admin/builder/spi-builder-workspace/.dependencies/checkouts/Networking/Sources/KippleNetworking/Shared/Enums/HTTPBodyEncoding.swift /Users/admin/builder/spi-builder-workspace/.dependencies/checkouts/Networking/Sources/KippleNetworking/Shared/Enums/HTTPHeader.swift /Users/admin/builder/spi-builder-workspace/.dependencies/checkouts/Networking/Sources/KippleNetworking/Shared/Enums/HTTPMethod.swift (in target 'KippleNetworking' from project 'KippleNetworking')
SwiftCompile normal arm64 /Users/admin/builder/spi-builder-workspace/.dependencies/checkouts/Networking/Sources/KippleNetworking/NIO/Helpers/NIONetworkRequestDispatcher.swift (in target 'KippleNetworking' from project 'KippleNetworking')
cd /Users/admin/builder/spi-builder-workspace/.swiftpm/xcode
builtin-SwiftPerFileCompile NIONetworkRequestDispatcher.swift
SwiftCompile normal arm64 /Users/admin/builder/spi-builder-workspace/.dependencies/checkouts/Networking/Sources/KippleNetworking/Shared/Enums/HTTPBodyEncoding.swift (in target 'KippleNetworking' from project 'KippleNetworking')
cd /Users/admin/builder/spi-builder-workspace/.swiftpm/xcode
builtin-SwiftPerFileCompile HTTPBodyEncoding.swift
SwiftCompile normal arm64 /Users/admin/builder/spi-builder-workspace/.dependencies/checkouts/Networking/Sources/KippleNetworking/Shared/Enums/HTTPHeader.swift (in target 'KippleNetworking' from project 'KippleNetworking')
cd /Users/admin/builder/spi-builder-workspace/.swiftpm/xcode
builtin-SwiftPerFileCompile HTTPHeader.swift
SwiftCompile normal arm64 /Users/admin/builder/spi-builder-workspace/.dependencies/checkouts/Networking/Sources/KippleNetworking/Shared/Enums/HTTPMethod.swift (in target 'KippleNetworking' from project 'KippleNetworking')
cd /Users/admin/builder/spi-builder-workspace/.swiftpm/xcode
builtin-SwiftPerFileCompile HTTPMethod.swift
SwiftCompile normal arm64 Compiling\ UniversalNetworkRequestDispatcher+DispatchMode.swift,\ UniversalNetworkRequestDispatcher.swift,\ DataResponse.swift,\ Environment.swift /Users/admin/builder/spi-builder-workspace/.dependencies/checkouts/Networking/Sources/KippleNetworking/Shared/Helpers/UniversalNetworkRequestDispatcher+DispatchMode.swift /Users/admin/builder/spi-builder-workspace/.dependencies/checkouts/Networking/Sources/KippleNetworking/Shared/Helpers/UniversalNetworkRequestDispatcher.swift /Users/admin/builder/spi-builder-workspace/.dependencies/checkouts/Networking/Sources/KippleNetworking/Shared/Models/DataResponse.swift /Users/admin/builder/spi-builder-workspace/.dependencies/checkouts/Networking/Sources/KippleNetworking/Shared/Models/Environment.swift (in target 'KippleNetworking' from project 'KippleNetworking')
SwiftCompile normal arm64 /Users/admin/builder/spi-builder-workspace/.dependencies/checkouts/Networking/Sources/KippleNetworking/Shared/Helpers/UniversalNetworkRequestDispatcher+DispatchMode.swift (in target 'KippleNetworking' from project 'KippleNetworking')
cd /Users/admin/builder/spi-builder-workspace/.swiftpm/xcode
builtin-SwiftPerFileCompile UniversalNetworkRequestDispatcher+DispatchMode.swift
SwiftCompile normal arm64 /Users/admin/builder/spi-builder-workspace/.dependencies/checkouts/Networking/Sources/KippleNetworking/Shared/Helpers/UniversalNetworkRequestDispatcher.swift (in target 'KippleNetworking' from project 'KippleNetworking')
cd /Users/admin/builder/spi-builder-workspace/.swiftpm/xcode
builtin-SwiftPerFileCompile UniversalNetworkRequestDispatcher.swift
SwiftCompile normal arm64 /Users/admin/builder/spi-builder-workspace/.dependencies/checkouts/Networking/Sources/KippleNetworking/Shared/Models/DataResponse.swift (in target 'KippleNetworking' from project 'KippleNetworking')
cd /Users/admin/builder/spi-builder-workspace/.swiftpm/xcode
builtin-SwiftPerFileCompile DataResponse.swift
SwiftCompile normal arm64 /Users/admin/builder/spi-builder-workspace/.dependencies/checkouts/Networking/Sources/KippleNetworking/Shared/Models/Environment.swift (in target 'KippleNetworking' from project 'KippleNetworking')
cd /Users/admin/builder/spi-builder-workspace/.swiftpm/xcode
builtin-SwiftPerFileCompile Environment.swift
SwiftCompile normal arm64 Compiling\ JSONDecoder+SafeISO8601.swift,\ JSONEncoder+SafeISO8601.swift,\ NSNumber+Boolean.swift,\ Result+Convenience.swift /Users/admin/builder/spi-builder-workspace/.dependencies/checkouts/Networking/Sources/KippleNetworking/Shared/Extensions/JSONDecoder+SafeISO8601.swift /Users/admin/builder/spi-builder-workspace/.dependencies/checkouts/Networking/Sources/KippleNetworking/Shared/Extensions/JSONEncoder+SafeISO8601.swift /Users/admin/builder/spi-builder-workspace/.dependencies/checkouts/Networking/Sources/KippleNetworking/Shared/Extensions/NSNumber+Boolean.swift /Users/admin/builder/spi-builder-workspace/.dependencies/checkouts/Networking/Sources/KippleNetworking/Shared/Extensions/Result+Convenience.swift (in target 'KippleNetworking' from project 'KippleNetworking')
SwiftCompile normal arm64 /Users/admin/builder/spi-builder-workspace/.dependencies/checkouts/Networking/Sources/KippleNetworking/Shared/Extensions/JSONDecoder+SafeISO8601.swift (in target 'KippleNetworking' from project 'KippleNetworking')
cd /Users/admin/builder/spi-builder-workspace/.swiftpm/xcode
builtin-SwiftPerFileCompile JSONDecoder+SafeISO8601.swift
SwiftCompile normal arm64 /Users/admin/builder/spi-builder-workspace/.dependencies/checkouts/Networking/Sources/KippleNetworking/Shared/Extensions/JSONEncoder+SafeISO8601.swift (in target 'KippleNetworking' from project 'KippleNetworking')
cd /Users/admin/builder/spi-builder-workspace/.swiftpm/xcode
builtin-SwiftPerFileCompile JSONEncoder+SafeISO8601.swift
SwiftCompile normal arm64 /Users/admin/builder/spi-builder-workspace/.dependencies/checkouts/Networking/Sources/KippleNetworking/Shared/Extensions/NSNumber+Boolean.swift (in target 'KippleNetworking' from project 'KippleNetworking')
cd /Users/admin/builder/spi-builder-workspace/.swiftpm/xcode
builtin-SwiftPerFileCompile NSNumber+Boolean.swift
SwiftCompile normal arm64 /Users/admin/builder/spi-builder-workspace/.dependencies/checkouts/Networking/Sources/KippleNetworking/Shared/Extensions/Result+Convenience.swift (in target 'KippleNetworking' from project 'KippleNetworking')
cd /Users/admin/builder/spi-builder-workspace/.swiftpm/xcode
builtin-SwiftPerFileCompile Result+Convenience.swift
SwiftCompile normal arm64 Compiling\ URLRequest+SetTimeout.swift,\ FoundationNetworkRequestDispatcher.swift,\ URLRequestConvertible.swift,\ HTTPClient+ExecuteResponseAnticipating.swift,\ Request+AsHTTPClientRequest.swift /Users/admin/builder/spi-builder-workspace/.dependencies/checkouts/Networking/Sources/KippleNetworking/Foundation/Extensions/URLRequest+SetTimeout.swift /Users/admin/builder/spi-builder-workspace/.dependencies/checkouts/Networking/Sources/KippleNetworking/Foundation/Helpers/FoundationNetworkRequestDispatcher.swift /Users/admin/builder/spi-builder-workspace/.dependencies/checkouts/Networking/Sources/KippleNetworking/Foundation/Protocols/URLRequestConvertible.swift /Users/admin/builder/spi-builder-workspace/.dependencies/checkouts/Networking/Sources/KippleNetworking/NIO/Extensions/HTTPClient+ExecuteResponseAnticipating.swift /Users/admin/builder/spi-builder-workspace/.dependencies/checkouts/Networking/Sources/KippleNetworking/NIO/Extensions/Request+AsHTTPClientRequest.swift (in target 'KippleNetworking' from project 'KippleNetworking')
SwiftCompile normal arm64 /Users/admin/builder/spi-builder-workspace/.dependencies/checkouts/Networking/Sources/KippleNetworking/Foundation/Extensions/URLRequest+SetTimeout.swift (in target 'KippleNetworking' from project 'KippleNetworking')
cd /Users/admin/builder/spi-builder-workspace/.swiftpm/xcode
builtin-SwiftPerFileCompile URLRequest+SetTimeout.swift
SwiftCompile normal arm64 /Users/admin/builder/spi-builder-workspace/.dependencies/checkouts/Networking/Sources/KippleNetworking/Foundation/Helpers/FoundationNetworkRequestDispatcher.swift (in target 'KippleNetworking' from project 'KippleNetworking')
cd /Users/admin/builder/spi-builder-workspace/.swiftpm/xcode
builtin-SwiftPerFileCompile FoundationNetworkRequestDispatcher.swift
SwiftCompile normal arm64 /Users/admin/builder/spi-builder-workspace/.dependencies/checkouts/Networking/Sources/KippleNetworking/Foundation/Protocols/URLRequestConvertible.swift (in target 'KippleNetworking' from project 'KippleNetworking')
cd /Users/admin/builder/spi-builder-workspace/.swiftpm/xcode
builtin-SwiftPerFileCompile URLRequestConvertible.swift
SwiftCompile normal arm64 /Users/admin/builder/spi-builder-workspace/.dependencies/checkouts/Networking/Sources/KippleNetworking/NIO/Extensions/HTTPClient+ExecuteResponseAnticipating.swift (in target 'KippleNetworking' from project 'KippleNetworking')
cd /Users/admin/builder/spi-builder-workspace/.swiftpm/xcode
builtin-SwiftPerFileCompile HTTPClient+ExecuteResponseAnticipating.swift
SwiftCompile normal arm64 /Users/admin/builder/spi-builder-workspace/.dependencies/checkouts/Networking/Sources/KippleNetworking/NIO/Extensions/Request+AsHTTPClientRequest.swift (in target 'KippleNetworking' from project 'KippleNetworking')
cd /Users/admin/builder/spi-builder-workspace/.swiftpm/xcode
builtin-SwiftPerFileCompile Request+AsHTTPClientRequest.swift
SwiftCompile normal arm64 Compiling\ HTTPStatusCode.swift,\ ParameterEncoding.swift,\ NetworkingError.swift,\ CharacterSet+RFC3986Unreserved.swift /Users/admin/builder/spi-builder-workspace/.dependencies/checkouts/Networking/Sources/KippleNetworking/Shared/Enums/HTTPStatusCode.swift /Users/admin/builder/spi-builder-workspace/.dependencies/checkouts/Networking/Sources/KippleNetworking/Shared/Enums/ParameterEncoding.swift /Users/admin/builder/spi-builder-workspace/.dependencies/checkouts/Networking/Sources/KippleNetworking/Shared/Errors/NetworkingError.swift /Users/admin/builder/spi-builder-workspace/.dependencies/checkouts/Networking/Sources/KippleNetworking/Shared/Extensions/CharacterSet+RFC3986Unreserved.swift (in target 'KippleNetworking' from project 'KippleNetworking')
SwiftCompile normal arm64 /Users/admin/builder/spi-builder-workspace/.dependencies/checkouts/Networking/Sources/KippleNetworking/Shared/Enums/HTTPStatusCode.swift (in target 'KippleNetworking' from project 'KippleNetworking')
cd /Users/admin/builder/spi-builder-workspace/.swiftpm/xcode
builtin-SwiftPerFileCompile HTTPStatusCode.swift
SwiftCompile normal arm64 /Users/admin/builder/spi-builder-workspace/.dependencies/checkouts/Networking/Sources/KippleNetworking/Shared/Enums/ParameterEncoding.swift (in target 'KippleNetworking' from project 'KippleNetworking')
cd /Users/admin/builder/spi-builder-workspace/.swiftpm/xcode
builtin-SwiftPerFileCompile ParameterEncoding.swift
SwiftCompile normal arm64 /Users/admin/builder/spi-builder-workspace/.dependencies/checkouts/Networking/Sources/KippleNetworking/Shared/Errors/NetworkingError.swift (in target 'KippleNetworking' from project 'KippleNetworking')
cd /Users/admin/builder/spi-builder-workspace/.swiftpm/xcode
builtin-SwiftPerFileCompile NetworkingError.swift
SwiftCompile normal arm64 /Users/admin/builder/spi-builder-workspace/.dependencies/checkouts/Networking/Sources/KippleNetworking/Shared/Extensions/CharacterSet+RFC3986Unreserved.swift (in target 'KippleNetworking' from project 'KippleNetworking')
cd /Users/admin/builder/spi-builder-workspace/.swiftpm/xcode
builtin-SwiftPerFileCompile CharacterSet+RFC3986Unreserved.swift
SwiftEmitModule normal arm64 Emitting\ module\ for\ KippleDiagnostics (in target 'KippleDiagnostics' from project 'KippleDiagnostics')
SwiftCompile normal arm64 (in target 'KippleDiagnostics' from project 'KippleDiagnostics')
cd /Users/admin/builder/spi-builder-workspace/.swiftpm/xcode
SwiftDriverJobDiscovery normal arm64 Compiling URLRequest+SetTimeout.swift, FoundationNetworkRequestDispatcher.swift, URLRequestConvertible.swift, HTTPClient+ExecuteResponseAnticipating.swift, Request+AsHTTPClientRequest.swift (in target 'KippleNetworking' from project 'KippleNetworking')
SwiftCompile normal arm64 Compiling\ HTTPURLResponse+Status.swift,\ Request+AsURLRequest.swift,\ URLRequest+Init.swift,\ URLRequest+SetHeaders.swift,\ URLRequest+SetParameters.swift /Users/admin/builder/spi-builder-workspace/.dependencies/checkouts/Networking/Sources/KippleNetworking/Foundation/Extensions/HTTPURLResponse+Status.swift /Users/admin/builder/spi-builder-workspace/.dependencies/checkouts/Networking/Sources/KippleNetworking/Foundation/Extensions/Request+AsURLRequest.swift /Users/admin/builder/spi-builder-workspace/.dependencies/checkouts/Networking/Sources/KippleNetworking/Foundation/Extensions/URLRequest+Init.swift /Users/admin/builder/spi-builder-workspace/.dependencies/checkouts/Networking/Sources/KippleNetworking/Foundation/Extensions/URLRequest+SetHeaders.swift /Users/admin/builder/spi-builder-workspace/.dependencies/checkouts/Networking/Sources/KippleNetworking/Foundation/Extensions/URLRequest+SetParameters.swift (in target 'KippleNetworking' from project 'KippleNetworking')
SwiftCompile normal arm64 /Users/admin/builder/spi-builder-workspace/.dependencies/checkouts/Networking/Sources/KippleNetworking/Foundation/Extensions/HTTPURLResponse+Status.swift (in target 'KippleNetworking' from project 'KippleNetworking')
cd /Users/admin/builder/spi-builder-workspace/.swiftpm/xcode
builtin-SwiftPerFileCompile HTTPURLResponse+Status.swift
SwiftCompile normal arm64 /Users/admin/builder/spi-builder-workspace/.dependencies/checkouts/Networking/Sources/KippleNetworking/Foundation/Extensions/Request+AsURLRequest.swift (in target 'KippleNetworking' from project 'KippleNetworking')
cd /Users/admin/builder/spi-builder-workspace/.swiftpm/xcode
builtin-SwiftPerFileCompile Request+AsURLRequest.swift
SwiftCompile normal arm64 /Users/admin/builder/spi-builder-workspace/.dependencies/checkouts/Networking/Sources/KippleNetworking/Foundation/Extensions/URLRequest+Init.swift (in target 'KippleNetworking' from project 'KippleNetworking')
cd /Users/admin/builder/spi-builder-workspace/.swiftpm/xcode
builtin-SwiftPerFileCompile URLRequest+Init.swift
SwiftCompile normal arm64 /Users/admin/builder/spi-builder-workspace/.dependencies/checkouts/Networking/Sources/KippleNetworking/Foundation/Extensions/URLRequest+SetHeaders.swift (in target 'KippleNetworking' from project 'KippleNetworking')
cd /Users/admin/builder/spi-builder-workspace/.swiftpm/xcode
builtin-SwiftPerFileCompile URLRequest+SetHeaders.swift
SwiftCompile normal arm64 /Users/admin/builder/spi-builder-workspace/.dependencies/checkouts/Networking/Sources/KippleNetworking/Foundation/Extensions/URLRequest+SetParameters.swift (in target 'KippleNetworking' from project 'KippleNetworking')
cd /Users/admin/builder/spi-builder-workspace/.swiftpm/xcode
builtin-SwiftPerFileCompile URLRequest+SetParameters.swift
PruneExplicitPrecompiledModules /Users/admin/builder/spi-builder-workspace/.derivedData/SDKExplicitPrecompiledModules
PruneExplicitPrecompiledModules /Users/admin/builder/spi-builder-workspace/.derivedData/Build/Intermediates.noindex/SwiftExplicitPrecompiledModules
PruneExplicitPrecompiledModules /Users/admin/builder/spi-builder-workspace/.derivedData/Build/Intermediates.noindex/ExplicitPrecompiledModules
2026-09-18 22:40:39.744 xcodebuild[760:4752] [MT] IDERunDestination: Supported platforms for the buildables in the current scheme is empty.
** BUILD FAILED **
The following build commands failed:
SwiftCompile normal arm64 (in target 'KippleNetworking' from project 'KippleNetworking')
SwiftEmitModule normal arm64 Emitting\ module\ for\ KippleNetworking (in target 'KippleNetworking' from project 'KippleNetworking')
Building workspace GoatHerb with scheme GoatHerb
(3 failures)
Command line invocation:
/Applications/Xcode-27.0.0-Release.Candidate.app/Contents/Developer/usr/bin/xcodebuild -IDEClonedSourcePackagesDirPathOverride=/Users/admin/builder/spi-builder-workspace/.dependencies -resolvePackageDependencies
Resolve Package Graph
Resolved source packages:
KippleDiagnostics: https://github.com/swift-kipple/Diagnostics @ 0.2.2
GoatHerb: /Users/admin/builder/spi-builder-workspace
KippleNetworking: https://github.com/swift-kipple/Networking @ 0.4.0
swift-log: https://github.com/apple/swift-log @ 1.15.1
resolved source packages: KippleDiagnostics, GoatHerb, KippleNetworking, swift-log
2026-09-18 22:40:47.036 xcodebuild[888:5336] [MT] IDERunDestination: Supported platforms for the buildables in the current scheme is empty.
{
"dependencies" : [
{
"identity" : "diagnostics",
"requirement" : {
"range" : [
{
"lower_bound" : "0.2.0",
"upper_bound" : "0.3.0"
}
]
},
"type" : "sourceControl",
"url" : "https://github.com/swift-kipple/Diagnostics"
},
{
"identity" : "networking",
"requirement" : {
"range" : [
{
"lower_bound" : "0.4.0",
"upper_bound" : "0.5.0"
}
]
},
"type" : "sourceControl",
"url" : "https://github.com/swift-kipple/Networking"
}
],
"manifest_display_name" : "GoatHerb",
"name" : "GoatHerb",
"path" : "/Users/admin/builder/spi-builder-workspace",
"platforms" : [
{
"name" : "ios",
"version" : "13.0"
},
{
"name" : "macos",
"version" : "10.15"
},
{
"name" : "tvos",
"version" : "13.0"
},
{
"name" : "watchos",
"version" : "6.0"
}
],
"products" : [
{
"name" : "GoatHerb",
"targets" : [
"GoatHerb"
],
"type" : {
"library" : [
"automatic"
]
}
}
],
"targets" : [
{
"c99name" : "GoatHerbTests",
"module_type" : "SwiftTarget",
"name" : "GoatHerbTests",
"path" : "Tests/GoatHerbTests",
"sources" : [
"Core/BaseTestCase.swift",
"Core/Date+Convenience.swift",
"Core/RepositoryValidating.swift",
"Tests/GetOrganizationRequestTests.swift",
"Tests/GetRateLimitRequestTests.swift",
"Tests/GetRepositoriesRequestTests.swift",
"Tests/GetRepositoryRequestTests.swift",
"Tests/GetUserRequestTests.swift"
],
"target_dependencies" : [
"GoatHerb"
],
"type" : "test"
},
{
"c99name" : "GoatHerb",
"module_type" : "SwiftTarget",
"name" : "GoatHerb",
"path" : "Sources/GoatHerb",
"product_dependencies" : [
"KippleDiagnostics",
"KippleNetworking"
],
"product_memberships" : [
"GoatHerb"
],
"sources" : [
"GitHub.swift",
"Models/Organization.swift",
"Models/RateLimit.swift",
"Models/Repository+License.swift",
"Models/Repository+Owner.swift",
"Models/Repository+Permissions.swift",
"Models/Repository.swift",
"Models/User.swift",
"Requests/GetOrganizationRequest.swift",
"Requests/GetRateLimitRequest.swift",
"Requests/GetRepositoriesRequest.swift",
"Requests/GetRepositoryRequest.swift",
"Requests/GetUserRequest.swift"
],
"type" : "library"
}
],
"tools_version" : "5.3"
}
{
"workspace" : {
"name" : "GoatHerb",
"schemes" : [
"GoatHerb"
]
}
}
2026-09-18 22:40:48.323 xcodebuild[896:5409] [MT] IDERunDestination: Supported platforms for the buildables in the current scheme is empty.
Running build ...
env DEVELOPER_DIR=/Applications/Xcode-27.0.0-Release.Candidate.app xcrun xcodebuild -IDEClonedSourcePackagesDirPathOverride=$PWD/.dependencies -skipMacroValidation -skipPackagePluginValidation -derivedDataPath $PWD/.derivedData build -scheme GoatHerb -destination generic/platform=xrOS
Command line invocation:
/Applications/Xcode-27.0.0-Release.Candidate.app/Contents/Developer/usr/bin/xcodebuild -IDEClonedSourcePackagesDirPathOverride=/Users/admin/builder/spi-builder-workspace/.dependencies -skipMacroValidation -skipPackagePluginValidation -derivedDataPath /Users/admin/builder/spi-builder-workspace/.derivedData build -scheme GoatHerb -destination generic/platform=xrOS
Resolve Package Graph
Resolved source packages:
swift-log: https://github.com/apple/swift-log @ 1.15.1
GoatHerb: /Users/admin/builder/spi-builder-workspace
KippleDiagnostics: https://github.com/swift-kipple/Diagnostics @ 0.2.2
KippleNetworking: https://github.com/swift-kipple/Networking @ 0.4.0
ComputePackagePrebuildTargetDependencyGraph
Prepare packages
CreateBuildRequest
SendProjectDescription
CreateBuildOperation
ComputeTargetDependencyGraph
note: Building targets in dependency order
note: Target dependency graph (8 targets)
Target 'GoatHerb-product' in project 'GoatHerb'
➜ Explicit dependency on target 'GoatHerb' in project 'GoatHerb'
➜ Explicit dependency on target 'KippleDiagnostics-product' in project 'KippleDiagnostics'
➜ Explicit dependency on target 'KippleNetworking-product' in project 'KippleNetworking'
Target 'GoatHerb' in project 'GoatHerb'
➜ Explicit dependency on target 'KippleDiagnostics-product' in project 'KippleDiagnostics'
➜ Explicit dependency on target 'KippleNetworking-product' in project 'KippleNetworking'
Target 'KippleNetworking-product' in project 'KippleNetworking'
➜ Explicit dependency on target 'KippleNetworking' in project 'KippleNetworking'
➜ Explicit dependency on target 'Logging-product' in project 'swift-log'
Target 'KippleNetworking' in project 'KippleNetworking'
➜ Explicit dependency on target 'Logging-product' in project 'swift-log'
Target 'KippleDiagnostics-product' in project 'KippleDiagnostics'
➜ Explicit dependency on target 'KippleDiagnostics' in project 'KippleDiagnostics'
➜ Explicit dependency on target 'Logging-product' in project 'swift-log'
Target 'KippleDiagnostics' in project 'KippleDiagnostics'
➜ Explicit dependency on target 'Logging-product' in project 'swift-log'
Target 'Logging-product' in project 'swift-log'
➜ Explicit dependency on target 'Logging' in project 'swift-log'
Target 'Logging' in project 'swift-log' (no dependencies)
GatherProvisioningInputs
CreateBuildDescription
ClangStatCache /Applications/Xcode-27.0.0-Release.Candidate.app/Contents/Developer/Toolchains/XcodeDefault.xctoolchain/usr/bin/clang-stat-cache /Applications/Xcode-27.0.0-Release.Candidate.app/Contents/Developer/Platforms/XROS.platform/Developer/SDKs/XROS27.0.sdk /Users/admin/builder/spi-builder-workspace/.derivedData/SDKStatCaches.noindex/xros27.0-24M361-e829b21a6f8c9b70876ba0858053c044735bd543db762f57723cac368afd1ce4.sdkstatcache
cd /Users/admin/builder/spi-builder-workspace/.swiftpm/xcode
/Applications/Xcode-27.0.0-Release.Candidate.app/Contents/Developer/Toolchains/XcodeDefault.xctoolchain/usr/bin/clang-stat-cache /Applications/Xcode-27.0.0-Release.Candidate.app/Contents/Developer/Platforms/XROS.platform/Developer/SDKs/XROS27.0.sdk -o /Users/admin/builder/spi-builder-workspace/.derivedData/SDKStatCaches.noindex/xros27.0-24M361-e829b21a6f8c9b70876ba0858053c044735bd543db762f57723cac368afd1ce4.sdkstatcache
SwiftDriver KippleDiagnostics normal arm64 com.apple.xcode.tools.swift.compiler (in target 'KippleDiagnostics' from project 'KippleDiagnostics')
cd /Users/admin/builder/spi-builder-workspace/.swiftpm/xcode
builtin-SwiftDriver -- /Applications/Xcode-27.0.0-Release.Candidate.app/Contents/Developer/Toolchains/XcodeDefault.xctoolchain/usr/bin/swiftc -parse-as-library -module-name KippleDiagnostics -Onone @/Users/admin/builder/spi-builder-workspace/.derivedData/Build/Intermediates.noindex/KippleDiagnostics.build/Debug-xros/KippleDiagnostics-t.build/Objects-normal/arm64/KippleDiagnostics.SwiftFileList -DSWIFT_PACKAGE -DDEBUG -DSWIFT_MODULE_RESOURCE_BUNDLE_UNAVAILABLE -DDEBUG -DXcode -plugin-path /Applications/Xcode-27.0.0-Release.Candidate.app/Contents/Developer/Toolchains/XcodeDefault.xctoolchain/usr/lib/swift/host/plugins/testing -enable-experimental-feature DebugDescriptionMacro -sdk /Applications/Xcode-27.0.0-Release.Candidate.app/Contents/Developer/Platforms/XROS.platform/Developer/SDKs/XROS27.0.sdk -target arm64-apple-xros1.0 -g -module-cache-path /Users/admin/builder/spi-builder-workspace/.derivedData/ModuleCache.noindex -Xfrontend -serialize-debugging-options -profile-coverage-mapping -profile-generate -enable-testing -suppress-warnings -index-store-path /Users/admin/builder/spi-builder-workspace/.derivedData/Index.noindex/DataStore -Xcc -D_LIBCPP_HARDENING_MODE\=_LIBCPP_HARDENING_MODE_DEBUG -swift-version 5 -I /Users/admin/builder/spi-builder-workspace/.derivedData/Build/Products/Debug-xros -Isystem /Applications/Xcode-27.0.0-Release.Candidate.app/Contents/Developer/Platforms/XROS.platform/Developer/usr/lib -F /Users/admin/builder/spi-builder-workspace/.derivedData/Build/Products/Debug-xros/PackageFrameworks -F /Users/admin/builder/spi-builder-workspace/.derivedData/Build/Products/Debug-xros -F /Applications/Xcode-27.0.0-Release.Candidate.app/Contents/Developer/Platforms/XROS.platform/Developer/Library/Frameworks -F /Applications/Xcode-27.0.0-Release.Candidate.app/Contents/Developer/Platforms/XROS.platform/Developer/SDKs/XROS27.0.sdk/Developer/Library/Frameworks -c -j10 -enable-batch-mode -incremental -Xcc -ivfsstatcache -Xcc /Users/admin/builder/spi-builder-workspace/.derivedData/SDKStatCaches.noindex/xros27.0-24M361-e829b21a6f8c9b70876ba0858053c044735bd543db762f57723cac368afd1ce4.sdkstatcache -output-file-map /Users/admin/builder/spi-builder-workspace/.derivedData/Build/Intermediates.noindex/KippleDiagnostics.build/Debug-xros/KippleDiagnostics-t.build/Objects-normal/arm64/KippleDiagnostics-OutputFileMap.json -save-temps -no-color-diagnostics -explicit-module-build -module-cache-path /Users/admin/builder/spi-builder-workspace/.derivedData/Build/Intermediates.noindex/SwiftExplicitPrecompiledModules -clang-scanner-module-cache-path /Users/admin/builder/spi-builder-workspace/.derivedData/ModuleCache.noindex -sdk-module-cache-path /Users/admin/builder/spi-builder-workspace/.derivedData/SDKExplicitPrecompiledModules -emit-dependencies -emit-module -emit-module-path /Users/admin/builder/spi-builder-workspace/.derivedData/Build/Intermediates.noindex/KippleDiagnostics.build/Debug-xros/KippleDiagnostics-t.build/Objects-normal/arm64/KippleDiagnostics.swiftmodule -serialize-diagnostics -dependency-scan-serialize-diagnostics-path /Users/admin/builder/spi-builder-workspace/.derivedData/Build/Intermediates.noindex/KippleDiagnostics.build/Debug-xros/KippleDiagnostics-t.build/Objects-normal/arm64/KippleDiagnostics-dependency-scan.dia -validate-clang-modules-once -clang-build-session-file /Users/admin/builder/spi-builder-workspace/.derivedData/ModuleCache.noindex/Session.modulevalidation -Xcc -fmodules-prune-interval\=86400 -Xcc -fmodules-prune-after\=345600 -emit-const-values -const-gather-protocols-list /Users/admin/builder/spi-builder-workspace/.derivedData/Build/Intermediates.noindex/KippleDiagnostics.build/Debug-xros/KippleDiagnostics-t.build/Objects-normal/arm64/KippleDiagnostics_const_extract_protocols.json -Xcc -I/Users/admin/builder/spi-builder-workspace/.derivedData/Build/Products/Debug-xros/include -Xcc -I/Users/admin/builder/spi-builder-workspace/.derivedData/Build/Intermediates.noindex/KippleDiagnostics.build/Debug-xros/KippleDiagnostics-t.build/DerivedSources-normal/arm64 -Xcc -I/Users/admin/builder/spi-builder-workspace/.derivedData/Build/Intermediates.noindex/KippleDiagnostics.build/Debug-xros/KippleDiagnostics-t.build/DerivedSources/arm64 -Xcc -I/Users/admin/builder/spi-builder-workspace/.derivedData/Build/Intermediates.noindex/KippleDiagnostics.build/Debug-xros/KippleDiagnostics-t.build/DerivedSources -Xcc -DSWIFT_PACKAGE -Xcc -DDEBUG\=1 -emit-objc-header -emit-objc-header-path /Users/admin/builder/spi-builder-workspace/.derivedData/Build/Intermediates.noindex/KippleDiagnostics.build/Debug-xros/KippleDiagnostics-t.build/Objects-normal/arm64/KippleDiagnostics-Swift.h -working-directory /Users/admin/builder/spi-builder-workspace/.swiftpm/xcode -experimental-emit-module-separately -disable-cmo
SwiftDriver KippleNetworking normal arm64 com.apple.xcode.tools.swift.compiler (in target 'KippleNetworking' from project 'KippleNetworking')
cd /Users/admin/builder/spi-builder-workspace/.swiftpm/xcode
builtin-SwiftDriver -- /Applications/Xcode-27.0.0-Release.Candidate.app/Contents/Developer/Toolchains/XcodeDefault.xctoolchain/usr/bin/swiftc -parse-as-library -module-name KippleNetworking -Onone @/Users/admin/builder/spi-builder-workspace/.derivedData/Build/Intermediates.noindex/KippleNetworking.build/Debug-xros/KippleNetworking-t.build/Objects-normal/arm64/KippleNetworking.SwiftFileList -DSWIFT_PACKAGE -DDEBUG -DSWIFT_MODULE_RESOURCE_BUNDLE_UNAVAILABLE -DDEBUG -DXcode -plugin-path /Applications/Xcode-27.0.0-Release.Candidate.app/Contents/Developer/Toolchains/XcodeDefault.xctoolchain/usr/lib/swift/host/plugins/testing -enable-experimental-feature DebugDescriptionMacro -sdk /Applications/Xcode-27.0.0-Release.Candidate.app/Contents/Developer/Platforms/XROS.platform/Developer/SDKs/XROS27.0.sdk -target arm64-apple-xros1.0 -g -module-cache-path /Users/admin/builder/spi-builder-workspace/.derivedData/ModuleCache.noindex -Xfrontend -serialize-debugging-options -profile-coverage-mapping -profile-generate -enable-testing -suppress-warnings -index-store-path /Users/admin/builder/spi-builder-workspace/.derivedData/Index.noindex/DataStore -Xcc -D_LIBCPP_HARDENING_MODE\=_LIBCPP_HARDENING_MODE_DEBUG -swift-version 5 -I /Users/admin/builder/spi-builder-workspace/.derivedData/Build/Products/Debug-xros -Isystem /Applications/Xcode-27.0.0-Release.Candidate.app/Contents/Developer/Platforms/XROS.platform/Developer/usr/lib -F /Users/admin/builder/spi-builder-workspace/.derivedData/Build/Products/Debug-xros/PackageFrameworks -F /Users/admin/builder/spi-builder-workspace/.derivedData/Build/Products/Debug-xros -F /Applications/Xcode-27.0.0-Release.Candidate.app/Contents/Developer/Platforms/XROS.platform/Developer/Library/Frameworks -F /Applications/Xcode-27.0.0-Release.Candidate.app/Contents/Developer/Platforms/XROS.platform/Developer/SDKs/XROS27.0.sdk/Developer/Library/Frameworks -c -j10 -enable-batch-mode -incremental -Xcc -ivfsstatcache -Xcc /Users/admin/builder/spi-builder-workspace/.derivedData/SDKStatCaches.noindex/xros27.0-24M361-e829b21a6f8c9b70876ba0858053c044735bd543db762f57723cac368afd1ce4.sdkstatcache -output-file-map /Users/admin/builder/spi-builder-workspace/.derivedData/Build/Intermediates.noindex/KippleNetworking.build/Debug-xros/KippleNetworking-t.build/Objects-normal/arm64/KippleNetworking-OutputFileMap.json -save-temps -no-color-diagnostics -explicit-module-build -module-cache-path /Users/admin/builder/spi-builder-workspace/.derivedData/Build/Intermediates.noindex/SwiftExplicitPrecompiledModules -clang-scanner-module-cache-path /Users/admin/builder/spi-builder-workspace/.derivedData/ModuleCache.noindex -sdk-module-cache-path /Users/admin/builder/spi-builder-workspace/.derivedData/SDKExplicitPrecompiledModules -emit-dependencies -emit-module -emit-module-path /Users/admin/builder/spi-builder-workspace/.derivedData/Build/Intermediates.noindex/KippleNetworking.build/Debug-xros/KippleNetworking-t.build/Objects-normal/arm64/KippleNetworking.swiftmodule -serialize-diagnostics -dependency-scan-serialize-diagnostics-path /Users/admin/builder/spi-builder-workspace/.derivedData/Build/Intermediates.noindex/KippleNetworking.build/Debug-xros/KippleNetworking-t.build/Objects-normal/arm64/KippleNetworking-dependency-scan.dia -validate-clang-modules-once -clang-build-session-file /Users/admin/builder/spi-builder-workspace/.derivedData/ModuleCache.noindex/Session.modulevalidation -Xcc -fmodules-prune-interval\=86400 -Xcc -fmodules-prune-after\=345600 -emit-const-values -const-gather-protocols-list /Users/admin/builder/spi-builder-workspace/.derivedData/Build/Intermediates.noindex/KippleNetworking.build/Debug-xros/KippleNetworking-t.build/Objects-normal/arm64/KippleNetworking_const_extract_protocols.json -Xcc -I/Users/admin/builder/spi-builder-workspace/.derivedData/Build/Products/Debug-xros/include -Xcc -I/Users/admin/builder/spi-builder-workspace/.derivedData/Build/Intermediates.noindex/KippleNetworking.build/Debug-xros/KippleNetworking-t.build/DerivedSources-normal/arm64 -Xcc -I/Users/admin/builder/spi-builder-workspace/.derivedData/Build/Intermediates.noindex/KippleNetworking.build/Debug-xros/KippleNetworking-t.build/DerivedSources/arm64 -Xcc -I/Users/admin/builder/spi-builder-workspace/.derivedData/Build/Intermediates.noindex/KippleNetworking.build/Debug-xros/KippleNetworking-t.build/DerivedSources -Xcc -DSWIFT_PACKAGE -Xcc -DDEBUG\=1 -emit-objc-header -emit-objc-header-path /Users/admin/builder/spi-builder-workspace/.derivedData/Build/Intermediates.noindex/KippleNetworking.build/Debug-xros/KippleNetworking-t.build/Objects-normal/arm64/KippleNetworking-Swift.h -working-directory /Users/admin/builder/spi-builder-workspace/.swiftpm/xcode -experimental-emit-module-separately -disable-cmo
SwiftCompile normal arm64 Compiling\ Exports.swift /Users/admin/builder/spi-builder-workspace/.dependencies/checkouts/Diagnostics/Sources/KippleDiagnostics/Exports.swift (in target 'KippleDiagnostics' from project 'KippleDiagnostics')
SwiftCompile normal arm64 /Users/admin/builder/spi-builder-workspace/.dependencies/checkouts/Diagnostics/Sources/KippleDiagnostics/Exports.swift (in target 'KippleDiagnostics' from project 'KippleDiagnostics')
cd /Users/admin/builder/spi-builder-workspace/.swiftpm/xcode
builtin-SwiftPerFileCompile Exports.swift
SwiftCompile normal arm64 Compiling\ GenericError.swift /Users/admin/builder/spi-builder-workspace/.dependencies/checkouts/Diagnostics/Sources/KippleDiagnostics/Errors/GenericError.swift (in target 'KippleDiagnostics' from project 'KippleDiagnostics')
SwiftCompile normal arm64 /Users/admin/builder/spi-builder-workspace/.dependencies/checkouts/Diagnostics/Sources/KippleDiagnostics/Errors/GenericError.swift (in target 'KippleDiagnostics' from project 'KippleDiagnostics')
cd /Users/admin/builder/spi-builder-workspace/.swiftpm/xcode
builtin-SwiftPerFileCompile GenericError.swift
SwiftEmitModule normal arm64 Emitting\ module\ for\ KippleDiagnostics (in target 'KippleDiagnostics' from project 'KippleDiagnostics')
SwiftCompile normal arm64 (in target 'KippleDiagnostics' from project 'KippleDiagnostics')
cd /Users/admin/builder/spi-builder-workspace/.swiftpm/xcode
SwiftCompile normal arm64 Compiling\ ConsoleLogHandler.swift /Users/admin/builder/spi-builder-workspace/.dependencies/checkouts/Diagnostics/Sources/KippleDiagnostics/Handlers/ConsoleLogHandler.swift (in target 'KippleDiagnostics' from project 'KippleDiagnostics')
SwiftCompile normal arm64 /Users/admin/builder/spi-builder-workspace/.dependencies/checkouts/Diagnostics/Sources/KippleDiagnostics/Handlers/ConsoleLogHandler.swift (in target 'KippleDiagnostics' from project 'KippleDiagnostics')
cd /Users/admin/builder/spi-builder-workspace/.swiftpm/xcode
builtin-SwiftPerFileCompile ConsoleLogHandler.swift
SwiftCompile normal arm64 Compiling\ Logger+Convenience.swift /Users/admin/builder/spi-builder-workspace/.dependencies/checkouts/Diagnostics/Sources/KippleDiagnostics/Extensions/Logger+Convenience.swift (in target 'KippleDiagnostics' from project 'KippleDiagnostics')
SwiftCompile normal arm64 /Users/admin/builder/spi-builder-workspace/.dependencies/checkouts/Diagnostics/Sources/KippleDiagnostics/Extensions/Logger+Convenience.swift (in target 'KippleDiagnostics' from project 'KippleDiagnostics')
cd /Users/admin/builder/spi-builder-workspace/.swiftpm/xcode
builtin-SwiftPerFileCompile Logger+Convenience.swift
SwiftEmitModule normal arm64 Emitting\ module\ for\ KippleNetworking (in target 'KippleNetworking' from project 'KippleNetworking')
/Users/admin/builder/spi-builder-workspace/.dependencies/checkouts/Networking/Sources/KippleNetworking/Shared/Helpers/UniversalNetworkRequestDispatcher.swift:11:76: error: type 'UniversalNetworkRequestDispatcher.DispatchMode' has no member 'automatic'
9 | private let dispatcher: NetworkRequestDispatching
10 |
11 | public init(decoder: JSONDecoder? = nil, dispatchMode: DispatchMode = .automatic) {
| `- error: type 'UniversalNetworkRequestDispatcher.DispatchMode' has no member 'automatic'
12 | self.decoder = decoder ?? .safeISO8601
13 | self.dispatcher = dispatchMode.configured(decoder: decoder)
Failed frontend command:
/Applications/Xcode-27.0.0-Release.Candidate.app/Contents/Developer/Toolchains/XcodeDefault.xctoolchain/usr/bin/swift-frontend -frontend -emit-module -experimental-skip-non-inlinable-function-bodies-without-types /Users/admin/builder/spi-builder-workspace/.dependencies/checkouts/Networking/Sources/KippleNetworking/Foundation/Extensions/HTTPURLResponse+Status.swift /Users/admin/builder/spi-builder-workspace/.dependencies/checkouts/Networking/Sources/KippleNetworking/Foundation/Extensions/Request+AsURLRequest.swift /Users/admin/builder/spi-builder-workspace/.dependencies/checkouts/Networking/Sources/KippleNetworking/Foundation/Extensions/URLRequest+Init.swift /Users/admin/builder/spi-builder-workspace/.dependencies/checkouts/Networking/Sources/KippleNetworking/Foundation/Extensions/URLRequest+SetHeaders.swift /Users/admin/builder/spi-builder-workspace/.dependencies/checkouts/Networking/Sources/KippleNetworking/Foundation/Extensions/URLRequest+SetParameters.swift /Users/admin/builder/spi-builder-workspace/.dependencies/checkouts/Networking/Sources/KippleNetworking/Foundation/Extensions/URLRequest+SetTimeout.swift /Users/admin/builder/spi-builder-workspace/.dependencies/checkouts/Networking/Sources/KippleNetworking/Foundation/Helpers/FoundationNetworkRequestDispatcher.swift /Users/admin/builder/spi-builder-workspace/.dependencies/checkouts/Networking/Sources/KippleNetworking/Foundation/Protocols/URLRequestConvertible.swift /Users/admin/builder/spi-builder-workspace/.dependencies/checkouts/Networking/Sources/KippleNetworking/NIO/Extensions/HTTPClient+ExecuteResponseAnticipating.swift /Users/admin/builder/spi-builder-workspace/.dependencies/checkouts/Networking/Sources/KippleNetworking/NIO/Extensions/Request+AsHTTPClientRequest.swift /Users/admin/builder/spi-builder-workspace/.dependencies/checkouts/Networking/Sources/KippleNetworking/NIO/Helpers/NIONetworkRequestDispatcher.swift /Users/admin/builder/spi-builder-workspace/.dependencies/checkouts/Networking/Sources/KippleNetworking/Shared/Enums/HTTPBodyEncoding.swift /Users/admin/builder/spi-builder-workspace/.dependencies/checkouts/Networking/Sources/KippleNetworking/Shared/Enums/HTTPHeader.swift /Users/admin/builder/spi-builder-workspace/.dependencies/checkouts/Networking/Sources/KippleNetworking/Shared/Enums/HTTPMethod.swift /Users/admin/builder/spi-builder-workspace/.dependencies/checkouts/Networking/Sources/KippleNetworking/Shared/Enums/HTTPStatusCode.swift /Users/admin/builder/spi-builder-workspace/.dependencies/checkouts/Networking/Sources/KippleNetworking/Shared/Enums/ParameterEncoding.swift /Users/admin/builder/spi-builder-workspace/.dependencies/checkouts/Networking/Sources/KippleNetworking/Shared/Errors/NetworkingError.swift /Users/admin/builder/spi-builder-workspace/.dependencies/checkouts/Networking/Sources/KippleNetworking/Shared/Extensions/CharacterSet+RFC3986Unreserved.swift /Users/admin/builder/spi-builder-workspace/.dependencies/checkouts/Networking/Sources/KippleNetworking/Shared/Extensions/Data+AsPrettyPrintedJSON.swift /Users/admin/builder/spi-builder-workspace/.dependencies/checkouts/Networking/Sources/KippleNetworking/Shared/Extensions/DecodingError+Cleaned.swift /Users/admin/builder/spi-builder-workspace/.dependencies/checkouts/Networking/Sources/KippleNetworking/Shared/Extensions/Dictionary+AsHeaderDictionary.swift /Users/admin/builder/spi-builder-workspace/.dependencies/checkouts/Networking/Sources/KippleNetworking/Shared/Extensions/Dictionary+AsJSONSerializedData.swift /Users/admin/builder/spi-builder-workspace/.dependencies/checkouts/Networking/Sources/KippleNetworking/Shared/Extensions/Encodable+AsDictionary.swift /Users/admin/builder/spi-builder-workspace/.dependencies/checkouts/Networking/Sources/KippleNetworking/Shared/Extensions/Encodable+PrettyPrinted.swift /Users/admin/builder/spi-builder-workspace/.dependencies/checkouts/Networking/Sources/KippleNetworking/Shared/Extensions/Formatter+ISO8601.swift /Users/admin/builder/spi-builder-workspace/.dependencies/checkouts/Networking/Sources/KippleNetworking/Shared/Extensions/JSONDecoder+DecodeCleaned.swift /Users/admin/builder/spi-builder-workspace/.dependencies/checkouts/Networking/Sources/KippleNetworking/Shared/Extensions/JSONDecoder+SafeISO8601.swift /Users/admin/builder/spi-builder-workspace/.dependencies/checkouts/Networking/Sources/KippleNetworking/Shared/Extensions/JSONEncoder+SafeISO8601.swift /Users/admin/builder/spi-builder-workspace/.dependencies/checkouts/Networking/Sources/KippleNetworking/Shared/Extensions/NSNumber+Boolean.swift /Users/admin/builder/spi-builder-workspace/.dependencies/checkouts/Networking/Sources/KippleNetworking/Shared/Extensions/Result+Convenience.swift /Users/admin/builder/spi-builder-workspace/.dependencies/checkouts/Networking/Sources/KippleNetworking/Shared/Extensions/String+Base64Encoded.swift /Users/admin/builder/spi-builder-workspace/.dependencies/checkouts/Networking/Sources/KippleNetworking/Shared/Extensions/String+TrimmingSlashes.swift /Users/admin/builder/spi-builder-workspace/.dependencies/checkouts/Networking/Sources/KippleNetworking/Shared/Extensions/URLComponents+SetQueryItems.swift /Users/admin/builder/spi-builder-workspace/.dependencies/checkouts/Networking/Sources/KippleNetworking/Shared/Helpers/HTTPClient.swift /Users/admin/builder/spi-builder-workspace/.dependencies/checkouts/Networking/Sources/KippleNetworking/Shared/Helpers/UniversalNetworkRequestDispatcher+DispatchMode.swift /Users/admin/builder/spi-builder-workspace/.dependencies/checkouts/Networking/Sources/KippleNetworking/Shared/Helpers/UniversalNetworkRequestDispatcher.swift /Users/admin/builder/spi-builder-workspace/.dependencies/checkouts/Networking/Sources/KippleNetworking/Shared/Models/DataResponse.swift /Users/admin/builder/spi-builder-workspace/.dependencies/checkouts/Networking/Sources/KippleNetworking/Shared/Models/Environment.swift /Users/admin/builder/spi-builder-workspace/.dependencies/checkouts/Networking/Sources/KippleNetworking/Shared/Models/Request.swift /Users/admin/builder/spi-builder-workspace/.dependencies/checkouts/Networking/Sources/KippleNetworking/Shared/Protocols/NetworkRequestDispatching.swift /Users/admin/builder/spi-builder-workspace/.dependencies/checkouts/Networking/Sources/KippleNetworking/Shared/Protocols/ParameterDictionaryConvertible.swift /Users/admin/builder/spi-builder-workspace/.dependencies/checkouts/Networking/Sources/KippleNetworking/Shared/Protocols/URLConvertible.swift -target arm64-apple-xros1.0 -disable-cross-import-overlay-search -load-resolved-plugin /Applications/Xcode-27.0.0-Release.Candidate.app/Contents/Developer/Platforms/XROS.platform/Developer/usr/lib/swift/host/plugins/libFoundationMacros.dylib\#/Applications/Xcode-27.0.0-Release.Candidate.app/Contents/Developer/Platforms/XROS.platform/Developer/usr/bin/swift-plugin-server\#FoundationMacros -load-resolved-plugin /Applications/Xcode-27.0.0-Release.Candidate.app/Contents/Developer/Platforms/XROS.platform/Developer/usr/lib/swift/host/plugins/libObservationMacros.dylib\#/Applications/Xcode-27.0.0-Release.Candidate.app/Contents/Developer/Platforms/XROS.platform/Developer/usr/bin/swift-plugin-server\#ObservationMacros -load-resolved-plugin /Applications/Xcode-27.0.0-Release.Candidate.app/Contents/Developer/Platforms/XROS.platform/Developer/usr/lib/swift/host/plugins/libSwiftMacros.dylib\#/Applications/Xcode-27.0.0-Release.Candidate.app/Contents/Developer/Platforms/XROS.platform/Developer/usr/bin/swift-plugin-server\#SwiftMacros -disable-implicit-swift-modules -Xcc -fno-implicit-modules -Xcc -fno-implicit-module-maps -explicit-swift-module-map-file /Users/admin/builder/spi-builder-workspace/.derivedData/Build/Intermediates.noindex/KippleNetworking.build/Debug-xros/KippleNetworking-t.build/Objects-normal/arm64/KippleNetworking-dependencies-1.json -Xllvm -aarch64-use-tbi -enable-objc-interop -stack-check -sdk /Applications/Xcode-27.0.0-Release.Candidate.app/Contents/Developer/Platforms/XROS.platform/Developer/SDKs/XROS27.0.sdk -I /Users/admin/builder/spi-builder-workspace/.derivedData/Build/Products/Debug-xros -Isystem /Applications/Xcode-27.0.0-Release.Candidate.app/Contents/Developer/Platforms/XROS.platform/Developer/usr/lib -F /Users/admin/builder/spi-builder-workspace/.derivedData/Build/Products/Debug-xros/PackageFrameworks -F /Users/admin/builder/spi-builder-workspace/.derivedData/Build/Products/Debug-xros -F /Applications/Xcode-27.0.0-Release.Candidate.app/Contents/Developer/Platforms/XROS.platform/Developer/Library/Frameworks -F /Applications/Xcode-27.0.0-Release.Candidate.app/Contents/Developer/Platforms/XROS.platform/Developer/SDKs/XROS27.0.sdk/Developer/Library/Frameworks -module-cache-path /Users/admin/builder/spi-builder-workspace/.derivedData/Build/Intermediates.noindex/SwiftExplicitPrecompiledModules -no-color-diagnostics -Xcc -fno-color-diagnostics -enable-testing -g -debug-info-format\=dwarf -dwarf-version\=4 -suppress-warnings -profile-generate -profile-coverage-mapping -swift-version 5 -Onone -D SWIFT_PACKAGE -D DEBUG -D SWIFT_MODULE_RESOURCE_BUNDLE_UNAVAILABLE -D DEBUG -D Xcode -serialize-debugging-options -enable-experimental-feature DebugDescriptionMacro -empty-abi-descriptor -validate-clang-modules-once -clang-build-session-file /Users/admin/builder/spi-builder-workspace/.derivedData/ModuleCache.noindex/Session.modulevalidation -Xcc -working-directory -Xcc /Users/admin/builder/spi-builder-workspace/.swiftpm/xcode -enable-anonymous-context-mangled-names -file-compilation-dir /Users/admin/builder/spi-builder-workspace/.swiftpm/xcode -Xcc -D_LIBCPP_HARDENING_MODE\=_LIBCPP_HARDENING_MODE_DEBUG -Xcc -ivfsstatcache -Xcc /Users/admin/builder/spi-builder-workspace/.derivedData/SDKStatCaches.noindex/xros27.0-24M361-e829b21a6f8c9b70876ba0858053c044735bd543db762f57723cac368afd1ce4.sdkstatcache -Xcc -fmodules-prune-interval\=86400 -Xcc -fmodules-prune-after\=345600 -Xcc -I/Users/admin/builder/spi-builder-workspace/.derivedData/Build/Products/Debug-xros/include -Xcc -I/Users/admin/builder/spi-builder-workspace/.derivedData/Build/Intermediates.noindex/KippleNetworking.build/Debug-xros/KippleNetworking-t.build/DerivedSources-normal/arm64 -Xcc -I/Users/admin/builder/spi-builder-workspace/.derivedData/Build/Intermediates.noindex/KippleNetworking.build/Debug-xros/KippleNetworking-t.build/DerivedSources/arm64 -Xcc -I/Users/admin/builder/spi-builder-workspace/.derivedData/Build/Intermediates.noindex/KippleNetworking.build/Debug-xros/KippleNetworking-t.build/DerivedSources -Xcc -DSWIFT_PACKAGE -Xcc -DDEBUG\=1 -no-auto-bridging-header-chaining -module-name KippleNetworking -const-gather-protocols-file /Users/admin/builder/spi-builder-workspace/.derivedData/Build/Intermediates.noindex/KippleNetworking.build/Debug-xros/KippleNetworking-t.build/Objects-normal/arm64/KippleNetworking_const_extract_protocols.json -disable-clang-spi -clang-target arm64-apple-xros27.0 -target-sdk-version 27.0 -target-sdk-name xros27.0 -in-process-plugin-server-path /Applications/Xcode-27.0.0-Release.Candidate.app/Contents/Developer/Toolchains/XcodeDefault.xctoolchain/usr/lib/swift/host/libSwiftInProcPluginServer.dylib -emit-module-doc-path /Users/admin/builder/spi-builder-workspace/.derivedData/Build/Intermediates.noindex/KippleNetworking.build/Debug-xros/KippleNetworking-t.build/Objects-normal/arm64/KippleNetworking.swiftdoc -emit-module-source-info-path /Users/admin/builder/spi-builder-workspace/.derivedData/Build/Intermediates.noindex/KippleNetworking.build/Debug-xros/KippleNetworking-t.build/Objects-normal/arm64/KippleNetworking.swiftsourceinfo -emit-objc-header-path /Users/admin/builder/spi-builder-workspace/.derivedData/Build/Intermediates.noindex/KippleNetworking.build/Debug-xros/KippleNetworking-t.build/Objects-normal/arm64/KippleNetworking-Swift.h -serialize-diagnostics-path /Users/admin/builder/spi-builder-workspace/.derivedData/Build/Intermediates.noindex/KippleNetworking.build/Debug-xros/KippleNetworking-t.build/Objects-normal/arm64/KippleNetworking-primary-emit-module.dia -emit-dependencies-path /Users/admin/builder/spi-builder-workspace/.derivedData/Build/Intermediates.noindex/KippleNetworking.build/Debug-xros/KippleNetworking-t.build/Objects-normal/arm64/KippleNetworking-primary-emit-module.d -parse-as-library -o /Users/admin/builder/spi-builder-workspace/.derivedData/Build/Intermediates.noindex/KippleNetworking.build/Debug-xros/KippleNetworking-t.build/Objects-normal/arm64/KippleNetworking.swiftmodule -emit-abi-descriptor-path /Users/admin/builder/spi-builder-workspace/.derivedData/Build/Intermediates.noindex/KippleNetworking.build/Debug-xros/KippleNetworking-t.build/Objects-normal/arm64/KippleNetworking.abi.json
SwiftCompile normal arm64 (in target 'KippleNetworking' from project 'KippleNetworking')
cd /Users/admin/builder/spi-builder-workspace/.swiftpm/xcode
SwiftCompile normal arm64 Compiling\ Dictionary+AsJSONSerializedData.swift,\ Encodable+AsDictionary.swift,\ Encodable+PrettyPrinted.swift,\ Formatter+ISO8601.swift /Users/admin/builder/spi-builder-workspace/.dependencies/checkouts/Networking/Sources/KippleNetworking/Shared/Extensions/Dictionary+AsJSONSerializedData.swift /Users/admin/builder/spi-builder-workspace/.dependencies/checkouts/Networking/Sources/KippleNetworking/Shared/Extensions/Encodable+AsDictionary.swift /Users/admin/builder/spi-builder-workspace/.dependencies/checkouts/Networking/Sources/KippleNetworking/Shared/Extensions/Encodable+PrettyPrinted.swift /Users/admin/builder/spi-builder-workspace/.dependencies/checkouts/Networking/Sources/KippleNetworking/Shared/Extensions/Formatter+ISO8601.swift (in target 'KippleNetworking' from project 'KippleNetworking')
SwiftCompile normal arm64 /Users/admin/builder/spi-builder-workspace/.dependencies/checkouts/Networking/Sources/KippleNetworking/Shared/Extensions/Dictionary+AsJSONSerializedData.swift (in target 'KippleNetworking' from project 'KippleNetworking')
cd /Users/admin/builder/spi-builder-workspace/.swiftpm/xcode
builtin-SwiftPerFileCompile Dictionary+AsJSONSerializedData.swift
SwiftCompile normal arm64 /Users/admin/builder/spi-builder-workspace/.dependencies/checkouts/Networking/Sources/KippleNetworking/Shared/Extensions/Encodable+AsDictionary.swift (in target 'KippleNetworking' from project 'KippleNetworking')
cd /Users/admin/builder/spi-builder-workspace/.swiftpm/xcode
builtin-SwiftPerFileCompile Encodable+AsDictionary.swift
SwiftCompile normal arm64 /Users/admin/builder/spi-builder-workspace/.dependencies/checkouts/Networking/Sources/KippleNetworking/Shared/Extensions/Encodable+PrettyPrinted.swift (in target 'KippleNetworking' from project 'KippleNetworking')
cd /Users/admin/builder/spi-builder-workspace/.swiftpm/xcode
builtin-SwiftPerFileCompile Encodable+PrettyPrinted.swift
SwiftCompile normal arm64 /Users/admin/builder/spi-builder-workspace/.dependencies/checkouts/Networking/Sources/KippleNetworking/Shared/Extensions/Formatter+ISO8601.swift (in target 'KippleNetworking' from project 'KippleNetworking')
cd /Users/admin/builder/spi-builder-workspace/.swiftpm/xcode
builtin-SwiftPerFileCompile Formatter+ISO8601.swift
SwiftCompile normal arm64 Compiling\ DataResponse.swift,\ Environment.swift,\ Request.swift /Users/admin/builder/spi-builder-workspace/.dependencies/checkouts/Networking/Sources/KippleNetworking/Shared/Models/DataResponse.swift /Users/admin/builder/spi-builder-workspace/.dependencies/checkouts/Networking/Sources/KippleNetworking/Shared/Models/Environment.swift /Users/admin/builder/spi-builder-workspace/.dependencies/checkouts/Networking/Sources/KippleNetworking/Shared/Models/Request.swift (in target 'KippleNetworking' from project 'KippleNetworking')
SwiftCompile normal arm64 /Users/admin/builder/spi-builder-workspace/.dependencies/checkouts/Networking/Sources/KippleNetworking/Shared/Models/DataResponse.swift (in target 'KippleNetworking' from project 'KippleNetworking')
cd /Users/admin/builder/spi-builder-workspace/.swiftpm/xcode
builtin-SwiftPerFileCompile DataResponse.swift
SwiftCompile normal arm64 /Users/admin/builder/spi-builder-workspace/.dependencies/checkouts/Networking/Sources/KippleNetworking/Shared/Models/Environment.swift (in target 'KippleNetworking' from project 'KippleNetworking')
cd /Users/admin/builder/spi-builder-workspace/.swiftpm/xcode
builtin-SwiftPerFileCompile Environment.swift
SwiftCompile normal arm64 /Users/admin/builder/spi-builder-workspace/.dependencies/checkouts/Networking/Sources/KippleNetworking/Shared/Models/Request.swift (in target 'KippleNetworking' from project 'KippleNetworking')
cd /Users/admin/builder/spi-builder-workspace/.swiftpm/xcode
builtin-SwiftPerFileCompile Request.swift
SwiftCompile normal arm64 Compiling\ Result+Convenience.swift,\ String+Base64Encoded.swift,\ String+TrimmingSlashes.swift,\ URLComponents+SetQueryItems.swift /Users/admin/builder/spi-builder-workspace/.dependencies/checkouts/Networking/Sources/KippleNetworking/Shared/Extensions/Result+Convenience.swift /Users/admin/builder/spi-builder-workspace/.dependencies/checkouts/Networking/Sources/KippleNetworking/Shared/Extensions/String+Base64Encoded.swift /Users/admin/builder/spi-builder-workspace/.dependencies/checkouts/Networking/Sources/KippleNetworking/Shared/Extensions/String+TrimmingSlashes.swift /Users/admin/builder/spi-builder-workspace/.dependencies/checkouts/Networking/Sources/KippleNetworking/Shared/Extensions/URLComponents+SetQueryItems.swift (in target 'KippleNetworking' from project 'KippleNetworking')
SwiftCompile normal arm64 /Users/admin/builder/spi-builder-workspace/.dependencies/checkouts/Networking/Sources/KippleNetworking/Shared/Extensions/Result+Convenience.swift (in target 'KippleNetworking' from project 'KippleNetworking')
cd /Users/admin/builder/spi-builder-workspace/.swiftpm/xcode
builtin-SwiftPerFileCompile Result+Convenience.swift
SwiftCompile normal arm64 /Users/admin/builder/spi-builder-workspace/.dependencies/checkouts/Networking/Sources/KippleNetworking/Shared/Extensions/String+Base64Encoded.swift (in target 'KippleNetworking' from project 'KippleNetworking')
cd /Users/admin/builder/spi-builder-workspace/.swiftpm/xcode
builtin-SwiftPerFileCompile String+Base64Encoded.swift
SwiftCompile normal arm64 /Users/admin/builder/spi-builder-workspace/.dependencies/checkouts/Networking/Sources/KippleNetworking/Shared/Extensions/String+TrimmingSlashes.swift (in target 'KippleNetworking' from project 'KippleNetworking')
cd /Users/admin/builder/spi-builder-workspace/.swiftpm/xcode
builtin-SwiftPerFileCompile String+TrimmingSlashes.swift
SwiftCompile normal arm64 /Users/admin/builder/spi-builder-workspace/.dependencies/checkouts/Networking/Sources/KippleNetworking/Shared/Extensions/URLComponents+SetQueryItems.swift (in target 'KippleNetworking' from project 'KippleNetworking')
cd /Users/admin/builder/spi-builder-workspace/.swiftpm/xcode
builtin-SwiftPerFileCompile URLComponents+SetQueryItems.swift
SwiftCompile normal arm64 Compiling\ NetworkRequestDispatching.swift,\ ParameterDictionaryConvertible.swift,\ URLConvertible.swift /Users/admin/builder/spi-builder-workspace/.dependencies/checkouts/Networking/Sources/KippleNetworking/Shared/Protocols/NetworkRequestDispatching.swift /Users/admin/builder/spi-builder-workspace/.dependencies/checkouts/Networking/Sources/KippleNetworking/Shared/Protocols/ParameterDictionaryConvertible.swift /Users/admin/builder/spi-builder-workspace/.dependencies/checkouts/Networking/Sources/KippleNetworking/Shared/Protocols/URLConvertible.swift (in target 'KippleNetworking' from project 'KippleNetworking')
SwiftCompile normal arm64 /Users/admin/builder/spi-builder-workspace/.dependencies/checkouts/Networking/Sources/KippleNetworking/Shared/Protocols/NetworkRequestDispatching.swift (in target 'KippleNetworking' from project 'KippleNetworking')
cd /Users/admin/builder/spi-builder-workspace/.swiftpm/xcode
builtin-SwiftPerFileCompile NetworkRequestDispatching.swift
SwiftCompile normal arm64 /Users/admin/builder/spi-builder-workspace/.dependencies/checkouts/Networking/Sources/KippleNetworking/Shared/Protocols/ParameterDictionaryConvertible.swift (in target 'KippleNetworking' from project 'KippleNetworking')
cd /Users/admin/builder/spi-builder-workspace/.swiftpm/xcode
builtin-SwiftPerFileCompile ParameterDictionaryConvertible.swift
SwiftCompile normal arm64 /Users/admin/builder/spi-builder-workspace/.dependencies/checkouts/Networking/Sources/KippleNetworking/Shared/Protocols/URLConvertible.swift (in target 'KippleNetworking' from project 'KippleNetworking')
cd /Users/admin/builder/spi-builder-workspace/.swiftpm/xcode
builtin-SwiftPerFileCompile URLConvertible.swift
SwiftCompile normal arm64 Compiling\ CharacterSet+RFC3986Unreserved.swift,\ Data+AsPrettyPrintedJSON.swift,\ DecodingError+Cleaned.swift,\ Dictionary+AsHeaderDictionary.swift /Users/admin/builder/spi-builder-workspace/.dependencies/checkouts/Networking/Sources/KippleNetworking/Shared/Extensions/CharacterSet+RFC3986Unreserved.swift /Users/admin/builder/spi-builder-workspace/.dependencies/checkouts/Networking/Sources/KippleNetworking/Shared/Extensions/Data+AsPrettyPrintedJSON.swift /Users/admin/builder/spi-builder-workspace/.dependencies/checkouts/Networking/Sources/KippleNetworking/Shared/Extensions/DecodingError+Cleaned.swift /Users/admin/builder/spi-builder-workspace/.dependencies/checkouts/Networking/Sources/KippleNetworking/Shared/Extensions/Dictionary+AsHeaderDictionary.swift (in target 'KippleNetworking' from project 'KippleNetworking')
SwiftCompile normal arm64 /Users/admin/builder/spi-builder-workspace/.dependencies/checkouts/Networking/Sources/KippleNetworking/Shared/Extensions/CharacterSet+RFC3986Unreserved.swift (in target 'KippleNetworking' from project 'KippleNetworking')
cd /Users/admin/builder/spi-builder-workspace/.swiftpm/xcode
builtin-SwiftPerFileCompile CharacterSet+RFC3986Unreserved.swift
SwiftCompile normal arm64 /Users/admin/builder/spi-builder-workspace/.dependencies/checkouts/Networking/Sources/KippleNetworking/Shared/Extensions/Data+AsPrettyPrintedJSON.swift (in target 'KippleNetworking' from project 'KippleNetworking')
cd /Users/admin/builder/spi-builder-workspace/.swiftpm/xcode
builtin-SwiftPerFileCompile Data+AsPrettyPrintedJSON.swift
SwiftCompile normal arm64 /Users/admin/builder/spi-builder-workspace/.dependencies/checkouts/Networking/Sources/KippleNetworking/Shared/Extensions/DecodingError+Cleaned.swift (in target 'KippleNetworking' from project 'KippleNetworking')
cd /Users/admin/builder/spi-builder-workspace/.swiftpm/xcode
builtin-SwiftPerFileCompile DecodingError+Cleaned.swift
SwiftCompile normal arm64 /Users/admin/builder/spi-builder-workspace/.dependencies/checkouts/Networking/Sources/KippleNetworking/Shared/Extensions/Dictionary+AsHeaderDictionary.swift (in target 'KippleNetworking' from project 'KippleNetworking')
cd /Users/admin/builder/spi-builder-workspace/.swiftpm/xcode
builtin-SwiftPerFileCompile Dictionary+AsHeaderDictionary.swift
SwiftDriverJobDiscovery normal arm64 Compiling Exports.swift (in target 'KippleDiagnostics' from project 'KippleDiagnostics')
SwiftCompile normal arm64 Compiling\ HTTPMethod.swift,\ HTTPStatusCode.swift,\ ParameterEncoding.swift,\ NetworkingError.swift /Users/admin/builder/spi-builder-workspace/.dependencies/checkouts/Networking/Sources/KippleNetworking/Shared/Enums/HTTPMethod.swift /Users/admin/builder/spi-builder-workspace/.dependencies/checkouts/Networking/Sources/KippleNetworking/Shared/Enums/HTTPStatusCode.swift /Users/admin/builder/spi-builder-workspace/.dependencies/checkouts/Networking/Sources/KippleNetworking/Shared/Enums/ParameterEncoding.swift /Users/admin/builder/spi-builder-workspace/.dependencies/checkouts/Networking/Sources/KippleNetworking/Shared/Errors/NetworkingError.swift (in target 'KippleNetworking' from project 'KippleNetworking')
SwiftCompile normal arm64 /Users/admin/builder/spi-builder-workspace/.dependencies/checkouts/Networking/Sources/KippleNetworking/Shared/Enums/HTTPMethod.swift (in target 'KippleNetworking' from project 'KippleNetworking')
cd /Users/admin/builder/spi-builder-workspace/.swiftpm/xcode
builtin-SwiftPerFileCompile HTTPMethod.swift
SwiftCompile normal arm64 /Users/admin/builder/spi-builder-workspace/.dependencies/checkouts/Networking/Sources/KippleNetworking/Shared/Enums/HTTPStatusCode.swift (in target 'KippleNetworking' from project 'KippleNetworking')
cd /Users/admin/builder/spi-builder-workspace/.swiftpm/xcode
builtin-SwiftPerFileCompile HTTPStatusCode.swift
SwiftCompile normal arm64 /Users/admin/builder/spi-builder-workspace/.dependencies/checkouts/Networking/Sources/KippleNetworking/Shared/Enums/ParameterEncoding.swift (in target 'KippleNetworking' from project 'KippleNetworking')
cd /Users/admin/builder/spi-builder-workspace/.swiftpm/xcode
builtin-SwiftPerFileCompile ParameterEncoding.swift
SwiftCompile normal arm64 /Users/admin/builder/spi-builder-workspace/.dependencies/checkouts/Networking/Sources/KippleNetworking/Shared/Errors/NetworkingError.swift (in target 'KippleNetworking' from project 'KippleNetworking')
cd /Users/admin/builder/spi-builder-workspace/.swiftpm/xcode
builtin-SwiftPerFileCompile NetworkingError.swift
SwiftDriverJobDiscovery normal arm64 Emitting module for KippleDiagnostics (in target 'KippleDiagnostics' from project 'KippleDiagnostics')
SwiftDriver\ Compilation\ Requirements KippleDiagnostics normal arm64 com.apple.xcode.tools.swift.compiler (in target 'KippleDiagnostics' from project 'KippleDiagnostics')
cd /Users/admin/builder/spi-builder-workspace/.swiftpm/xcode
builtin-Swift-Compilation-Requirements -- /Applications/Xcode-27.0.0-Release.Candidate.app/Contents/Developer/Toolchains/XcodeDefault.xctoolchain/usr/bin/swiftc -parse-as-library -module-name KippleDiagnostics -Onone @/Users/admin/builder/spi-builder-workspace/.derivedData/Build/Intermediates.noindex/KippleDiagnostics.build/Debug-xros/KippleDiagnostics-t.build/Objects-normal/arm64/KippleDiagnostics.SwiftFileList -DSWIFT_PACKAGE -DDEBUG -DSWIFT_MODULE_RESOURCE_BUNDLE_UNAVAILABLE -DDEBUG -DXcode -plugin-path /Applications/Xcode-27.0.0-Release.Candidate.app/Contents/Developer/Toolchains/XcodeDefault.xctoolchain/usr/lib/swift/host/plugins/testing -enable-experimental-feature DebugDescriptionMacro -sdk /Applications/Xcode-27.0.0-Release.Candidate.app/Contents/Developer/Platforms/XROS.platform/Developer/SDKs/XROS27.0.sdk -target arm64-apple-xros1.0 -g -module-cache-path /Users/admin/builder/spi-builder-workspace/.derivedData/ModuleCache.noindex -Xfrontend -serialize-debugging-options -profile-coverage-mapping -profile-generate -enable-testing -suppress-warnings -index-store-path /Users/admin/builder/spi-builder-workspace/.derivedData/Index.noindex/DataStore -Xcc -D_LIBCPP_HARDENING_MODE\=_LIBCPP_HARDENING_MODE_DEBUG -swift-version 5 -I /Users/admin/builder/spi-builder-workspace/.derivedData/Build/Products/Debug-xros -Isystem /Applications/Xcode-27.0.0-Release.Candidate.app/Contents/Developer/Platforms/XROS.platform/Developer/usr/lib -F /Users/admin/builder/spi-builder-workspace/.derivedData/Build/Products/Debug-xros/PackageFrameworks -F /Users/admin/builder/spi-builder-workspace/.derivedData/Build/Products/Debug-xros -F /Applications/Xcode-27.0.0-Release.Candidate.app/Contents/Developer/Platforms/XROS.platform/Developer/Library/Frameworks -F /Applications/Xcode-27.0.0-Release.Candidate.app/Contents/Developer/Platforms/XROS.platform/Developer/SDKs/XROS27.0.sdk/Developer/Library/Frameworks -c -j10 -enable-batch-mode -incremental -Xcc -ivfsstatcache -Xcc /Users/admin/builder/spi-builder-workspace/.derivedData/SDKStatCaches.noindex/xros27.0-24M361-e829b21a6f8c9b70876ba0858053c044735bd543db762f57723cac368afd1ce4.sdkstatcache -output-file-map /Users/admin/builder/spi-builder-workspace/.derivedData/Build/Intermediates.noindex/KippleDiagnostics.build/Debug-xros/KippleDiagnostics-t.build/Objects-normal/arm64/KippleDiagnostics-OutputFileMap.json -save-temps -no-color-diagnostics -explicit-module-build -module-cache-path /Users/admin/builder/spi-builder-workspace/.derivedData/Build/Intermediates.noindex/SwiftExplicitPrecompiledModules -clang-scanner-module-cache-path /Users/admin/builder/spi-builder-workspace/.derivedData/ModuleCache.noindex -sdk-module-cache-path /Users/admin/builder/spi-builder-workspace/.derivedData/SDKExplicitPrecompiledModules -emit-dependencies -emit-module -emit-module-path /Users/admin/builder/spi-builder-workspace/.derivedData/Build/Intermediates.noindex/KippleDiagnostics.build/Debug-xros/KippleDiagnostics-t.build/Objects-normal/arm64/KippleDiagnostics.swiftmodule -serialize-diagnostics -dependency-scan-serialize-diagnostics-path /Users/admin/builder/spi-builder-workspace/.derivedData/Build/Intermediates.noindex/KippleDiagnostics.build/Debug-xros/KippleDiagnostics-t.build/Objects-normal/arm64/KippleDiagnostics-dependency-scan.dia -validate-clang-modules-once -clang-build-session-file /Users/admin/builder/spi-builder-workspace/.derivedData/ModuleCache.noindex/Session.modulevalidation -Xcc -fmodules-prune-interval\=86400 -Xcc -fmodules-prune-after\=345600 -emit-const-values -const-gather-protocols-list /Users/admin/builder/spi-builder-workspace/.derivedData/Build/Intermediates.noindex/KippleDiagnostics.build/Debug-xros/KippleDiagnostics-t.build/Objects-normal/arm64/KippleDiagnostics_const_extract_protocols.json -Xcc -I/Users/admin/builder/spi-builder-workspace/.derivedData/Build/Products/Debug-xros/include -Xcc -I/Users/admin/builder/spi-builder-workspace/.derivedData/Build/Intermediates.noindex/KippleDiagnostics.build/Debug-xros/KippleDiagnostics-t.build/DerivedSources-normal/arm64 -Xcc -I/Users/admin/builder/spi-builder-workspace/.derivedData/Build/Intermediates.noindex/KippleDiagnostics.build/Debug-xros/KippleDiagnostics-t.build/DerivedSources/arm64 -Xcc -I/Users/admin/builder/spi-builder-workspace/.derivedData/Build/Intermediates.noindex/KippleDiagnostics.build/Debug-xros/KippleDiagnostics-t.build/DerivedSources -Xcc -DSWIFT_PACKAGE -Xcc -DDEBUG\=1 -emit-objc-header -emit-objc-header-path /Users/admin/builder/spi-builder-workspace/.derivedData/Build/Intermediates.noindex/KippleDiagnostics.build/Debug-xros/KippleDiagnostics-t.build/Objects-normal/arm64/KippleDiagnostics-Swift.h -working-directory /Users/admin/builder/spi-builder-workspace/.swiftpm/xcode -experimental-emit-module-separately -disable-cmo
SwiftDriverJobDiscovery normal arm64 Compiling Logger+Convenience.swift (in target 'KippleDiagnostics' from project 'KippleDiagnostics')
SwiftCompile normal arm64 Compiling\ JSONDecoder+DecodeCleaned.swift,\ JSONDecoder+SafeISO8601.swift,\ JSONEncoder+SafeISO8601.swift,\ NSNumber+Boolean.swift /Users/admin/builder/spi-builder-workspace/.dependencies/checkouts/Networking/Sources/KippleNetworking/Shared/Extensions/JSONDecoder+DecodeCleaned.swift /Users/admin/builder/spi-builder-workspace/.dependencies/checkouts/Networking/Sources/KippleNetworking/Shared/Extensions/JSONDecoder+SafeISO8601.swift /Users/admin/builder/spi-builder-workspace/.dependencies/checkouts/Networking/Sources/KippleNetworking/Shared/Extensions/JSONEncoder+SafeISO8601.swift /Users/admin/builder/spi-builder-workspace/.dependencies/checkouts/Networking/Sources/KippleNetworking/Shared/Extensions/NSNumber+Boolean.swift (in target 'KippleNetworking' from project 'KippleNetworking')
SwiftCompile normal arm64 /Users/admin/builder/spi-builder-workspace/.dependencies/checkouts/Networking/Sources/KippleNetworking/Shared/Extensions/JSONDecoder+DecodeCleaned.swift (in target 'KippleNetworking' from project 'KippleNetworking')
cd /Users/admin/builder/spi-builder-workspace/.swiftpm/xcode
builtin-SwiftPerFileCompile JSONDecoder+DecodeCleaned.swift
SwiftCompile normal arm64 /Users/admin/builder/spi-builder-workspace/.dependencies/checkouts/Networking/Sources/KippleNetworking/Shared/Extensions/JSONDecoder+SafeISO8601.swift (in target 'KippleNetworking' from project 'KippleNetworking')
cd /Users/admin/builder/spi-builder-workspace/.swiftpm/xcode
builtin-SwiftPerFileCompile JSONDecoder+SafeISO8601.swift
SwiftCompile normal arm64 /Users/admin/builder/spi-builder-workspace/.dependencies/checkouts/Networking/Sources/KippleNetworking/Shared/Extensions/JSONEncoder+SafeISO8601.swift (in target 'KippleNetworking' from project 'KippleNetworking')
cd /Users/admin/builder/spi-builder-workspace/.swiftpm/xcode
builtin-SwiftPerFileCompile JSONEncoder+SafeISO8601.swift
SwiftCompile normal arm64 /Users/admin/builder/spi-builder-workspace/.dependencies/checkouts/Networking/Sources/KippleNetworking/Shared/Extensions/NSNumber+Boolean.swift (in target 'KippleNetworking' from project 'KippleNetworking')
cd /Users/admin/builder/spi-builder-workspace/.swiftpm/xcode
builtin-SwiftPerFileCompile NSNumber+Boolean.swift
SwiftMergeGeneratedHeaders /Users/admin/builder/spi-builder-workspace/.derivedData/Build/Intermediates.noindex/GeneratedModuleMaps-xros/KippleDiagnostics-Swift.h /Users/admin/builder/spi-builder-workspace/.derivedData/Build/Intermediates.noindex/KippleDiagnostics.build/Debug-xros/KippleDiagnostics-t.build/Objects-normal/arm64/KippleDiagnostics-Swift.h (in target 'KippleDiagnostics' from project 'KippleDiagnostics')
cd /Users/admin/builder/spi-builder-workspace/.dependencies/checkouts/Diagnostics
builtin-swiftHeaderTool -arch arm64 /Users/admin/builder/spi-builder-workspace/.derivedData/Build/Intermediates.noindex/KippleDiagnostics.build/Debug-xros/KippleDiagnostics-t.build/Objects-normal/arm64/KippleDiagnostics-Swift.h -o /Users/admin/builder/spi-builder-workspace/.derivedData/Build/Intermediates.noindex/GeneratedModuleMaps-xros/KippleDiagnostics-Swift.h
PruneExplicitPrecompiledModules /Users/admin/builder/spi-builder-workspace/.derivedData/Build/Intermediates.noindex/ExplicitPrecompiledModules
PruneExplicitPrecompiledModules /Users/admin/builder/spi-builder-workspace/.derivedData/Build/Intermediates.noindex/SwiftExplicitPrecompiledModules
PruneExplicitPrecompiledModules /Users/admin/builder/spi-builder-workspace/.derivedData/SDKExplicitPrecompiledModules
2026-09-18 22:40:49.365 xcodebuild[897:5431] [MT] IDERunDestination: Supported platforms for the buildables in the current scheme is empty.
** BUILD FAILED **
The following build commands failed:
SwiftEmitModule normal arm64 Emitting\ module\ for\ KippleNetworking (in target 'KippleNetworking' from project 'KippleNetworking')
SwiftCompile normal arm64 (in target 'KippleNetworking' from project 'KippleNetworking')
Building workspace GoatHerb with scheme GoatHerb
(3 failures)
BUILD FAILURE 6.4 visionOS