The Swift Package Index logo.Swift Package Index

Build Information

Failed to build Geometry, reference develop (902470), with Swift 6.1 for Wasm on 18 Jul 2026 06:03:37 UTC.

Build Command

bash -c docker run --pull=always --rm -v "checkouts-54344847-2":/host -w "$PWD" -e JAVA_HOME="/root/.sdkman/candidates/java/current" -e SPI_BUILD="1" -e SPI_PROCESSING="1" registry.gitlab.com/saguaro1/spi-images:wasm-6.1-latest swift build --swift-sdk wasm32-unknown-wasi 2>&1

Build Log

========================================
RunAll
========================================
Builder version: 333316120c8b89ed7d21f1b34865290794301d91
Interrupt handler set up.
========================================
Checkout
========================================
Clone URL: https://github.com/RedECSEngine/Geometry.git
Reference: develop
Initialized empty Git repository in /host/spi-builder-workspace/.git/
hint: Using 'master' as the name for the initial branch. This default branch name
hint: is subject to change. To configure the initial branch name to use in all
hint: of your new repositories, which will suppress this warning, call:
hint:
hint: 	git config --global init.defaultBranch <name>
hint:
hint: Names commonly chosen instead of 'master' are 'main', 'trunk' and
hint: 'development'. The just-created branch can be renamed via this command:
hint:
hint: 	git branch -m <name>
From https://github.com/RedECSEngine/Geometry
 * branch            develop    -> FETCH_HEAD
 * [new branch]      develop    -> origin/develop
HEAD is now at 9024708 Modernize for Swift 6
Cloned https://github.com/RedECSEngine/Geometry.git
Revision (git rev-parse @):
90247082d2e42f726a6e6a17a877b3ad9a059629
SUCCESS checkout https://github.com/RedECSEngine/Geometry.git at develop
========================================
Build
========================================
Selected platform:         wasm
Swift version:             6.1
Building package at path:  $PWD
https://github.com/RedECSEngine/Geometry.git
https://github.com/RedECSEngine/Geometry.git
WARNING: environment variable SUPPRESS_SWIFT_6_FLAGS is not set
Running build ...
bash -c docker run --pull=always --rm -v "checkouts-54344847-2":/host -w "$PWD" -e JAVA_HOME="/root/.sdkman/candidates/java/current" -e SPI_BUILD="1" -e SPI_PROCESSING="1" registry.gitlab.com/saguaro1/spi-images:wasm-6.1-latest swift build --swift-sdk wasm32-unknown-wasi -Xswiftc -Xfrontend -Xswiftc -stats-output-dir -Xswiftc -Xfrontend -Xswiftc .stats -Xswiftc -strict-concurrency=complete -Xswiftc -enable-upcoming-feature -Xswiftc StrictConcurrency -Xswiftc -enable-upcoming-feature -Xswiftc DisableOutwardActorInference -Xswiftc -enable-upcoming-feature -Xswiftc GlobalActorIsolatedTypesUsability -Xswiftc -enable-upcoming-feature -Xswiftc InferSendableFromCaptures 2>&1
wasm-6.1-latest: Pulling from saguaro1/spi-images
Digest: sha256:1ad245dad3d2ae0004e1afbc92334bd39884ed9ca587cf04d0a8d5f640fb02e9
Status: Image is up to date for registry.gitlab.com/saguaro1/spi-images:wasm-6.1-latest
Fetching https://github.com/pointfreeco/swift-snapshot-testing.git
Fetching https://github.com/apple/swift-numerics.git
[1/6441] Fetching swift-numerics
[6442/22704] Fetching swift-numerics, swift-snapshot-testing
Fetched https://github.com/apple/swift-numerics.git from cache (2.05s)
Fetched https://github.com/pointfreeco/swift-snapshot-testing.git from cache (2.07s)
Computing version for https://github.com/apple/swift-numerics.git
Computed https://github.com/apple/swift-numerics.git at 1.1.1 (2.30s)
Computing version for https://github.com/pointfreeco/swift-snapshot-testing.git
Computed https://github.com/pointfreeco/swift-snapshot-testing.git at 1.19.3 (0.22s)
Fetching https://github.com/pointfreeco/swift-custom-dump
Fetching https://github.com/swiftlang/swift-syntax
[1/5631] Fetching swift-custom-dump
[5632/81689] Fetching swift-custom-dump, swift-syntax
Fetched https://github.com/pointfreeco/swift-custom-dump from cache (2.70s)
Fetched https://github.com/swiftlang/swift-syntax from cache (2.72s)
Computing version for https://github.com/pointfreeco/swift-custom-dump
Computed https://github.com/pointfreeco/swift-custom-dump at 1.6.1 (3.01s)
Fetching https://github.com/pointfreeco/xctest-dynamic-overlay
[1/2578] Fetching xctest-dynamic-overlay
Fetched https://github.com/pointfreeco/xctest-dynamic-overlay from cache (0.62s)
Computing version for https://github.com/swiftlang/swift-syntax
Computed https://github.com/swiftlang/swift-syntax at 603.0.2 (1.62s)
Computing version for https://github.com/pointfreeco/xctest-dynamic-overlay
Computed https://github.com/pointfreeco/xctest-dynamic-overlay at 1.11.0 (0.96s)
Creating working copy for https://github.com/pointfreeco/swift-custom-dump
Working copy of https://github.com/pointfreeco/swift-custom-dump resolved at 1.6.1
Creating working copy for https://github.com/swiftlang/swift-syntax
Working copy of https://github.com/swiftlang/swift-syntax resolved at 603.0.2
Creating working copy for https://github.com/apple/swift-numerics.git
Working copy of https://github.com/apple/swift-numerics.git resolved at 1.1.1
Creating working copy for https://github.com/pointfreeco/swift-snapshot-testing.git
Working copy of https://github.com/pointfreeco/swift-snapshot-testing.git resolved at 1.19.3
Creating working copy for https://github.com/pointfreeco/xctest-dynamic-overlay
Working copy of https://github.com/pointfreeco/xctest-dynamic-overlay resolved at 1.11.0
Building for debugging...
[0/6] Write sources
[4/6] Compiling _NumericsShims _NumericsShims.c
[5/6] Write swift-version-24593BA9C3E375BF.txt
[7/26] Compiling RealModule RealFunctions.swift
[8/26] Compiling RealModule Real.swift
[9/27] Compiling RealModule RelaxedArithmetic.swift
[10/27] Compiling Geometry Circle.swift
[11/27] Compiling Geometry Direction.swift
[12/27] Emitting module RealModule
[13/27] Compiling RealModule Float16+Real.swift
[14/27] Compiling RealModule AugmentedArithmetic.swift
[15/27] Compiling RealModule Double+Real.swift
[16/27] Compiling RealModule ElementaryFunctions.swift
[17/27] Compiling RealModule Float+Real.swift
[18/27] Compiling RealModule Float80+Real.swift
[20/28] Compiling Geometry Rect.swift
<unknown>:0: warning: upcoming feature 'InferSendableFromCaptures' is already enabled as of Swift version 6
<unknown>:0: warning: upcoming feature 'GlobalActorIsolatedTypesUsability' is already enabled as of Swift version 6
<unknown>:0: warning: upcoming feature 'DisableOutwardActorInference' is already enabled as of Swift version 6
[21/28] Compiling Geometry Shape.swift
<unknown>:0: warning: upcoming feature 'InferSendableFromCaptures' is already enabled as of Swift version 6
<unknown>:0: warning: upcoming feature 'GlobalActorIsolatedTypesUsability' is already enabled as of Swift version 6
<unknown>:0: warning: upcoming feature 'DisableOutwardActorInference' is already enabled as of Swift version 6
[22/28] Compiling Geometry Size.swift
<unknown>:0: warning: upcoming feature 'InferSendableFromCaptures' is already enabled as of Swift version 6
<unknown>:0: warning: upcoming feature 'GlobalActorIsolatedTypesUsability' is already enabled as of Swift version 6
<unknown>:0: warning: upcoming feature 'DisableOutwardActorInference' is already enabled as of Swift version 6
[23/29] Compiling Geometry Point.swift
<unknown>:0: warning: upcoming feature 'InferSendableFromCaptures' is already enabled as of Swift version 6
<unknown>:0: warning: upcoming feature 'GlobalActorIsolatedTypesUsability' is already enabled as of Swift version 6
<unknown>:0: warning: upcoming feature 'DisableOutwardActorInference' is already enabled as of Swift version 6
[24/29] Compiling Geometry Path.swift
<unknown>:0: warning: upcoming feature 'InferSendableFromCaptures' is already enabled as of Swift version 6
<unknown>:0: warning: upcoming feature 'GlobalActorIsolatedTypesUsability' is already enabled as of Swift version 6
<unknown>:0: warning: upcoming feature 'DisableOutwardActorInference' is already enabled as of Swift version 6
[25/29] Compiling Geometry Line.swift
<unknown>:0: warning: upcoming feature 'InferSendableFromCaptures' is already enabled as of Swift version 6
<unknown>:0: warning: upcoming feature 'GlobalActorIsolatedTypesUsability' is already enabled as of Swift version 6
<unknown>:0: warning: upcoming feature 'DisableOutwardActorInference' is already enabled as of Swift version 6
[26/29] Emitting module Geometry
<unknown>:0: warning: upcoming feature 'InferSendableFromCaptures' is already enabled as of Swift version 6
<unknown>:0: warning: upcoming feature 'GlobalActorIsolatedTypesUsability' is already enabled as of Swift version 6
<unknown>:0: warning: upcoming feature 'DisableOutwardActorInference' is already enabled as of Swift version 6
<unknown>:0: warning: upcoming feature 'InferSendableFromCaptures' is already enabled as of Swift version 6
<unknown>:0: warning: upcoming feature 'GlobalActorIsolatedTypesUsability' is already enabled as of Swift version 6
<unknown>:0: warning: upcoming feature 'DisableOutwardActorInference' is already enabled as of Swift version 6
<unknown>:0: warning: upcoming feature 'InferSendableFromCaptures' is already enabled as of Swift version 6
<unknown>:0: warning: upcoming feature 'GlobalActorIsolatedTypesUsability' is already enabled as of Swift version 6
<unknown>:0: warning: upcoming feature 'DisableOutwardActorInference' is already enabled as of Swift version 6
[29/29] Compiling Geometry Triangle.swift
<unknown>:0: warning: upcoming feature 'InferSendableFromCaptures' is already enabled as of Swift version 6
<unknown>:0: warning: upcoming feature 'GlobalActorIsolatedTypesUsability' is already enabled as of Swift version 6
<unknown>:0: warning: upcoming feature 'DisableOutwardActorInference' is already enabled as of Swift version 6
error: emit-module command failed with exit code 1 (use -v to see invocation)
[31/40] Emitting module GeometrySpriteKitExtensions
<unknown>:0: warning: upcoming feature 'InferSendableFromCaptures' is already enabled as of Swift version 6
<unknown>:0: warning: upcoming feature 'GlobalActorIsolatedTypesUsability' is already enabled as of Swift version 6
<unknown>:0: warning: upcoming feature 'DisableOutwardActorInference' is already enabled as of Swift version 6
/host/spi-builder-workspace/Sources/GeometrySpriteKitExtensions/Geometry+SpriteKit.swift:1:8: error: no such module 'SpriteKit'
 1 | import SpriteKit
   |        `- error: no such module 'SpriteKit'
 2 | import Geometry
 3 |
[32/40] Compiling GeometrySpriteKitExtensions Geometry+SpriteKit.swift
<unknown>:0: warning: upcoming feature 'InferSendableFromCaptures' is already enabled as of Swift version 6
<unknown>:0: warning: upcoming feature 'GlobalActorIsolatedTypesUsability' is already enabled as of Swift version 6
<unknown>:0: warning: upcoming feature 'DisableOutwardActorInference' is already enabled as of Swift version 6
/host/spi-builder-workspace/Sources/GeometrySpriteKitExtensions/Geometry+SpriteKit.swift:1:8: error: no such module 'SpriteKit'
 1 | import SpriteKit
   |        `- error: no such module 'SpriteKit'
 2 | import Geometry
 3 |
<unknown>:0: warning: upcoming feature 'InferSendableFromCaptures' is already enabled as of Swift version 6
<unknown>:0: warning: upcoming feature 'GlobalActorIsolatedTypesUsability' is already enabled as of Swift version 6
<unknown>:0: warning: upcoming feature 'DisableOutwardActorInference' is already enabled as of Swift version 6
Running build ...
bash -c docker run --pull=always --rm -v "checkouts-54344847-2":/host -w "$PWD" -e JAVA_HOME="/root/.sdkman/candidates/java/current" -e SPI_BUILD="1" -e SPI_PROCESSING="1" registry.gitlab.com/saguaro1/spi-images:wasm-6.1-latest swift build --swift-sdk wasm32-unknown-wasi 2>&1
wasm-6.1-latest: Pulling from saguaro1/spi-images
Digest: sha256:1ad245dad3d2ae0004e1afbc92334bd39884ed9ca587cf04d0a8d5f640fb02e9
Status: Image is up to date for registry.gitlab.com/saguaro1/spi-images:wasm-6.1-latest
[0/1] Planning build
Building for debugging...
[0/1] Write swift-version-24593BA9C3E375BF.txt
[2/21] Compiling Geometry Size.swift
[3/22] Compiling RealModule RealFunctions.swift
[4/23] Compiling RealModule AlgebraicField.swift
[5/23] Compiling RealModule ApproximateEquality.swift
[6/23] Emitting module RealModule
[7/23] Compiling Geometry Path.swift
[8/23] Emitting module Geometry
[9/23] Compiling RealModule AugmentedArithmetic.swift
[10/23] Compiling RealModule Double+Real.swift
[11/23] Compiling RealModule Float80+Real.swift
[12/23] Compiling RealModule Real.swift
[13/23] Compiling RealModule RelaxedArithmetic.swift
[14/23] Compiling RealModule ElementaryFunctions.swift
[15/23] Compiling RealModule Float+Real.swift
[16/23] Compiling RealModule Float16+Real.swift
[17/24] Compiling Geometry Shape.swift
[18/24] Compiling Geometry Point.swift
[19/24] Compiling Geometry Rect.swift
[22/24] Compiling Geometry Line.swift
[24/24] Compiling Geometry Triangle.swift
error: emit-module command failed with exit code 1 (use -v to see invocation)
[26/35] Emitting module GeometrySpriteKitExtensions
/host/spi-builder-workspace/Sources/GeometrySpriteKitExtensions/Geometry+SpriteKit.swift:1:8: error: no such module 'SpriteKit'
 1 | import SpriteKit
   |        `- error: no such module 'SpriteKit'
 2 | import Geometry
 3 |
[27/35] Compiling GeometrySpriteKitExtensions Geometry+SpriteKit.swift
/host/spi-builder-workspace/Sources/GeometrySpriteKitExtensions/Geometry+SpriteKit.swift:1:8: error: no such module 'SpriteKit'
 1 | import SpriteKit
   |        `- error: no such module 'SpriteKit'
 2 | import Geometry
 3 |
[28/35] Compiling GeometryAlgorithms +PointRotation.swift
BUILD FAILURE 6.1 wasm