The Swift Package Index logo.Swift Package Index

Build Information

Failed to build DataStack, reference 1.0.0 (611a05), with Swift 6.4 for Wasm on 22 Sep 2026 20:04:01 UTC.

Build Command

bash -c docker run --pull=always --rm -v "checkouts-54344843-0":/host -w "$PWD" -e JAVA_HOME="/root/.sdkman/candidates/java/current" -e SPI_BUILD="1" -e SPI_PROCESSING="1" registry.gitlab.com/saguaro1/spi-images:wasm-6.4-latest swift build --swift-sdk swift-6.4.x-DEVELOPMENT-SNAPSHOT-2026-09-04-a_wasm 2>&1

Build Log

========================================
RunAll
========================================
Builder version: 5.1.0
Interrupt handler set up.
========================================
Checkout
========================================
Clone URL: https://github.com/ziminny/DataStack.git
Reference: 1.0.0
Initialized empty Git repository in /host/spi-builder-workspace/.git/
hint: Using 'master' as the name for the initial branch. This default branch name
hint: is subject to change. To configure the initial branch name to use in all
hint: of your new repositories, which will suppress this warning, call:
hint:
hint: 	git config --global init.defaultBranch <name>
hint:
hint: Names commonly chosen instead of 'master' are 'main', 'trunk' and
hint: 'development'. The just-created branch can be renamed via this command:
hint:
hint: 	git branch -m <name>
From https://github.com/ziminny/DataStack
 * tag               1.0.0      -> FETCH_HEAD
HEAD is now at 611a05f initial commit
Cloned https://github.com/ziminny/DataStack.git
Revision (git rev-parse @):
611a05fad95030d01dfd2d9a00aa5f32b3ac5409
SUCCESS checkout https://github.com/ziminny/DataStack.git at 1.0.0
========================================
Build
========================================
Selected platform:         wasm
Swift version:             6.4
Building package at path:  $PWD
https://github.com/ziminny/DataStack.git
Running build ...
bash -c docker run --pull=always --rm -v "checkouts-54344843-0":/host -w "$PWD" -e JAVA_HOME="/root/.sdkman/candidates/java/current" -e SPI_BUILD="1" -e SPI_PROCESSING="1" registry.gitlab.com/saguaro1/spi-images:wasm-6.4-latest swift build --swift-sdk swift-6.4.x-DEVELOPMENT-SNAPSHOT-2026-09-04-a_wasm 2>&1
wasm-6.4-latest: Pulling from saguaro1/spi-images
Digest: sha256:4328fdb43c680d205c1d6761b1e3267aa38277eefdda9ddfb17b6a0f1a77857a
Status: Image is up to date for registry.gitlab.com/saguaro1/spi-images:wasm-6.4-latest
Fetching https://github.com/ziminny/SwiftFake.git
[1/112] Fetching swiftfake
Fetched https://github.com/ziminny/SwiftFake.git (0.47s)
Computing version for https://github.com/ziminny/SwiftFake.git
Computed https://github.com/ziminny/SwiftFake.git at 1.0.0 (0.62s)
Creating working copy for https://github.com/ziminny/SwiftFake.git
Working copy of https://github.com/ziminny/SwiftFake.git resolved at 1.0.0
Building for debugging...
[Pre-planning 1 / 96]
[22 / 37]
[32 / 47] SwiftFake
error: SwiftCompile normal wasm32 /host/spi-builder-workspace/Sources/DataStack/Protocol/CDManagedObjectProtocol.swift failed with a nonzero exit code. Command line:     cd /host
    builtin-SwiftPerFileCompile CDManagedObjectProtocol.swift
/host/spi-builder-workspace/Sources/DataStack/Implementation/CDConfigurationProtocol.swift:9:8: error: no such module 'CoreData'
 7 |
 8 | import Foundation
 9 | import CoreData
   |        `- error: no such module 'CoreData'
10 | import SwiftFake
11 |
Failed frontend command:
/usr/bin/swift-frontend -frontend -c /host/spi-builder-workspace/Sources/DataStack/Implementation/CDConfigurationProtocol.swift /host/spi-builder-workspace/Sources/DataStack/Implementation/CDError.swift /host/spi-builder-workspace/Sources/DataStack/Implementation/CDErrorConvert.swift /host/spi-builder-workspace/Sources/DataStack/Implementation/CDFactory.swift /host/spi-builder-workspace/Sources/DataStack/Implementation/CDPersistenceController.swift /host/spi-builder-workspace/Sources/DataStack/Implementation/CDPersistentStore.swift /host/spi-builder-workspace/Sources/DataStack/Implementation/Extensions.swift /host/spi-builder-workspace/Sources/DataStack/Protocol/CDManagedGroupObjectProtocol.swift -primary-file /host/spi-builder-workspace/Sources/DataStack/Protocol/CDManagedObjectProtocol.swift -emit-dependencies-path /host/spi-builder-workspace/.build/out/Intermediates.noindex/DataStack.build/Debug-webassembly-wasm32/DataStack-t.build/Objects-normal/wasm32/CDManagedObjectProtocol.d -emit-const-values-path /host/spi-builder-workspace/.build/out/Intermediates.noindex/DataStack.build/Debug-webassembly-wasm32/DataStack-t.build/Objects-normal/wasm32/CDManagedObjectProtocol.swiftconstvalues -emit-reference-dependencies-path /host/spi-builder-workspace/.build/out/Intermediates.noindex/DataStack.build/Debug-webassembly-wasm32/DataStack-t.build/Objects-normal/wasm32/CDManagedObjectProtocol.swiftdeps -serialize-diagnostics-path /host/spi-builder-workspace/.build/out/Intermediates.noindex/DataStack.build/Debug-webassembly-wasm32/DataStack-t.build/Objects-normal/wasm32/CDManagedObjectProtocol.dia -target wasm32-unknown-wasip1 -disable-objc-interop -sdk /root/.swiftpm/swift-sdks/swift-6.4.x-DEVELOPMENT-SNAPSHOT-2026-09-04-a_wasm.artifactbundle/swift-6.4.x-DEVELOPMENT-SNAPSHOT-2026-09-04-a_wasm/wasm32-unknown-wasip1/WASI.sdk -sysroot /root/.swiftpm/swift-sdks/swift-6.4.x-DEVELOPMENT-SNAPSHOT-2026-09-04-a_wasm.artifactbundle/swift-6.4.x-DEVELOPMENT-SNAPSHOT-2026-09-04-a_wasm/wasm32-unknown-wasip1/WASI.sdk -I /host/spi-builder-workspace/.build/out/Products/Debug-webassembly-wasm32 -module-cache-path /host/spi-builder-workspace/.build/out/ModuleCache.noindex -color-diagnostics -Xcc -fcolor-diagnostics -enable-testing -g -debug-info-format\=dwarf -dwarf-version\=4 -swift-version 6 -Onone -D SWIFT_PACKAGE -D DEBUG -D SWIFT_MODULE_RESOURCE_BUNDLE_UNAVAILABLE -D Xcode -serialize-debugging-options -enable-experimental-feature DebugDescriptionMacro -empty-abi-descriptor -external-plugin-path /usr/lib/swift/host/plugins/testing\#/usr/bin/swift-plugin-server -validate-clang-modules-once -clang-build-session-file /host/spi-builder-workspace/.build/out/ModuleCache.noindex/Session.modulevalidation -Xcc -working-directory -Xcc /host -resource-dir /root/.swiftpm/swift-sdks/swift-6.4.x-DEVELOPMENT-SNAPSHOT-2026-09-04-a_wasm.artifactbundle/swift-6.4.x-DEVELOPMENT-SNAPSHOT-2026-09-04-a_wasm/wasm32-unknown-wasip1/swift.xctoolchain/usr/lib/swift_static -use-static-resource-dir -enable-anonymous-context-mangled-names -file-compilation-dir /host -Xcc -resource-dir -Xcc /root/.swiftpm/swift-sdks/swift-6.4.x-DEVELOPMENT-SNAPSHOT-2026-09-04-a_wasm.artifactbundle/swift-6.4.x-DEVELOPMENT-SNAPSHOT-2026-09-04-a_wasm/wasm32-unknown-wasip1/swift.xctoolchain/usr/lib/swift_static/clang -Xcc -D_LIBCPP_HARDENING_MODE\=_LIBCPP_HARDENING_MODE_DEBUG -Xcc -fmodules-prune-interval\=86400 -Xcc -fmodules-prune-after\=345600 -Xcc -I/host/spi-builder-workspace/.build/out/Products/Debug-webassembly-wasm32/include -Xcc -I/host/spi-builder-workspace/.build/out/Intermediates.noindex/DataStack.build/Debug-webassembly-wasm32/DataStack-t.build/DerivedSources-normal/wasm32 -Xcc -I/host/spi-builder-workspace/.build/out/Intermediates.noindex/DataStack.build/Debug-webassembly-wasm32/DataStack-t.build/DerivedSources/wasm32 -Xcc -I/host/spi-builder-workspace/.build/out/Intermediates.noindex/DataStack.build/Debug-webassembly-wasm32/DataStack-t.build/DerivedSources -Xcc -DSWIFT_PACKAGE -Xcc -DDEBUG\=1 -no-auto-bridging-header-chaining -module-name DataStack -package-name spi_builder_workspace -const-gather-protocols-file /host/spi-builder-workspace/.build/out/Intermediates.noindex/DataStack.build/Debug-webassembly-wasm32/DataStack-t.build/Objects-normal/wasm32/DataStack_const_extract_protocols.json -in-process-plugin-server-path /usr/lib/swift/host/libSwiftInProcPluginServer.so -plugin-path /usr/lib/swift/host/plugins -plugin-path /usr/local/lib/swift/host/plugins -parse-as-library -o /host/spi-builder-workspace/.build/out/Intermediates.noindex/DataStack.build/Debug-webassembly-wasm32/DataStack-t.build/Objects-normal/wasm32/CDManagedObjectProtocol.o -index-unit-output-path /DataStack.build/Debug-webassembly-wasm32/DataStack-t.build/Objects-normal/wasm32/CDManagedObjectProtocol.o -index-store-path /host/spi-builder-workspace/.build/out -index-system-modules
error: SwiftCompile normal wasm32 /host/spi-builder-workspace/Sources/DataStack/Implementation/Extensions.swift failed with a nonzero exit code. Command line:     cd /host
    builtin-SwiftPerFileCompile Extensions.swift
/host/spi-builder-workspace/Sources/DataStack/Implementation/CDConfigurationProtocol.swift:9:8: error: no such module 'CoreData'
 7 |
 8 | import Foundation
 9 | import CoreData
   |        `- error: no such module 'CoreData'
10 | import SwiftFake
11 |
Failed frontend command:
/usr/bin/swift-frontend -frontend -c /host/spi-builder-workspace/Sources/DataStack/Implementation/CDConfigurationProtocol.swift /host/spi-builder-workspace/Sources/DataStack/Implementation/CDError.swift /host/spi-builder-workspace/Sources/DataStack/Implementation/CDErrorConvert.swift /host/spi-builder-workspace/Sources/DataStack/Implementation/CDFactory.swift /host/spi-builder-workspace/Sources/DataStack/Implementation/CDPersistenceController.swift /host/spi-builder-workspace/Sources/DataStack/Implementation/CDPersistentStore.swift -primary-file /host/spi-builder-workspace/Sources/DataStack/Implementation/Extensions.swift /host/spi-builder-workspace/Sources/DataStack/Protocol/CDManagedGroupObjectProtocol.swift /host/spi-builder-workspace/Sources/DataStack/Protocol/CDManagedObjectProtocol.swift -emit-dependencies-path /host/spi-builder-workspace/.build/out/Intermediates.noindex/DataStack.build/Debug-webassembly-wasm32/DataStack-t.build/Objects-normal/wasm32/Extensions.d -emit-const-values-path /host/spi-builder-workspace/.build/out/Intermediates.noindex/DataStack.build/Debug-webassembly-wasm32/DataStack-t.build/Objects-normal/wasm32/Extensions.swiftconstvalues -emit-reference-dependencies-path /host/spi-builder-workspace/.build/out/Intermediates.noindex/DataStack.build/Debug-webassembly-wasm32/DataStack-t.build/Objects-normal/wasm32/Extensions.swiftdeps -serialize-diagnostics-path /host/spi-builder-workspace/.build/out/Intermediates.noindex/DataStack.build/Debug-webassembly-wasm32/DataStack-t.build/Objects-normal/wasm32/Extensions.dia -target wasm32-unknown-wasip1 -disable-objc-interop -sdk /root/.swiftpm/swift-sdks/swift-6.4.x-DEVELOPMENT-SNAPSHOT-2026-09-04-a_wasm.artifactbundle/swift-6.4.x-DEVELOPMENT-SNAPSHOT-2026-09-04-a_wasm/wasm32-unknown-wasip1/WASI.sdk -sysroot /root/.swiftpm/swift-sdks/swift-6.4.x-DEVELOPMENT-SNAPSHOT-2026-09-04-a_wasm.artifactbundle/swift-6.4.x-DEVELOPMENT-SNAPSHOT-2026-09-04-a_wasm/wasm32-unknown-wasip1/WASI.sdk -I /host/spi-builder-workspace/.build/out/Products/Debug-webassembly-wasm32 -module-cache-path /host/spi-builder-workspace/.build/out/ModuleCache.noindex -color-diagnostics -Xcc -fcolor-diagnostics -enable-testing -g -debug-info-format\=dwarf -dwarf-version\=4 -swift-version 6 -Onone -D SWIFT_PACKAGE -D DEBUG -D SWIFT_MODULE_RESOURCE_BUNDLE_UNAVAILABLE -D Xcode -serialize-debugging-options -enable-experimental-feature DebugDescriptionMacro -empty-abi-descriptor -external-plugin-path /usr/lib/swift/host/plugins/testing\#/usr/bin/swift-plugin-server -validate-clang-modules-once -clang-build-session-file /host/spi-builder-workspace/.build/out/ModuleCache.noindex/Session.modulevalidation -Xcc -working-directory -Xcc /host -resource-dir /root/.swiftpm/swift-sdks/swift-6.4.x-DEVELOPMENT-SNAPSHOT-2026-09-04-a_wasm.artifactbundle/swift-6.4.x-DEVELOPMENT-SNAPSHOT-2026-09-04-a_wasm/wasm32-unknown-wasip1/swift.xctoolchain/usr/lib/swift_static -use-static-resource-dir -enable-anonymous-context-mangled-names -file-compilation-dir /host -Xcc -resource-dir -Xcc /root/.swiftpm/swift-sdks/swift-6.4.x-DEVELOPMENT-SNAPSHOT-2026-09-04-a_wasm.artifactbundle/swift-6.4.x-DEVELOPMENT-SNAPSHOT-2026-09-04-a_wasm/wasm32-unknown-wasip1/swift.xctoolchain/usr/lib/swift_static/clang -Xcc -D_LIBCPP_HARDENING_MODE\=_LIBCPP_HARDENING_MODE_DEBUG -Xcc -fmodules-prune-interval\=86400 -Xcc -fmodules-prune-after\=345600 -Xcc -I/host/spi-builder-workspace/.build/out/Products/Debug-webassembly-wasm32/include -Xcc -I/host/spi-builder-workspace/.build/out/Intermediates.noindex/DataStack.build/Debug-webassembly-wasm32/DataStack-t.build/DerivedSources-normal/wasm32 -Xcc -I/host/spi-builder-workspace/.build/out/Intermediates.noindex/DataStack.build/Debug-webassembly-wasm32/DataStack-t.build/DerivedSources/wasm32 -Xcc -I/host/spi-builder-workspace/.build/out/Intermediates.noindex/DataStack.build/Debug-webassembly-wasm32/DataStack-t.build/DerivedSources -Xcc -DSWIFT_PACKAGE -Xcc -DDEBUG\=1 -no-auto-bridging-header-chaining -module-name DataStack -package-name spi_builder_workspace -const-gather-protocols-file /host/spi-builder-workspace/.build/out/Intermediates.noindex/DataStack.build/Debug-webassembly-wasm32/DataStack-t.build/Objects-normal/wasm32/DataStack_const_extract_protocols.json -in-process-plugin-server-path /usr/lib/swift/host/libSwiftInProcPluginServer.so -plugin-path /usr/lib/swift/host/plugins -plugin-path /usr/local/lib/swift/host/plugins -parse-as-library -o /host/spi-builder-workspace/.build/out/Intermediates.noindex/DataStack.build/Debug-webassembly-wasm32/DataStack-t.build/Objects-normal/wasm32/Extensions.o -index-unit-output-path /DataStack.build/Debug-webassembly-wasm32/DataStack-t.build/Objects-normal/wasm32/Extensions.o -index-store-path /host/spi-builder-workspace/.build/out -index-system-modules
error: SwiftCompile normal wasm32 /host/spi-builder-workspace/Sources/DataStack/Implementation/CDPersistenceController.swift failed with a nonzero exit code. Command line:     cd /host
    builtin-SwiftPerFileCompile CDPersistenceController.swift
/host/spi-builder-workspace/Sources/DataStack/Implementation/CDConfigurationProtocol.swift:9:8: error: no such module 'CoreData'
 7 |
 8 | import Foundation
 9 | import CoreData
   |        `- error: no such module 'CoreData'
10 | import SwiftFake
11 |
Failed frontend command:
/usr/bin/swift-frontend -frontend -c /host/spi-builder-workspace/Sources/DataStack/Implementation/CDConfigurationProtocol.swift /host/spi-builder-workspace/Sources/DataStack/Implementation/CDError.swift /host/spi-builder-workspace/Sources/DataStack/Implementation/CDErrorConvert.swift /host/spi-builder-workspace/Sources/DataStack/Implementation/CDFactory.swift -primary-file /host/spi-builder-workspace/Sources/DataStack/Implementation/CDPersistenceController.swift /host/spi-builder-workspace/Sources/DataStack/Implementation/CDPersistentStore.swift /host/spi-builder-workspace/Sources/DataStack/Implementation/Extensions.swift /host/spi-builder-workspace/Sources/DataStack/Protocol/CDManagedGroupObjectProtocol.swift /host/spi-builder-workspace/Sources/DataStack/Protocol/CDManagedObjectProtocol.swift -emit-dependencies-path /host/spi-builder-workspace/.build/out/Intermediates.noindex/DataStack.build/Debug-webassembly-wasm32/DataStack-t.build/Objects-normal/wasm32/CDPersistenceController.d -emit-const-values-path /host/spi-builder-workspace/.build/out/Intermediates.noindex/DataStack.build/Debug-webassembly-wasm32/DataStack-t.build/Objects-normal/wasm32/CDPersistenceController.swiftconstvalues -emit-reference-dependencies-path /host/spi-builder-workspace/.build/out/Intermediates.noindex/DataStack.build/Debug-webassembly-wasm32/DataStack-t.build/Objects-normal/wasm32/CDPersistenceController.swiftdeps -serialize-diagnostics-path /host/spi-builder-workspace/.build/out/Intermediates.noindex/DataStack.build/Debug-webassembly-wasm32/DataStack-t.build/Objects-normal/wasm32/CDPersistenceController.dia -target wasm32-unknown-wasip1 -disable-objc-interop -sdk /root/.swiftpm/swift-sdks/swift-6.4.x-DEVELOPMENT-SNAPSHOT-2026-09-04-a_wasm.artifactbundle/swift-6.4.x-DEVELOPMENT-SNAPSHOT-2026-09-04-a_wasm/wasm32-unknown-wasip1/WASI.sdk -sysroot /root/.swiftpm/swift-sdks/swift-6.4.x-DEVELOPMENT-SNAPSHOT-2026-09-04-a_wasm.artifactbundle/swift-6.4.x-DEVELOPMENT-SNAPSHOT-2026-09-04-a_wasm/wasm32-unknown-wasip1/WASI.sdk -I /host/spi-builder-workspace/.build/out/Products/Debug-webassembly-wasm32 -module-cache-path /host/spi-builder-workspace/.build/out/ModuleCache.noindex -color-diagnostics -Xcc -fcolor-diagnostics -enable-testing -g -debug-info-format\=dwarf -dwarf-version\=4 -swift-version 6 -Onone -D SWIFT_PACKAGE -D DEBUG -D SWIFT_MODULE_RESOURCE_BUNDLE_UNAVAILABLE -D Xcode -serialize-debugging-options -enable-experimental-feature DebugDescriptionMacro -empty-abi-descriptor -external-plugin-path /usr/lib/swift/host/plugins/testing\#/usr/bin/swift-plugin-server -validate-clang-modules-once -clang-build-session-file /host/spi-builder-workspace/.build/out/ModuleCache.noindex/Session.modulevalidation -Xcc -working-directory -Xcc /host -resource-dir /root/.swiftpm/swift-sdks/swift-6.4.x-DEVELOPMENT-SNAPSHOT-2026-09-04-a_wasm.artifactbundle/swift-6.4.x-DEVELOPMENT-SNAPSHOT-2026-09-04-a_wasm/wasm32-unknown-wasip1/swift.xctoolchain/usr/lib/swift_static -use-static-resource-dir -enable-anonymous-context-mangled-names -file-compilation-dir /host -Xcc -resource-dir -Xcc /root/.swiftpm/swift-sdks/swift-6.4.x-DEVELOPMENT-SNAPSHOT-2026-09-04-a_wasm.artifactbundle/swift-6.4.x-DEVELOPMENT-SNAPSHOT-2026-09-04-a_wasm/wasm32-unknown-wasip1/swift.xctoolchain/usr/lib/swift_static/clang -Xcc -D_LIBCPP_HARDENING_MODE\=_LIBCPP_HARDENING_MODE_DEBUG -Xcc -fmodules-prune-interval\=86400 -Xcc -fmodules-prune-after\=345600 -Xcc -I/host/spi-builder-workspace/.build/out/Products/Debug-webassembly-wasm32/include -Xcc -I/host/spi-builder-workspace/.build/out/Intermediates.noindex/DataStack.build/Debug-webassembly-wasm32/DataStack-t.build/DerivedSources-normal/wasm32 -Xcc -I/host/spi-builder-workspace/.build/out/Intermediates.noindex/DataStack.build/Debug-webassembly-wasm32/DataStack-t.build/DerivedSources/wasm32 -Xcc -I/host/spi-builder-workspace/.build/out/Intermediates.noindex/DataStack.build/Debug-webassembly-wasm32/DataStack-t.build/DerivedSources -Xcc -DSWIFT_PACKAGE -Xcc -DDEBUG\=1 -no-auto-bridging-header-chaining -module-name DataStack -package-name spi_builder_workspace -const-gather-protocols-file /host/spi-builder-workspace/.build/out/Intermediates.noindex/DataStack.build/Debug-webassembly-wasm32/DataStack-t.build/Objects-normal/wasm32/DataStack_const_extract_protocols.json -in-process-plugin-server-path /usr/lib/swift/host/libSwiftInProcPluginServer.so -plugin-path /usr/lib/swift/host/plugins -plugin-path /usr/local/lib/swift/host/plugins -parse-as-library -o /host/spi-builder-workspace/.build/out/Intermediates.noindex/DataStack.build/Debug-webassembly-wasm32/DataStack-t.build/Objects-normal/wasm32/CDPersistenceController.o -index-unit-output-path /DataStack.build/Debug-webassembly-wasm32/DataStack-t.build/Objects-normal/wasm32/CDPersistenceController.o -index-store-path /host/spi-builder-workspace/.build/out -index-system-modules
error: Build failed
BUILD FAILURE 6.4 wasm