The Swift Package Index logo.Swift Package Index

Build Information

Failed to build RouteComposer, reference 2.22.3 (773057), with Swift 6.2 for watchOS using Xcode 26.3 on 29 Sep 2026 00:06:14 UTC.

Build Command

No build command. This typically means the build failed at an early stage where we determine the build command.

Build Log

========================================
RunAll
========================================
Builder version: 5.1.0
Interrupt handler set up.
========================================
Checkout
========================================
Clone URL: https://github.com/ekazaev/route-composer.git
Reference: 2.22.3
Initialized empty Git repository in /Users/admin/builder/spi-builder-workspace/.git/
From https://github.com/ekazaev/route-composer
 * tag               2.22.3     -> FETCH_HEAD
HEAD is now at 7730579 Updated readme and documentation
Cloned https://github.com/ekazaev/route-composer.git
Revision (git rev-parse @):
77305795f3223184cef2a1ef90ad66b36cf46d47
SUCCESS checkout https://github.com/ekazaev/route-composer.git at 2.22.3
========================================
Build
========================================
Selected platform:         watchOS
Swift version:             6.2
Building package at path:  $PWD
https://github.com/ekazaev/route-composer.git
Command line invocation:
    /Applications/Xcode-26.3.0.app/Contents/Developer/usr/bin/xcodebuild -IDEClonedSourcePackagesDirPathOverride=/Users/admin/builder/spi-builder-workspace/.dependencies -resolvePackageDependencies
2026-09-28 20:06:13.522 xcodebuild[572:3139] Writing error result bundle to /var/folders/xq/y_g06wb113726d38xsyx71_h0000gn/T/ResultBundle_2026-28-09_20-06-0013.xcresult
xcodebuild: error: The directory /Users/admin/builder/spi-builder-workspace contains 2 projects, including multiple projects with the current extension (.xcodeproj). Specify the project to use with the -project option.
Command line invocation:
    /Applications/Xcode-26.3.0.app/Contents/Developer/usr/bin/xcodebuild -IDEClonedSourcePackagesDirPathOverride=/Users/admin/builder/spi-builder-workspace/.dependencies -resolvePackageDependencies
2026-09-28 20:06:14.830 xcodebuild[595:3368] Writing error result bundle to /var/folders/xq/y_g06wb113726d38xsyx71_h0000gn/T/ResultBundle_2026-28-09_20-06-0014.xcresult
xcodebuild: error: The directory /Users/admin/builder/spi-builder-workspace contains 2 projects, including multiple projects with the current extension (.xcodeproj). Specify the project to use with the -project option.
BUILD FAILURE 6.2 watchOS