The Swift Package Index logo.Swift Package Index

Build Information

Failed to build swift-html, reference main (38f480), with Swift 6.3 for watchOS using Xcode 26.4 on 18 Oct 2026 11:34:23 UTC.

Build Command

No build command. This typically means the build failed at an early stage where we determine the build command.

Build Log

========================================
RunAll
========================================
Builder version: 5.1.3
Interrupt handler set up.
========================================
Checkout
========================================
Clone URL: https://github.com/1amageek/swift-html.git
Reference: main
Initialized empty Git repository in /Users/admin/builder/spi-builder-workspace/.git/
From https://github.com/1amageek/swift-html
 * branch            main       -> FETCH_HEAD
 * [new branch]      main       -> origin/main
HEAD is now at 38f4808 Preserve scoped mutation timing through hydration updates
Cloned https://github.com/1amageek/swift-html.git
Revision (git rev-parse @):
38f48081e126dae1c75e8076ea685af4d7ea481e
SUCCESS checkout https://github.com/1amageek/swift-html.git at main
========================================
Build
========================================
Selected platform:         watchOS
Swift version:             6.3
Building package at path:  $PWD
https://github.com/1amageek/swift-html.git
Command line invocation:
    /Applications/Xcode-26.5.0.app/Contents/Developer/usr/bin/xcodebuild -IDEClonedSourcePackagesDirPathOverride=/Users/admin/builder/spi-builder-workspace/.dependencies -resolvePackageDependencies
Resolve Package Graph
package 'spi-builder-workspace' is using Swift tools version 6.4.0 but the installed version is 6.3.2
Resolved source packages:
  spi-builder-workspace: (null)
2026-10-18 07:34:22.501 xcodebuild[536:3078] Writing error result bundle to /var/folders/xq/y_g06wb113726d38xsyx71_h0000gn/T/ResultBundle_2026-18-10_07-34-0022.xcresult
xcodebuild: error: Could not resolve package dependencies:
  package 'spi-builder-workspace' is using Swift tools version 6.4.0 but the installed version is 6.3.2
Command line invocation:
    /Applications/Xcode-26.5.0.app/Contents/Developer/usr/bin/xcodebuild -IDEClonedSourcePackagesDirPathOverride=/Users/admin/builder/spi-builder-workspace/.dependencies -resolvePackageDependencies
Resolve Package Graph
package 'spi-builder-workspace' is using Swift tools version 6.4.0 but the installed version is 6.3.2
Resolved source packages:
  spi-builder-workspace: (null)
2026-10-18 07:34:23.909 xcodebuild[606:3591] Writing error result bundle to /var/folders/xq/y_g06wb113726d38xsyx71_h0000gn/T/ResultBundle_2026-18-10_07-34-0023.xcresult
xcodebuild: error: Could not resolve package dependencies:
  package 'spi-builder-workspace' is using Swift tools version 6.4.0 but the installed version is 6.3.2
BUILD FAILURE 6.3 watchOS