Build Information
Failed to build vigil, reference main (945cbe), with Swift 6.4 for visionOS using Xcode 27.0 on 25 Sep 2026 09:18:20 UTC.
Build Command
env DEVELOPER_DIR=/Applications/Xcode-27.0.0-Release.Candidate.app xcrun xcodebuild -IDEClonedSourcePackagesDirPathOverride=$PWD/.dependencies -skipMacroValidation -skipPackagePluginValidation -derivedDataPath $PWD/.derivedData build -scheme vigil -destination generic/platform=xrOSBuild Log
========================================
RunAll
========================================
Builder version: 5.1.0
Interrupt handler set up.
========================================
Checkout
========================================
Clone URL: https://github.com/compnerd/vigil.git
Reference: main
Initialized empty Git repository in /Users/admin/builder/spi-builder-workspace/.git/
From https://github.com/compnerd/vigil
* branch main -> FETCH_HEAD
* [new branch] main -> origin/main
HEAD is now at 945cbe0 GHA: bump to Swift 6.3.1
Cloned https://github.com/compnerd/vigil.git
Revision (git rev-parse @):
945cbe09be27d333498d96fe807eab4caad4b952
SUCCESS checkout https://github.com/compnerd/vigil.git at main
========================================
Build
========================================
Selected platform: visionOS
Swift version: 6.4
Building package at path: $PWD
https://github.com/compnerd/vigil.git
Command line invocation:
/Applications/Xcode-27.0.0-Release.Candidate.app/Contents/Developer/usr/bin/xcodebuild -IDEClonedSourcePackagesDirPathOverride=/Users/admin/builder/spi-builder-workspace/.dependencies -resolvePackageDependencies
Resolve Package Graph
Fetching from https://github.com/compnerd/swift-platform-core
Fetching from https://github.com/apple/swift-argument-parser
Creating working copy of package ‘swift-argument-parser’
Checking out 1.8.2 of package ‘swift-argument-parser’
Creating working copy of package ‘swift-platform-core’
Checking out main (b9eb8dd) of package ‘swift-platform-core’
Resolve Package Graph
Resolved source packages:
swift-platform-core: https://github.com/compnerd/swift-platform-core @ main (b9eb8dd)
vigil: /Users/admin/builder/spi-builder-workspace
swift-argument-parser: https://github.com/apple/swift-argument-parser @ 1.8.2
resolved source packages: swift-platform-core, vigil, swift-argument-parser
2026-09-25 05:17:31.080 xcodebuild[524:3009] [MT] IDERunDestination: Supported platforms for the buildables in the current scheme is empty.
{
"dependencies" : [
{
"identity" : "swift-platform-core",
"requirement" : {
"branch" : [
"main"
]
},
"type" : "sourceControl",
"url" : "https://github.com/compnerd/swift-platform-core"
},
{
"identity" : "swift-argument-parser",
"requirement" : {
"range" : [
{
"lower_bound" : "1.6.0",
"upper_bound" : "2.0.0"
}
]
},
"type" : "sourceControl",
"url" : "https://github.com/apple/swift-argument-parser"
}
],
"manifest_display_name" : "vigil",
"name" : "vigil",
"path" : "/Users/admin/builder/spi-builder-workspace",
"platforms" : [
],
"products" : [
{
"name" : "vigil",
"targets" : [
"vigil"
],
"type" : {
"executable" : null
}
}
],
"targets" : [
{
"c99name" : "vigil",
"module_type" : "SwiftTarget",
"name" : "vigil",
"path" : "Sources/vigil",
"product_dependencies" : [
"ArgumentParser",
"WindowsCore"
],
"product_memberships" : [
"vigil"
],
"sources" : [
"Duration+Extensions.swift",
"PowerManager.swift",
"ProcessManagement.swift",
"Signalling.swift",
"String+Extensions.swift",
"WindowsCommandLine.swift",
"vigil.swift"
],
"target_dependencies" : [
"PackageVersion"
],
"type" : "executable"
},
{
"c99name" : "PackageVersion",
"module_type" : "PluginTarget",
"name" : "PackageVersion",
"path" : "Plugins/PackageVersion",
"plugin_capability" : {
"type" : "buildTool"
},
"product_memberships" : [
"vigil"
],
"sources" : [
"PackageVersion.swift"
],
"type" : "plugin"
}
],
"tools_version" : "6.3"
}
{
"workspace" : {
"name" : "vigil",
"schemes" : [
"vigil"
]
}
}
2026-09-25 05:18:05.319 xcodebuild[712:4222] [MT] IDERunDestination: Supported platforms for the buildables in the current scheme is empty.
Running build ...
env DEVELOPER_DIR=/Applications/Xcode-27.0.0-Release.Candidate.app xcrun xcodebuild -IDEClonedSourcePackagesDirPathOverride=$PWD/.dependencies -skipMacroValidation -skipPackagePluginValidation -derivedDataPath $PWD/.derivedData build -scheme vigil -destination generic/platform=xrOS
Command line invocation:
/Applications/Xcode-27.0.0-Release.Candidate.app/Contents/Developer/usr/bin/xcodebuild -IDEClonedSourcePackagesDirPathOverride=/Users/admin/builder/spi-builder-workspace/.dependencies -skipMacroValidation -skipPackagePluginValidation -derivedDataPath /Users/admin/builder/spi-builder-workspace/.derivedData build -scheme vigil -destination generic/platform=xrOS
Resolve Package Graph
Resolve Package Graph
Resolved source packages:
swift-argument-parser: https://github.com/apple/swift-argument-parser @ 1.8.2
vigil: /Users/admin/builder/spi-builder-workspace
swift-platform-core: https://github.com/compnerd/swift-platform-core @ main (b9eb8dd)
ComputePackagePrebuildTargetDependencyGraph
Prepare packages
Compile plug-in “PackageVersion” in package “spi-builder-workspace”
[debug]: Compiling plugin to executable at /Users/admin/builder/spi-builder-workspace/.derivedData/Build/Products/PluginExecutables/PackageVersion
[debug]: Using compiler /Applications/Xcode-27.0.0-Release.Candidate.app/Contents/Developer/Toolchains/XcodeDefault.xctoolchain/usr/bin/swiftc
[debug]: Plugin compilation output directory '/Users/admin/builder/spi-builder-workspace/.derivedData/Build/Products/PluginExecutables'
[debug]: Computed hash of plugin compilation inputs: 873bb50db8424c18f705f8f498497e34c9d504a703cdc97068bbf70f4c8acc5b
error: emit-module command failed with exit code 1 (use -v to see invocation)
/Users/admin/builder/spi-builder-workspace/Plugins/PackageVersion/PackageVersion.swift:6:8: error: no such module 'WinSDK'
4 | import PackagePlugin
5 | import Foundation
6 | import WinSDK
| `- error: no such module 'WinSDK'
7 |
8 | internal struct PluginError: Error {
/Users/admin/builder/spi-builder-workspace/Plugins/PackageVersion/PackageVersion.swift:6:8: error: no such module 'WinSDK'
4 | import PackagePlugin
5 | import Foundation
6 | import WinSDK
| `- error: no such module 'WinSDK'
7 |
8 | internal struct PluginError: Error {
2026-09-25 05:18:09.134 xcodebuild[723:4339] [MT] IDERunDestination: Supported platforms for the buildables in the current scheme is empty.
** BUILD FAILED **
The following build commands failed:
Compile plug-in “PackageVersion” in package “spi-builder-workspace”
eyJibHVlcHJpbnRQcm92aWRlcl9wcm92aWRlckZpbGVQYXRoU3RyaW5nIjoiXC9Vc2Vyc1wvYWRtaW5cL2J1aWxkZXJcL3NwaS1idWlsZGVyLXdvcmtzcGFjZSIsInR5cGUiOnsiYmx1ZXByaW50UHJvdmlkZXIiOnt9fX0=
Building workspace vigil with scheme vigil
(3 failures)
Command line invocation:
/Applications/Xcode-27.0.0-Release.Candidate.app/Contents/Developer/usr/bin/xcodebuild -IDEClonedSourcePackagesDirPathOverride=/Users/admin/builder/spi-builder-workspace/.dependencies -resolvePackageDependencies
Resolve Package Graph
Resolved source packages:
swift-argument-parser: https://github.com/apple/swift-argument-parser @ 1.8.2
vigil: /Users/admin/builder/spi-builder-workspace
swift-platform-core: https://github.com/compnerd/swift-platform-core @ main (b9eb8dd)
resolved source packages: swift-argument-parser, vigil, swift-platform-core
2026-09-25 05:18:15.093 xcodebuild[790:4870] [MT] IDERunDestination: Supported platforms for the buildables in the current scheme is empty.
{
"dependencies" : [
{
"identity" : "swift-platform-core",
"requirement" : {
"branch" : [
"main"
]
},
"type" : "sourceControl",
"url" : "https://github.com/compnerd/swift-platform-core"
},
{
"identity" : "swift-argument-parser",
"requirement" : {
"range" : [
{
"lower_bound" : "1.6.0",
"upper_bound" : "2.0.0"
}
]
},
"type" : "sourceControl",
"url" : "https://github.com/apple/swift-argument-parser"
}
],
"manifest_display_name" : "vigil",
"name" : "vigil",
"path" : "/Users/admin/builder/spi-builder-workspace",
"platforms" : [
],
"products" : [
{
"name" : "vigil",
"targets" : [
"vigil"
],
"type" : {
"executable" : null
}
}
],
"targets" : [
{
"c99name" : "vigil",
"module_type" : "SwiftTarget",
"name" : "vigil",
"path" : "Sources/vigil",
"product_dependencies" : [
"ArgumentParser",
"WindowsCore"
],
"product_memberships" : [
"vigil"
],
"sources" : [
"Duration+Extensions.swift",
"PowerManager.swift",
"ProcessManagement.swift",
"Signalling.swift",
"String+Extensions.swift",
"WindowsCommandLine.swift",
"vigil.swift"
],
"target_dependencies" : [
"PackageVersion"
],
"type" : "executable"
},
{
"c99name" : "PackageVersion",
"module_type" : "PluginTarget",
"name" : "PackageVersion",
"path" : "Plugins/PackageVersion",
"plugin_capability" : {
"type" : "buildTool"
},
"product_memberships" : [
"vigil"
],
"sources" : [
"PackageVersion.swift"
],
"type" : "plugin"
}
],
"tools_version" : "6.3"
}
{
"workspace" : {
"name" : "vigil",
"schemes" : [
"vigil"
]
}
}
2026-09-25 05:18:17.417 xcodebuild[807:4997] [MT] IDERunDestination: Supported platforms for the buildables in the current scheme is empty.
Running build ...
env DEVELOPER_DIR=/Applications/Xcode-27.0.0-Release.Candidate.app xcrun xcodebuild -IDEClonedSourcePackagesDirPathOverride=$PWD/.dependencies -skipMacroValidation -skipPackagePluginValidation -derivedDataPath $PWD/.derivedData build -scheme vigil -destination generic/platform=xrOS
Command line invocation:
/Applications/Xcode-27.0.0-Release.Candidate.app/Contents/Developer/usr/bin/xcodebuild -IDEClonedSourcePackagesDirPathOverride=/Users/admin/builder/spi-builder-workspace/.dependencies -skipMacroValidation -skipPackagePluginValidation -derivedDataPath /Users/admin/builder/spi-builder-workspace/.derivedData build -scheme vigil -destination generic/platform=xrOS
Resolve Package Graph
Resolved source packages:
swift-platform-core: https://github.com/compnerd/swift-platform-core @ main (b9eb8dd)
vigil: /Users/admin/builder/spi-builder-workspace
swift-argument-parser: https://github.com/apple/swift-argument-parser @ 1.8.2
ComputePackagePrebuildTargetDependencyGraph
Prepare packages
Compile plug-in “PackageVersion” in package “spi-builder-workspace”
[debug]: Compiling plugin to executable at /Users/admin/builder/spi-builder-workspace/.derivedData/Build/Products/PluginExecutables/PackageVersion
[debug]: Using compiler /Applications/Xcode-27.0.0-Release.Candidate.app/Contents/Developer/Toolchains/XcodeDefault.xctoolchain/usr/bin/swiftc
[debug]: Plugin compilation output directory '/Users/admin/builder/spi-builder-workspace/.derivedData/Build/Products/PluginExecutables'
[debug]: Computed hash of plugin compilation inputs: 873bb50db8424c18f705f8f498497e34c9d504a703cdc97068bbf70f4c8acc5b
error: emit-module command failed with exit code 1 (use -v to see invocation)
/Users/admin/builder/spi-builder-workspace/Plugins/PackageVersion/PackageVersion.swift:6:8: error: no such module 'WinSDK'
4 | import PackagePlugin
5 | import Foundation
6 | import WinSDK
| `- error: no such module 'WinSDK'
7 |
8 | internal struct PluginError: Error {
/Users/admin/builder/spi-builder-workspace/Plugins/PackageVersion/PackageVersion.swift:6:8: error: no such module 'WinSDK'
4 | import PackagePlugin
5 | import Foundation
6 | import WinSDK
| `- error: no such module 'WinSDK'
7 |
8 | internal struct PluginError: Error {
2026-09-25 05:18:19.423 xcodebuild[817:5078] [MT] IDERunDestination: Supported platforms for the buildables in the current scheme is empty.
** BUILD FAILED **
The following build commands failed:
Compile plug-in “PackageVersion” in package “spi-builder-workspace”
eyJibHVlcHJpbnRQcm92aWRlcl9wcm92aWRlckZpbGVQYXRoU3RyaW5nIjoiXC9Vc2Vyc1wvYWRtaW5cL2J1aWxkZXJcL3NwaS1idWlsZGVyLXdvcmtzcGFjZSIsInR5cGUiOnsiYmx1ZXByaW50UHJvdmlkZXIiOnt9fX0=
Building workspace vigil with scheme vigil
(3 failures)
BUILD FAILURE 6.4 visionOS