The Swift Package Index logo.Swift Package Index

Build Information

Failed to build YCoreUI, reference main (38f2a2), with Swift 6.4 for visionOS using Xcode 27.0 on 19 Sep 2026 18:02:04 UTC.

Build Command

env DEVELOPER_DIR=/Applications/Xcode-27.0.0-Release.Candidate.app xcrun xcodebuild -IDEClonedSourcePackagesDirPathOverride=$PWD/.dependencies -skipMacroValidation -skipPackagePluginValidation -derivedDataPath $PWD/.derivedData build -scheme YCoreUI -destination generic/platform=xrOS

Build Log

========================================
RunAll
========================================
Builder version: 5.1.0
Interrupt handler set up.
========================================
Checkout
========================================
Clone URL: https://github.com/codeandtheory/YCoreUI.git
Reference: main
Initialized empty Git repository in /Users/admin/builder/spi-builder-workspace/.git/
From https://github.com/codeandtheory/YCoreUI
 * branch            main       -> FETCH_HEAD
 * [new branch]      main       -> origin/main
HEAD is now at 38f2a28 [ISSUE] Add logger to colorable on fallBack (#62)
Cloned https://github.com/codeandtheory/YCoreUI.git
Revision (git rev-parse @):
38f2a285e43c044c2693a5a21e958b4b78c81492
SPI manifest file found: $PWD/.spi.yml
SUCCESS checkout https://github.com/codeandtheory/YCoreUI.git at main
========================================
Build
========================================
Selected platform:         visionOS
Swift version:             6.4
Building package at path:  $PWD
https://github.com/codeandtheory/YCoreUI.git
Command line invocation:
    /Applications/Xcode-27.0.0-Release.Candidate.app/Contents/Developer/usr/bin/xcodebuild -IDEClonedSourcePackagesDirPathOverride=/Users/admin/builder/spi-builder-workspace/.dependencies -resolvePackageDependencies
Resolve Package Graph
Resolve Package Graph
Resolved source packages:
  YCoreUI: /Users/admin/builder/spi-builder-workspace
resolved source packages: YCoreUI
2026-09-19 14:01:03.305 xcodebuild[528:3032] [MT] IDERunDestination: Supported platforms for the buildables in the current scheme is empty.
2026-09-19 14:01:03.469 xcodebuild[528:3032] [MT] IDERunDestination: Supported platforms for the buildables in the current scheme is empty.
2026-09-19 14:01:05.181 xcodebuild[528:3032] [MT] IDERunDestination: Supported platforms for the buildables in the current scheme is empty.
{
  "default_localization" : "en",
  "dependencies" : [
  ],
  "manifest_display_name" : "YCoreUI",
  "name" : "YCoreUI",
  "path" : "/Users/admin/builder/spi-builder-workspace",
  "platforms" : [
    {
      "name" : "ios",
      "version" : "14.0"
    },
    {
      "name" : "tvos",
      "version" : "14.0"
    }
  ],
  "products" : [
    {
      "name" : "YCoreUI",
      "targets" : [
        "YCoreUI"
      ],
      "type" : {
        "library" : [
          "automatic"
        ]
      }
    }
  ],
  "targets" : [
    {
      "c99name" : "YCoreUITests",
      "module_type" : "SwiftTarget",
      "name" : "YCoreUITests",
      "path" : "Tests/YCoreUITests",
      "resources" : [
        {
          "path" : "/Users/admin/builder/spi-builder-workspace/Tests/YCoreUITests/Assets/Colors.xcassets",
          "rule" : {
            "process" : {
            }
          }
        },
        {
          "path" : "/Users/admin/builder/spi-builder-workspace/Tests/YCoreUITests/Assets/Images.xcassets",
          "rule" : {
            "process" : {
            }
          }
        },
        {
          "path" : "/Users/admin/builder/spi-builder-workspace/Tests/YCoreUITests/Assets/Strings/en.lproj/Localizable.strings",
          "rule" : {
            "process" : {
              "localization" : "en"
            }
          }
        },
        {
          "path" : "/Users/admin/builder/spi-builder-workspace/Tests/YCoreUITests/Assets/Strings/en.lproj/Settings.strings",
          "rule" : {
            "process" : {
              "localization" : "en"
            }
          }
        }
      ],
      "sources" : [
        "Components/FormViewControllerTests.swift",
        "Extensions/Foundation/CGFloat+roundedTests.swift",
        "Extensions/Foundation/CGSize+insetTests.swift",
        "Extensions/Foundation/String+LocalizedTests.swift",
        "Extensions/UIKit/NSDirectionalEdgeInsets+horizontalTests.swift",
        "Extensions/UIKit/NSDirectionalEdgeInsets+initTests.swift",
        "Extensions/UIKit/UIColor+WCAGTests.swift",
        "Extensions/UIKit/UIColor+blendedTests.swift",
        "Extensions/UIKit/UIColor+rgbComponentsTests.swift",
        "Extensions/UIKit/UIColor+rgbTests.swift",
        "Extensions/UIKit/UIColor+rgbValueTests.swift",
        "Extensions/UIKit/UIEdgeInsets+directionalTests.swift",
        "Extensions/UIKit/UIEdgeInsets+horizontalTests.swift",
        "Extensions/UIKit/UIEdgeInsets+initTests.swift",
        "Extensions/UIKit/UIScreen+scaleFactorTests.swift",
        "Extensions/UIKit/UIScrollView+keyboardNotificationsTests.swift",
        "Extensions/UIKit/UIView+AnimationTests.swift",
        "Extensions/UIKit/UIView+constrainAnchorTests.swift",
        "Extensions/UIKit/UIView+constrainAspectRatioTests.swift",
        "Extensions/UIKit/UIView+constrainBelowTests.swift",
        "Extensions/UIKit/UIView+constrainCenterTests.swift",
        "Extensions/UIKit/UIView+constrainEdgesTests.swift",
        "Extensions/UIKit/UIView+constrainEdgesToMarginsTests.swift",
        "Extensions/UIKit/UIView+constrainSizeTests.swift",
        "Extensions/UIKit/UIView+constrainTests.swift",
        "Foundations/AnimationTests.swift",
        "Foundations/ElevationTests.swift",
        "Foundations/UIColor+TestHarness.swift",
        "Helpers/XCTestCase+MemoryLeakTracking.swift",
        "Protocols/ColorableTests.swift",
        "Protocols/ImageAssetTests.swift",
        "Protocols/SystemImageTests.swift",
        "YCoreUI+LoggingTests.swift"
      ],
      "target_dependencies" : [
        "YCoreUI"
      ],
      "type" : "test"
    },
    {
      "c99name" : "YCoreUI",
      "module_type" : "SwiftTarget",
      "name" : "YCoreUI",
      "path" : "Sources/YCoreUI",
      "product_memberships" : [
        "YCoreUI"
      ],
      "sources" : [
        "Components/FormViewController.swift",
        "Extensions/Foundation/CGFloat+rounded.swift",
        "Extensions/Foundation/CGSize+inset.swift",
        "Extensions/Foundation/String+Localizable.swift",
        "Extensions/UIKit/NSDirectionalEdgeInsets+horizontal.swift",
        "Extensions/UIKit/NSDirectionalEdgeInsets+init.swift",
        "Extensions/UIKit/UIColor+WCAG.swift",
        "Extensions/UIKit/UIColor+blended.swift",
        "Extensions/UIKit/UIColor+rgb.swift",
        "Extensions/UIKit/UIColor+rgbComponents.swift",
        "Extensions/UIKit/UIColor+rgbValue.swift",
        "Extensions/UIKit/UIEdgeInsets+directional.swift",
        "Extensions/UIKit/UIEdgeInsets+horizontal.swift",
        "Extensions/UIKit/UIEdgeInsets+init.swift",
        "Extensions/UIKit/UIScreen+scaleFactor.swift",
        "Extensions/UIKit/UIScrollView+keyboardNotifications.swift",
        "Extensions/UIKit/UITraitCollection+colorSpaces.swift",
        "Extensions/UIKit/UIView+Animation.swift",
        "Extensions/UIKit/UIView+constrain.swift",
        "Extensions/UIKit/UIView+constrainAnchor.swift",
        "Extensions/UIKit/UIView+constrainAspectRatio.swift",
        "Extensions/UIKit/UIView+constrainBelow.swift",
        "Extensions/UIKit/UIView+constrainCenter.swift",
        "Extensions/UIKit/UIView+constrainEdges.swift",
        "Extensions/UIKit/UIView+constrainEdgesToMargins.swift",
        "Extensions/UIKit/UIView+constrainSize.swift",
        "Foundations/Animation.swift",
        "Foundations/Elevation.swift",
        "Protocols/Anchorable.swift",
        "Protocols/Colorable.swift",
        "Protocols/ImageAsset.swift",
        "Protocols/Localizable.swift",
        "Protocols/SystemImage.swift",
        "YCoreUI+Logging.swift"
      ],
      "type" : "library"
    }
  ],
  "tools_version" : "5.5"
}
{
  "workspace" : {
    "name" : "YCoreUI",
    "schemes" : [
      "YCoreUI"
    ]
  }
}
2026-09-19 14:01:50.226 xcodebuild[670:4289] [MT] IDERunDestination: Supported platforms for the buildables in the current scheme is empty.
2026-09-19 14:01:50.363 xcodebuild[670:4289] [MT] IDERunDestination: Supported platforms for the buildables in the current scheme is empty.
Running build ...
env DEVELOPER_DIR=/Applications/Xcode-27.0.0-Release.Candidate.app xcrun xcodebuild -IDEClonedSourcePackagesDirPathOverride=$PWD/.dependencies -skipMacroValidation -skipPackagePluginValidation -derivedDataPath $PWD/.derivedData build -scheme YCoreUI -destination generic/platform=xrOS
Command line invocation:
    /Applications/Xcode-27.0.0-Release.Candidate.app/Contents/Developer/usr/bin/xcodebuild -IDEClonedSourcePackagesDirPathOverride=/Users/admin/builder/spi-builder-workspace/.dependencies -skipMacroValidation -skipPackagePluginValidation -derivedDataPath /Users/admin/builder/spi-builder-workspace/.derivedData build -scheme YCoreUI -destination generic/platform=xrOS
Resolve Package Graph
Resolved source packages:
  YCoreUI: /Users/admin/builder/spi-builder-workspace
ComputePackagePrebuildTargetDependencyGraph
Prepare packages
CreateBuildRequest
SendProjectDescription
CreateBuildOperation
ComputeTargetDependencyGraph
note: Building targets in dependency order
note: Target dependency graph (4 targets)
    Target 'YCoreUITests-product' in project 'YCoreUI'
        ➜ Explicit dependency on target 'YCoreUI_YCoreUITests' in project 'YCoreUI'
        ➜ Explicit dependency on target 'YCoreUI' in project 'YCoreUI'
    Target 'YCoreUI-product' in project 'YCoreUI'
        ➜ Explicit dependency on target 'YCoreUI' in project 'YCoreUI'
    Target 'YCoreUI' in project 'YCoreUI' (no dependencies)
    Target 'YCoreUI_YCoreUITests' in project 'YCoreUI' (no dependencies)
GatherProvisioningInputs
CreateBuildDescription
ExecuteExternalTool /Applications/Xcode-27.0.0-Release.Candidate.app/Contents/Developer/usr/bin/actool --version --output-format xml1
ExecuteExternalTool /Applications/Xcode-27.0.0-Release.Candidate.app/Contents/Developer/Toolchains/XcodeDefault.xctoolchain/usr/bin/swiftc --version
ExecuteExternalTool /Applications/Xcode-27.0.0-Release.Candidate.app/Contents/Developer/Toolchains/XcodeDefault.xctoolchain/usr/bin/clang -v -E -dM -isysroot /Applications/Xcode-27.0.0-Release.Candidate.app/Contents/Developer/Platforms/XROS.platform/Developer/SDKs/XROS27.0.sdk -x c -c /dev/null
ExecuteExternalTool /Applications/Xcode-27.0.0-Release.Candidate.app/Contents/Developer/Toolchains/XcodeDefault.xctoolchain/usr/bin/ld -version_details
Build description signature: 0efec75dd5c86dff3319d15aa6b087e3
Build description path: /Users/admin/builder/spi-builder-workspace/.derivedData/Build/Intermediates.noindex/XCBuildData/0efec75dd5c86dff3319d15aa6b087e3.xcbuilddata
CreateBuildDirectory /Users/admin/builder/spi-builder-workspace/.derivedData/SDKExplicitPrecompiledModules
    cd /Users/admin/builder/spi-builder-workspace/.swiftpm/xcode
    builtin-create-build-directory /Users/admin/builder/spi-builder-workspace/.derivedData/SDKExplicitPrecompiledModules
CreateBuildDirectory /Users/admin/builder/spi-builder-workspace/.derivedData/ModuleCache.noindex
    cd /Users/admin/builder/spi-builder-workspace/.swiftpm/xcode
    builtin-create-build-directory /Users/admin/builder/spi-builder-workspace/.derivedData/ModuleCache.noindex
CreateBuildDirectory /Users/admin/builder/spi-builder-workspace/.derivedData/CompilationCache.noindex
    cd /Users/admin/builder/spi-builder-workspace/.swiftpm/xcode
    builtin-create-build-directory /Users/admin/builder/spi-builder-workspace/.derivedData/CompilationCache.noindex
ClangStatCache /Applications/Xcode-27.0.0-Release.Candidate.app/Contents/Developer/Toolchains/XcodeDefault.xctoolchain/usr/bin/clang-stat-cache /Applications/Xcode-27.0.0-Release.Candidate.app/Contents/Developer/Platforms/XROS.platform/Developer/SDKs/XROS27.0.sdk /Users/admin/builder/spi-builder-workspace/.derivedData/SDKStatCaches.noindex/xros27.0-24M361-e829b21a6f8c9b70876ba0858053c044735bd543db762f57723cac368afd1ce4.sdkstatcache
    cd /Users/admin/builder/spi-builder-workspace/.swiftpm/xcode
    /Applications/Xcode-27.0.0-Release.Candidate.app/Contents/Developer/Toolchains/XcodeDefault.xctoolchain/usr/bin/clang-stat-cache /Applications/Xcode-27.0.0-Release.Candidate.app/Contents/Developer/Platforms/XROS.platform/Developer/SDKs/XROS27.0.sdk -o /Users/admin/builder/spi-builder-workspace/.derivedData/SDKStatCaches.noindex/xros27.0-24M361-e829b21a6f8c9b70876ba0858053c044735bd543db762f57723cac368afd1ce4.sdkstatcache
CreateBuildDirectory /Users/admin/builder/spi-builder-workspace/.derivedData/Build/Products
    cd /Users/admin/builder/spi-builder-workspace/.swiftpm/xcode
    builtin-create-build-directory /Users/admin/builder/spi-builder-workspace/.derivedData/Build/Products
CreateBuildDirectory /Users/admin/builder/spi-builder-workspace/.derivedData/Build/Intermediates.noindex
    cd /Users/admin/builder/spi-builder-workspace/.swiftpm/xcode
    builtin-create-build-directory /Users/admin/builder/spi-builder-workspace/.derivedData/Build/Intermediates.noindex
CreateBuildDirectory /Users/admin/builder/spi-builder-workspace/.derivedData/Build/Intermediates.noindex/PrecompiledHeaders
    cd /Users/admin/builder/spi-builder-workspace/.swiftpm/xcode
    builtin-create-build-directory /Users/admin/builder/spi-builder-workspace/.derivedData/Build/Intermediates.noindex/PrecompiledHeaders
CreateBuildDirectory /Users/admin/builder/spi-builder-workspace/.derivedData/Build/Intermediates.noindex/SwiftExplicitPrecompiledModules
    cd /Users/admin/builder/spi-builder-workspace/.swiftpm/xcode
    builtin-create-build-directory /Users/admin/builder/spi-builder-workspace/.derivedData/Build/Intermediates.noindex/SwiftExplicitPrecompiledModules
CreateBuildDirectory /Users/admin/builder/spi-builder-workspace/.derivedData/Build/Intermediates.noindex/ExplicitPrecompiledModules
    cd /Users/admin/builder/spi-builder-workspace/.swiftpm/xcode
    builtin-create-build-directory /Users/admin/builder/spi-builder-workspace/.derivedData/Build/Intermediates.noindex/ExplicitPrecompiledModules
CreateBuildDirectory /Users/admin/builder/spi-builder-workspace/.derivedData/Build/Intermediates.noindex/EagerLinkingTBDs/Debug-xros
    cd /Users/admin/builder/spi-builder-workspace/.swiftpm/xcode
    builtin-create-build-directory /Users/admin/builder/spi-builder-workspace/.derivedData/Build/Intermediates.noindex/EagerLinkingTBDs/Debug-xros
CreateBuildDirectory /Users/admin/builder/spi-builder-workspace/.derivedData/Build/Products/Debug-xros
    cd /Users/admin/builder/spi-builder-workspace/.swiftpm/xcode
    builtin-create-build-directory /Users/admin/builder/spi-builder-workspace/.derivedData/Build/Products/Debug-xros
CreateBuildDirectory /Users/admin/builder/spi-builder-workspace/.derivedData/Build/Products/Debug-xros/PackageFrameworks
    cd /Users/admin/builder/spi-builder-workspace/.swiftpm/xcode
    builtin-create-build-directory /Users/admin/builder/spi-builder-workspace/.derivedData/Build/Products/Debug-xros/PackageFrameworks
MkDir /Users/admin/builder/spi-builder-workspace/.derivedData/Build/Products/Debug-xros/YCoreUI_YCoreUITests.bundle (in target 'YCoreUI_YCoreUITests' from project 'YCoreUI')
    cd /Users/admin/builder/spi-builder-workspace
    /bin/mkdir -p /Users/admin/builder/spi-builder-workspace/.derivedData/Build/Products/Debug-xros/YCoreUI_YCoreUITests.bundle
WriteAuxiliaryFile /Users/admin/builder/spi-builder-workspace/.derivedData/Build/Intermediates.noindex/YCoreUI.build/Debug-xros/YCoreUI_YCoreUITests-b.build/YCoreUI_YCoreUITests.DependencyMetadataFileList (in target 'YCoreUI_YCoreUITests' from project 'YCoreUI')
    cd /Users/admin/builder/spi-builder-workspace
    write-file /Users/admin/builder/spi-builder-workspace/.derivedData/Build/Intermediates.noindex/YCoreUI.build/Debug-xros/YCoreUI_YCoreUITests-b.build/YCoreUI_YCoreUITests.DependencyMetadataFileList
WriteAuxiliaryFile /Users/admin/builder/spi-builder-workspace/.derivedData/Build/Intermediates.noindex/YCoreUI.build/Debug-xros/YCoreUI_YCoreUITests-b.build/empty-YCoreUI_YCoreUITests.plist (in target 'YCoreUI_YCoreUITests' from project 'YCoreUI')
    cd /Users/admin/builder/spi-builder-workspace
    write-file /Users/admin/builder/spi-builder-workspace/.derivedData/Build/Intermediates.noindex/YCoreUI.build/Debug-xros/YCoreUI_YCoreUITests-b.build/empty-YCoreUI_YCoreUITests.plist
WriteAuxiliaryFile /Users/admin/builder/spi-builder-workspace/.derivedData/Build/Intermediates.noindex/YCoreUI.build/Debug-xros/YCoreUITests-p.build/YCoreUITests.DependencyMetadataFileList (in target 'YCoreUITests-product' from project 'YCoreUI')
    cd /Users/admin/builder/spi-builder-workspace
    write-file /Users/admin/builder/spi-builder-workspace/.derivedData/Build/Intermediates.noindex/YCoreUI.build/Debug-xros/YCoreUITests-p.build/YCoreUITests.DependencyMetadataFileList
WriteAuxiliaryFile /Users/admin/builder/spi-builder-workspace/.derivedData/Build/Intermediates.noindex/YCoreUI.build/Debug-xros/YCoreUITests-p.build/YCoreUITests.DependencyStaticMetadataFileList (in target 'YCoreUITests-product' from project 'YCoreUI')
    cd /Users/admin/builder/spi-builder-workspace
    write-file /Users/admin/builder/spi-builder-workspace/.derivedData/Build/Intermediates.noindex/YCoreUI.build/Debug-xros/YCoreUITests-p.build/YCoreUITests.DependencyStaticMetadataFileList
WriteAuxiliaryFile /Users/admin/builder/spi-builder-workspace/.derivedData/Build/Intermediates.noindex/YCoreUI.build/Debug-xros/YCoreUI_YCoreUITests-b.build/YCoreUI_YCoreUITests.DependencyStaticMetadataFileList (in target 'YCoreUI_YCoreUITests' from project 'YCoreUI')
    cd /Users/admin/builder/spi-builder-workspace
    write-file /Users/admin/builder/spi-builder-workspace/.derivedData/Build/Intermediates.noindex/YCoreUI.build/Debug-xros/YCoreUI_YCoreUITests-b.build/YCoreUI_YCoreUITests.DependencyStaticMetadataFileList
WriteAuxiliaryFile /Users/admin/builder/spi-builder-workspace/.derivedData/Build/Intermediates.noindex/YCoreUI.build/Debug-xros/YCoreUITests-p.build/empty-YCoreUITests.plist (in target 'YCoreUITests-product' from project 'YCoreUI')
    cd /Users/admin/builder/spi-builder-workspace
    write-file /Users/admin/builder/spi-builder-workspace/.derivedData/Build/Intermediates.noindex/YCoreUI.build/Debug-xros/YCoreUITests-p.build/empty-YCoreUITests.plist
WriteAuxiliaryFile /Users/admin/builder/spi-builder-workspace/.derivedData/Build/Intermediates.noindex/YCoreUI.build/Debug-xros/YCoreUITests-p.build/Objects-normal/arm64/YCoreUITests.SwiftFileList (in target 'YCoreUITests-product' from project 'YCoreUI')
    cd /Users/admin/builder/spi-builder-workspace
    write-file /Users/admin/builder/spi-builder-workspace/.derivedData/Build/Intermediates.noindex/YCoreUI.build/Debug-xros/YCoreUITests-p.build/Objects-normal/arm64/YCoreUITests.SwiftFileList
WriteAuxiliaryFile /Users/admin/builder/spi-builder-workspace/.derivedData/Build/Intermediates.noindex/YCoreUI.build/Debug-xros/YCoreUITests-p.build/Objects-normal/arm64/YCoreUITests_const_extract_protocols.json (in target 'YCoreUITests-product' from project 'YCoreUI')
    cd /Users/admin/builder/spi-builder-workspace
    write-file /Users/admin/builder/spi-builder-workspace/.derivedData/Build/Intermediates.noindex/YCoreUI.build/Debug-xros/YCoreUITests-p.build/Objects-normal/arm64/YCoreUITests_const_extract_protocols.json
WriteAuxiliaryFile /Users/admin/builder/spi-builder-workspace/.derivedData/Build/Intermediates.noindex/YCoreUI.build/Debug-xros/YCoreUITests-p.build/Objects-normal/arm64/YCoreUITests.SwiftConstValuesFileList (in target 'YCoreUITests-product' from project 'YCoreUI')
    cd /Users/admin/builder/spi-builder-workspace
    write-file /Users/admin/builder/spi-builder-workspace/.derivedData/Build/Intermediates.noindex/YCoreUI.build/Debug-xros/YCoreUITests-p.build/Objects-normal/arm64/YCoreUITests.SwiftConstValuesFileList
WriteAuxiliaryFile /Users/admin/builder/spi-builder-workspace/.derivedData/Build/Intermediates.noindex/YCoreUI.build/Debug-xros/YCoreUITests-p.build/Objects-normal/arm64/YCoreUITests.LinkFileList (in target 'YCoreUITests-product' from project 'YCoreUI')
    cd /Users/admin/builder/spi-builder-workspace
    write-file /Users/admin/builder/spi-builder-workspace/.derivedData/Build/Intermediates.noindex/YCoreUI.build/Debug-xros/YCoreUITests-p.build/Objects-normal/arm64/YCoreUITests.LinkFileList
WriteAuxiliaryFile /Users/admin/builder/spi-builder-workspace/.derivedData/Build/Intermediates.noindex/YCoreUI.build/Debug-xros/YCoreUITests-p.build/Objects-normal/arm64/YCoreUITests-OutputFileMap.json (in target 'YCoreUITests-product' from project 'YCoreUI')
    cd /Users/admin/builder/spi-builder-workspace
    write-file /Users/admin/builder/spi-builder-workspace/.derivedData/Build/Intermediates.noindex/YCoreUI.build/Debug-xros/YCoreUITests-p.build/Objects-normal/arm64/YCoreUITests-OutputFileMap.json
WriteAuxiliaryFile /Users/admin/builder/spi-builder-workspace/.derivedData/Build/Intermediates.noindex/YCoreUI.build/Debug-xros/YCoreUITests-p.build/DerivedSources/resource_bundle_accessor.swift (in target 'YCoreUITests-product' from project 'YCoreUI')
    cd /Users/admin/builder/spi-builder-workspace
    write-file /Users/admin/builder/spi-builder-workspace/.derivedData/Build/Intermediates.noindex/YCoreUI.build/Debug-xros/YCoreUITests-p.build/DerivedSources/resource_bundle_accessor.swift
WriteAuxiliaryFile /Users/admin/builder/spi-builder-workspace/.derivedData/Build/Intermediates.noindex/YCoreUI.build/Debug-xros/YCoreUI-t.build/YCoreUI.modulemap (in target 'YCoreUI' from project 'YCoreUI')
    cd /Users/admin/builder/spi-builder-workspace
    write-file /Users/admin/builder/spi-builder-workspace/.derivedData/Build/Intermediates.noindex/YCoreUI.build/Debug-xros/YCoreUI-t.build/YCoreUI.modulemap
WriteAuxiliaryFile /Users/admin/builder/spi-builder-workspace/.derivedData/Build/Intermediates.noindex/YCoreUI.build/Debug-xros/YCoreUI-t.build/YCoreUI.DependencyStaticMetadataFileList (in target 'YCoreUI' from project 'YCoreUI')
    cd /Users/admin/builder/spi-builder-workspace
    write-file /Users/admin/builder/spi-builder-workspace/.derivedData/Build/Intermediates.noindex/YCoreUI.build/Debug-xros/YCoreUI-t.build/YCoreUI.DependencyStaticMetadataFileList
WriteAuxiliaryFile /Users/admin/builder/spi-builder-workspace/.derivedData/Build/Intermediates.noindex/YCoreUI.build/Debug-xros/YCoreUI-t.build/YCoreUI.DependencyMetadataFileList (in target 'YCoreUI' from project 'YCoreUI')
    cd /Users/admin/builder/spi-builder-workspace
    write-file /Users/admin/builder/spi-builder-workspace/.derivedData/Build/Intermediates.noindex/YCoreUI.build/Debug-xros/YCoreUI-t.build/YCoreUI.DependencyMetadataFileList
WriteAuxiliaryFile /Users/admin/builder/spi-builder-workspace/.derivedData/Build/Intermediates.noindex/YCoreUI.build/Debug-xros/YCoreUI-t.build/Objects-normal/arm64/YCoreUI_const_extract_protocols.json (in target 'YCoreUI' from project 'YCoreUI')
    cd /Users/admin/builder/spi-builder-workspace
    write-file /Users/admin/builder/spi-builder-workspace/.derivedData/Build/Intermediates.noindex/YCoreUI.build/Debug-xros/YCoreUI-t.build/Objects-normal/arm64/YCoreUI_const_extract_protocols.json
WriteAuxiliaryFile /Users/admin/builder/spi-builder-workspace/.derivedData/Build/Intermediates.noindex/YCoreUI.build/Debug-xros/YCoreUI-t.build/Objects-normal/arm64/YCoreUI.SwiftFileList (in target 'YCoreUI' from project 'YCoreUI')
    cd /Users/admin/builder/spi-builder-workspace
    write-file /Users/admin/builder/spi-builder-workspace/.derivedData/Build/Intermediates.noindex/YCoreUI.build/Debug-xros/YCoreUI-t.build/Objects-normal/arm64/YCoreUI.SwiftFileList
WriteAuxiliaryFile /Users/admin/builder/spi-builder-workspace/.derivedData/Build/Intermediates.noindex/YCoreUI.build/Debug-xros/YCoreUI-t.build/Objects-normal/arm64/YCoreUI.SwiftConstValuesFileList (in target 'YCoreUI' from project 'YCoreUI')
    cd /Users/admin/builder/spi-builder-workspace
    write-file /Users/admin/builder/spi-builder-workspace/.derivedData/Build/Intermediates.noindex/YCoreUI.build/Debug-xros/YCoreUI-t.build/Objects-normal/arm64/YCoreUI.SwiftConstValuesFileList
WriteAuxiliaryFile /Users/admin/builder/spi-builder-workspace/.derivedData/Build/Intermediates.noindex/YCoreUI.build/Debug-xros/YCoreUI-t.build/Objects-normal/arm64/YCoreUI.LinkFileList (in target 'YCoreUI' from project 'YCoreUI')
    cd /Users/admin/builder/spi-builder-workspace
    write-file /Users/admin/builder/spi-builder-workspace/.derivedData/Build/Intermediates.noindex/YCoreUI.build/Debug-xros/YCoreUI-t.build/Objects-normal/arm64/YCoreUI.LinkFileList
WriteAuxiliaryFile /Users/admin/builder/spi-builder-workspace/.derivedData/Build/Intermediates.noindex/YCoreUI.build/Debug-xros/YCoreUI-t.build/Objects-normal/arm64/YCoreUI-OutputFileMap.json (in target 'YCoreUI' from project 'YCoreUI')
    cd /Users/admin/builder/spi-builder-workspace
    write-file /Users/admin/builder/spi-builder-workspace/.derivedData/Build/Intermediates.noindex/YCoreUI.build/Debug-xros/YCoreUI-t.build/Objects-normal/arm64/YCoreUI-OutputFileMap.json
Copy /Users/admin/builder/spi-builder-workspace/.derivedData/Build/Intermediates.noindex/GeneratedModuleMaps-xros/YCoreUI.modulemap /Users/admin/builder/spi-builder-workspace/.derivedData/Build/Intermediates.noindex/YCoreUI.build/Debug-xros/YCoreUI-t.build/YCoreUI.modulemap (in target 'YCoreUI' from project 'YCoreUI')
    cd /Users/admin/builder/spi-builder-workspace
    builtin-copy -exclude .DS_Store -exclude CVS -exclude .svn -exclude .git -exclude .hg -resolve-src-symlinks /Users/admin/builder/spi-builder-workspace/.derivedData/Build/Intermediates.noindex/YCoreUI.build/Debug-xros/YCoreUI-t.build/YCoreUI.modulemap /Users/admin/builder/spi-builder-workspace/.derivedData/Build/Intermediates.noindex/GeneratedModuleMaps-xros
MkDir /Users/admin/builder/spi-builder-workspace/.derivedData/Build/Products/Debug-xros/YCoreUITests.xctest (in target 'YCoreUITests-product' from project 'YCoreUI')
    cd /Users/admin/builder/spi-builder-workspace
    /bin/mkdir -p /Users/admin/builder/spi-builder-workspace/.derivedData/Build/Products/Debug-xros/YCoreUITests.xctest
MkDir /Users/admin/builder/spi-builder-workspace/.derivedData/Build/Intermediates.noindex/YCoreUI.build/Debug-xros/YCoreUI_YCoreUITests-b.build/assetcatalog_output/unthinned (in target 'YCoreUI_YCoreUITests' from project 'YCoreUI')
    cd /Users/admin/builder/spi-builder-workspace
    /bin/mkdir -p /Users/admin/builder/spi-builder-workspace/.derivedData/Build/Intermediates.noindex/YCoreUI.build/Debug-xros/YCoreUI_YCoreUITests-b.build/assetcatalog_output/unthinned
MkDir /Users/admin/builder/spi-builder-workspace/.derivedData/Build/Intermediates.noindex/YCoreUI.build/Debug-xros/YCoreUI_YCoreUITests-b.build/assetcatalog_output/thinned (in target 'YCoreUI_YCoreUITests' from project 'YCoreUI')
    cd /Users/admin/builder/spi-builder-workspace
    /bin/mkdir -p /Users/admin/builder/spi-builder-workspace/.derivedData/Build/Intermediates.noindex/YCoreUI.build/Debug-xros/YCoreUI_YCoreUITests-b.build/assetcatalog_output/thinned
CpResource /Users/admin/builder/spi-builder-workspace/.derivedData/Build/Products/Debug-xros/YCoreUI_YCoreUITests.bundle/en.lproj/Settings.strings /Users/admin/builder/spi-builder-workspace/Tests/YCoreUITests/Assets/Strings/en.lproj/Settings.strings (in target 'YCoreUI_YCoreUITests' from project 'YCoreUI')
    cd /Users/admin/builder/spi-builder-workspace
    builtin-copy -exclude .DS_Store -exclude CVS -exclude .svn -exclude .git -exclude .hg -resolve-src-symlinks /Users/admin/builder/spi-builder-workspace/Tests/YCoreUITests/Assets/Strings/en.lproj/Settings.strings /Users/admin/builder/spi-builder-workspace/.derivedData/Build/Products/Debug-xros/YCoreUI_YCoreUITests.bundle/en.lproj
CpResource /Users/admin/builder/spi-builder-workspace/.derivedData/Build/Products/Debug-xros/YCoreUI_YCoreUITests.bundle/en.lproj/Localizable.strings /Users/admin/builder/spi-builder-workspace/Tests/YCoreUITests/Assets/Strings/en.lproj/Localizable.strings (in target 'YCoreUI_YCoreUITests' from project 'YCoreUI')
    cd /Users/admin/builder/spi-builder-workspace
    builtin-copy -exclude .DS_Store -exclude CVS -exclude .svn -exclude .git -exclude .hg -resolve-src-symlinks /Users/admin/builder/spi-builder-workspace/Tests/YCoreUITests/Assets/Strings/en.lproj/Localizable.strings /Users/admin/builder/spi-builder-workspace/.derivedData/Build/Products/Debug-xros/YCoreUI_YCoreUITests.bundle/en.lproj
CompileAssetCatalogVariant thinned /Users/admin/builder/spi-builder-workspace/.derivedData/Build/Products/Debug-xros/YCoreUI_YCoreUITests.bundle /Users/admin/builder/spi-builder-workspace/Tests/YCoreUITests/Assets/Colors.xcassets /Users/admin/builder/spi-builder-workspace/Tests/YCoreUITests/Assets/Images.xcassets (in target 'YCoreUI_YCoreUITests' from project 'YCoreUI')
    cd /Users/admin/builder/spi-builder-workspace
    /Applications/Xcode-27.0.0-Release.Candidate.app/Contents/Developer/usr/bin/actool /Users/admin/builder/spi-builder-workspace/Tests/YCoreUITests/Assets/Colors.xcassets /Users/admin/builder/spi-builder-workspace/Tests/YCoreUITests/Assets/Images.xcassets --compile /Users/admin/builder/spi-builder-workspace/.derivedData/Build/Intermediates.noindex/YCoreUI.build/Debug-xros/YCoreUI_YCoreUITests-b.build/assetcatalog_output/thinned --output-format human-readable-text --notices --warnings --export-dependency-info /Users/admin/builder/spi-builder-workspace/.derivedData/Build/Intermediates.noindex/YCoreUI.build/Debug-xros/YCoreUI_YCoreUITests-b.build/assetcatalog_dependencies_thinned --output-partial-info-plist /Users/admin/builder/spi-builder-workspace/.derivedData/Build/Intermediates.noindex/YCoreUI.build/Debug-xros/YCoreUI_YCoreUITests-b.build/assetcatalog_generated_info.plist_thinned --compress-pngs --enable-on-demand-resources NO --development-region en --target-device vision --minimum-deployment-target 1.0 --platform xros
/* com.apple.actool.compilation-results */
/Users/admin/builder/spi-builder-workspace/.derivedData/Build/Intermediates.noindex/YCoreUI.build/Debug-xros/YCoreUI_YCoreUITests-b.build/assetcatalog_generated_info.plist_thinned
/Users/admin/builder/spi-builder-workspace/.derivedData/Build/Intermediates.noindex/YCoreUI.build/Debug-xros/YCoreUI_YCoreUITests-b.build/assetcatalog_output/thinned/Assets.car
LinkAssetCatalog /Users/admin/builder/spi-builder-workspace/Tests/YCoreUITests/Assets/Colors.xcassets /Users/admin/builder/spi-builder-workspace/Tests/YCoreUITests/Assets/Images.xcassets (in target 'YCoreUI_YCoreUITests' from project 'YCoreUI')
    cd /Users/admin/builder/spi-builder-workspace
    builtin-linkAssetCatalog --thinned /Users/admin/builder/spi-builder-workspace/.derivedData/Build/Intermediates.noindex/YCoreUI.build/Debug-xros/YCoreUI_YCoreUITests-b.build/assetcatalog_output/thinned --thinned-dependencies /Users/admin/builder/spi-builder-workspace/.derivedData/Build/Intermediates.noindex/YCoreUI.build/Debug-xros/YCoreUI_YCoreUITests-b.build/assetcatalog_dependencies_thinned --thinned-info-plist-content /Users/admin/builder/spi-builder-workspace/.derivedData/Build/Intermediates.noindex/YCoreUI.build/Debug-xros/YCoreUI_YCoreUITests-b.build/assetcatalog_generated_info.plist_thinned --unthinned /Users/admin/builder/spi-builder-workspace/.derivedData/Build/Intermediates.noindex/YCoreUI.build/Debug-xros/YCoreUI_YCoreUITests-b.build/assetcatalog_output/unthinned --unthinned-dependencies /Users/admin/builder/spi-builder-workspace/.derivedData/Build/Intermediates.noindex/YCoreUI.build/Debug-xros/YCoreUI_YCoreUITests-b.build/assetcatalog_dependencies_unthinned --unthinned-info-plist-content /Users/admin/builder/spi-builder-workspace/.derivedData/Build/Intermediates.noindex/YCoreUI.build/Debug-xros/YCoreUI_YCoreUITests-b.build/assetcatalog_generated_info.plist_unthinned --output /Users/admin/builder/spi-builder-workspace/.derivedData/Build/Products/Debug-xros/YCoreUI_YCoreUITests.bundle --plist-output /Users/admin/builder/spi-builder-workspace/.derivedData/Build/Intermediates.noindex/YCoreUI.build/Debug-xros/YCoreUI_YCoreUITests-b.build/assetcatalog_generated_info.plist
note: Emplaced /Users/admin/builder/spi-builder-workspace/.derivedData/Build/Products/Debug-xros/YCoreUI_YCoreUITests.bundle/Assets.car (in target 'YCoreUI_YCoreUITests' from project 'YCoreUI')
ProcessInfoPlistFile /Users/admin/builder/spi-builder-workspace/.derivedData/Build/Products/Debug-xros/YCoreUI_YCoreUITests.bundle/Info.plist /Users/admin/builder/spi-builder-workspace/.derivedData/Build/Intermediates.noindex/YCoreUI.build/Debug-xros/YCoreUI_YCoreUITests-b.build/empty-YCoreUI_YCoreUITests.plist (in target 'YCoreUI_YCoreUITests' from project 'YCoreUI')
    cd /Users/admin/builder/spi-builder-workspace
    builtin-infoPlistUtility /Users/admin/builder/spi-builder-workspace/.derivedData/Build/Intermediates.noindex/YCoreUI.build/Debug-xros/YCoreUI_YCoreUITests-b.build/empty-YCoreUI_YCoreUITests.plist -producttype com.apple.product-type.bundle -expandbuildsettings -format binary -platform xros -additionalcontentfile /Users/admin/builder/spi-builder-workspace/.derivedData/Build/Intermediates.noindex/YCoreUI.build/Debug-xros/YCoreUI_YCoreUITests-b.build/assetcatalog_generated_info.plist -o /Users/admin/builder/spi-builder-workspace/.derivedData/Build/Products/Debug-xros/YCoreUI_YCoreUITests.bundle/Info.plist
RegisterExecutionPolicyException /Users/admin/builder/spi-builder-workspace/.derivedData/Build/Products/Debug-xros/YCoreUI_YCoreUITests.bundle (in target 'YCoreUI_YCoreUITests' from project 'YCoreUI')
    cd /Users/admin/builder/spi-builder-workspace
    builtin-RegisterExecutionPolicyException /Users/admin/builder/spi-builder-workspace/.derivedData/Build/Products/Debug-xros/YCoreUI_YCoreUITests.bundle
Touch /Users/admin/builder/spi-builder-workspace/.derivedData/Build/Products/Debug-xros/YCoreUI_YCoreUITests.bundle (in target 'YCoreUI_YCoreUITests' from project 'YCoreUI')
    cd /Users/admin/builder/spi-builder-workspace
    /usr/bin/touch -c /Users/admin/builder/spi-builder-workspace/.derivedData/Build/Products/Debug-xros/YCoreUI_YCoreUITests.bundle
SwiftDriver YCoreUI normal arm64 com.apple.xcode.tools.swift.compiler (in target 'YCoreUI' from project 'YCoreUI')
    cd /Users/admin/builder/spi-builder-workspace/.swiftpm/xcode
    builtin-SwiftDriver -- /Applications/Xcode-27.0.0-Release.Candidate.app/Contents/Developer/Toolchains/XcodeDefault.xctoolchain/usr/bin/swiftc -parse-as-library -module-name YCoreUI -Onone @/Users/admin/builder/spi-builder-workspace/.derivedData/Build/Intermediates.noindex/YCoreUI.build/Debug-xros/YCoreUI-t.build/Objects-normal/arm64/YCoreUI.SwiftFileList -DSWIFT_PACKAGE -DDEBUG -DSWIFT_MODULE_RESOURCE_BUNDLE_UNAVAILABLE -DXcode -plugin-path /Applications/Xcode-27.0.0-Release.Candidate.app/Contents/Developer/Toolchains/XcodeDefault.xctoolchain/usr/lib/swift/host/plugins/testing -enable-experimental-feature DebugDescriptionMacro -sdk /Applications/Xcode-27.0.0-Release.Candidate.app/Contents/Developer/Platforms/XROS.platform/Developer/SDKs/XROS27.0.sdk -target arm64-apple-xros1.0 -g -module-cache-path /Users/admin/builder/spi-builder-workspace/.derivedData/ModuleCache.noindex -Xfrontend -serialize-debugging-options -profile-coverage-mapping -profile-generate -enable-testing -index-store-path /Users/admin/builder/spi-builder-workspace/.derivedData/Index.noindex/DataStore -Xcc -D_LIBCPP_HARDENING_MODE\=_LIBCPP_HARDENING_MODE_DEBUG -swift-version 5 -I /Users/admin/builder/spi-builder-workspace/.derivedData/Build/Products/Debug-xros -Isystem /Applications/Xcode-27.0.0-Release.Candidate.app/Contents/Developer/Platforms/XROS.platform/Developer/usr/lib -F /Users/admin/builder/spi-builder-workspace/.derivedData/Build/Products/Debug-xros -F /Applications/Xcode-27.0.0-Release.Candidate.app/Contents/Developer/Platforms/XROS.platform/Developer/Library/Frameworks -F /Applications/Xcode-27.0.0-Release.Candidate.app/Contents/Developer/Platforms/XROS.platform/Developer/SDKs/XROS27.0.sdk/Developer/Library/Frameworks -emit-localized-strings -emit-localized-strings-path /Users/admin/builder/spi-builder-workspace/.derivedData/Build/Intermediates.noindex/YCoreUI.build/Debug-xros/YCoreUI-t.build/Objects-normal/arm64 -c -j10 -enable-batch-mode -incremental -Xcc -ivfsstatcache -Xcc /Users/admin/builder/spi-builder-workspace/.derivedData/SDKStatCaches.noindex/xros27.0-24M361-e829b21a6f8c9b70876ba0858053c044735bd543db762f57723cac368afd1ce4.sdkstatcache -output-file-map /Users/admin/builder/spi-builder-workspace/.derivedData/Build/Intermediates.noindex/YCoreUI.build/Debug-xros/YCoreUI-t.build/Objects-normal/arm64/YCoreUI-OutputFileMap.json -save-temps -no-color-diagnostics -explicit-module-build -module-cache-path /Users/admin/builder/spi-builder-workspace/.derivedData/Build/Intermediates.noindex/SwiftExplicitPrecompiledModules -clang-scanner-module-cache-path /Users/admin/builder/spi-builder-workspace/.derivedData/ModuleCache.noindex -sdk-module-cache-path /Users/admin/builder/spi-builder-workspace/.derivedData/SDKExplicitPrecompiledModules -emit-dependencies -emit-module -emit-module-path /Users/admin/builder/spi-builder-workspace/.derivedData/Build/Intermediates.noindex/YCoreUI.build/Debug-xros/YCoreUI-t.build/Objects-normal/arm64/YCoreUI.swiftmodule -serialize-diagnostics -dependency-scan-serialize-diagnostics-path /Users/admin/builder/spi-builder-workspace/.derivedData/Build/Intermediates.noindex/YCoreUI.build/Debug-xros/YCoreUI-t.build/Objects-normal/arm64/YCoreUI-dependency-scan.dia -validate-clang-modules-once -clang-build-session-file /Users/admin/builder/spi-builder-workspace/.derivedData/ModuleCache.noindex/Session.modulevalidation -Xcc -fmodules-prune-interval\=86400 -Xcc -fmodules-prune-after\=345600 -emit-const-values -const-gather-protocols-list /Users/admin/builder/spi-builder-workspace/.derivedData/Build/Intermediates.noindex/YCoreUI.build/Debug-xros/YCoreUI-t.build/Objects-normal/arm64/YCoreUI_const_extract_protocols.json -Xcc -I/Users/admin/builder/spi-builder-workspace/.derivedData/Build/Products/Debug-xros/include -Xcc -I/Users/admin/builder/spi-builder-workspace/.derivedData/Build/Intermediates.noindex/YCoreUI.build/Debug-xros/YCoreUI-t.build/DerivedSources-normal/arm64 -Xcc -I/Users/admin/builder/spi-builder-workspace/.derivedData/Build/Intermediates.noindex/YCoreUI.build/Debug-xros/YCoreUI-t.build/DerivedSources/arm64 -Xcc -I/Users/admin/builder/spi-builder-workspace/.derivedData/Build/Intermediates.noindex/YCoreUI.build/Debug-xros/YCoreUI-t.build/DerivedSources -Xcc -DSWIFT_PACKAGE -Xcc -DDEBUG\=1 -emit-objc-header -emit-objc-header-path /Users/admin/builder/spi-builder-workspace/.derivedData/Build/Intermediates.noindex/YCoreUI.build/Debug-xros/YCoreUI-t.build/Objects-normal/arm64/YCoreUI-Swift.h -working-directory /Users/admin/builder/spi-builder-workspace/.swiftpm/xcode -experimental-emit-module-separately -disable-cmo
SwiftExplicitDependencyGeneratePcm arm64 /Users/admin/builder/spi-builder-workspace/.derivedData/SDKExplicitPrecompiledModules/_Builtin_stdbool-5BU2ADS7JXQMYENKQHW9X8XOU.pcm
SwiftExplicitDependencyGeneratePcm arm64 /Users/admin/builder/spi-builder-workspace/.derivedData/SDKExplicitPrecompiledModules/ptrcheck-BXA97MNLI4BB0HF5I8MJE403D.pcm
SwiftExplicitDependencyGeneratePcm arm64 /Users/admin/builder/spi-builder-workspace/.derivedData/SDKExplicitPrecompiledModules/SwiftShims-CI4H5RO9IYFFWQ2COB512Q2S9.pcm
SwiftExplicitDependencyGeneratePcm arm64 /Users/admin/builder/spi-builder-workspace/.derivedData/SDKExplicitPrecompiledModules/_Builtin_stdarg-CDA349K2K4US766844K8E0PVA.pcm
SwiftExplicitDependencyGeneratePcm arm64 /Users/admin/builder/spi-builder-workspace/.derivedData/SDKExplicitPrecompiledModules/DeveloperToolsSupport-46GOQP8J1QTHLYQSJW81T8UZ3.pcm
SwiftExplicitDependencyGeneratePcm arm64 /Users/admin/builder/spi-builder-workspace/.derivedData/SDKExplicitPrecompiledModules/_Builtin_float-6WKHNW5S40U2QGHXXGETUDIRA.pcm
SwiftExplicitDependencyGeneratePcm arm64 /Users/admin/builder/spi-builder-workspace/.derivedData/SDKExplicitPrecompiledModules/ptrauth-1WBA714DZSVUL5JQDJ08CLKZ.pcm
SwiftExplicitDependencyGeneratePcm arm64 /Users/admin/builder/spi-builder-workspace/.derivedData/SDKExplicitPrecompiledModules/_SwiftConcurrencyShims-C8XHKSHX96D5YYALNM4W70Z0O.pcm
SwiftExplicitDependencyGeneratePcm arm64 /Users/admin/builder/spi-builder-workspace/.derivedData/SDKExplicitPrecompiledModules/_AvailabilityInternal-1Q8IQP6M38UWSGZ95UCEY2M44.pcm
SwiftExplicitDependencyGeneratePcm arm64 /Users/admin/builder/spi-builder-workspace/.derivedData/SDKExplicitPrecompiledModules/_Builtin_stddef-5NQ9Z1GV07GBSRQGAQCGXGVRI.pcm
SwiftExplicitDependencyGeneratePcm arm64 /Users/admin/builder/spi-builder-workspace/.derivedData/SDKExplicitPrecompiledModules/_DarwinFoundation1-5RGRVV2TZ6WC4WZW5IXF8NQ04.pcm
SwiftExplicitDependencyGeneratePcm arm64 /Users/admin/builder/spi-builder-workspace/.derivedData/SDKExplicitPrecompiledModules/_DarwinFoundation2-ENTECK156YEWITZRRBTOCE4KR.pcm
SwiftExplicitDependencyGeneratePcm arm64 /Users/admin/builder/spi-builder-workspace/.derivedData/SDKExplicitPrecompiledModules/_Builtin_limits-425JDMN5HPM3D0UEI8LEHP6NM.pcm
SwiftExplicitDependencyGeneratePcm arm64 /Users/admin/builder/spi-builder-workspace/.derivedData/SDKExplicitPrecompiledModules/string_h-2GT67HHHHK5CF1V1S31LH0PU2.pcm
SwiftExplicitDependencyGeneratePcm arm64 /Users/admin/builder/spi-builder-workspace/.derivedData/SDKExplicitPrecompiledModules/_Builtin_tgmath-BPYSMHWI520EQRL2HW519ZY7Z.pcm
SwiftExplicitDependencyGeneratePcm arm64 /Users/admin/builder/spi-builder-workspace/.derivedData/SDKExplicitPrecompiledModules/_Builtin_stdint-8OR6T47OOYJA90ZBO3N1USDE.pcm
SwiftExplicitDependencyGeneratePcm arm64 /Users/admin/builder/spi-builder-workspace/.derivedData/SDKExplicitPrecompiledModules/sys_types-AYM0BHR77VKMWZCO2T0XGV2HF.pcm
SwiftExplicitDependencyGeneratePcm arm64 /Users/admin/builder/spi-builder-workspace/.derivedData/SDKExplicitPrecompiledModules/_Builtin_stdatomic-1VUZPM79PNCAHXVBERD53WRSF.pcm
SwiftExplicitDependencyGeneratePcm arm64 /Users/admin/builder/spi-builder-workspace/.derivedData/SDKExplicitPrecompiledModules/_Builtin_intrinsics-BC5IJI3YI34RQ61ZNVDRDZ6RN.pcm
SwiftExplicitDependencyGeneratePcm arm64 /Users/admin/builder/spi-builder-workspace/.derivedData/SDKExplicitPrecompiledModules/_DarwinFoundation3-9ZHN6JKBS40BBA81RQMV8H0IC.pcm
SwiftExplicitDependencyGeneratePcm arm64 /Users/admin/builder/spi-builder-workspace/.derivedData/SDKExplicitPrecompiledModules/_Builtin_inttypes-11B64KJD36B3YOHBR1BBXBJY8.pcm
SwiftExplicitDependencyGeneratePcm arm64 /Users/admin/builder/spi-builder-workspace/.derivedData/SDKExplicitPrecompiledModules/Darwin-60P5LVNQO3ESRRM5DCJ05PFNK.pcm
SwiftExplicitDependencyGeneratePcm arm64 /Users/admin/builder/spi-builder-workspace/.derivedData/SDKExplicitPrecompiledModules/simd-9XXAB17Y6E4BBPQADD61NZ23.pcm
SwiftExplicitDependencyGeneratePcm arm64 /Users/admin/builder/spi-builder-workspace/.derivedData/SDKExplicitPrecompiledModules/MachO-3XTHY7HWV6RF3KXKYQVHUBUXK.pcm
SwiftExplicitDependencyGeneratePcm arm64 /Users/admin/builder/spi-builder-workspace/.derivedData/SDKExplicitPrecompiledModules/ObjectiveC-26TIBFYCEJZVP216ZZAU1X8KN.pcm
SwiftExplicitDependencyGeneratePcm arm64 /Users/admin/builder/spi-builder-workspace/.derivedData/SDKExplicitPrecompiledModules/os_object-692CJ8BG6RE5H04487EJJOVXW.pcm
SwiftExplicitDependencyGeneratePcm arm64 /Users/admin/builder/spi-builder-workspace/.derivedData/SDKExplicitPrecompiledModules/os_workgroup-4U1VXMWIZD80E7PRUQF2G7P9X.pcm
SwiftExplicitDependencyGeneratePcm arm64 /Users/admin/builder/spi-builder-workspace/.derivedData/SDKExplicitPrecompiledModules/Dispatch-CLT3466HKC22GCKAWSCNG0H7T.pcm
SwiftExplicitDependencyGeneratePcm arm64 /Users/admin/builder/spi-builder-workspace/.derivedData/SDKExplicitPrecompiledModules/Spatial-5E0I2846LO3ZE24CSVR2O57TI.pcm
SwiftExplicitDependencyGeneratePcm arm64 /Users/admin/builder/spi-builder-workspace/.derivedData/SDKExplicitPrecompiledModules/XPC-EP5EU7FNGP4VOA3EDM18P1KHO.pcm
SwiftExplicitDependencyGeneratePcm arm64 /Users/admin/builder/spi-builder-workspace/.derivedData/SDKExplicitPrecompiledModules/CoreFoundation-AVLTZVCXBU2TO75JCN4AGU8XJ.pcm
SwiftExplicitDependencyGeneratePcm arm64 /Users/admin/builder/spi-builder-workspace/.derivedData/SDKExplicitPrecompiledModules/os-1004XEJ3IXOOAU0KL58SM3D0K.pcm
SwiftExplicitDependencyGeneratePcm arm64 /Users/admin/builder/spi-builder-workspace/.derivedData/SDKExplicitPrecompiledModules/CoreGraphics-BFUJ177R223UT2ZI327ZTZY91.pcm
SwiftExplicitDependencyGeneratePcm arm64 /Users/admin/builder/spi-builder-workspace/.derivedData/SDKExplicitPrecompiledModules/Security-8TH2M8WJIQMET4SADWX0N8372.pcm
SwiftExplicitDependencyGeneratePcm arm64 /Users/admin/builder/spi-builder-workspace/.derivedData/SDKExplicitPrecompiledModules/CFNetwork-5MI70N1VLDQSWTX4COWLMSIRO.pcm
SwiftExplicitDependencyGeneratePcm arm64 /Users/admin/builder/spi-builder-workspace/.derivedData/SDKExplicitPrecompiledModules/Foundation-8GON1KVEKRN3NOQI8RETBRWJP.pcm
SwiftExplicitDependencyGeneratePcm arm64 /Users/admin/builder/spi-builder-workspace/.derivedData/SDKExplicitPrecompiledModules/CoreText-6F9TY5TEPCCZ1K2KYM4GMEGHD.pcm
SwiftExplicitDependencyGeneratePcm arm64 /Users/admin/builder/spi-builder-workspace/.derivedData/SDKExplicitPrecompiledModules/ImageIO-5CC6COR9KJYI1UBL7CSHLU2OG.pcm
SwiftExplicitDependencyGeneratePcm arm64 /Users/admin/builder/spi-builder-workspace/.derivedData/SDKExplicitPrecompiledModules/UserNotifications-8IIV1V1FPNAPA4LY1Y23LOM2N.pcm
SwiftExplicitDependencyGeneratePcm arm64 /Users/admin/builder/spi-builder-workspace/.derivedData/SDKExplicitPrecompiledModules/Accessibility-1DR4J4YDVDGAYQTZ0FKZ1PU09.pcm
SwiftExplicitDependencyGeneratePcm arm64 /Users/admin/builder/spi-builder-workspace/.derivedData/SDKExplicitPrecompiledModules/CoreTransferable-8TBYAKHCX6UC8QQSS7BD8GQK5.pcm
SwiftExplicitDependencyGeneratePcm arm64 /Users/admin/builder/spi-builder-workspace/.derivedData/SDKExplicitPrecompiledModules/DataDetection-BANTQ3WXXGKZJYC0LLB3MD9K0.pcm
SwiftExplicitDependencyGeneratePcm arm64 /Users/admin/builder/spi-builder-workspace/.derivedData/SDKExplicitPrecompiledModules/FileProvider-C9I28SI56F2SEVH1BCWTKGODO.pcm
SwiftExplicitDependencyGeneratePcm arm64 /Users/admin/builder/spi-builder-workspace/.derivedData/SDKExplicitPrecompiledModules/IOSurface-5FE9U89GVFF9A7X7AGO2R8ENI.pcm
SwiftExplicitDependencyGeneratePcm arm64 /Users/admin/builder/spi-builder-workspace/.derivedData/SDKExplicitPrecompiledModules/UniformTypeIdentifiers-E5KMWDZEKS4QW9RO1KBRDEXV6.pcm
SwiftExplicitDependencyGeneratePcm arm64 /Users/admin/builder/spi-builder-workspace/.derivedData/SDKExplicitPrecompiledModules/_LocationEssentials-8GQGFVARUE99D8VJX3TINY0VP.pcm
SwiftExplicitDependencyGeneratePcm arm64 /Users/admin/builder/spi-builder-workspace/.derivedData/SDKExplicitPrecompiledModules/UIUtilities-AOVGLUWEAN6CG2UZFNESGSP6C.pcm
SwiftExplicitDependencyGeneratePcm arm64 /Users/admin/builder/spi-builder-workspace/.derivedData/SDKExplicitPrecompiledModules/Symbols-8G2XC01RPQ5HYIZE6JNUT864I.pcm
SwiftExplicitDependencyGeneratePcm arm64 /Users/admin/builder/spi-builder-workspace/.derivedData/SDKExplicitPrecompiledModules/OSLog-BNGT87TS0GMBFF7TY70HHB69.pcm
SwiftExplicitDependencyGeneratePcm arm64 /Users/admin/builder/spi-builder-workspace/.derivedData/SDKExplicitPrecompiledModules/CoreLocation-1SN37095DAPVJ068LLP9TBDQX.pcm
SwiftExplicitDependencyGeneratePcm arm64 /Users/admin/builder/spi-builder-workspace/.derivedData/SDKExplicitPrecompiledModules/Metal-EKNUM9P3PRIBHZK1ZBD6BA2T7.pcm
SwiftExplicitDependencyGeneratePcm arm64 /Users/admin/builder/spi-builder-workspace/.derivedData/SDKExplicitPrecompiledModules/OpenGLES-56BKSYXNVAP91BYZRWAKQZKGI.pcm
SwiftExplicitDependencyGeneratePcm arm64 /Users/admin/builder/spi-builder-workspace/.derivedData/SDKExplicitPrecompiledModules/CoreMotion-10LV922UPGE28QX2SOIO7ALIZ.pcm
SwiftExplicitDependencyGeneratePcm arm64 /Users/admin/builder/spi-builder-workspace/.derivedData/SDKExplicitPrecompiledModules/CoreVideo-E12HJSJSLO0YKWYBES11UKJ02.pcm
SwiftExplicitDependencyGeneratePcm arm64 /Users/admin/builder/spi-builder-workspace/.derivedData/SDKExplicitPrecompiledModules/QuartzCore-12T8WVKUNCL1N7VXH87MM4YOB.pcm
SwiftExplicitDependencyGeneratePcm arm64 /Users/admin/builder/spi-builder-workspace/.derivedData/SDKExplicitPrecompiledModules/CoreImage-8WF1P230U10QM666EQMNV7OF1.pcm
SwiftExplicitDependencyGeneratePcm arm64 /Users/admin/builder/spi-builder-workspace/.derivedData/SDKExplicitPrecompiledModules/SwiftUICore-6OBBMA39VFD4CB6SG2PE41FAP.pcm
SwiftExplicitDependencyGeneratePcm arm64 /Users/admin/builder/spi-builder-workspace/.derivedData/SDKExplicitPrecompiledModules/UIKit-2D2PMAAE45TMO6S28UCGCO5BR.pcm
SwiftCompile normal arm64 Compiling\ UITraitCollection+colorSpaces.swift,\ UIView+Animation.swift,\ UIView+constrain.swift /Users/admin/builder/spi-builder-workspace/Sources/YCoreUI/Extensions/UIKit/UITraitCollection+colorSpaces.swift /Users/admin/builder/spi-builder-workspace/Sources/YCoreUI/Extensions/UIKit/UIView+Animation.swift /Users/admin/builder/spi-builder-workspace/Sources/YCoreUI/Extensions/UIKit/UIView+constrain.swift (in target 'YCoreUI' from project 'YCoreUI')
SwiftCompile normal arm64 /Users/admin/builder/spi-builder-workspace/Sources/YCoreUI/Extensions/UIKit/UITraitCollection+colorSpaces.swift (in target 'YCoreUI' from project 'YCoreUI')
    cd /Users/admin/builder/spi-builder-workspace/.swiftpm/xcode
    builtin-SwiftPerFileCompile UITraitCollection+colorSpaces.swift
SwiftCompile normal arm64 /Users/admin/builder/spi-builder-workspace/Sources/YCoreUI/Extensions/UIKit/UIView+Animation.swift (in target 'YCoreUI' from project 'YCoreUI')
    cd /Users/admin/builder/spi-builder-workspace/.swiftpm/xcode
    builtin-SwiftPerFileCompile UIView+Animation.swift
SwiftCompile normal arm64 /Users/admin/builder/spi-builder-workspace/Sources/YCoreUI/Extensions/UIKit/UIView+constrain.swift (in target 'YCoreUI' from project 'YCoreUI')
    cd /Users/admin/builder/spi-builder-workspace/.swiftpm/xcode
    builtin-SwiftPerFileCompile UIView+constrain.swift
/Users/admin/builder/spi-builder-workspace/Sources/YCoreUI/Extensions/UIKit/UITraitCollection+colorSpaces.swift:20:9: warning: 'init(traitsFrom:)' was deprecated in visionOS 1.0: Use UITraitCollection.init(mutations:) and UITraitCollection.modifyingTraits(_:) to create and modify trait collections [#DeprecatedDeclaration]
18 |     static let allColorSpaces: [UITraitCollection] = [
19 |         UITraitCollection(userInterfaceStyle: .light),
20 |         UITraitCollection(traitsFrom: [
   |         `- warning: 'init(traitsFrom:)' was deprecated in visionOS 1.0: Use UITraitCollection.init(mutations:) and UITraitCollection.modifyingTraits(_:) to create and modify trait collections [#DeprecatedDeclaration]
21 |             UITraitCollection(userInterfaceStyle: .light),
22 |             UITraitCollection(accessibilityContrast: .high)
SwiftEmitModule normal arm64 Emitting\ module\ for\ YCoreUI (in target 'YCoreUI' from project 'YCoreUI')
/Users/admin/builder/spi-builder-workspace/Sources/YCoreUI/Extensions/Foundation/CGFloat+rounded.swift:20:16: error: 'UIScreen' is unavailable in visionOS
18 |     public func rounded(
19 |         _ rule: FloatingPointRoundingRule = .toNearestOrAwayFromZero,
20 |         scale: UIScreen.ScaleFactor
   |                `- error: 'UIScreen' is unavailable in visionOS
21 |     ) -> CGFloat {
22 |         (self * scale.rawValue).rounded(rule) / scale.rawValue
/Applications/Xcode-27.0.0-Release.Candidate.app/Contents/Developer/Platforms/XROS.platform/Developer/SDKs/XROS27.0.sdk/System/Library/Frameworks/UIKit.framework/Headers/UIScreen.h:54:12: note: 'UIScreen' has been explicitly marked unavailable here
 52 |
 53 | UIKIT_EXTERN API_AVAILABLE(ios(2.0)) API_UNAVAILABLE(visionos, watchos) NS_SWIFT_UI_ACTOR
 54 | @interface UIScreen : NSObject <UITraitEnvironment>
    |            `- note: 'UIScreen' has been explicitly marked unavailable here
 55 |
 56 | @property(class, nonatomic, readonly) NSArray<UIScreen *> *screens API_DEPRECATED("Use UIApplication.shared.openSessions to find open sessions with scenes from other screens", ios(3.2, 16.0), visionos(1.0, 1.0)) API_UNAVAILABLE(watchos); // all screens currently attached to the device
/Users/admin/builder/spi-builder-workspace/Sources/YCoreUI/Extensions/Foundation/CGFloat+rounded.swift:29:32: error: 'UIScreen' is unavailable in visionOS
27 |     /// - Parameter scale: the scale to apply, default is current screen scale
28 |     /// - Returns: the value floored to 1/scale
29 |     public func floored(scale: UIScreen.ScaleFactor = UIScreen.main.scaleFactor) -> CGFloat {
   |                                `- error: 'UIScreen' is unavailable in visionOS
30 |         rounded(.down, scale: scale)
31 |     }
/Applications/Xcode-27.0.0-Release.Candidate.app/Contents/Developer/Platforms/XROS.platform/Developer/SDKs/XROS27.0.sdk/System/Library/Frameworks/UIKit.framework/Headers/UIScreen.h:54:12: note: 'UIScreen' has been explicitly marked unavailable here
 52 |
 53 | UIKIT_EXTERN API_AVAILABLE(ios(2.0)) API_UNAVAILABLE(visionos, watchos) NS_SWIFT_UI_ACTOR
 54 | @interface UIScreen : NSObject <UITraitEnvironment>
    |            `- note: 'UIScreen' has been explicitly marked unavailable here
 55 |
 56 | @property(class, nonatomic, readonly) NSArray<UIScreen *> *screens API_DEPRECATED("Use UIApplication.shared.openSessions to find open sessions with scenes from other screens", ios(3.2, 16.0), visionos(1.0, 1.0)) API_UNAVAILABLE(watchos); // all screens currently attached to the device
/Users/admin/builder/spi-builder-workspace/Sources/YCoreUI/Extensions/Foundation/CGFloat+rounded.swift:29:55: error: 'UIScreen' is unavailable in visionOS
27 |     /// - Parameter scale: the scale to apply, default is current screen scale
28 |     /// - Returns: the value floored to 1/scale
29 |     public func floored(scale: UIScreen.ScaleFactor = UIScreen.main.scaleFactor) -> CGFloat {
   |                                                       `- error: 'UIScreen' is unavailable in visionOS
30 |         rounded(.down, scale: scale)
31 |     }
/Applications/Xcode-27.0.0-Release.Candidate.app/Contents/Developer/Platforms/XROS.platform/Developer/SDKs/XROS27.0.sdk/System/Library/Frameworks/UIKit.framework/Headers/UIScreen.h:54:12: note: 'UIScreen' has been explicitly marked unavailable here
 52 |
 53 | UIKIT_EXTERN API_AVAILABLE(ios(2.0)) API_UNAVAILABLE(visionos, watchos) NS_SWIFT_UI_ACTOR
 54 | @interface UIScreen : NSObject <UITraitEnvironment>
    |            `- note: 'UIScreen' has been explicitly marked unavailable here
 55 |
 56 | @property(class, nonatomic, readonly) NSArray<UIScreen *> *screens API_DEPRECATED("Use UIApplication.shared.openSessions to find open sessions with scenes from other screens", ios(3.2, 16.0), visionos(1.0, 1.0)) API_UNAVAILABLE(watchos); // all screens currently attached to the device
/Users/admin/builder/spi-builder-workspace/Sources/YCoreUI/Extensions/Foundation/CGFloat+rounded.swift:37:31: error: 'UIScreen' is unavailable in visionOS
35 |     /// - Parameter scale: the scale to apply, default is current screen scale
36 |     /// - Returns: the value ceiled to 1/scale
37 |     public func ceiled(scale: UIScreen.ScaleFactor = UIScreen.main.scaleFactor) -> CGFloat {
   |                               `- error: 'UIScreen' is unavailable in visionOS
38 |         rounded(.up, scale: scale)
39 |     }
/Applications/Xcode-27.0.0-Release.Candidate.app/Contents/Developer/Platforms/XROS.platform/Developer/SDKs/XROS27.0.sdk/System/Library/Frameworks/UIKit.framework/Headers/UIScreen.h:54:12: note: 'UIScreen' has been explicitly marked unavailable here
 52 |
 53 | UIKIT_EXTERN API_AVAILABLE(ios(2.0)) API_UNAVAILABLE(visionos, watchos) NS_SWIFT_UI_ACTOR
 54 | @interface UIScreen : NSObject <UITraitEnvironment>
    |            `- note: 'UIScreen' has been explicitly marked unavailable here
 55 |
 56 | @property(class, nonatomic, readonly) NSArray<UIScreen *> *screens API_DEPRECATED("Use UIApplication.shared.openSessions to find open sessions with scenes from other screens", ios(3.2, 16.0), visionos(1.0, 1.0)) API_UNAVAILABLE(watchos); // all screens currently attached to the device
/Users/admin/builder/spi-builder-workspace/Sources/YCoreUI/Extensions/Foundation/CGFloat+rounded.swift:37:54: error: 'UIScreen' is unavailable in visionOS
35 |     /// - Parameter scale: the scale to apply, default is current screen scale
36 |     /// - Returns: the value ceiled to 1/scale
37 |     public func ceiled(scale: UIScreen.ScaleFactor = UIScreen.main.scaleFactor) -> CGFloat {
   |                                                      `- error: 'UIScreen' is unavailable in visionOS
38 |         rounded(.up, scale: scale)
39 |     }
/Applications/Xcode-27.0.0-Release.Candidate.app/Contents/Developer/Platforms/XROS.platform/Developer/SDKs/XROS27.0.sdk/System/Library/Frameworks/UIKit.framework/Headers/UIScreen.h:54:12: note: 'UIScreen' has been explicitly marked unavailable here
 52 |
 53 | UIKIT_EXTERN API_AVAILABLE(ios(2.0)) API_UNAVAILABLE(visionos, watchos) NS_SWIFT_UI_ACTOR
 54 | @interface UIScreen : NSObject <UITraitEnvironment>
    |            `- note: 'UIScreen' has been explicitly marked unavailable here
 55 |
 56 | @property(class, nonatomic, readonly) NSArray<UIScreen *> *screens API_DEPRECATED("Use UIApplication.shared.openSessions to find open sessions with scenes from other screens", ios(3.2, 16.0), visionos(1.0, 1.0)) API_UNAVAILABLE(watchos); // all screens currently attached to the device
/Users/admin/builder/spi-builder-workspace/Sources/YCoreUI/Extensions/UIKit/UIScreen+scaleFactor.swift:11:11: error: 'UIScreen' is unavailable in visionOS
 9 | import UIKit
10 |
11 | extension UIScreen {
   |           `- error: 'UIScreen' is unavailable in visionOS
12 |     /// Represents possible scale factors of iOS screens
13 |     public enum ScaleFactor: CGFloat {
/Applications/Xcode-27.0.0-Release.Candidate.app/Contents/Developer/Platforms/XROS.platform/Developer/SDKs/XROS27.0.sdk/System/Library/Frameworks/UIKit.framework/Headers/UIScreen.h:54:12: note: 'UIScreen' has been explicitly marked unavailable here
 52 |
 53 | UIKIT_EXTERN API_AVAILABLE(ios(2.0)) API_UNAVAILABLE(visionos, watchos) NS_SWIFT_UI_ACTOR
 54 | @interface UIScreen : NSObject <UITraitEnvironment>
    |            `- note: 'UIScreen' has been explicitly marked unavailable here
 55 |
 56 | @property(class, nonatomic, readonly) NSArray<UIScreen *> *screens API_DEPRECATED("Use UIApplication.shared.openSessions to find open sessions with scenes from other screens", ios(3.2, 16.0), visionos(1.0, 1.0)) API_UNAVAILABLE(watchos); // all screens currently attached to the device
/Users/admin/builder/spi-builder-workspace/Sources/YCoreUI/Extensions/UIKit/UITraitCollection+colorSpaces.swift:20:9: warning: 'init(traitsFrom:)' was deprecated in visionOS 1.0: Use UITraitCollection.init(mutations:) and UITraitCollection.modifyingTraits(_:) to create and modify trait collections [#DeprecatedDeclaration]
18 |     static let allColorSpaces: [UITraitCollection] = [
19 |         UITraitCollection(userInterfaceStyle: .light),
20 |         UITraitCollection(traitsFrom: [
   |         `- warning: 'init(traitsFrom:)' was deprecated in visionOS 1.0: Use UITraitCollection.init(mutations:) and UITraitCollection.modifyingTraits(_:) to create and modify trait collections [#DeprecatedDeclaration]
21 |             UITraitCollection(userInterfaceStyle: .light),
22 |             UITraitCollection(accessibilityContrast: .high)
/Users/admin/builder/spi-builder-workspace/Sources/YCoreUI/Extensions/UIKit/UITraitCollection+colorSpaces.swift:25:9: warning: 'init(traitsFrom:)' was deprecated in visionOS 1.0: Use UITraitCollection.init(mutations:) and UITraitCollection.modifyingTraits(_:) to create and modify trait collections [#DeprecatedDeclaration]
23 |         ]),
24 |         UITraitCollection(userInterfaceStyle: .dark),
25 |         UITraitCollection(traitsFrom: [
   |         `- warning: 'init(traitsFrom:)' was deprecated in visionOS 1.0: Use UITraitCollection.init(mutations:) and UITraitCollection.modifyingTraits(_:) to create and modify trait collections [#DeprecatedDeclaration]
26 |             UITraitCollection(userInterfaceStyle: .dark),
27 |             UITraitCollection(accessibilityContrast: .high)
[#DeprecatedDeclaration]: <https://docs.swift.org/compiler/documentation/diagnostics/deprecated-declaration>
Failed frontend command:
/Applications/Xcode-27.0.0-Release.Candidate.app/Contents/Developer/Toolchains/XcodeDefault.xctoolchain/usr/bin/swift-frontend -frontend -emit-module -experimental-skip-non-inlinable-function-bodies-without-types /Users/admin/builder/spi-builder-workspace/Sources/YCoreUI/Components/FormViewController.swift /Users/admin/builder/spi-builder-workspace/Sources/YCoreUI/Extensions/Foundation/CGFloat+rounded.swift /Users/admin/builder/spi-builder-workspace/Sources/YCoreUI/Extensions/Foundation/CGSize+inset.swift /Users/admin/builder/spi-builder-workspace/Sources/YCoreUI/Extensions/Foundation/String+Localizable.swift /Users/admin/builder/spi-builder-workspace/Sources/YCoreUI/Extensions/UIKit/NSDirectionalEdgeInsets+horizontal.swift /Users/admin/builder/spi-builder-workspace/Sources/YCoreUI/Extensions/UIKit/NSDirectionalEdgeInsets+init.swift /Users/admin/builder/spi-builder-workspace/Sources/YCoreUI/Extensions/UIKit/UIColor+WCAG.swift /Users/admin/builder/spi-builder-workspace/Sources/YCoreUI/Extensions/UIKit/UIColor+blended.swift /Users/admin/builder/spi-builder-workspace/Sources/YCoreUI/Extensions/UIKit/UIColor+rgb.swift /Users/admin/builder/spi-builder-workspace/Sources/YCoreUI/Extensions/UIKit/UIColor+rgbComponents.swift /Users/admin/builder/spi-builder-workspace/Sources/YCoreUI/Extensions/UIKit/UIColor+rgbValue.swift /Users/admin/builder/spi-builder-workspace/Sources/YCoreUI/Extensions/UIKit/UIEdgeInsets+directional.swift /Users/admin/builder/spi-builder-workspace/Sources/YCoreUI/Extensions/UIKit/UIEdgeInsets+horizontal.swift /Users/admin/builder/spi-builder-workspace/Sources/YCoreUI/Extensions/UIKit/UIEdgeInsets+init.swift /Users/admin/builder/spi-builder-workspace/Sources/YCoreUI/Extensions/UIKit/UIScreen+scaleFactor.swift /Users/admin/builder/spi-builder-workspace/Sources/YCoreUI/Extensions/UIKit/UIScrollView+keyboardNotifications.swift /Users/admin/builder/spi-builder-workspace/Sources/YCoreUI/Extensions/UIKit/UITraitCollection+colorSpaces.swift /Users/admin/builder/spi-builder-workspace/Sources/YCoreUI/Extensions/UIKit/UIView+Animation.swift /Users/admin/builder/spi-builder-workspace/Sources/YCoreUI/Extensions/UIKit/UIView+constrain.swift /Users/admin/builder/spi-builder-workspace/Sources/YCoreUI/Extensions/UIKit/UIView+constrainAnchor.swift /Users/admin/builder/spi-builder-workspace/Sources/YCoreUI/Extensions/UIKit/UIView+constrainAspectRatio.swift /Users/admin/builder/spi-builder-workspace/Sources/YCoreUI/Extensions/UIKit/UIView+constrainBelow.swift /Users/admin/builder/spi-builder-workspace/Sources/YCoreUI/Extensions/UIKit/UIView+constrainCenter.swift /Users/admin/builder/spi-builder-workspace/Sources/YCoreUI/Extensions/UIKit/UIView+constrainEdges.swift /Users/admin/builder/spi-builder-workspace/Sources/YCoreUI/Extensions/UIKit/UIView+constrainEdgesToMargins.swift /Users/admin/builder/spi-builder-workspace/Sources/YCoreUI/Extensions/UIKit/UIView+constrainSize.swift /Users/admin/builder/spi-builder-workspace/Sources/YCoreUI/Foundations/Animation.swift /Users/admin/builder/spi-builder-workspace/Sources/YCoreUI/Foundations/Elevation.swift /Users/admin/builder/spi-builder-workspace/Sources/YCoreUI/Protocols/Anchorable.swift /Users/admin/builder/spi-builder-workspace/Sources/YCoreUI/Protocols/Colorable.swift /Users/admin/builder/spi-builder-workspace/Sources/YCoreUI/Protocols/ImageAsset.swift /Users/admin/builder/spi-builder-workspace/Sources/YCoreUI/Protocols/Localizable.swift /Users/admin/builder/spi-builder-workspace/Sources/YCoreUI/Protocols/SystemImage.swift /Users/admin/builder/spi-builder-workspace/Sources/YCoreUI/YCoreUI+Logging.swift -target arm64-apple-xros1.0 -disable-cross-import-overlay-search -load-resolved-plugin /Applications/Xcode-27.0.0-Release.Candidate.app/Contents/Developer/Platforms/XROS.platform/Developer/usr/lib/swift/host/plugins/libFoundationMacros.dylib\#/Applications/Xcode-27.0.0-Release.Candidate.app/Contents/Developer/Platforms/XROS.platform/Developer/usr/bin/swift-plugin-server\#FoundationMacros -load-resolved-plugin /Applications/Xcode-27.0.0-Release.Candidate.app/Contents/Developer/Platforms/XROS.platform/Developer/usr/lib/swift/host/plugins/libObservationMacros.dylib\#/Applications/Xcode-27.0.0-Release.Candidate.app/Contents/Developer/Platforms/XROS.platform/Developer/usr/bin/swift-plugin-server\#ObservationMacros -load-resolved-plugin /Applications/Xcode-27.0.0-Release.Candidate.app/Contents/Developer/Platforms/XROS.platform/Developer/usr/lib/swift/host/plugins/libPreviewsMacros.dylib\#/Applications/Xcode-27.0.0-Release.Candidate.app/Contents/Developer/Platforms/XROS.platform/Developer/usr/bin/swift-plugin-server\#PreviewsMacros -load-resolved-plugin /Applications/Xcode-27.0.0-Release.Candidate.app/Contents/Developer/Platforms/XROS.platform/Developer/usr/lib/swift/host/plugins/libSwiftMacros.dylib\#/Applications/Xcode-27.0.0-Release.Candidate.app/Contents/Developer/Platforms/XROS.platform/Developer/usr/bin/swift-plugin-server\#SwiftMacros -load-resolved-plugin /Applications/Xcode-27.0.0-Release.Candidate.app/Contents/Developer/Platforms/XROS.platform/Developer/usr/lib/swift/host/plugins/libSwiftUIMacros.dylib\#/Applications/Xcode-27.0.0-Release.Candidate.app/Contents/Developer/Platforms/XROS.platform/Developer/usr/bin/swift-plugin-server\#SwiftUIMacros -disable-implicit-swift-modules -Xcc -fno-implicit-modules -Xcc -fno-implicit-module-maps -explicit-swift-module-map-file /Users/admin/builder/spi-builder-workspace/.derivedData/Build/Intermediates.noindex/YCoreUI.build/Debug-xros/YCoreUI-t.build/Objects-normal/arm64/YCoreUI-dependencies-1.json -Xllvm -aarch64-use-tbi -enable-objc-interop -stack-check -sdk /Applications/Xcode-27.0.0-Release.Candidate.app/Contents/Developer/Platforms/XROS.platform/Developer/SDKs/XROS27.0.sdk -I /Users/admin/builder/spi-builder-workspace/.derivedData/Build/Products/Debug-xros -Isystem /Applications/Xcode-27.0.0-Release.Candidate.app/Contents/Developer/Platforms/XROS.platform/Developer/usr/lib -F /Users/admin/builder/spi-builder-workspace/.derivedData/Build/Products/Debug-xros -F /Applications/Xcode-27.0.0-Release.Candidate.app/Contents/Developer/Platforms/XROS.platform/Developer/Library/Frameworks -F /Applications/Xcode-27.0.0-Release.Candidate.app/Contents/Developer/Platforms/XROS.platform/Developer/SDKs/XROS27.0.sdk/Developer/Library/Frameworks -module-cache-path /Users/admin/builder/spi-builder-workspace/.derivedData/Build/Intermediates.noindex/SwiftExplicitPrecompiledModules -no-color-diagnostics -Xcc -fno-color-diagnostics -enable-testing -g -debug-info-format\=dwarf -dwarf-version\=4 -profile-generate -profile-coverage-mapping -swift-version 5 -Onone -D SWIFT_PACKAGE -D DEBUG -D SWIFT_MODULE_RESOURCE_BUNDLE_UNAVAILABLE -D Xcode -serialize-debugging-options -enable-experimental-feature DebugDescriptionMacro -empty-abi-descriptor -validate-clang-modules-once -clang-build-session-file /Users/admin/builder/spi-builder-workspace/.derivedData/ModuleCache.noindex/Session.modulevalidation -Xcc -working-directory -Xcc /Users/admin/builder/spi-builder-workspace/.swiftpm/xcode -enable-anonymous-context-mangled-names -file-compilation-dir /Users/admin/builder/spi-builder-workspace/.swiftpm/xcode -Xcc -D_LIBCPP_HARDENING_MODE\=_LIBCPP_HARDENING_MODE_DEBUG -Xcc -ivfsstatcache -Xcc /Users/admin/builder/spi-builder-workspace/.derivedData/SDKStatCaches.noindex/xros27.0-24M361-e829b21a6f8c9b70876ba0858053c044735bd543db762f57723cac368afd1ce4.sdkstatcache -Xcc -fmodules-prune-interval\=86400 -Xcc -fmodules-prune-after\=345600 -Xcc -I/Users/admin/builder/spi-builder-workspace/.derivedData/Build/Products/Debug-xros/include -Xcc -I/Users/admin/builder/spi-builder-workspace/.derivedData/Build/Intermediates.noindex/YCoreUI.build/Debug-xros/YCoreUI-t.build/DerivedSources-normal/arm64 -Xcc -I/Users/admin/builder/spi-builder-workspace/.derivedData/Build/Intermediates.noindex/YCoreUI.build/Debug-xros/YCoreUI-t.build/DerivedSources/arm64 -Xcc -I/Users/admin/builder/spi-builder-workspace/.derivedData/Build/Intermediates.noindex/YCoreUI.build/Debug-xros/YCoreUI-t.build/DerivedSources -Xcc -DSWIFT_PACKAGE -Xcc -DDEBUG\=1 -no-auto-bridging-header-chaining -module-name YCoreUI -const-gather-protocols-file /Users/admin/builder/spi-builder-workspace/.derivedData/Build/Intermediates.noindex/YCoreUI.build/Debug-xros/YCoreUI-t.build/Objects-normal/arm64/YCoreUI_const_extract_protocols.json -disable-clang-spi -clang-target arm64-apple-xros27.0 -target-sdk-version 27.0 -target-sdk-name xros27.0 -in-process-plugin-server-path /Applications/Xcode-27.0.0-Release.Candidate.app/Contents/Developer/Toolchains/XcodeDefault.xctoolchain/usr/lib/swift/host/libSwiftInProcPluginServer.dylib -emit-module-doc-path /Users/admin/builder/spi-builder-workspace/.derivedData/Build/Intermediates.noindex/YCoreUI.build/Debug-xros/YCoreUI-t.build/Objects-normal/arm64/YCoreUI.swiftdoc -emit-module-source-info-path /Users/admin/builder/spi-builder-workspace/.derivedData/Build/Intermediates.noindex/YCoreUI.build/Debug-xros/YCoreUI-t.build/Objects-normal/arm64/YCoreUI.swiftsourceinfo -emit-objc-header-path /Users/admin/builder/spi-builder-workspace/.derivedData/Build/Intermediates.noindex/YCoreUI.build/Debug-xros/YCoreUI-t.build/Objects-normal/arm64/YCoreUI-Swift.h -serialize-diagnostics-path /Users/admin/builder/spi-builder-workspace/.derivedData/Build/Intermediates.noindex/YCoreUI.build/Debug-xros/YCoreUI-t.build/Objects-normal/arm64/YCoreUI-primary-emit-module.dia -emit-dependencies-path /Users/admin/builder/spi-builder-workspace/.derivedData/Build/Intermediates.noindex/YCoreUI.build/Debug-xros/YCoreUI-t.build/Objects-normal/arm64/YCoreUI-primary-emit-module.d -parse-as-library -o /Users/admin/builder/spi-builder-workspace/.derivedData/Build/Intermediates.noindex/YCoreUI.build/Debug-xros/YCoreUI-t.build/Objects-normal/arm64/YCoreUI.swiftmodule -emit-abi-descriptor-path /Users/admin/builder/spi-builder-workspace/.derivedData/Build/Intermediates.noindex/YCoreUI.build/Debug-xros/YCoreUI-t.build/Objects-normal/arm64/YCoreUI.abi.json
SwiftCompile normal arm64 (in target 'YCoreUI' from project 'YCoreUI')
    cd /Users/admin/builder/spi-builder-workspace/.swiftpm/xcode

SwiftCompile normal arm64 Compiling\ NSDirectionalEdgeInsets+horizontal.swift,\ NSDirectionalEdgeInsets+init.swift,\ UIColor+WCAG.swift,\ UIColor+blended.swift /Users/admin/builder/spi-builder-workspace/Sources/YCoreUI/Extensions/UIKit/NSDirectionalEdgeInsets+horizontal.swift /Users/admin/builder/spi-builder-workspace/Sources/YCoreUI/Extensions/UIKit/NSDirectionalEdgeInsets+init.swift /Users/admin/builder/spi-builder-workspace/Sources/YCoreUI/Extensions/UIKit/UIColor+WCAG.swift /Users/admin/builder/spi-builder-workspace/Sources/YCoreUI/Extensions/UIKit/UIColor+blended.swift (in target 'YCoreUI' from project 'YCoreUI')
SwiftCompile normal arm64 /Users/admin/builder/spi-builder-workspace/Sources/YCoreUI/Extensions/UIKit/NSDirectionalEdgeInsets+horizontal.swift (in target 'YCoreUI' from project 'YCoreUI')
    cd /Users/admin/builder/spi-builder-workspace/.swiftpm/xcode
    builtin-SwiftPerFileCompile NSDirectionalEdgeInsets+horizontal.swift
SwiftCompile normal arm64 /Users/admin/builder/spi-builder-workspace/Sources/YCoreUI/Extensions/UIKit/NSDirectionalEdgeInsets+init.swift (in target 'YCoreUI' from project 'YCoreUI')
    cd /Users/admin/builder/spi-builder-workspace/.swiftpm/xcode
    builtin-SwiftPerFileCompile NSDirectionalEdgeInsets+init.swift
SwiftCompile normal arm64 /Users/admin/builder/spi-builder-workspace/Sources/YCoreUI/Extensions/UIKit/UIColor+WCAG.swift (in target 'YCoreUI' from project 'YCoreUI')
    cd /Users/admin/builder/spi-builder-workspace/.swiftpm/xcode
    builtin-SwiftPerFileCompile UIColor+WCAG.swift
SwiftCompile normal arm64 /Users/admin/builder/spi-builder-workspace/Sources/YCoreUI/Extensions/UIKit/UIColor+blended.swift (in target 'YCoreUI' from project 'YCoreUI')
    cd /Users/admin/builder/spi-builder-workspace/.swiftpm/xcode
    builtin-SwiftPerFileCompile UIColor+blended.swift
SwiftCompile normal arm64 Compiling\ UIColor+rgb.swift,\ UIColor+rgbComponents.swift,\ UIColor+rgbValue.swift,\ UIEdgeInsets+directional.swift /Users/admin/builder/spi-builder-workspace/Sources/YCoreUI/Extensions/UIKit/UIColor+rgb.swift /Users/admin/builder/spi-builder-workspace/Sources/YCoreUI/Extensions/UIKit/UIColor+rgbComponents.swift /Users/admin/builder/spi-builder-workspace/Sources/YCoreUI/Extensions/UIKit/UIColor+rgbValue.swift /Users/admin/builder/spi-builder-workspace/Sources/YCoreUI/Extensions/UIKit/UIEdgeInsets+directional.swift (in target 'YCoreUI' from project 'YCoreUI')
SwiftCompile normal arm64 /Users/admin/builder/spi-builder-workspace/Sources/YCoreUI/Extensions/UIKit/UIColor+rgb.swift (in target 'YCoreUI' from project 'YCoreUI')
    cd /Users/admin/builder/spi-builder-workspace/.swiftpm/xcode
    builtin-SwiftPerFileCompile UIColor+rgb.swift
SwiftCompile normal arm64 /Users/admin/builder/spi-builder-workspace/Sources/YCoreUI/Extensions/UIKit/UIColor+rgbComponents.swift (in target 'YCoreUI' from project 'YCoreUI')
    cd /Users/admin/builder/spi-builder-workspace/.swiftpm/xcode
    builtin-SwiftPerFileCompile UIColor+rgbComponents.swift
SwiftCompile normal arm64 /Users/admin/builder/spi-builder-workspace/Sources/YCoreUI/Extensions/UIKit/UIColor+rgbValue.swift (in target 'YCoreUI' from project 'YCoreUI')
    cd /Users/admin/builder/spi-builder-workspace/.swiftpm/xcode
    builtin-SwiftPerFileCompile UIColor+rgbValue.swift
SwiftCompile normal arm64 /Users/admin/builder/spi-builder-workspace/Sources/YCoreUI/Extensions/UIKit/UIEdgeInsets+directional.swift (in target 'YCoreUI' from project 'YCoreUI')
    cd /Users/admin/builder/spi-builder-workspace/.swiftpm/xcode
    builtin-SwiftPerFileCompile UIEdgeInsets+directional.swift
SwiftCompile normal arm64 Compiling\ FormViewController.swift,\ CGFloat+rounded.swift,\ CGSize+inset.swift,\ String+Localizable.swift /Users/admin/builder/spi-builder-workspace/Sources/YCoreUI/Components/FormViewController.swift /Users/admin/builder/spi-builder-workspace/Sources/YCoreUI/Extensions/Foundation/CGFloat+rounded.swift /Users/admin/builder/spi-builder-workspace/Sources/YCoreUI/Extensions/Foundation/CGSize+inset.swift /Users/admin/builder/spi-builder-workspace/Sources/YCoreUI/Extensions/Foundation/String+Localizable.swift (in target 'YCoreUI' from project 'YCoreUI')
/Users/admin/builder/spi-builder-workspace/Sources/YCoreUI/Extensions/Foundation/CGFloat+rounded.swift:20:16: error: 'UIScreen' is unavailable in visionOS
18 |     public func rounded(
19 |         _ rule: FloatingPointRoundingRule = .toNearestOrAwayFromZero,
20 |         scale: UIScreen.ScaleFactor
   |                `- error: 'UIScreen' is unavailable in visionOS
21 |     ) -> CGFloat {
22 |         (self * scale.rawValue).rounded(rule) / scale.rawValue
/Applications/Xcode-27.0.0-Release.Candidate.app/Contents/Developer/Platforms/XROS.platform/Developer/SDKs/XROS27.0.sdk/System/Library/Frameworks/UIKit.framework/Headers/UIScreen.h:54:12: note: 'UIScreen' has been explicitly marked unavailable here
 52 |
 53 | UIKIT_EXTERN API_AVAILABLE(ios(2.0)) API_UNAVAILABLE(visionos, watchos) NS_SWIFT_UI_ACTOR
 54 | @interface UIScreen : NSObject <UITraitEnvironment>
    |            `- note: 'UIScreen' has been explicitly marked unavailable here
 55 |
 56 | @property(class, nonatomic, readonly) NSArray<UIScreen *> *screens API_DEPRECATED("Use UIApplication.shared.openSessions to find open sessions with scenes from other screens", ios(3.2, 16.0), visionos(1.0, 1.0)) API_UNAVAILABLE(watchos); // all screens currently attached to the device
/Users/admin/builder/spi-builder-workspace/Sources/YCoreUI/Extensions/Foundation/CGFloat+rounded.swift:29:32: error: 'UIScreen' is unavailable in visionOS
27 |     /// - Parameter scale: the scale to apply, default is current screen scale
28 |     /// - Returns: the value floored to 1/scale
29 |     public func floored(scale: UIScreen.ScaleFactor = UIScreen.main.scaleFactor) -> CGFloat {
   |                                `- error: 'UIScreen' is unavailable in visionOS
30 |         rounded(.down, scale: scale)
31 |     }
/Applications/Xcode-27.0.0-Release.Candidate.app/Contents/Developer/Platforms/XROS.platform/Developer/SDKs/XROS27.0.sdk/System/Library/Frameworks/UIKit.framework/Headers/UIScreen.h:54:12: note: 'UIScreen' has been explicitly marked unavailable here
 52 |
 53 | UIKIT_EXTERN API_AVAILABLE(ios(2.0)) API_UNAVAILABLE(visionos, watchos) NS_SWIFT_UI_ACTOR
 54 | @interface UIScreen : NSObject <UITraitEnvironment>
    |            `- note: 'UIScreen' has been explicitly marked unavailable here
 55 |
 56 | @property(class, nonatomic, readonly) NSArray<UIScreen *> *screens API_DEPRECATED("Use UIApplication.shared.openSessions to find open sessions with scenes from other screens", ios(3.2, 16.0), visionos(1.0, 1.0)) API_UNAVAILABLE(watchos); // all screens currently attached to the device
/Users/admin/builder/spi-builder-workspace/Sources/YCoreUI/Extensions/Foundation/CGFloat+rounded.swift:29:55: error: 'UIScreen' is unavailable in visionOS
27 |     /// - Parameter scale: the scale to apply, default is current screen scale
28 |     /// - Returns: the value floored to 1/scale
29 |     public func floored(scale: UIScreen.ScaleFactor = UIScreen.main.scaleFactor) -> CGFloat {
   |                                                       `- error: 'UIScreen' is unavailable in visionOS
30 |         rounded(.down, scale: scale)
31 |     }
/Applications/Xcode-27.0.0-Release.Candidate.app/Contents/Developer/Platforms/XROS.platform/Developer/SDKs/XROS27.0.sdk/System/Library/Frameworks/UIKit.framework/Headers/UIScreen.h:54:12: note: 'UIScreen' has been explicitly marked unavailable here
 52 |
 53 | UIKIT_EXTERN API_AVAILABLE(ios(2.0)) API_UNAVAILABLE(visionos, watchos) NS_SWIFT_UI_ACTOR
 54 | @interface UIScreen : NSObject <UITraitEnvironment>
    |            `- note: 'UIScreen' has been explicitly marked unavailable here
 55 |
 56 | @property(class, nonatomic, readonly) NSArray<UIScreen *> *screens API_DEPRECATED("Use UIApplication.shared.openSessions to find open sessions with scenes from other screens", ios(3.2, 16.0), visionos(1.0, 1.0)) API_UNAVAILABLE(watchos); // all screens currently attached to the device
/Users/admin/builder/spi-builder-workspace/Sources/YCoreUI/Extensions/Foundation/CGFloat+rounded.swift:37:31: error: 'UIScreen' is unavailable in visionOS
35 |     /// - Parameter scale: the scale to apply, default is current screen scale
36 |     /// - Returns: the value ceiled to 1/scale
37 |     public func ceiled(scale: UIScreen.ScaleFactor = UIScreen.main.scaleFactor) -> CGFloat {
   |                               `- error: 'UIScreen' is unavailable in visionOS
38 |         rounded(.up, scale: scale)
39 |     }
/Applications/Xcode-27.0.0-Release.Candidate.app/Contents/Developer/Platforms/XROS.platform/Developer/SDKs/XROS27.0.sdk/System/Library/Frameworks/UIKit.framework/Headers/UIScreen.h:54:12: note: 'UIScreen' has been explicitly marked unavailable here
 52 |
 53 | UIKIT_EXTERN API_AVAILABLE(ios(2.0)) API_UNAVAILABLE(visionos, watchos) NS_SWIFT_UI_ACTOR
 54 | @interface UIScreen : NSObject <UITraitEnvironment>
    |            `- note: 'UIScreen' has been explicitly marked unavailable here
 55 |
 56 | @property(class, nonatomic, readonly) NSArray<UIScreen *> *screens API_DEPRECATED("Use UIApplication.shared.openSessions to find open sessions with scenes from other screens", ios(3.2, 16.0), visionos(1.0, 1.0)) API_UNAVAILABLE(watchos); // all screens currently attached to the device
SwiftCompile normal arm64 /Users/admin/builder/spi-builder-workspace/Sources/YCoreUI/Components/FormViewController.swift (in target 'YCoreUI' from project 'YCoreUI')
    cd /Users/admin/builder/spi-builder-workspace/.swiftpm/xcode
    builtin-SwiftPerFileCompile FormViewController.swift
SwiftCompile normal arm64 /Users/admin/builder/spi-builder-workspace/Sources/YCoreUI/Extensions/Foundation/CGFloat+rounded.swift (in target 'YCoreUI' from project 'YCoreUI')
    cd /Users/admin/builder/spi-builder-workspace/.swiftpm/xcode
    builtin-SwiftPerFileCompile CGFloat+rounded.swift
SwiftCompile normal arm64 /Users/admin/builder/spi-builder-workspace/Sources/YCoreUI/Extensions/Foundation/CGSize+inset.swift (in target 'YCoreUI' from project 'YCoreUI')
    cd /Users/admin/builder/spi-builder-workspace/.swiftpm/xcode
    builtin-SwiftPerFileCompile CGSize+inset.swift
SwiftCompile normal arm64 /Users/admin/builder/spi-builder-workspace/Sources/YCoreUI/Extensions/Foundation/String+Localizable.swift (in target 'YCoreUI' from project 'YCoreUI')
    cd /Users/admin/builder/spi-builder-workspace/.swiftpm/xcode
    builtin-SwiftPerFileCompile String+Localizable.swift
SwiftCompile normal arm64 Compiling\ UIView+constrainAnchor.swift,\ UIView+constrainAspectRatio.swift,\ UIView+constrainBelow.swift /Users/admin/builder/spi-builder-workspace/Sources/YCoreUI/Extensions/UIKit/UIView+constrainAnchor.swift /Users/admin/builder/spi-builder-workspace/Sources/YCoreUI/Extensions/UIKit/UIView+constrainAspectRatio.swift /Users/admin/builder/spi-builder-workspace/Sources/YCoreUI/Extensions/UIKit/UIView+constrainBelow.swift (in target 'YCoreUI' from project 'YCoreUI')
SwiftCompile normal arm64 /Users/admin/builder/spi-builder-workspace/Sources/YCoreUI/Extensions/UIKit/UIView+constrainAnchor.swift (in target 'YCoreUI' from project 'YCoreUI')
    cd /Users/admin/builder/spi-builder-workspace/.swiftpm/xcode
    builtin-SwiftPerFileCompile UIView+constrainAnchor.swift
SwiftCompile normal arm64 /Users/admin/builder/spi-builder-workspace/Sources/YCoreUI/Extensions/UIKit/UIView+constrainAspectRatio.swift (in target 'YCoreUI' from project 'YCoreUI')
    cd /Users/admin/builder/spi-builder-workspace/.swiftpm/xcode
    builtin-SwiftPerFileCompile UIView+constrainAspectRatio.swift
SwiftCompile normal arm64 /Users/admin/builder/spi-builder-workspace/Sources/YCoreUI/Extensions/UIKit/UIView+constrainBelow.swift (in target 'YCoreUI' from project 'YCoreUI')
    cd /Users/admin/builder/spi-builder-workspace/.swiftpm/xcode
    builtin-SwiftPerFileCompile UIView+constrainBelow.swift
SwiftCompile normal arm64 Compiling\ UIView+constrainSize.swift,\ Animation.swift,\ Elevation.swift /Users/admin/builder/spi-builder-workspace/Sources/YCoreUI/Extensions/UIKit/UIView+constrainSize.swift /Users/admin/builder/spi-builder-workspace/Sources/YCoreUI/Foundations/Animation.swift /Users/admin/builder/spi-builder-workspace/Sources/YCoreUI/Foundations/Elevation.swift (in target 'YCoreUI' from project 'YCoreUI')
SwiftCompile normal arm64 /Users/admin/builder/spi-builder-workspace/Sources/YCoreUI/Extensions/UIKit/UIView+constrainSize.swift (in target 'YCoreUI' from project 'YCoreUI')
    cd /Users/admin/builder/spi-builder-workspace/.swiftpm/xcode
    builtin-SwiftPerFileCompile UIView+constrainSize.swift
SwiftCompile normal arm64 /Users/admin/builder/spi-builder-workspace/Sources/YCoreUI/Foundations/Animation.swift (in target 'YCoreUI' from project 'YCoreUI')
    cd /Users/admin/builder/spi-builder-workspace/.swiftpm/xcode
    builtin-SwiftPerFileCompile Animation.swift
SwiftCompile normal arm64 /Users/admin/builder/spi-builder-workspace/Sources/YCoreUI/Foundations/Elevation.swift (in target 'YCoreUI' from project 'YCoreUI')
    cd /Users/admin/builder/spi-builder-workspace/.swiftpm/xcode
    builtin-SwiftPerFileCompile Elevation.swift
SwiftCompile normal arm64 Compiling\ UIView+constrainCenter.swift,\ UIView+constrainEdges.swift,\ UIView+constrainEdgesToMargins.swift /Users/admin/builder/spi-builder-workspace/Sources/YCoreUI/Extensions/UIKit/UIView+constrainCenter.swift /Users/admin/builder/spi-builder-workspace/Sources/YCoreUI/Extensions/UIKit/UIView+constrainEdges.swift /Users/admin/builder/spi-builder-workspace/Sources/YCoreUI/Extensions/UIKit/UIView+constrainEdgesToMargins.swift (in target 'YCoreUI' from project 'YCoreUI')
SwiftCompile normal arm64 /Users/admin/builder/spi-builder-workspace/Sources/YCoreUI/Extensions/UIKit/UIView+constrainCenter.swift (in target 'YCoreUI' from project 'YCoreUI')
    cd /Users/admin/builder/spi-builder-workspace/.swiftpm/xcode
    builtin-SwiftPerFileCompile UIView+constrainCenter.swift
SwiftCompile normal arm64 /Users/admin/builder/spi-builder-workspace/Sources/YCoreUI/Extensions/UIKit/UIView+constrainEdges.swift (in target 'YCoreUI' from project 'YCoreUI')
    cd /Users/admin/builder/spi-builder-workspace/.swiftpm/xcode
    builtin-SwiftPerFileCompile UIView+constrainEdges.swift
SwiftCompile normal arm64 /Users/admin/builder/spi-builder-workspace/Sources/YCoreUI/Extensions/UIKit/UIView+constrainEdgesToMargins.swift (in target 'YCoreUI' from project 'YCoreUI')
    cd /Users/admin/builder/spi-builder-workspace/.swiftpm/xcode
    builtin-SwiftPerFileCompile UIView+constrainEdgesToMargins.swift
SwiftCompile normal arm64 Compiling\ UIEdgeInsets+horizontal.swift,\ UIEdgeInsets+init.swift,\ UIScreen+scaleFactor.swift,\ UIScrollView+keyboardNotifications.swift /Users/admin/builder/spi-builder-workspace/Sources/YCoreUI/Extensions/UIKit/UIEdgeInsets+horizontal.swift /Users/admin/builder/spi-builder-workspace/Sources/YCoreUI/Extensions/UIKit/UIEdgeInsets+init.swift /Users/admin/builder/spi-builder-workspace/Sources/YCoreUI/Extensions/UIKit/UIScreen+scaleFactor.swift /Users/admin/builder/spi-builder-workspace/Sources/YCoreUI/Extensions/UIKit/UIScrollView+keyboardNotifications.swift (in target 'YCoreUI' from project 'YCoreUI')
SwiftCompile normal arm64 /Users/admin/builder/spi-builder-workspace/Sources/YCoreUI/Extensions/UIKit/UIEdgeInsets+horizontal.swift (in target 'YCoreUI' from project 'YCoreUI')
    cd /Users/admin/builder/spi-builder-workspace/.swiftpm/xcode
    builtin-SwiftPerFileCompile UIEdgeInsets+horizontal.swift
SwiftCompile normal arm64 /Users/admin/builder/spi-builder-workspace/Sources/YCoreUI/Extensions/UIKit/UIEdgeInsets+init.swift (in target 'YCoreUI' from project 'YCoreUI')
    cd /Users/admin/builder/spi-builder-workspace/.swiftpm/xcode
    builtin-SwiftPerFileCompile UIEdgeInsets+init.swift
SwiftCompile normal arm64 /Users/admin/builder/spi-builder-workspace/Sources/YCoreUI/Extensions/UIKit/UIScreen+scaleFactor.swift (in target 'YCoreUI' from project 'YCoreUI')
    cd /Users/admin/builder/spi-builder-workspace/.swiftpm/xcode
    builtin-SwiftPerFileCompile UIScreen+scaleFactor.swift
SwiftCompile normal arm64 /Users/admin/builder/spi-builder-workspace/Sources/YCoreUI/Extensions/UIKit/UIScrollView+keyboardNotifications.swift (in target 'YCoreUI' from project 'YCoreUI')
    cd /Users/admin/builder/spi-builder-workspace/.swiftpm/xcode
    builtin-SwiftPerFileCompile UIScrollView+keyboardNotifications.swift
SwiftCompile normal arm64 Compiling\ Localizable.swift,\ SystemImage.swift,\ YCoreUI+Logging.swift /Users/admin/builder/spi-builder-workspace/Sources/YCoreUI/Protocols/Localizable.swift /Users/admin/builder/spi-builder-workspace/Sources/YCoreUI/Protocols/SystemImage.swift /Users/admin/builder/spi-builder-workspace/Sources/YCoreUI/YCoreUI+Logging.swift (in target 'YCoreUI' from project 'YCoreUI')
SwiftCompile normal arm64 /Users/admin/builder/spi-builder-workspace/Sources/YCoreUI/Protocols/Localizable.swift (in target 'YCoreUI' from project 'YCoreUI')
    cd /Users/admin/builder/spi-builder-workspace/.swiftpm/xcode
    builtin-SwiftPerFileCompile Localizable.swift
SwiftCompile normal arm64 /Users/admin/builder/spi-builder-workspace/Sources/YCoreUI/Protocols/SystemImage.swift (in target 'YCoreUI' from project 'YCoreUI')
    cd /Users/admin/builder/spi-builder-workspace/.swiftpm/xcode
    builtin-SwiftPerFileCompile SystemImage.swift
SwiftCompile normal arm64 /Users/admin/builder/spi-builder-workspace/Sources/YCoreUI/YCoreUI+Logging.swift (in target 'YCoreUI' from project 'YCoreUI')
    cd /Users/admin/builder/spi-builder-workspace/.swiftpm/xcode
    builtin-SwiftPerFileCompile YCoreUI+Logging.swift
SwiftCompile normal arm64 Compiling\ Anchorable.swift,\ Colorable.swift,\ ImageAsset.swift /Users/admin/builder/spi-builder-workspace/Sources/YCoreUI/Protocols/Anchorable.swift /Users/admin/builder/spi-builder-workspace/Sources/YCoreUI/Protocols/Colorable.swift /Users/admin/builder/spi-builder-workspace/Sources/YCoreUI/Protocols/ImageAsset.swift (in target 'YCoreUI' from project 'YCoreUI')
SwiftCompile normal arm64 /Users/admin/builder/spi-builder-workspace/Sources/YCoreUI/Protocols/Anchorable.swift (in target 'YCoreUI' from project 'YCoreUI')
    cd /Users/admin/builder/spi-builder-workspace/.swiftpm/xcode
    builtin-SwiftPerFileCompile Anchorable.swift
SwiftCompile normal arm64 /Users/admin/builder/spi-builder-workspace/Sources/YCoreUI/Protocols/Colorable.swift (in target 'YCoreUI' from project 'YCoreUI')
    cd /Users/admin/builder/spi-builder-workspace/.swiftpm/xcode
    builtin-SwiftPerFileCompile Colorable.swift
SwiftCompile normal arm64 /Users/admin/builder/spi-builder-workspace/Sources/YCoreUI/Protocols/ImageAsset.swift (in target 'YCoreUI' from project 'YCoreUI')
    cd /Users/admin/builder/spi-builder-workspace/.swiftpm/xcode
    builtin-SwiftPerFileCompile ImageAsset.swift
PruneExplicitPrecompiledModules /Users/admin/builder/spi-builder-workspace/.derivedData/Build/Intermediates.noindex/SwiftExplicitPrecompiledModules
PruneExplicitPrecompiledModules /Users/admin/builder/spi-builder-workspace/.derivedData/SDKExplicitPrecompiledModules
PruneExplicitPrecompiledModules /Users/admin/builder/spi-builder-workspace/.derivedData/Build/Intermediates.noindex/ExplicitPrecompiledModules
2026-09-19 14:01:51.181 xcodebuild[671:4331] [MT] IDERunDestination: Supported platforms for the buildables in the current scheme is empty.
2026-09-19 14:01:51.282 xcodebuild[671:4331] [MT] IDERunDestination: Supported platforms for the buildables in the current scheme is empty.
** BUILD FAILED **
The following build commands failed:
	SwiftEmitModule normal arm64 Emitting\ module\ for\ YCoreUI (in target 'YCoreUI' from project 'YCoreUI')
	SwiftCompile normal arm64 (in target 'YCoreUI' from project 'YCoreUI')
	Building workspace YCoreUI with scheme YCoreUI
(3 failures)
Command line invocation:
    /Applications/Xcode-27.0.0-Release.Candidate.app/Contents/Developer/usr/bin/xcodebuild -IDEClonedSourcePackagesDirPathOverride=/Users/admin/builder/spi-builder-workspace/.dependencies -resolvePackageDependencies
Resolve Package Graph
Resolved source packages:
  YCoreUI: /Users/admin/builder/spi-builder-workspace
resolved source packages: YCoreUI
2026-09-19 14:02:00.751 xcodebuild[769:4753] [MT] IDERunDestination: Supported platforms for the buildables in the current scheme is empty.
2026-09-19 14:02:00.896 xcodebuild[769:4753] [MT] IDERunDestination: Supported platforms for the buildables in the current scheme is empty.
{
  "default_localization" : "en",
  "dependencies" : [
  ],
  "manifest_display_name" : "YCoreUI",
  "name" : "YCoreUI",
  "path" : "/Users/admin/builder/spi-builder-workspace",
  "platforms" : [
    {
      "name" : "ios",
      "version" : "14.0"
    },
    {
      "name" : "tvos",
      "version" : "14.0"
    }
  ],
  "products" : [
    {
      "name" : "YCoreUI",
      "targets" : [
        "YCoreUI"
      ],
      "type" : {
        "library" : [
          "automatic"
        ]
      }
    }
  ],
  "targets" : [
    {
      "c99name" : "YCoreUITests",
      "module_type" : "SwiftTarget",
      "name" : "YCoreUITests",
      "path" : "Tests/YCoreUITests",
      "resources" : [
        {
          "path" : "/Users/admin/builder/spi-builder-workspace/Tests/YCoreUITests/Assets/Colors.xcassets",
          "rule" : {
            "process" : {
            }
          }
        },
        {
          "path" : "/Users/admin/builder/spi-builder-workspace/Tests/YCoreUITests/Assets/Images.xcassets",
          "rule" : {
            "process" : {
            }
          }
        },
        {
          "path" : "/Users/admin/builder/spi-builder-workspace/Tests/YCoreUITests/Assets/Strings/en.lproj/Localizable.strings",
          "rule" : {
            "process" : {
              "localization" : "en"
            }
          }
        },
        {
          "path" : "/Users/admin/builder/spi-builder-workspace/Tests/YCoreUITests/Assets/Strings/en.lproj/Settings.strings",
          "rule" : {
            "process" : {
              "localization" : "en"
            }
          }
        }
      ],
      "sources" : [
        "Components/FormViewControllerTests.swift",
        "Extensions/Foundation/CGFloat+roundedTests.swift",
        "Extensions/Foundation/CGSize+insetTests.swift",
        "Extensions/Foundation/String+LocalizedTests.swift",
        "Extensions/UIKit/NSDirectionalEdgeInsets+horizontalTests.swift",
        "Extensions/UIKit/NSDirectionalEdgeInsets+initTests.swift",
        "Extensions/UIKit/UIColor+WCAGTests.swift",
        "Extensions/UIKit/UIColor+blendedTests.swift",
        "Extensions/UIKit/UIColor+rgbComponentsTests.swift",
        "Extensions/UIKit/UIColor+rgbTests.swift",
        "Extensions/UIKit/UIColor+rgbValueTests.swift",
        "Extensions/UIKit/UIEdgeInsets+directionalTests.swift",
        "Extensions/UIKit/UIEdgeInsets+horizontalTests.swift",
        "Extensions/UIKit/UIEdgeInsets+initTests.swift",
        "Extensions/UIKit/UIScreen+scaleFactorTests.swift",
        "Extensions/UIKit/UIScrollView+keyboardNotificationsTests.swift",
        "Extensions/UIKit/UIView+AnimationTests.swift",
        "Extensions/UIKit/UIView+constrainAnchorTests.swift",
        "Extensions/UIKit/UIView+constrainAspectRatioTests.swift",
        "Extensions/UIKit/UIView+constrainBelowTests.swift",
        "Extensions/UIKit/UIView+constrainCenterTests.swift",
        "Extensions/UIKit/UIView+constrainEdgesTests.swift",
        "Extensions/UIKit/UIView+constrainEdgesToMarginsTests.swift",
        "Extensions/UIKit/UIView+constrainSizeTests.swift",
        "Extensions/UIKit/UIView+constrainTests.swift",
        "Foundations/AnimationTests.swift",
        "Foundations/ElevationTests.swift",
        "Foundations/UIColor+TestHarness.swift",
        "Helpers/XCTestCase+MemoryLeakTracking.swift",
        "Protocols/ColorableTests.swift",
        "Protocols/ImageAssetTests.swift",
        "Protocols/SystemImageTests.swift",
        "YCoreUI+LoggingTests.swift"
      ],
      "target_dependencies" : [
        "YCoreUI"
      ],
      "type" : "test"
    },
    {
      "c99name" : "YCoreUI",
      "module_type" : "SwiftTarget",
      "name" : "YCoreUI",
      "path" : "Sources/YCoreUI",
      "product_memberships" : [
        "YCoreUI"
      ],
      "sources" : [
        "Components/FormViewController.swift",
        "Extensions/Foundation/CGFloat+rounded.swift",
        "Extensions/Foundation/CGSize+inset.swift",
        "Extensions/Foundation/String+Localizable.swift",
        "Extensions/UIKit/NSDirectionalEdgeInsets+horizontal.swift",
        "Extensions/UIKit/NSDirectionalEdgeInsets+init.swift",
        "Extensions/UIKit/UIColor+WCAG.swift",
        "Extensions/UIKit/UIColor+blended.swift",
        "Extensions/UIKit/UIColor+rgb.swift",
        "Extensions/UIKit/UIColor+rgbComponents.swift",
        "Extensions/UIKit/UIColor+rgbValue.swift",
        "Extensions/UIKit/UIEdgeInsets+directional.swift",
        "Extensions/UIKit/UIEdgeInsets+horizontal.swift",
        "Extensions/UIKit/UIEdgeInsets+init.swift",
        "Extensions/UIKit/UIScreen+scaleFactor.swift",
        "Extensions/UIKit/UIScrollView+keyboardNotifications.swift",
        "Extensions/UIKit/UITraitCollection+colorSpaces.swift",
        "Extensions/UIKit/UIView+Animation.swift",
        "Extensions/UIKit/UIView+constrain.swift",
        "Extensions/UIKit/UIView+constrainAnchor.swift",
        "Extensions/UIKit/UIView+constrainAspectRatio.swift",
        "Extensions/UIKit/UIView+constrainBelow.swift",
        "Extensions/UIKit/UIView+constrainCenter.swift",
        "Extensions/UIKit/UIView+constrainEdges.swift",
        "Extensions/UIKit/UIView+constrainEdgesToMargins.swift",
        "Extensions/UIKit/UIView+constrainSize.swift",
        "Foundations/Animation.swift",
        "Foundations/Elevation.swift",
        "Protocols/Anchorable.swift",
        "Protocols/Colorable.swift",
        "Protocols/ImageAsset.swift",
        "Protocols/Localizable.swift",
        "Protocols/SystemImage.swift",
        "YCoreUI+Logging.swift"
      ],
      "type" : "library"
    }
  ],
  "tools_version" : "5.5"
}
{
  "workspace" : {
    "name" : "YCoreUI",
    "schemes" : [
      "YCoreUI"
    ]
  }
}
2026-09-19 14:02:02.085 xcodebuild[777:4820] [MT] IDERunDestination: Supported platforms for the buildables in the current scheme is empty.
2026-09-19 14:02:02.225 xcodebuild[777:4820] [MT] IDERunDestination: Supported platforms for the buildables in the current scheme is empty.
Running build ...
env DEVELOPER_DIR=/Applications/Xcode-27.0.0-Release.Candidate.app xcrun xcodebuild -IDEClonedSourcePackagesDirPathOverride=$PWD/.dependencies -skipMacroValidation -skipPackagePluginValidation -derivedDataPath $PWD/.derivedData build -scheme YCoreUI -destination generic/platform=xrOS
Command line invocation:
    /Applications/Xcode-27.0.0-Release.Candidate.app/Contents/Developer/usr/bin/xcodebuild -IDEClonedSourcePackagesDirPathOverride=/Users/admin/builder/spi-builder-workspace/.dependencies -skipMacroValidation -skipPackagePluginValidation -derivedDataPath /Users/admin/builder/spi-builder-workspace/.derivedData build -scheme YCoreUI -destination generic/platform=xrOS
Resolve Package Graph
Resolved source packages:
  YCoreUI: /Users/admin/builder/spi-builder-workspace
ComputePackagePrebuildTargetDependencyGraph
Prepare packages
CreateBuildRequest
SendProjectDescription
CreateBuildOperation
ComputeTargetDependencyGraph
note: Building targets in dependency order
note: Target dependency graph (4 targets)
    Target 'YCoreUITests-product' in project 'YCoreUI'
        ➜ Explicit dependency on target 'YCoreUI_YCoreUITests' in project 'YCoreUI'
        ➜ Explicit dependency on target 'YCoreUI' in project 'YCoreUI'
    Target 'YCoreUI-product' in project 'YCoreUI'
        ➜ Explicit dependency on target 'YCoreUI' in project 'YCoreUI'
    Target 'YCoreUI' in project 'YCoreUI' (no dependencies)
    Target 'YCoreUI_YCoreUITests' in project 'YCoreUI' (no dependencies)
GatherProvisioningInputs
CreateBuildDescription
ClangStatCache /Applications/Xcode-27.0.0-Release.Candidate.app/Contents/Developer/Toolchains/XcodeDefault.xctoolchain/usr/bin/clang-stat-cache /Applications/Xcode-27.0.0-Release.Candidate.app/Contents/Developer/Platforms/XROS.platform/Developer/SDKs/XROS27.0.sdk /Users/admin/builder/spi-builder-workspace/.derivedData/SDKStatCaches.noindex/xros27.0-24M361-e829b21a6f8c9b70876ba0858053c044735bd543db762f57723cac368afd1ce4.sdkstatcache
    cd /Users/admin/builder/spi-builder-workspace/.swiftpm/xcode
    /Applications/Xcode-27.0.0-Release.Candidate.app/Contents/Developer/Toolchains/XcodeDefault.xctoolchain/usr/bin/clang-stat-cache /Applications/Xcode-27.0.0-Release.Candidate.app/Contents/Developer/Platforms/XROS.platform/Developer/SDKs/XROS27.0.sdk -o /Users/admin/builder/spi-builder-workspace/.derivedData/SDKStatCaches.noindex/xros27.0-24M361-e829b21a6f8c9b70876ba0858053c044735bd543db762f57723cac368afd1ce4.sdkstatcache
SwiftDriver YCoreUI normal arm64 com.apple.xcode.tools.swift.compiler (in target 'YCoreUI' from project 'YCoreUI')
    cd /Users/admin/builder/spi-builder-workspace/.swiftpm/xcode
    builtin-SwiftDriver -- /Applications/Xcode-27.0.0-Release.Candidate.app/Contents/Developer/Toolchains/XcodeDefault.xctoolchain/usr/bin/swiftc -parse-as-library -module-name YCoreUI -Onone @/Users/admin/builder/spi-builder-workspace/.derivedData/Build/Intermediates.noindex/YCoreUI.build/Debug-xros/YCoreUI-t.build/Objects-normal/arm64/YCoreUI.SwiftFileList -DSWIFT_PACKAGE -DDEBUG -DSWIFT_MODULE_RESOURCE_BUNDLE_UNAVAILABLE -DXcode -plugin-path /Applications/Xcode-27.0.0-Release.Candidate.app/Contents/Developer/Toolchains/XcodeDefault.xctoolchain/usr/lib/swift/host/plugins/testing -enable-experimental-feature DebugDescriptionMacro -sdk /Applications/Xcode-27.0.0-Release.Candidate.app/Contents/Developer/Platforms/XROS.platform/Developer/SDKs/XROS27.0.sdk -target arm64-apple-xros1.0 -g -module-cache-path /Users/admin/builder/spi-builder-workspace/.derivedData/ModuleCache.noindex -Xfrontend -serialize-debugging-options -profile-coverage-mapping -profile-generate -enable-testing -index-store-path /Users/admin/builder/spi-builder-workspace/.derivedData/Index.noindex/DataStore -Xcc -D_LIBCPP_HARDENING_MODE\=_LIBCPP_HARDENING_MODE_DEBUG -swift-version 5 -I /Users/admin/builder/spi-builder-workspace/.derivedData/Build/Products/Debug-xros -Isystem /Applications/Xcode-27.0.0-Release.Candidate.app/Contents/Developer/Platforms/XROS.platform/Developer/usr/lib -F /Users/admin/builder/spi-builder-workspace/.derivedData/Build/Products/Debug-xros -F /Applications/Xcode-27.0.0-Release.Candidate.app/Contents/Developer/Platforms/XROS.platform/Developer/Library/Frameworks -F /Applications/Xcode-27.0.0-Release.Candidate.app/Contents/Developer/Platforms/XROS.platform/Developer/SDKs/XROS27.0.sdk/Developer/Library/Frameworks -emit-localized-strings -emit-localized-strings-path /Users/admin/builder/spi-builder-workspace/.derivedData/Build/Intermediates.noindex/YCoreUI.build/Debug-xros/YCoreUI-t.build/Objects-normal/arm64 -c -j10 -enable-batch-mode -incremental -Xcc -ivfsstatcache -Xcc /Users/admin/builder/spi-builder-workspace/.derivedData/SDKStatCaches.noindex/xros27.0-24M361-e829b21a6f8c9b70876ba0858053c044735bd543db762f57723cac368afd1ce4.sdkstatcache -output-file-map /Users/admin/builder/spi-builder-workspace/.derivedData/Build/Intermediates.noindex/YCoreUI.build/Debug-xros/YCoreUI-t.build/Objects-normal/arm64/YCoreUI-OutputFileMap.json -save-temps -no-color-diagnostics -explicit-module-build -module-cache-path /Users/admin/builder/spi-builder-workspace/.derivedData/Build/Intermediates.noindex/SwiftExplicitPrecompiledModules -clang-scanner-module-cache-path /Users/admin/builder/spi-builder-workspace/.derivedData/ModuleCache.noindex -sdk-module-cache-path /Users/admin/builder/spi-builder-workspace/.derivedData/SDKExplicitPrecompiledModules -emit-dependencies -emit-module -emit-module-path /Users/admin/builder/spi-builder-workspace/.derivedData/Build/Intermediates.noindex/YCoreUI.build/Debug-xros/YCoreUI-t.build/Objects-normal/arm64/YCoreUI.swiftmodule -serialize-diagnostics -dependency-scan-serialize-diagnostics-path /Users/admin/builder/spi-builder-workspace/.derivedData/Build/Intermediates.noindex/YCoreUI.build/Debug-xros/YCoreUI-t.build/Objects-normal/arm64/YCoreUI-dependency-scan.dia -validate-clang-modules-once -clang-build-session-file /Users/admin/builder/spi-builder-workspace/.derivedData/ModuleCache.noindex/Session.modulevalidation -Xcc -fmodules-prune-interval\=86400 -Xcc -fmodules-prune-after\=345600 -emit-const-values -const-gather-protocols-list /Users/admin/builder/spi-builder-workspace/.derivedData/Build/Intermediates.noindex/YCoreUI.build/Debug-xros/YCoreUI-t.build/Objects-normal/arm64/YCoreUI_const_extract_protocols.json -Xcc -I/Users/admin/builder/spi-builder-workspace/.derivedData/Build/Products/Debug-xros/include -Xcc -I/Users/admin/builder/spi-builder-workspace/.derivedData/Build/Intermediates.noindex/YCoreUI.build/Debug-xros/YCoreUI-t.build/DerivedSources-normal/arm64 -Xcc -I/Users/admin/builder/spi-builder-workspace/.derivedData/Build/Intermediates.noindex/YCoreUI.build/Debug-xros/YCoreUI-t.build/DerivedSources/arm64 -Xcc -I/Users/admin/builder/spi-builder-workspace/.derivedData/Build/Intermediates.noindex/YCoreUI.build/Debug-xros/YCoreUI-t.build/DerivedSources -Xcc -DSWIFT_PACKAGE -Xcc -DDEBUG\=1 -emit-objc-header -emit-objc-header-path /Users/admin/builder/spi-builder-workspace/.derivedData/Build/Intermediates.noindex/YCoreUI.build/Debug-xros/YCoreUI-t.build/Objects-normal/arm64/YCoreUI-Swift.h -working-directory /Users/admin/builder/spi-builder-workspace/.swiftpm/xcode -experimental-emit-module-separately -disable-cmo
SwiftCompile normal arm64 Compiling\ UIColor+rgb.swift,\ UIColor+rgbComponents.swift,\ UIColor+rgbValue.swift,\ UIEdgeInsets+directional.swift /Users/admin/builder/spi-builder-workspace/Sources/YCoreUI/Extensions/UIKit/UIColor+rgb.swift /Users/admin/builder/spi-builder-workspace/Sources/YCoreUI/Extensions/UIKit/UIColor+rgbComponents.swift /Users/admin/builder/spi-builder-workspace/Sources/YCoreUI/Extensions/UIKit/UIColor+rgbValue.swift /Users/admin/builder/spi-builder-workspace/Sources/YCoreUI/Extensions/UIKit/UIEdgeInsets+directional.swift (in target 'YCoreUI' from project 'YCoreUI')
SwiftCompile normal arm64 /Users/admin/builder/spi-builder-workspace/Sources/YCoreUI/Extensions/UIKit/UIColor+rgb.swift (in target 'YCoreUI' from project 'YCoreUI')
    cd /Users/admin/builder/spi-builder-workspace/.swiftpm/xcode
    builtin-SwiftPerFileCompile UIColor+rgb.swift
SwiftCompile normal arm64 /Users/admin/builder/spi-builder-workspace/Sources/YCoreUI/Extensions/UIKit/UIColor+rgbComponents.swift (in target 'YCoreUI' from project 'YCoreUI')
    cd /Users/admin/builder/spi-builder-workspace/.swiftpm/xcode
    builtin-SwiftPerFileCompile UIColor+rgbComponents.swift
SwiftCompile normal arm64 /Users/admin/builder/spi-builder-workspace/Sources/YCoreUI/Extensions/UIKit/UIColor+rgbValue.swift (in target 'YCoreUI' from project 'YCoreUI')
    cd /Users/admin/builder/spi-builder-workspace/.swiftpm/xcode
    builtin-SwiftPerFileCompile UIColor+rgbValue.swift
SwiftCompile normal arm64 /Users/admin/builder/spi-builder-workspace/Sources/YCoreUI/Extensions/UIKit/UIEdgeInsets+directional.swift (in target 'YCoreUI' from project 'YCoreUI')
    cd /Users/admin/builder/spi-builder-workspace/.swiftpm/xcode
    builtin-SwiftPerFileCompile UIEdgeInsets+directional.swift
SwiftCompile normal arm64 Compiling\ UIView+constrainAnchor.swift,\ UIView+constrainAspectRatio.swift,\ UIView+constrainBelow.swift /Users/admin/builder/spi-builder-workspace/Sources/YCoreUI/Extensions/UIKit/UIView+constrainAnchor.swift /Users/admin/builder/spi-builder-workspace/Sources/YCoreUI/Extensions/UIKit/UIView+constrainAspectRatio.swift /Users/admin/builder/spi-builder-workspace/Sources/YCoreUI/Extensions/UIKit/UIView+constrainBelow.swift (in target 'YCoreUI' from project 'YCoreUI')
SwiftCompile normal arm64 /Users/admin/builder/spi-builder-workspace/Sources/YCoreUI/Extensions/UIKit/UIView+constrainAnchor.swift (in target 'YCoreUI' from project 'YCoreUI')
    cd /Users/admin/builder/spi-builder-workspace/.swiftpm/xcode
    builtin-SwiftPerFileCompile UIView+constrainAnchor.swift
SwiftCompile normal arm64 /Users/admin/builder/spi-builder-workspace/Sources/YCoreUI/Extensions/UIKit/UIView+constrainAspectRatio.swift (in target 'YCoreUI' from project 'YCoreUI')
    cd /Users/admin/builder/spi-builder-workspace/.swiftpm/xcode
    builtin-SwiftPerFileCompile UIView+constrainAspectRatio.swift
SwiftCompile normal arm64 /Users/admin/builder/spi-builder-workspace/Sources/YCoreUI/Extensions/UIKit/UIView+constrainBelow.swift (in target 'YCoreUI' from project 'YCoreUI')
    cd /Users/admin/builder/spi-builder-workspace/.swiftpm/xcode
    builtin-SwiftPerFileCompile UIView+constrainBelow.swift
SwiftCompile normal arm64 Compiling\ NSDirectionalEdgeInsets+horizontal.swift,\ NSDirectionalEdgeInsets+init.swift,\ UIColor+WCAG.swift,\ UIColor+blended.swift /Users/admin/builder/spi-builder-workspace/Sources/YCoreUI/Extensions/UIKit/NSDirectionalEdgeInsets+horizontal.swift /Users/admin/builder/spi-builder-workspace/Sources/YCoreUI/Extensions/UIKit/NSDirectionalEdgeInsets+init.swift /Users/admin/builder/spi-builder-workspace/Sources/YCoreUI/Extensions/UIKit/UIColor+WCAG.swift /Users/admin/builder/spi-builder-workspace/Sources/YCoreUI/Extensions/UIKit/UIColor+blended.swift (in target 'YCoreUI' from project 'YCoreUI')
SwiftCompile normal arm64 /Users/admin/builder/spi-builder-workspace/Sources/YCoreUI/Extensions/UIKit/NSDirectionalEdgeInsets+horizontal.swift (in target 'YCoreUI' from project 'YCoreUI')
    cd /Users/admin/builder/spi-builder-workspace/.swiftpm/xcode
    builtin-SwiftPerFileCompile NSDirectionalEdgeInsets+horizontal.swift
SwiftCompile normal arm64 /Users/admin/builder/spi-builder-workspace/Sources/YCoreUI/Extensions/UIKit/NSDirectionalEdgeInsets+init.swift (in target 'YCoreUI' from project 'YCoreUI')
    cd /Users/admin/builder/spi-builder-workspace/.swiftpm/xcode
    builtin-SwiftPerFileCompile NSDirectionalEdgeInsets+init.swift
SwiftCompile normal arm64 /Users/admin/builder/spi-builder-workspace/Sources/YCoreUI/Extensions/UIKit/UIColor+WCAG.swift (in target 'YCoreUI' from project 'YCoreUI')
    cd /Users/admin/builder/spi-builder-workspace/.swiftpm/xcode
    builtin-SwiftPerFileCompile UIColor+WCAG.swift
SwiftCompile normal arm64 /Users/admin/builder/spi-builder-workspace/Sources/YCoreUI/Extensions/UIKit/UIColor+blended.swift (in target 'YCoreUI' from project 'YCoreUI')
    cd /Users/admin/builder/spi-builder-workspace/.swiftpm/xcode
    builtin-SwiftPerFileCompile UIColor+blended.swift
SwiftCompile normal arm64 Compiling\ UIEdgeInsets+horizontal.swift,\ UIEdgeInsets+init.swift,\ UIScreen+scaleFactor.swift,\ UIScrollView+keyboardNotifications.swift /Users/admin/builder/spi-builder-workspace/Sources/YCoreUI/Extensions/UIKit/UIEdgeInsets+horizontal.swift /Users/admin/builder/spi-builder-workspace/Sources/YCoreUI/Extensions/UIKit/UIEdgeInsets+init.swift /Users/admin/builder/spi-builder-workspace/Sources/YCoreUI/Extensions/UIKit/UIScreen+scaleFactor.swift /Users/admin/builder/spi-builder-workspace/Sources/YCoreUI/Extensions/UIKit/UIScrollView+keyboardNotifications.swift (in target 'YCoreUI' from project 'YCoreUI')
SwiftCompile normal arm64 /Users/admin/builder/spi-builder-workspace/Sources/YCoreUI/Extensions/UIKit/UIEdgeInsets+horizontal.swift (in target 'YCoreUI' from project 'YCoreUI')
    cd /Users/admin/builder/spi-builder-workspace/.swiftpm/xcode
    builtin-SwiftPerFileCompile UIEdgeInsets+horizontal.swift
SwiftCompile normal arm64 /Users/admin/builder/spi-builder-workspace/Sources/YCoreUI/Extensions/UIKit/UIEdgeInsets+init.swift (in target 'YCoreUI' from project 'YCoreUI')
    cd /Users/admin/builder/spi-builder-workspace/.swiftpm/xcode
    builtin-SwiftPerFileCompile UIEdgeInsets+init.swift
SwiftCompile normal arm64 /Users/admin/builder/spi-builder-workspace/Sources/YCoreUI/Extensions/UIKit/UIScreen+scaleFactor.swift (in target 'YCoreUI' from project 'YCoreUI')
    cd /Users/admin/builder/spi-builder-workspace/.swiftpm/xcode
    builtin-SwiftPerFileCompile UIScreen+scaleFactor.swift
SwiftCompile normal arm64 /Users/admin/builder/spi-builder-workspace/Sources/YCoreUI/Extensions/UIKit/UIScrollView+keyboardNotifications.swift (in target 'YCoreUI' from project 'YCoreUI')
    cd /Users/admin/builder/spi-builder-workspace/.swiftpm/xcode
    builtin-SwiftPerFileCompile UIScrollView+keyboardNotifications.swift
SwiftEmitModule normal arm64 Emitting\ module\ for\ YCoreUI (in target 'YCoreUI' from project 'YCoreUI')
/Users/admin/builder/spi-builder-workspace/Sources/YCoreUI/Extensions/Foundation/CGFloat+rounded.swift:20:16: error: 'UIScreen' is unavailable in visionOS
18 |     public func rounded(
19 |         _ rule: FloatingPointRoundingRule = .toNearestOrAwayFromZero,
20 |         scale: UIScreen.ScaleFactor
   |                `- error: 'UIScreen' is unavailable in visionOS
21 |     ) -> CGFloat {
22 |         (self * scale.rawValue).rounded(rule) / scale.rawValue
/Applications/Xcode-27.0.0-Release.Candidate.app/Contents/Developer/Platforms/XROS.platform/Developer/SDKs/XROS27.0.sdk/System/Library/Frameworks/UIKit.framework/Headers/UIScreen.h:54:12: note: 'UIScreen' has been explicitly marked unavailable here
 52 |
 53 | UIKIT_EXTERN API_AVAILABLE(ios(2.0)) API_UNAVAILABLE(visionos, watchos) NS_SWIFT_UI_ACTOR
 54 | @interface UIScreen : NSObject <UITraitEnvironment>
    |            `- note: 'UIScreen' has been explicitly marked unavailable here
 55 |
 56 | @property(class, nonatomic, readonly) NSArray<UIScreen *> *screens API_DEPRECATED("Use UIApplication.shared.openSessions to find open sessions with scenes from other screens", ios(3.2, 16.0), visionos(1.0, 1.0)) API_UNAVAILABLE(watchos); // all screens currently attached to the device
/Users/admin/builder/spi-builder-workspace/Sources/YCoreUI/Extensions/Foundation/CGFloat+rounded.swift:29:32: error: 'UIScreen' is unavailable in visionOS
27 |     /// - Parameter scale: the scale to apply, default is current screen scale
28 |     /// - Returns: the value floored to 1/scale
29 |     public func floored(scale: UIScreen.ScaleFactor = UIScreen.main.scaleFactor) -> CGFloat {
   |                                `- error: 'UIScreen' is unavailable in visionOS
30 |         rounded(.down, scale: scale)
31 |     }
/Applications/Xcode-27.0.0-Release.Candidate.app/Contents/Developer/Platforms/XROS.platform/Developer/SDKs/XROS27.0.sdk/System/Library/Frameworks/UIKit.framework/Headers/UIScreen.h:54:12: note: 'UIScreen' has been explicitly marked unavailable here
 52 |
 53 | UIKIT_EXTERN API_AVAILABLE(ios(2.0)) API_UNAVAILABLE(visionos, watchos) NS_SWIFT_UI_ACTOR
 54 | @interface UIScreen : NSObject <UITraitEnvironment>
    |            `- note: 'UIScreen' has been explicitly marked unavailable here
 55 |
 56 | @property(class, nonatomic, readonly) NSArray<UIScreen *> *screens API_DEPRECATED("Use UIApplication.shared.openSessions to find open sessions with scenes from other screens", ios(3.2, 16.0), visionos(1.0, 1.0)) API_UNAVAILABLE(watchos); // all screens currently attached to the device
/Users/admin/builder/spi-builder-workspace/Sources/YCoreUI/Extensions/Foundation/CGFloat+rounded.swift:29:55: error: 'UIScreen' is unavailable in visionOS
27 |     /// - Parameter scale: the scale to apply, default is current screen scale
28 |     /// - Returns: the value floored to 1/scale
29 |     public func floored(scale: UIScreen.ScaleFactor = UIScreen.main.scaleFactor) -> CGFloat {
   |                                                       `- error: 'UIScreen' is unavailable in visionOS
30 |         rounded(.down, scale: scale)
31 |     }
/Applications/Xcode-27.0.0-Release.Candidate.app/Contents/Developer/Platforms/XROS.platform/Developer/SDKs/XROS27.0.sdk/System/Library/Frameworks/UIKit.framework/Headers/UIScreen.h:54:12: note: 'UIScreen' has been explicitly marked unavailable here
 52 |
 53 | UIKIT_EXTERN API_AVAILABLE(ios(2.0)) API_UNAVAILABLE(visionos, watchos) NS_SWIFT_UI_ACTOR
 54 | @interface UIScreen : NSObject <UITraitEnvironment>
    |            `- note: 'UIScreen' has been explicitly marked unavailable here
 55 |
 56 | @property(class, nonatomic, readonly) NSArray<UIScreen *> *screens API_DEPRECATED("Use UIApplication.shared.openSessions to find open sessions with scenes from other screens", ios(3.2, 16.0), visionos(1.0, 1.0)) API_UNAVAILABLE(watchos); // all screens currently attached to the device
/Users/admin/builder/spi-builder-workspace/Sources/YCoreUI/Extensions/Foundation/CGFloat+rounded.swift:37:31: error: 'UIScreen' is unavailable in visionOS
35 |     /// - Parameter scale: the scale to apply, default is current screen scale
36 |     /// - Returns: the value ceiled to 1/scale
37 |     public func ceiled(scale: UIScreen.ScaleFactor = UIScreen.main.scaleFactor) -> CGFloat {
   |                               `- error: 'UIScreen' is unavailable in visionOS
38 |         rounded(.up, scale: scale)
39 |     }
/Applications/Xcode-27.0.0-Release.Candidate.app/Contents/Developer/Platforms/XROS.platform/Developer/SDKs/XROS27.0.sdk/System/Library/Frameworks/UIKit.framework/Headers/UIScreen.h:54:12: note: 'UIScreen' has been explicitly marked unavailable here
 52 |
 53 | UIKIT_EXTERN API_AVAILABLE(ios(2.0)) API_UNAVAILABLE(visionos, watchos) NS_SWIFT_UI_ACTOR
 54 | @interface UIScreen : NSObject <UITraitEnvironment>
    |            `- note: 'UIScreen' has been explicitly marked unavailable here
 55 |
 56 | @property(class, nonatomic, readonly) NSArray<UIScreen *> *screens API_DEPRECATED("Use UIApplication.shared.openSessions to find open sessions with scenes from other screens", ios(3.2, 16.0), visionos(1.0, 1.0)) API_UNAVAILABLE(watchos); // all screens currently attached to the device
/Users/admin/builder/spi-builder-workspace/Sources/YCoreUI/Extensions/Foundation/CGFloat+rounded.swift:37:54: error: 'UIScreen' is unavailable in visionOS
35 |     /// - Parameter scale: the scale to apply, default is current screen scale
36 |     /// - Returns: the value ceiled to 1/scale
37 |     public func ceiled(scale: UIScreen.ScaleFactor = UIScreen.main.scaleFactor) -> CGFloat {
   |                                                      `- error: 'UIScreen' is unavailable in visionOS
38 |         rounded(.up, scale: scale)
39 |     }
/Applications/Xcode-27.0.0-Release.Candidate.app/Contents/Developer/Platforms/XROS.platform/Developer/SDKs/XROS27.0.sdk/System/Library/Frameworks/UIKit.framework/Headers/UIScreen.h:54:12: note: 'UIScreen' has been explicitly marked unavailable here
 52 |
 53 | UIKIT_EXTERN API_AVAILABLE(ios(2.0)) API_UNAVAILABLE(visionos, watchos) NS_SWIFT_UI_ACTOR
 54 | @interface UIScreen : NSObject <UITraitEnvironment>
    |            `- note: 'UIScreen' has been explicitly marked unavailable here
 55 |
 56 | @property(class, nonatomic, readonly) NSArray<UIScreen *> *screens API_DEPRECATED("Use UIApplication.shared.openSessions to find open sessions with scenes from other screens", ios(3.2, 16.0), visionos(1.0, 1.0)) API_UNAVAILABLE(watchos); // all screens currently attached to the device
/Users/admin/builder/spi-builder-workspace/Sources/YCoreUI/Extensions/UIKit/UIScreen+scaleFactor.swift:11:11: error: 'UIScreen' is unavailable in visionOS
 9 | import UIKit
10 |
11 | extension UIScreen {
   |           `- error: 'UIScreen' is unavailable in visionOS
12 |     /// Represents possible scale factors of iOS screens
13 |     public enum ScaleFactor: CGFloat {
/Applications/Xcode-27.0.0-Release.Candidate.app/Contents/Developer/Platforms/XROS.platform/Developer/SDKs/XROS27.0.sdk/System/Library/Frameworks/UIKit.framework/Headers/UIScreen.h:54:12: note: 'UIScreen' has been explicitly marked unavailable here
 52 |
 53 | UIKIT_EXTERN API_AVAILABLE(ios(2.0)) API_UNAVAILABLE(visionos, watchos) NS_SWIFT_UI_ACTOR
 54 | @interface UIScreen : NSObject <UITraitEnvironment>
    |            `- note: 'UIScreen' has been explicitly marked unavailable here
 55 |
 56 | @property(class, nonatomic, readonly) NSArray<UIScreen *> *screens API_DEPRECATED("Use UIApplication.shared.openSessions to find open sessions with scenes from other screens", ios(3.2, 16.0), visionos(1.0, 1.0)) API_UNAVAILABLE(watchos); // all screens currently attached to the device
/Users/admin/builder/spi-builder-workspace/Sources/YCoreUI/Extensions/UIKit/UITraitCollection+colorSpaces.swift:20:9: warning: 'init(traitsFrom:)' was deprecated in visionOS 1.0: Use UITraitCollection.init(mutations:) and UITraitCollection.modifyingTraits(_:) to create and modify trait collections [#DeprecatedDeclaration]
18 |     static let allColorSpaces: [UITraitCollection] = [
19 |         UITraitCollection(userInterfaceStyle: .light),
20 |         UITraitCollection(traitsFrom: [
   |         `- warning: 'init(traitsFrom:)' was deprecated in visionOS 1.0: Use UITraitCollection.init(mutations:) and UITraitCollection.modifyingTraits(_:) to create and modify trait collections [#DeprecatedDeclaration]
21 |             UITraitCollection(userInterfaceStyle: .light),
22 |             UITraitCollection(accessibilityContrast: .high)
/Users/admin/builder/spi-builder-workspace/Sources/YCoreUI/Extensions/UIKit/UITraitCollection+colorSpaces.swift:25:9: warning: 'init(traitsFrom:)' was deprecated in visionOS 1.0: Use UITraitCollection.init(mutations:) and UITraitCollection.modifyingTraits(_:) to create and modify trait collections [#DeprecatedDeclaration]
23 |         ]),
24 |         UITraitCollection(userInterfaceStyle: .dark),
25 |         UITraitCollection(traitsFrom: [
   |         `- warning: 'init(traitsFrom:)' was deprecated in visionOS 1.0: Use UITraitCollection.init(mutations:) and UITraitCollection.modifyingTraits(_:) to create and modify trait collections [#DeprecatedDeclaration]
26 |             UITraitCollection(userInterfaceStyle: .dark),
27 |             UITraitCollection(accessibilityContrast: .high)
[#DeprecatedDeclaration]: <https://docs.swift.org/compiler/documentation/diagnostics/deprecated-declaration>
Failed frontend command:
/Applications/Xcode-27.0.0-Release.Candidate.app/Contents/Developer/Toolchains/XcodeDefault.xctoolchain/usr/bin/swift-frontend -frontend -emit-module -experimental-skip-non-inlinable-function-bodies-without-types /Users/admin/builder/spi-builder-workspace/Sources/YCoreUI/Components/FormViewController.swift /Users/admin/builder/spi-builder-workspace/Sources/YCoreUI/Extensions/Foundation/CGFloat+rounded.swift /Users/admin/builder/spi-builder-workspace/Sources/YCoreUI/Extensions/Foundation/CGSize+inset.swift /Users/admin/builder/spi-builder-workspace/Sources/YCoreUI/Extensions/Foundation/String+Localizable.swift /Users/admin/builder/spi-builder-workspace/Sources/YCoreUI/Extensions/UIKit/NSDirectionalEdgeInsets+horizontal.swift /Users/admin/builder/spi-builder-workspace/Sources/YCoreUI/Extensions/UIKit/NSDirectionalEdgeInsets+init.swift /Users/admin/builder/spi-builder-workspace/Sources/YCoreUI/Extensions/UIKit/UIColor+WCAG.swift /Users/admin/builder/spi-builder-workspace/Sources/YCoreUI/Extensions/UIKit/UIColor+blended.swift /Users/admin/builder/spi-builder-workspace/Sources/YCoreUI/Extensions/UIKit/UIColor+rgb.swift /Users/admin/builder/spi-builder-workspace/Sources/YCoreUI/Extensions/UIKit/UIColor+rgbComponents.swift /Users/admin/builder/spi-builder-workspace/Sources/YCoreUI/Extensions/UIKit/UIColor+rgbValue.swift /Users/admin/builder/spi-builder-workspace/Sources/YCoreUI/Extensions/UIKit/UIEdgeInsets+directional.swift /Users/admin/builder/spi-builder-workspace/Sources/YCoreUI/Extensions/UIKit/UIEdgeInsets+horizontal.swift /Users/admin/builder/spi-builder-workspace/Sources/YCoreUI/Extensions/UIKit/UIEdgeInsets+init.swift /Users/admin/builder/spi-builder-workspace/Sources/YCoreUI/Extensions/UIKit/UIScreen+scaleFactor.swift /Users/admin/builder/spi-builder-workspace/Sources/YCoreUI/Extensions/UIKit/UIScrollView+keyboardNotifications.swift /Users/admin/builder/spi-builder-workspace/Sources/YCoreUI/Extensions/UIKit/UITraitCollection+colorSpaces.swift /Users/admin/builder/spi-builder-workspace/Sources/YCoreUI/Extensions/UIKit/UIView+Animation.swift /Users/admin/builder/spi-builder-workspace/Sources/YCoreUI/Extensions/UIKit/UIView+constrain.swift /Users/admin/builder/spi-builder-workspace/Sources/YCoreUI/Extensions/UIKit/UIView+constrainAnchor.swift /Users/admin/builder/spi-builder-workspace/Sources/YCoreUI/Extensions/UIKit/UIView+constrainAspectRatio.swift /Users/admin/builder/spi-builder-workspace/Sources/YCoreUI/Extensions/UIKit/UIView+constrainBelow.swift /Users/admin/builder/spi-builder-workspace/Sources/YCoreUI/Extensions/UIKit/UIView+constrainCenter.swift /Users/admin/builder/spi-builder-workspace/Sources/YCoreUI/Extensions/UIKit/UIView+constrainEdges.swift /Users/admin/builder/spi-builder-workspace/Sources/YCoreUI/Extensions/UIKit/UIView+constrainEdgesToMargins.swift /Users/admin/builder/spi-builder-workspace/Sources/YCoreUI/Extensions/UIKit/UIView+constrainSize.swift /Users/admin/builder/spi-builder-workspace/Sources/YCoreUI/Foundations/Animation.swift /Users/admin/builder/spi-builder-workspace/Sources/YCoreUI/Foundations/Elevation.swift /Users/admin/builder/spi-builder-workspace/Sources/YCoreUI/Protocols/Anchorable.swift /Users/admin/builder/spi-builder-workspace/Sources/YCoreUI/Protocols/Colorable.swift /Users/admin/builder/spi-builder-workspace/Sources/YCoreUI/Protocols/ImageAsset.swift /Users/admin/builder/spi-builder-workspace/Sources/YCoreUI/Protocols/Localizable.swift /Users/admin/builder/spi-builder-workspace/Sources/YCoreUI/Protocols/SystemImage.swift /Users/admin/builder/spi-builder-workspace/Sources/YCoreUI/YCoreUI+Logging.swift -target arm64-apple-xros1.0 -disable-cross-import-overlay-search -load-resolved-plugin /Applications/Xcode-27.0.0-Release.Candidate.app/Contents/Developer/Platforms/XROS.platform/Developer/usr/lib/swift/host/plugins/libFoundationMacros.dylib\#/Applications/Xcode-27.0.0-Release.Candidate.app/Contents/Developer/Platforms/XROS.platform/Developer/usr/bin/swift-plugin-server\#FoundationMacros -load-resolved-plugin /Applications/Xcode-27.0.0-Release.Candidate.app/Contents/Developer/Platforms/XROS.platform/Developer/usr/lib/swift/host/plugins/libObservationMacros.dylib\#/Applications/Xcode-27.0.0-Release.Candidate.app/Contents/Developer/Platforms/XROS.platform/Developer/usr/bin/swift-plugin-server\#ObservationMacros -load-resolved-plugin /Applications/Xcode-27.0.0-Release.Candidate.app/Contents/Developer/Platforms/XROS.platform/Developer/usr/lib/swift/host/plugins/libPreviewsMacros.dylib\#/Applications/Xcode-27.0.0-Release.Candidate.app/Contents/Developer/Platforms/XROS.platform/Developer/usr/bin/swift-plugin-server\#PreviewsMacros -load-resolved-plugin /Applications/Xcode-27.0.0-Release.Candidate.app/Contents/Developer/Platforms/XROS.platform/Developer/usr/lib/swift/host/plugins/libSwiftMacros.dylib\#/Applications/Xcode-27.0.0-Release.Candidate.app/Contents/Developer/Platforms/XROS.platform/Developer/usr/bin/swift-plugin-server\#SwiftMacros -load-resolved-plugin /Applications/Xcode-27.0.0-Release.Candidate.app/Contents/Developer/Platforms/XROS.platform/Developer/usr/lib/swift/host/plugins/libSwiftUIMacros.dylib\#/Applications/Xcode-27.0.0-Release.Candidate.app/Contents/Developer/Platforms/XROS.platform/Developer/usr/bin/swift-plugin-server\#SwiftUIMacros -disable-implicit-swift-modules -Xcc -fno-implicit-modules -Xcc -fno-implicit-module-maps -explicit-swift-module-map-file /Users/admin/builder/spi-builder-workspace/.derivedData/Build/Intermediates.noindex/YCoreUI.build/Debug-xros/YCoreUI-t.build/Objects-normal/arm64/YCoreUI-dependencies-1.json -Xllvm -aarch64-use-tbi -enable-objc-interop -stack-check -sdk /Applications/Xcode-27.0.0-Release.Candidate.app/Contents/Developer/Platforms/XROS.platform/Developer/SDKs/XROS27.0.sdk -I /Users/admin/builder/spi-builder-workspace/.derivedData/Build/Products/Debug-xros -Isystem /Applications/Xcode-27.0.0-Release.Candidate.app/Contents/Developer/Platforms/XROS.platform/Developer/usr/lib -F /Users/admin/builder/spi-builder-workspace/.derivedData/Build/Products/Debug-xros -F /Applications/Xcode-27.0.0-Release.Candidate.app/Contents/Developer/Platforms/XROS.platform/Developer/Library/Frameworks -F /Applications/Xcode-27.0.0-Release.Candidate.app/Contents/Developer/Platforms/XROS.platform/Developer/SDKs/XROS27.0.sdk/Developer/Library/Frameworks -module-cache-path /Users/admin/builder/spi-builder-workspace/.derivedData/Build/Intermediates.noindex/SwiftExplicitPrecompiledModules -no-color-diagnostics -Xcc -fno-color-diagnostics -enable-testing -g -debug-info-format\=dwarf -dwarf-version\=4 -profile-generate -profile-coverage-mapping -swift-version 5 -Onone -D SWIFT_PACKAGE -D DEBUG -D SWIFT_MODULE_RESOURCE_BUNDLE_UNAVAILABLE -D Xcode -serialize-debugging-options -enable-experimental-feature DebugDescriptionMacro -empty-abi-descriptor -validate-clang-modules-once -clang-build-session-file /Users/admin/builder/spi-builder-workspace/.derivedData/ModuleCache.noindex/Session.modulevalidation -Xcc -working-directory -Xcc /Users/admin/builder/spi-builder-workspace/.swiftpm/xcode -enable-anonymous-context-mangled-names -file-compilation-dir /Users/admin/builder/spi-builder-workspace/.swiftpm/xcode -Xcc -D_LIBCPP_HARDENING_MODE\=_LIBCPP_HARDENING_MODE_DEBUG -Xcc -ivfsstatcache -Xcc /Users/admin/builder/spi-builder-workspace/.derivedData/SDKStatCaches.noindex/xros27.0-24M361-e829b21a6f8c9b70876ba0858053c044735bd543db762f57723cac368afd1ce4.sdkstatcache -Xcc -fmodules-prune-interval\=86400 -Xcc -fmodules-prune-after\=345600 -Xcc -I/Users/admin/builder/spi-builder-workspace/.derivedData/Build/Products/Debug-xros/include -Xcc -I/Users/admin/builder/spi-builder-workspace/.derivedData/Build/Intermediates.noindex/YCoreUI.build/Debug-xros/YCoreUI-t.build/DerivedSources-normal/arm64 -Xcc -I/Users/admin/builder/spi-builder-workspace/.derivedData/Build/Intermediates.noindex/YCoreUI.build/Debug-xros/YCoreUI-t.build/DerivedSources/arm64 -Xcc -I/Users/admin/builder/spi-builder-workspace/.derivedData/Build/Intermediates.noindex/YCoreUI.build/Debug-xros/YCoreUI-t.build/DerivedSources -Xcc -DSWIFT_PACKAGE -Xcc -DDEBUG\=1 -no-auto-bridging-header-chaining -module-name YCoreUI -const-gather-protocols-file /Users/admin/builder/spi-builder-workspace/.derivedData/Build/Intermediates.noindex/YCoreUI.build/Debug-xros/YCoreUI-t.build/Objects-normal/arm64/YCoreUI_const_extract_protocols.json -disable-clang-spi -clang-target arm64-apple-xros27.0 -target-sdk-version 27.0 -target-sdk-name xros27.0 -in-process-plugin-server-path /Applications/Xcode-27.0.0-Release.Candidate.app/Contents/Developer/Toolchains/XcodeDefault.xctoolchain/usr/lib/swift/host/libSwiftInProcPluginServer.dylib -emit-module-doc-path /Users/admin/builder/spi-builder-workspace/.derivedData/Build/Intermediates.noindex/YCoreUI.build/Debug-xros/YCoreUI-t.build/Objects-normal/arm64/YCoreUI.swiftdoc -emit-module-source-info-path /Users/admin/builder/spi-builder-workspace/.derivedData/Build/Intermediates.noindex/YCoreUI.build/Debug-xros/YCoreUI-t.build/Objects-normal/arm64/YCoreUI.swiftsourceinfo -emit-objc-header-path /Users/admin/builder/spi-builder-workspace/.derivedData/Build/Intermediates.noindex/YCoreUI.build/Debug-xros/YCoreUI-t.build/Objects-normal/arm64/YCoreUI-Swift.h -serialize-diagnostics-path /Users/admin/builder/spi-builder-workspace/.derivedData/Build/Intermediates.noindex/YCoreUI.build/Debug-xros/YCoreUI-t.build/Objects-normal/arm64/YCoreUI-primary-emit-module.dia -emit-dependencies-path /Users/admin/builder/spi-builder-workspace/.derivedData/Build/Intermediates.noindex/YCoreUI.build/Debug-xros/YCoreUI-t.build/Objects-normal/arm64/YCoreUI-primary-emit-module.d -parse-as-library -o /Users/admin/builder/spi-builder-workspace/.derivedData/Build/Intermediates.noindex/YCoreUI.build/Debug-xros/YCoreUI-t.build/Objects-normal/arm64/YCoreUI.swiftmodule -emit-abi-descriptor-path /Users/admin/builder/spi-builder-workspace/.derivedData/Build/Intermediates.noindex/YCoreUI.build/Debug-xros/YCoreUI-t.build/Objects-normal/arm64/YCoreUI.abi.json
SwiftCompile normal arm64 (in target 'YCoreUI' from project 'YCoreUI')
    cd /Users/admin/builder/spi-builder-workspace/.swiftpm/xcode

SwiftCompile normal arm64 Compiling\ Localizable.swift,\ SystemImage.swift,\ YCoreUI+Logging.swift /Users/admin/builder/spi-builder-workspace/Sources/YCoreUI/Protocols/Localizable.swift /Users/admin/builder/spi-builder-workspace/Sources/YCoreUI/Protocols/SystemImage.swift /Users/admin/builder/spi-builder-workspace/Sources/YCoreUI/YCoreUI+Logging.swift (in target 'YCoreUI' from project 'YCoreUI')
SwiftCompile normal arm64 /Users/admin/builder/spi-builder-workspace/Sources/YCoreUI/Protocols/Localizable.swift (in target 'YCoreUI' from project 'YCoreUI')
    cd /Users/admin/builder/spi-builder-workspace/.swiftpm/xcode
    builtin-SwiftPerFileCompile Localizable.swift
SwiftCompile normal arm64 /Users/admin/builder/spi-builder-workspace/Sources/YCoreUI/Protocols/SystemImage.swift (in target 'YCoreUI' from project 'YCoreUI')
    cd /Users/admin/builder/spi-builder-workspace/.swiftpm/xcode
    builtin-SwiftPerFileCompile SystemImage.swift
SwiftCompile normal arm64 /Users/admin/builder/spi-builder-workspace/Sources/YCoreUI/YCoreUI+Logging.swift (in target 'YCoreUI' from project 'YCoreUI')
    cd /Users/admin/builder/spi-builder-workspace/.swiftpm/xcode
    builtin-SwiftPerFileCompile YCoreUI+Logging.swift
SwiftCompile normal arm64 Compiling\ Anchorable.swift,\ Colorable.swift,\ ImageAsset.swift /Users/admin/builder/spi-builder-workspace/Sources/YCoreUI/Protocols/Anchorable.swift /Users/admin/builder/spi-builder-workspace/Sources/YCoreUI/Protocols/Colorable.swift /Users/admin/builder/spi-builder-workspace/Sources/YCoreUI/Protocols/ImageAsset.swift (in target 'YCoreUI' from project 'YCoreUI')
SwiftCompile normal arm64 /Users/admin/builder/spi-builder-workspace/Sources/YCoreUI/Protocols/Anchorable.swift (in target 'YCoreUI' from project 'YCoreUI')
    cd /Users/admin/builder/spi-builder-workspace/.swiftpm/xcode
    builtin-SwiftPerFileCompile Anchorable.swift
SwiftCompile normal arm64 /Users/admin/builder/spi-builder-workspace/Sources/YCoreUI/Protocols/Colorable.swift (in target 'YCoreUI' from project 'YCoreUI')
    cd /Users/admin/builder/spi-builder-workspace/.swiftpm/xcode
    builtin-SwiftPerFileCompile Colorable.swift
SwiftCompile normal arm64 /Users/admin/builder/spi-builder-workspace/Sources/YCoreUI/Protocols/ImageAsset.swift (in target 'YCoreUI' from project 'YCoreUI')
    cd /Users/admin/builder/spi-builder-workspace/.swiftpm/xcode
    builtin-SwiftPerFileCompile ImageAsset.swift
SwiftCompile normal arm64 Compiling\ UIView+constrainCenter.swift,\ UIView+constrainEdges.swift,\ UIView+constrainEdgesToMargins.swift /Users/admin/builder/spi-builder-workspace/Sources/YCoreUI/Extensions/UIKit/UIView+constrainCenter.swift /Users/admin/builder/spi-builder-workspace/Sources/YCoreUI/Extensions/UIKit/UIView+constrainEdges.swift /Users/admin/builder/spi-builder-workspace/Sources/YCoreUI/Extensions/UIKit/UIView+constrainEdgesToMargins.swift (in target 'YCoreUI' from project 'YCoreUI')
SwiftCompile normal arm64 /Users/admin/builder/spi-builder-workspace/Sources/YCoreUI/Extensions/UIKit/UIView+constrainCenter.swift (in target 'YCoreUI' from project 'YCoreUI')
    cd /Users/admin/builder/spi-builder-workspace/.swiftpm/xcode
    builtin-SwiftPerFileCompile UIView+constrainCenter.swift
SwiftCompile normal arm64 /Users/admin/builder/spi-builder-workspace/Sources/YCoreUI/Extensions/UIKit/UIView+constrainEdges.swift (in target 'YCoreUI' from project 'YCoreUI')
    cd /Users/admin/builder/spi-builder-workspace/.swiftpm/xcode
    builtin-SwiftPerFileCompile UIView+constrainEdges.swift
SwiftCompile normal arm64 /Users/admin/builder/spi-builder-workspace/Sources/YCoreUI/Extensions/UIKit/UIView+constrainEdgesToMargins.swift (in target 'YCoreUI' from project 'YCoreUI')
    cd /Users/admin/builder/spi-builder-workspace/.swiftpm/xcode
    builtin-SwiftPerFileCompile UIView+constrainEdgesToMargins.swift
SwiftCompile normal arm64 Compiling\ UIView+constrainSize.swift,\ Animation.swift,\ Elevation.swift /Users/admin/builder/spi-builder-workspace/Sources/YCoreUI/Extensions/UIKit/UIView+constrainSize.swift /Users/admin/builder/spi-builder-workspace/Sources/YCoreUI/Foundations/Animation.swift /Users/admin/builder/spi-builder-workspace/Sources/YCoreUI/Foundations/Elevation.swift (in target 'YCoreUI' from project 'YCoreUI')
SwiftCompile normal arm64 /Users/admin/builder/spi-builder-workspace/Sources/YCoreUI/Extensions/UIKit/UIView+constrainSize.swift (in target 'YCoreUI' from project 'YCoreUI')
    cd /Users/admin/builder/spi-builder-workspace/.swiftpm/xcode
    builtin-SwiftPerFileCompile UIView+constrainSize.swift
SwiftCompile normal arm64 /Users/admin/builder/spi-builder-workspace/Sources/YCoreUI/Foundations/Animation.swift (in target 'YCoreUI' from project 'YCoreUI')
    cd /Users/admin/builder/spi-builder-workspace/.swiftpm/xcode
    builtin-SwiftPerFileCompile Animation.swift
SwiftCompile normal arm64 /Users/admin/builder/spi-builder-workspace/Sources/YCoreUI/Foundations/Elevation.swift (in target 'YCoreUI' from project 'YCoreUI')
    cd /Users/admin/builder/spi-builder-workspace/.swiftpm/xcode
    builtin-SwiftPerFileCompile Elevation.swift
SwiftCompile normal arm64 Compiling\ FormViewController.swift,\ CGFloat+rounded.swift,\ CGSize+inset.swift,\ String+Localizable.swift /Users/admin/builder/spi-builder-workspace/Sources/YCoreUI/Components/FormViewController.swift /Users/admin/builder/spi-builder-workspace/Sources/YCoreUI/Extensions/Foundation/CGFloat+rounded.swift /Users/admin/builder/spi-builder-workspace/Sources/YCoreUI/Extensions/Foundation/CGSize+inset.swift /Users/admin/builder/spi-builder-workspace/Sources/YCoreUI/Extensions/Foundation/String+Localizable.swift (in target 'YCoreUI' from project 'YCoreUI')
/Users/admin/builder/spi-builder-workspace/Sources/YCoreUI/Extensions/Foundation/CGFloat+rounded.swift:20:16: error: 'UIScreen' is unavailable in visionOS
18 |     public func rounded(
19 |         _ rule: FloatingPointRoundingRule = .toNearestOrAwayFromZero,
20 |         scale: UIScreen.ScaleFactor
   |                `- error: 'UIScreen' is unavailable in visionOS
21 |     ) -> CGFloat {
22 |         (self * scale.rawValue).rounded(rule) / scale.rawValue
/Applications/Xcode-27.0.0-Release.Candidate.app/Contents/Developer/Platforms/XROS.platform/Developer/SDKs/XROS27.0.sdk/System/Library/Frameworks/UIKit.framework/Headers/UIScreen.h:54:12: note: 'UIScreen' has been explicitly marked unavailable here
 52 |
 53 | UIKIT_EXTERN API_AVAILABLE(ios(2.0)) API_UNAVAILABLE(visionos, watchos) NS_SWIFT_UI_ACTOR
 54 | @interface UIScreen : NSObject <UITraitEnvironment>
    |            `- note: 'UIScreen' has been explicitly marked unavailable here
 55 |
 56 | @property(class, nonatomic, readonly) NSArray<UIScreen *> *screens API_DEPRECATED("Use UIApplication.shared.openSessions to find open sessions with scenes from other screens", ios(3.2, 16.0), visionos(1.0, 1.0)) API_UNAVAILABLE(watchos); // all screens currently attached to the device
/Users/admin/builder/spi-builder-workspace/Sources/YCoreUI/Extensions/Foundation/CGFloat+rounded.swift:29:32: error: 'UIScreen' is unavailable in visionOS
27 |     /// - Parameter scale: the scale to apply, default is current screen scale
28 |     /// - Returns: the value floored to 1/scale
29 |     public func floored(scale: UIScreen.ScaleFactor = UIScreen.main.scaleFactor) -> CGFloat {
   |                                `- error: 'UIScreen' is unavailable in visionOS
30 |         rounded(.down, scale: scale)
31 |     }
/Applications/Xcode-27.0.0-Release.Candidate.app/Contents/Developer/Platforms/XROS.platform/Developer/SDKs/XROS27.0.sdk/System/Library/Frameworks/UIKit.framework/Headers/UIScreen.h:54:12: note: 'UIScreen' has been explicitly marked unavailable here
 52 |
 53 | UIKIT_EXTERN API_AVAILABLE(ios(2.0)) API_UNAVAILABLE(visionos, watchos) NS_SWIFT_UI_ACTOR
 54 | @interface UIScreen : NSObject <UITraitEnvironment>
    |            `- note: 'UIScreen' has been explicitly marked unavailable here
 55 |
 56 | @property(class, nonatomic, readonly) NSArray<UIScreen *> *screens API_DEPRECATED("Use UIApplication.shared.openSessions to find open sessions with scenes from other screens", ios(3.2, 16.0), visionos(1.0, 1.0)) API_UNAVAILABLE(watchos); // all screens currently attached to the device
/Users/admin/builder/spi-builder-workspace/Sources/YCoreUI/Extensions/Foundation/CGFloat+rounded.swift:29:55: error: 'UIScreen' is unavailable in visionOS
27 |     /// - Parameter scale: the scale to apply, default is current screen scale
28 |     /// - Returns: the value floored to 1/scale
29 |     public func floored(scale: UIScreen.ScaleFactor = UIScreen.main.scaleFactor) -> CGFloat {
   |                                                       `- error: 'UIScreen' is unavailable in visionOS
30 |         rounded(.down, scale: scale)
31 |     }
/Applications/Xcode-27.0.0-Release.Candidate.app/Contents/Developer/Platforms/XROS.platform/Developer/SDKs/XROS27.0.sdk/System/Library/Frameworks/UIKit.framework/Headers/UIScreen.h:54:12: note: 'UIScreen' has been explicitly marked unavailable here
 52 |
 53 | UIKIT_EXTERN API_AVAILABLE(ios(2.0)) API_UNAVAILABLE(visionos, watchos) NS_SWIFT_UI_ACTOR
 54 | @interface UIScreen : NSObject <UITraitEnvironment>
    |            `- note: 'UIScreen' has been explicitly marked unavailable here
 55 |
 56 | @property(class, nonatomic, readonly) NSArray<UIScreen *> *screens API_DEPRECATED("Use UIApplication.shared.openSessions to find open sessions with scenes from other screens", ios(3.2, 16.0), visionos(1.0, 1.0)) API_UNAVAILABLE(watchos); // all screens currently attached to the device
/Users/admin/builder/spi-builder-workspace/Sources/YCoreUI/Extensions/Foundation/CGFloat+rounded.swift:37:31: error: 'UIScreen' is unavailable in visionOS
35 |     /// - Parameter scale: the scale to apply, default is current screen scale
36 |     /// - Returns: the value ceiled to 1/scale
37 |     public func ceiled(scale: UIScreen.ScaleFactor = UIScreen.main.scaleFactor) -> CGFloat {
   |                               `- error: 'UIScreen' is unavailable in visionOS
38 |         rounded(.up, scale: scale)
39 |     }
/Applications/Xcode-27.0.0-Release.Candidate.app/Contents/Developer/Platforms/XROS.platform/Developer/SDKs/XROS27.0.sdk/System/Library/Frameworks/UIKit.framework/Headers/UIScreen.h:54:12: note: 'UIScreen' has been explicitly marked unavailable here
 52 |
 53 | UIKIT_EXTERN API_AVAILABLE(ios(2.0)) API_UNAVAILABLE(visionos, watchos) NS_SWIFT_UI_ACTOR
 54 | @interface UIScreen : NSObject <UITraitEnvironment>
    |            `- note: 'UIScreen' has been explicitly marked unavailable here
 55 |
 56 | @property(class, nonatomic, readonly) NSArray<UIScreen *> *screens API_DEPRECATED("Use UIApplication.shared.openSessions to find open sessions with scenes from other screens", ios(3.2, 16.0), visionos(1.0, 1.0)) API_UNAVAILABLE(watchos); // all screens currently attached to the device
SwiftCompile normal arm64 /Users/admin/builder/spi-builder-workspace/Sources/YCoreUI/Components/FormViewController.swift (in target 'YCoreUI' from project 'YCoreUI')
    cd /Users/admin/builder/spi-builder-workspace/.swiftpm/xcode
    builtin-SwiftPerFileCompile FormViewController.swift
SwiftCompile normal arm64 /Users/admin/builder/spi-builder-workspace/Sources/YCoreUI/Extensions/Foundation/CGFloat+rounded.swift (in target 'YCoreUI' from project 'YCoreUI')
    cd /Users/admin/builder/spi-builder-workspace/.swiftpm/xcode
    builtin-SwiftPerFileCompile CGFloat+rounded.swift
SwiftCompile normal arm64 /Users/admin/builder/spi-builder-workspace/Sources/YCoreUI/Extensions/Foundation/CGSize+inset.swift (in target 'YCoreUI' from project 'YCoreUI')
    cd /Users/admin/builder/spi-builder-workspace/.swiftpm/xcode
    builtin-SwiftPerFileCompile CGSize+inset.swift
SwiftCompile normal arm64 /Users/admin/builder/spi-builder-workspace/Sources/YCoreUI/Extensions/Foundation/String+Localizable.swift (in target 'YCoreUI' from project 'YCoreUI')
    cd /Users/admin/builder/spi-builder-workspace/.swiftpm/xcode
    builtin-SwiftPerFileCompile String+Localizable.swift
SwiftCompile normal arm64 Compiling\ UITraitCollection+colorSpaces.swift,\ UIView+Animation.swift,\ UIView+constrain.swift /Users/admin/builder/spi-builder-workspace/Sources/YCoreUI/Extensions/UIKit/UITraitCollection+colorSpaces.swift /Users/admin/builder/spi-builder-workspace/Sources/YCoreUI/Extensions/UIKit/UIView+Animation.swift /Users/admin/builder/spi-builder-workspace/Sources/YCoreUI/Extensions/UIKit/UIView+constrain.swift (in target 'YCoreUI' from project 'YCoreUI')
SwiftCompile normal arm64 /Users/admin/builder/spi-builder-workspace/Sources/YCoreUI/Extensions/UIKit/UITraitCollection+colorSpaces.swift (in target 'YCoreUI' from project 'YCoreUI')
    cd /Users/admin/builder/spi-builder-workspace/.swiftpm/xcode
    builtin-SwiftPerFileCompile UITraitCollection+colorSpaces.swift
SwiftCompile normal arm64 /Users/admin/builder/spi-builder-workspace/Sources/YCoreUI/Extensions/UIKit/UIView+Animation.swift (in target 'YCoreUI' from project 'YCoreUI')
    cd /Users/admin/builder/spi-builder-workspace/.swiftpm/xcode
    builtin-SwiftPerFileCompile UIView+Animation.swift
SwiftCompile normal arm64 /Users/admin/builder/spi-builder-workspace/Sources/YCoreUI/Extensions/UIKit/UIView+constrain.swift (in target 'YCoreUI' from project 'YCoreUI')
    cd /Users/admin/builder/spi-builder-workspace/.swiftpm/xcode
    builtin-SwiftPerFileCompile UIView+constrain.swift
PruneExplicitPrecompiledModules /Users/admin/builder/spi-builder-workspace/.derivedData/Build/Intermediates.noindex/SwiftExplicitPrecompiledModules
PruneExplicitPrecompiledModules /Users/admin/builder/spi-builder-workspace/.derivedData/Build/Intermediates.noindex/ExplicitPrecompiledModules
PruneExplicitPrecompiledModules /Users/admin/builder/spi-builder-workspace/.derivedData/SDKExplicitPrecompiledModules
2026-09-19 14:02:03.074 xcodebuild[778:4848] [MT] IDERunDestination: Supported platforms for the buildables in the current scheme is empty.
2026-09-19 14:02:03.177 xcodebuild[778:4848] [MT] IDERunDestination: Supported platforms for the buildables in the current scheme is empty.
** BUILD FAILED **
The following build commands failed:
	SwiftEmitModule normal arm64 Emitting\ module\ for\ YCoreUI (in target 'YCoreUI' from project 'YCoreUI')
	SwiftCompile normal arm64 (in target 'YCoreUI' from project 'YCoreUI')
	Building workspace YCoreUI with scheme YCoreUI
(3 failures)
BUILD FAILURE 6.4 visionOS