Build Information
Failed to build AzooKeyKanaKanjiConverter, reference main (d59a28), with Swift 6.2 for Wasm on 24 Sep 2026 21:15:45 UTC.
Build Command
bash -c docker run --pull=always --rm -v "checkouts-54344845-0":/host -w "$PWD" -e JAVA_HOME="/root/.sdkman/candidates/java/current" -e SPI_BUILD="1" -e SPI_PROCESSING="1" registry.gitlab.com/saguaro1/spi-images:wasm-6.2-latest swift build --swift-sdk swift-6.2-RELEASE_wasm 2>&1Build Log
========================================
RunAll
========================================
Builder version: 5.1.0
Interrupt handler set up.
========================================
Checkout
========================================
Clone URL: https://github.com/azooKey/AzooKeyKanaKanjiConverter.git
Reference: main
Initialized empty Git repository in /host/spi-builder-workspace/.git/
hint: Using 'master' as the name for the initial branch. This default branch name
hint: is subject to change. To configure the initial branch name to use in all
hint: of your new repositories, which will suppress this warning, call:
hint:
hint: git config --global init.defaultBranch <name>
hint:
hint: Names commonly chosen instead of 'master' are 'main', 'trunk' and
hint: 'development'. The just-created branch can be renamed via this command:
hint:
hint: git branch -m <name>
From https://github.com/azooKey/AzooKeyKanaKanjiConverter
* branch main -> FETCH_HEAD
* [new branch] main -> origin/main
HEAD is now at d59a28e feat(dictionary): 大小文字を保持した英字辞書のビルドと予測に対応 (#362)
Submodule path 'Sources/KanaKanjiConverterModuleWithDefaultDictionary/azooKey_dictionary_storage': checked out '4d418525b090cf49c219819d05a7e3cc2a4346eb'
Submodule path 'Sources/KanaKanjiConverterModuleWithDefaultDictionary/azooKey_emoji_dictionary_storage': checked out '67b822603391b01238d7b80b8b61b63f966cf357'
Submodule 'Sources/KanaKanjiConverterModuleWithDefaultDictionary/azooKey_dictionary_storage' (https://github.com/ensan-hcl/azooKey_dictionary_storage) registered for path 'Sources/KanaKanjiConverterModuleWithDefaultDictionary/azooKey_dictionary_storage'
Submodule 'Sources/KanaKanjiConverterModuleWithDefaultDictionary/azooKey_emoji_dictionary_storage' (https://github.com/ensan-hcl/azooKey_emoji_dictionary_storage) registered for path 'Sources/KanaKanjiConverterModuleWithDefaultDictionary/azooKey_emoji_dictionary_storage'
Cloning into '/host/spi-builder-workspace/Sources/KanaKanjiConverterModuleWithDefaultDictionary/azooKey_dictionary_storage'...
Cloning into '/host/spi-builder-workspace/Sources/KanaKanjiConverterModuleWithDefaultDictionary/azooKey_emoji_dictionary_storage'...
Cloned https://github.com/azooKey/AzooKeyKanaKanjiConverter.git
Revision (git rev-parse @):
d59a28e4c7ca049aef04f29a91eae9677a7753f2
SUCCESS checkout https://github.com/azooKey/AzooKeyKanaKanjiConverter.git at main
========================================
Build
========================================
Selected platform: wasm
Swift version: 6.2
Building package at path: $PWD
https://github.com/azooKey/AzooKeyKanaKanjiConverter.git
Running build ...
bash -c docker run --pull=always --rm -v "checkouts-54344845-0":/host -w "$PWD" -e JAVA_HOME="/root/.sdkman/candidates/java/current" -e SPI_BUILD="1" -e SPI_PROCESSING="1" registry.gitlab.com/saguaro1/spi-images:wasm-6.2-latest swift build --swift-sdk swift-6.2-RELEASE_wasm 2>&1
wasm-6.2-latest: Pulling from saguaro1/spi-images
Digest: sha256:ff44196b45f83e5a0a99a627b185f548850d9bc1242e3dee2178fb1570812fe8
Status: Image is up to date for registry.gitlab.com/saguaro1/spi-images:wasm-6.2-latest
warning: 'spi-builder-workspace': Cannot link with -lobjc
/usr/bin/ld.gold: error: cannot find -lobjc
clang: error: linker command failed with exit code 1 (use -v to see invocation)
Fetching https://github.com/apple/swift-algorithms
Fetching https://github.com/ensan-hcl/swift-tokenizers
Fetching https://github.com/apple/swift-collections
Fetching https://github.com/apple/swift-argument-parser
[1/990] Fetching swift-tokenizers
[21/7135] Fetching swift-tokenizers, swift-algorithms
[6163/26076] Fetching swift-tokenizers, swift-algorithms, swift-argument-parser
Fetched https://github.com/ensan-hcl/swift-tokenizers from cache (0.63s)
[10502/25086] Fetching swift-algorithms, swift-argument-parser
[25087/52788] Fetching swift-algorithms, swift-argument-parser, swift-collections
Fetched https://github.com/apple/swift-algorithms from cache (1.35s)
Fetched https://github.com/apple/swift-argument-parser from cache (1.36s)
Fetched https://github.com/apple/swift-collections from cache (1.36s)
Computing version for https://github.com/ensan-hcl/swift-tokenizers
Computed https://github.com/ensan-hcl/swift-tokenizers at 0.0.1 (1.53s)
Fetching https://github.com/johnmai-dev/Jinja
[1/1376] Fetching jinja
Fetched https://github.com/johnmai-dev/Jinja from cache (0.60s)
Computing version for https://github.com/johnmai-dev/Jinja
Computed https://github.com/johnmai-dev/Jinja at 1.1.2 (0.75s)
Computing version for https://github.com/apple/swift-algorithms
Computed https://github.com/apple/swift-algorithms at 1.2.1 (0.88s)
Fetching https://github.com/apple/swift-numerics.git
[1/6640] Fetching swift-numerics
Fetched https://github.com/apple/swift-numerics.git from cache (1.32s)
Computing version for https://github.com/apple/swift-numerics.git
Computed https://github.com/apple/swift-numerics.git at 1.1.1 (1.48s)
Computing version for https://github.com/apple/swift-collections
Computed https://github.com/apple/swift-collections at 1.7.0 (0.25s)
Computing version for https://github.com/apple/swift-argument-parser
Computed https://github.com/apple/swift-argument-parser at 1.8.2 (0.16s)
Creating working copy for https://github.com/ensan-hcl/swift-tokenizers
Working copy of https://github.com/ensan-hcl/swift-tokenizers resolved at 0.0.1
Creating working copy for https://github.com/johnmai-dev/Jinja
Working copy of https://github.com/johnmai-dev/Jinja resolved at 1.1.2
Creating working copy for https://github.com/apple/swift-argument-parser
Working copy of https://github.com/apple/swift-argument-parser resolved at 1.8.2
Creating working copy for https://github.com/apple/swift-algorithms
Working copy of https://github.com/apple/swift-algorithms resolved at 1.2.1
Creating working copy for https://github.com/apple/swift-collections
Working copy of https://github.com/apple/swift-collections resolved at 1.7.0
Creating working copy for https://github.com/apple/swift-numerics.git
Working copy of https://github.com/apple/swift-numerics.git resolved at 1.1.1
[1/1] Compiling plugin GenerateManual
[2/2] Compiling plugin GenerateDoccReference
Building for debugging...
[2/53] Write sources
[2/53] Copying gpt2_tokenizer_config.json
[2/53] Copying t5_tokenizer_config.json
[2/53] Write sources
[25/53] Copying tokenizer
[25/53] Copying EmojiDictionary
[27/53] Compiling _NumericsShims _NumericsShims.c
[28/53] Write swift-version-24593BA9C3E375BF.txt
[29/100] Copying Dictionary
[31/100] Emitting module Hub
[32/100] Emitting module RealModule
[33/101] Compiling RealModule RelaxedArithmetic.swift
[34/101] Compiling InternalCollectionsUtilities _UnsafeBitSet+Index.swift
[35/101] Compiling InternalCollectionsUtilities _UnsafeBitSet+_Word.swift
[36/101] Compiling InternalCollectionsUtilities _UnsafeBitSet.swift
[37/101] Compiling InternalCollectionsUtilities UnsafeBufferPointer+Extras.swift
[38/104] Emitting module InternalCollectionsUtilities
[39/104] Compiling InternalCollectionsUtilities BorrowingIteratorProtocol+Equality.swift
[40/104] Compiling InternalCollectionsUtilities BorrowingIteratorProtocol+Extras.swift
[41/104] Compiling InternalCollectionsUtilities Debugging.swift
[42/104] Compiling InternalCollectionsUtilities Descriptions.swift
[43/104] Compiling InternalCollectionsUtilities UnsafeRawBufferPointer+Extras.swift
[44/104] Compiling InternalCollectionsUtilities _SortedCollection.swift
[45/104] Compiling InternalCollectionsUtilities _UniqueCollection.swift
[46/104] Compiling InternalCollectionsUtilities MutableSpan+Extras.swift
[47/104] Compiling InternalCollectionsUtilities Optional+Extras.swift
[48/104] Compiling InternalCollectionsUtilities OutputSpan+Extras.swift
[49/104] Compiling InternalCollectionsUtilities RandomAccessCollection+Offsets.swift
[50/104] Compiling RealModule RealFunctions.swift
[51/104] Compiling InternalCollectionsUtilities UnsafeMutableBufferPointer+Extras.swift
[52/104] Compiling InternalCollectionsUtilities UnsafeMutablePointer+Extras.swift
[53/104] Compiling InternalCollectionsUtilities UnsafeMutableRawBufferPointer+Extras.swift
[54/104] Compiling InternalCollectionsUtilities UnsafePointer+Extras.swift
[55/104] Compiling InternalCollectionsUtilities Span+Extras.swift
[56/104] Compiling InternalCollectionsUtilities Strideable+LimitHelpers.swift
[57/104] Compiling InternalCollectionsUtilities String+Padding.swift
[58/104] Compiling InternalCollectionsUtilities TemporaryAllocation.swift
[59/104] Compiling RealModule Float80+Real.swift
[60/104] Compiling RealModule Real.swift
[65/104] Compiling InternalCollectionsUtilities FixedWidthInteger+roundUpToPowerOfTwo.swift
[66/104] Compiling InternalCollectionsUtilities Integer rank.swift
[67/104] Compiling InternalCollectionsUtilities UInt+first and last set bit.swift
[68/104] Compiling InternalCollectionsUtilities UInt+reversed.swift
[69/104] Compiling InternalCollectionsUtilities Iterable+CopyContents.swift
[70/104] Compiling InternalCollectionsUtilities Iterable+Equality.swift
[71/104] Compiling InternalCollectionsUtilities LifetimeOverride.swift
[72/104] Compiling InternalCollectionsUtilities MutableRef.swift
[76/105] Compiling RealModule Float16+Real.swift
[77/106] Wrapping AST for InternalCollectionsUtilities for debugging
[79/110] Emitting module ArgumentParserToolInfo
[80/110] Compiling ArgumentParserToolInfo ToolInfo.swift
[82/242] Compiling SpanPreview OutputSpan+InputSpanHelpers.swift
[83/242] Emitting module SpanPreview
[84/242] Compiling SpanPreview MutableSpan+InputSpanHelpers.swift
[85/242] Compiling SpanPreview InputSpan.swift
[86/355] Compiling HeapModule Heap+Invariants.swift
[88/402] Compiling HeapModule Heap+Descriptions.swift
[89/449] Compiling HeapModule _HeapNode.swift
[90/449] Compiling HeapModule Heap+ExpressibleByArrayLiteral.swift
[91/449] Compiling HeapModule Heap+UnsafeHandle.swift
[92/449] Compiling HeapModule Heap.swift
[93/449] Compiling HeapModule Heap+Testing.swift
[94/449] Emitting module HeapModule
[95/450] Compiling ArgumentParser SplitArguments.swift
[96/450] Compiling ArgumentParser DumpHelpGenerator.swift
[97/450] Compiling ArgumentParser HelpCommand.swift
[98/450] Compiling ArgumentParser HelpGenerator.swift
[99/450] Compiling ArgumentParser MessageInfo.swift
[100/450] Compiling ArgumentParser UsageGenerator.swift
[101/450] Compiling ArgumentParser CollectionExtensions.swift
[102/450] Compiling ArgumentParser Foundation.swift
[104/457] Compiling ArgumentParser CompletionsGenerator.swift
[105/457] Compiling ArgumentParser FishCompletionsGenerator.swift
[106/457] Compiling ArgumentParser ZshCompletionsGenerator.swift
[107/457] Compiling ArgumentParser Argument.swift
[108/457] Compiling ArgumentParser ArgumentDiscussion.swift
[109/457] Compiling ArgumentParser ArgumentHelp.swift
[110/457] Compiling ArgumentParser ParentCommand.swift
[111/457] Compiling ArgumentParser AsyncParsableCommand.swift
[112/464] Compiling HashTreeCollections TreeSet+Hashable.swift
[113/464] Compiling HashTreeCollections TreeSet+Sendable.swift
[114/464] Compiling HashTreeCollections TreeSet+Sequence.swift
[115/464] Compiling HashTreeCollections TreeSet+SetAlgebra Initializers.swift
[116/464] Compiling HashTreeCollections TreeSet+SetAlgebra basics.swift
[117/464] Compiling HashTreeCollections TreeSet+SetAlgebra formIntersection.swift
[118/464] Compiling HashTreeCollections TreeSet+SetAlgebra formSymmetricDifference.swift
[119/464] Compiling HashTreeCollections TreeSet+SetAlgebra formUnion.swift
[120/464] Compiling HashTreeCollections TreeSet+SetAlgebra intersection.swift
[121/464] Compiling HashTreeCollections TreeSet+SetAlgebra isDisjoint.swift
[122/474] Compiling BitCollections BitSet+SetAlgebra subtracting.swift
[123/474] Compiling BitCollections BitSet+SetAlgebra symmetricDifference.swift
[124/474] Compiling BitCollections BitSet+SetAlgebra union.swift
[125/474] Compiling BitCollections BitSet+Sorted Collection APIs.swift
[126/474] Compiling BitCollections BitSet.Counted.swift
[127/474] Compiling BitCollections BitSet.Index.swift
[128/474] Compiling BitCollections BitSet._UnsafeHandle.swift
[129/474] Compiling BitCollections BitSet.swift
[130/474] Compiling Hub resource_bundle_accessor.swift
[131/516] Compiling DequeModule UniqueDeque+Deprecations.swift
[132/516] Compiling DequeModule UniqueDeque+Descriptions.swift
[133/516] Compiling DequeModule UniqueDeque+Equatable.swift
[134/516] Compiling DequeModule UniqueDeque+Hashable.swift
[135/516] Compiling DequeModule UniqueDeque+Initializers.swift
[136/516] Compiling DequeModule UniqueDeque+Insertions.swift
[137/516] Compiling DequeModule UniqueDeque+Iterable.swift
[138/516] Compiling DequeModule RigidDeque+Prepend.swift
[139/516] Compiling DequeModule RigidDeque+Removals.swift
[140/516] Compiling DequeModule RigidDeque+Replacements.swift
[141/516] Compiling DequeModule RigidDeque+Testing.swift
[142/516] Compiling DequeModule RigidDeque.swift
[143/516] Compiling DequeModule UniqueDeque+Append.swift
[144/516] Compiling DequeModule UniqueDeque+Consumption.swift
[145/516] Compiling DequeModule UniqueDeque+ContainerOperations.swift
[146/516] Compiling Hub HubApi.swift
[147/516] Compiling Hub Hub.swift
[148/516] Compiling Hub Downloader.swift
[157/517] Compiling DequeModule RigidDeque+ContainerOperations.swift
[158/517] Compiling DequeModule RigidDeque+Deprecations.swift
[159/517] Compiling DequeModule RigidDeque+Descriptions.swift
[160/517] Compiling DequeModule RigidDeque+Equatable.swift
[161/517] Compiling DequeModule RigidDeque+Hashable.swift
[162/517] Compiling DequeModule RigidDeque+Initializers.swift
[163/517] Compiling DequeModule RigidDeque+Insertions.swift
[164/517] Compiling DequeModule RigidDeque+Iterable.swift
[167/517] Compiling BitCollections Range+Utilities.swift
[168/517] Compiling BitCollections Slice+Utilities.swift
[169/517] Compiling BitCollections UInt+Tricks.swift
[170/517] Compiling BitCollections _Word.swift
[171/517] Compiling OrderedCollections OrderedSet+UnstableInternals.swift
[172/517] Compiling OrderedCollections OrderedSet.swift
[173/517] Compiling OrderedCollections _UnsafeBitset.swift
[174/517] Compiling HashTreeCollections TreeSet+Extras.swift
[175/517] Compiling HashTreeCollections TreeSet+Filter.swift
[176/517] Compiling DequeModule Deque+Codable.swift
[177/517] Compiling DequeModule Deque+Collection.swift
[178/517] Compiling DequeModule Deque+CustomReflectable.swift
[179/517] Compiling DequeModule Deque+Descriptions.swift
[180/517] Compiling DequeModule Deque+Equatable.swift
[181/517] Compiling DequeModule Deque+ExpressibleByArrayLiteral.swift
[182/517] Compiling DequeModule Deque+Extras.swift
[183/517] Compiling DequeModule Deque+Hashable.swift
[183/517] Wrapping AST for SpanPreview for debugging
[189/520] Compiling BitCollections BitSet+SetAlgebra isSuperset.swift
[190/520] Compiling BitCollections BitSet+SetAlgebra subtract.swift
[196/520] Compiling DequeModule UniqueDeque+Prepend.swift
[197/520] Compiling DequeModule UniqueDeque+Removals.swift
[198/520] Compiling ArgumentParser Platform.swift
[199/520] Compiling ArgumentParser SequenceExtensions.swift
[200/520] Compiling ArgumentParser StringExtensions.swift
[201/520] Compiling ArgumentParser SwiftExtensions.swift
[202/520] Compiling ArgumentParser Tree.swift
[213/520] Wrapping AST for RealModule for debugging
[221/520] Compiling DequeModule Deque._UnsafeHandle.swift
[222/520] Compiling DequeModule Deque.swift
[223/520] Compiling DequeModule _DequeBuffer.swift
[224/520] Compiling DequeModule _DequeBufferHeader.swift
[225/520] Compiling DequeModule RigidDeque+Append.swift
[226/520] Compiling DequeModule RigidDeque+Consumption.swift
[230/529] Wrapping AST for Hub for debugging
[242/534] Wrapping AST for HeapModule for debugging
[244/534] Emitting module BitCollections
[252/534] Wrapping AST for ArgumentParserToolInfo for debugging
[254/534] Compiling _RopeModule String Utilities.swift
[255/534] Compiling _RopeModule String.Index+ABI.swift
[256/534] Compiling _RopeModule _CharacterRecognizer.swift
[257/534] Compiling HashTreeCollections TreeSet+SetAlgebra isSubset.swift
[258/534] Compiling HashTreeCollections TreeSet+SetAlgebra isSuperset.swift
[259/534] Compiling HashTreeCollections TreeSet+SetAlgebra subtract.swift
[260/534] Compiling HashTreeCollections TreeSet+SetAlgebra subtracting.swift
[261/534] Compiling HashTreeCollections TreeSet+SetAlgebra symmetricDifference.swift
[262/534] Compiling HashTreeCollections TreeSet+SetAlgebra union.swift
[263/534] Compiling HashTreeCollections TreeSet.swift
[270/534] Compiling Algorithms Trim.swift
[271/534] Compiling Algorithms Unique.swift
[272/534] Compiling Algorithms Windows.swift
[282/534] Compiling DequeModule Deque+Testing.swift
[283/534] Compiling DequeModule Deque._Storage.swift
[299/534] Compiling DequeModule UniqueDeque+Replacements.swift
[300/534] Compiling DequeModule UniqueDeque.swift
[301/534] Compiling DequeModule _DequeSlot.swift
[302/534] Compiling DequeModule _UnsafeDequeHandle.swift
[303/534] Compiling DequeModule _UnsafeDequeSegments.swift
[353/535] Wrapping AST for BitCollections for debugging
[407/541] Emitting module _RopeModule
[448/541] Emitting module OrderedCollections
[450/542] Emitting module Algorithms
[451/554] Wrapping AST for OrderedCollections for debugging
[452/559] Wrapping AST for Algorithms for debugging
[454/559] Compiling Jinja Template.swift
[455/559] Compiling _RopeModule Rope+Join.swift
[456/559] Compiling _RopeModule Rope+MutatingForEach.swift
[457/559] Compiling _RopeModule Rope+Remove.swift
[458/560] Compiling _RopeModule Rope+RemoveSubrange.swift
[459/560] Compiling _RopeModule Rope+Split.swift
[460/560] Compiling _RopeModule Optional Utilities.swift
[464/560] Compiling Jinja StringExtension.swift
[465/560] Compiling Jinja Error.swift
[466/560] Emitting module HashTreeCollections
[467/561] Compiling SwiftUtils WithMutableValue.swift
[468/561] Wrapping AST for HashTreeCollections for debugging
[488/561] Compiling ArgumentParser AsyncCompletionsValidator.swift
[489/561] Compiling ArgumentParser CodingKeyValidator.swift
[490/561] Compiling ArgumentParser NonsenseFlagsValidator.swift
[491/561] Compiling ArgumentParser ParsableArgumentsValidation.swift
[502/561] Compiling Jinja Ast.swift
[503/561] Compiling Jinja Environment.swift
[509/562] Compiling SwiftUtils DataUtils.swift
[511/562] Compiling SwiftUtils StringUtils.swift
[512/562] Compiling SwiftUtils Debug.swift
[513/562] Emitting module SwiftUtils
[514/562] Compiling Jinja Utilities.swift
[514/562] Wrapping AST for _RopeModule for debugging
[520/562] Compiling ArgumentParser PositionalArgumentsValidator.swift
[521/562] Compiling ArgumentParser UniqueNamesValidator.swift
[522/562] Compiling SwiftUtils CharacterUtils.swift
[523/562] Compiling SwiftUtils ArrayUtils.swift
[524/563] Emitting module DequeModule
[525/563] Compiling Jinja Lexer.swift
[526/563] Compiling Jinja Parser.swift
[527/563] Wrapping AST for SwiftUtils for debugging
[529/563] Emitting module ArgumentParser
[550/567] Wrapping AST for DequeModule for debugging
[552/567] Emitting module Collections
[553/567] Compiling Collections Collections.swift
[553/567] Wrapping AST for ArgumentParser for debugging
[555/568] Compiling Jinja Runtime.swift
[556/568] Wrapping AST for Collections for debugging
[560/568] Emitting module Jinja
[561/569] Wrapping AST for Jinja for debugging
[563/581] Compiling Tokenizers Trie.swift
[564/582] Compiling Tokenizers UnigramTokenizer.swift
[565/582] Compiling Tokenizers Utils.swift
[566/582] Compiling Tokenizers Normalizer.swift
[567/582] Compiling Tokenizers PostProcessor.swift
[568/582] Emitting module Tokenizers
[569/582] Compiling Tokenizers ByteEncoder.swift
[570/582] Compiling Tokenizers Decoder.swift
[571/582] Compiling Tokenizers PreTokenizer.swift
[572/582] Compiling Tokenizers TokenLattice.swift
[573/582] Compiling Tokenizers Tokenizer.swift
[574/582] Compiling Tokenizers BPETokenizer.swift
[575/582] Compiling Tokenizers BertTokenizer.swift
[576/583] Wrapping AST for Tokenizers for debugging
[578/588] Compiling EfficientNGram resource_bundle_accessor.swift
[579/588] Compiling EfficientNGram Trainer.swift
[580/588] Emitting module EfficientNGram
[581/588] Compiling EfficientNGram Tokenizer.swift
[582/588] Compiling EfficientNGram Inference.swift
[583/589] Wrapping AST for EfficientNGram for debugging
[585/647] Compiling KanaKanjiConverterModule TemplateData.swift
/host/spi-builder-workspace/Sources/KanaKanjiConverterModule/DictionaryManagement/DataStructure/DictionaryBuilder.swift:374:45: error: 'atomic' is unavailable: atomic writing is unavailable in WASI because temporary files are not supported
372 | // Body
373 | for p in payloads { result.append(p) }
374 | try result.write(to: url, options: .atomic)
| `- error: 'atomic' is unavailable: atomic writing is unavailable in WASI because temporary files are not supported
375 | }
376 |
FoundationEssentials.Data.WritingOptions.atomic:4:23: note: 'atomic' has been explicitly marked unavailable here
2 | struct WritingOptions {
3 | @available(*, unavailable, message: "atomic writing is unavailable in WASI because temporary files are not supported")
4 | public static let atomic: Data.WritingOptions }
| `- note: 'atomic' has been explicitly marked unavailable here
5 | }
6 |
/host/spi-builder-workspace/Sources/KanaKanjiConverterModule/DictionaryManagement/DataStructure/DictionaryBuilder.swift:398:66: error: 'atomic' is unavailable: atomic writing is unavailable in WASI because temporary files are not supported
396 | let end = min(start + split, total)
397 | let data = makeBinary(entries: Array(entries[start..<end]))
398 | try data.write(to: urlProvider(fileIndex), options: .atomic)
| `- error: 'atomic' is unavailable: atomic writing is unavailable in WASI because temporary files are not supported
399 | fileIndex += 1
400 | start = end
FoundationEssentials.Data.WritingOptions.atomic:4:23: note: 'atomic' has been explicitly marked unavailable here
2 | struct WritingOptions {
3 | @available(*, unavailable, message: "atomic writing is unavailable in WASI because temporary files are not supported")
4 | public static let atomic: Data.WritingOptions }
| `- note: 'atomic' has been explicitly marked unavailable here
5 | }
6 |
[586/647] Compiling KanaKanjiConverterModule DictionaryBuilder.swift
/host/spi-builder-workspace/Sources/KanaKanjiConverterModule/DictionaryManagement/DataStructure/DictionaryBuilder.swift:374:45: error: 'atomic' is unavailable: atomic writing is unavailable in WASI because temporary files are not supported
372 | // Body
373 | for p in payloads { result.append(p) }
374 | try result.write(to: url, options: .atomic)
| `- error: 'atomic' is unavailable: atomic writing is unavailable in WASI because temporary files are not supported
375 | }
376 |
FoundationEssentials.Data.WritingOptions.atomic:4:23: note: 'atomic' has been explicitly marked unavailable here
2 | struct WritingOptions {
3 | @available(*, unavailable, message: "atomic writing is unavailable in WASI because temporary files are not supported")
4 | public static let atomic: Data.WritingOptions }
| `- note: 'atomic' has been explicitly marked unavailable here
5 | }
6 |
/host/spi-builder-workspace/Sources/KanaKanjiConverterModule/DictionaryManagement/DataStructure/DictionaryBuilder.swift:398:66: error: 'atomic' is unavailable: atomic writing is unavailable in WASI because temporary files are not supported
396 | let end = min(start + split, total)
397 | let data = makeBinary(entries: Array(entries[start..<end]))
398 | try data.write(to: urlProvider(fileIndex), options: .atomic)
| `- error: 'atomic' is unavailable: atomic writing is unavailable in WASI because temporary files are not supported
399 | fileIndex += 1
400 | start = end
FoundationEssentials.Data.WritingOptions.atomic:4:23: note: 'atomic' has been explicitly marked unavailable here
2 | struct WritingOptions {
3 | @available(*, unavailable, message: "atomic writing is unavailable in WASI because temporary files are not supported")
4 | public static let atomic: Data.WritingOptions }
| `- note: 'atomic' has been explicitly marked unavailable here
5 | }
6 |
[587/647] Compiling KanaKanjiConverterModule LOUDS.swift
/host/spi-builder-workspace/Sources/KanaKanjiConverterModule/DictionaryManagement/DataStructure/DictionaryBuilder.swift:374:45: error: 'atomic' is unavailable: atomic writing is unavailable in WASI because temporary files are not supported
372 | // Body
373 | for p in payloads { result.append(p) }
374 | try result.write(to: url, options: .atomic)
| `- error: 'atomic' is unavailable: atomic writing is unavailable in WASI because temporary files are not supported
375 | }
376 |
FoundationEssentials.Data.WritingOptions.atomic:4:23: note: 'atomic' has been explicitly marked unavailable here
2 | struct WritingOptions {
3 | @available(*, unavailable, message: "atomic writing is unavailable in WASI because temporary files are not supported")
4 | public static let atomic: Data.WritingOptions }
| `- note: 'atomic' has been explicitly marked unavailable here
5 | }
6 |
/host/spi-builder-workspace/Sources/KanaKanjiConverterModule/DictionaryManagement/DataStructure/DictionaryBuilder.swift:398:66: error: 'atomic' is unavailable: atomic writing is unavailable in WASI because temporary files are not supported
396 | let end = min(start + split, total)
397 | let data = makeBinary(entries: Array(entries[start..<end]))
398 | try data.write(to: urlProvider(fileIndex), options: .atomic)
| `- error: 'atomic' is unavailable: atomic writing is unavailable in WASI because temporary files are not supported
399 | fileIndex += 1
400 | start = end
FoundationEssentials.Data.WritingOptions.atomic:4:23: note: 'atomic' has been explicitly marked unavailable here
2 | struct WritingOptions {
3 | @available(*, unavailable, message: "atomic writing is unavailable in WASI because temporary files are not supported")
4 | public static let atomic: Data.WritingOptions }
| `- note: 'atomic' has been explicitly marked unavailable here
5 | }
6 |
[588/647] Compiling KanaKanjiConverterModule extension LOUDS.swift
/host/spi-builder-workspace/Sources/KanaKanjiConverterModule/DictionaryManagement/DataStructure/DictionaryBuilder.swift:374:45: error: 'atomic' is unavailable: atomic writing is unavailable in WASI because temporary files are not supported
372 | // Body
373 | for p in payloads { result.append(p) }
374 | try result.write(to: url, options: .atomic)
| `- error: 'atomic' is unavailable: atomic writing is unavailable in WASI because temporary files are not supported
375 | }
376 |
FoundationEssentials.Data.WritingOptions.atomic:4:23: note: 'atomic' has been explicitly marked unavailable here
2 | struct WritingOptions {
3 | @available(*, unavailable, message: "atomic writing is unavailable in WASI because temporary files are not supported")
4 | public static let atomic: Data.WritingOptions }
| `- note: 'atomic' has been explicitly marked unavailable here
5 | }
6 |
/host/spi-builder-workspace/Sources/KanaKanjiConverterModule/DictionaryManagement/DataStructure/DictionaryBuilder.swift:398:66: error: 'atomic' is unavailable: atomic writing is unavailable in WASI because temporary files are not supported
396 | let end = min(start + split, total)
397 | let data = makeBinary(entries: Array(entries[start..<end]))
398 | try data.write(to: urlProvider(fileIndex), options: .atomic)
| `- error: 'atomic' is unavailable: atomic writing is unavailable in WASI because temporary files are not supported
399 | fileIndex += 1
400 | start = end
FoundationEssentials.Data.WritingOptions.atomic:4:23: note: 'atomic' has been explicitly marked unavailable here
2 | struct WritingOptions {
3 | @available(*, unavailable, message: "atomic writing is unavailable in WASI because temporary files are not supported")
4 | public static let atomic: Data.WritingOptions }
| `- note: 'atomic' has been explicitly marked unavailable here
5 | }
6 |
[589/647] Compiling KanaKanjiConverterModule DicdataStore.swift
/host/spi-builder-workspace/Sources/KanaKanjiConverterModule/DictionaryManagement/DataStructure/DictionaryBuilder.swift:374:45: error: 'atomic' is unavailable: atomic writing is unavailable in WASI because temporary files are not supported
372 | // Body
373 | for p in payloads { result.append(p) }
374 | try result.write(to: url, options: .atomic)
| `- error: 'atomic' is unavailable: atomic writing is unavailable in WASI because temporary files are not supported
375 | }
376 |
FoundationEssentials.Data.WritingOptions.atomic:4:23: note: 'atomic' has been explicitly marked unavailable here
2 | struct WritingOptions {
3 | @available(*, unavailable, message: "atomic writing is unavailable in WASI because temporary files are not supported")
4 | public static let atomic: Data.WritingOptions }
| `- note: 'atomic' has been explicitly marked unavailable here
5 | }
6 |
/host/spi-builder-workspace/Sources/KanaKanjiConverterModule/DictionaryManagement/DataStructure/DictionaryBuilder.swift:398:66: error: 'atomic' is unavailable: atomic writing is unavailable in WASI because temporary files are not supported
396 | let end = min(start + split, total)
397 | let data = makeBinary(entries: Array(entries[start..<end]))
398 | try data.write(to: urlProvider(fileIndex), options: .atomic)
| `- error: 'atomic' is unavailable: atomic writing is unavailable in WASI because temporary files are not supported
399 | fileIndex += 1
400 | start = end
FoundationEssentials.Data.WritingOptions.atomic:4:23: note: 'atomic' has been explicitly marked unavailable here
2 | struct WritingOptions {
3 | @available(*, unavailable, message: "atomic writing is unavailable in WASI because temporary files are not supported")
4 | public static let atomic: Data.WritingOptions }
| `- note: 'atomic' has been explicitly marked unavailable here
5 | }
6 |
[590/647] Compiling KanaKanjiConverterModule DicdataStoreState.swift
/host/spi-builder-workspace/Sources/KanaKanjiConverterModule/DictionaryManagement/DataStructure/DictionaryBuilder.swift:374:45: error: 'atomic' is unavailable: atomic writing is unavailable in WASI because temporary files are not supported
372 | // Body
373 | for p in payloads { result.append(p) }
374 | try result.write(to: url, options: .atomic)
| `- error: 'atomic' is unavailable: atomic writing is unavailable in WASI because temporary files are not supported
375 | }
376 |
FoundationEssentials.Data.WritingOptions.atomic:4:23: note: 'atomic' has been explicitly marked unavailable here
2 | struct WritingOptions {
3 | @available(*, unavailable, message: "atomic writing is unavailable in WASI because temporary files are not supported")
4 | public static let atomic: Data.WritingOptions }
| `- note: 'atomic' has been explicitly marked unavailable here
5 | }
6 |
/host/spi-builder-workspace/Sources/KanaKanjiConverterModule/DictionaryManagement/DataStructure/DictionaryBuilder.swift:398:66: error: 'atomic' is unavailable: atomic writing is unavailable in WASI because temporary files are not supported
396 | let end = min(start + split, total)
397 | let data = makeBinary(entries: Array(entries[start..<end]))
398 | try data.write(to: urlProvider(fileIndex), options: .atomic)
| `- error: 'atomic' is unavailable: atomic writing is unavailable in WASI because temporary files are not supported
399 | fileIndex += 1
400 | start = end
FoundationEssentials.Data.WritingOptions.atomic:4:23: note: 'atomic' has been explicitly marked unavailable here
2 | struct WritingOptions {
3 | @available(*, unavailable, message: "atomic writing is unavailable in WASI because temporary files are not supported")
4 | public static let atomic: Data.WritingOptions }
| `- note: 'atomic' has been explicitly marked unavailable here
5 | }
6 |
[591/647] Compiling KanaKanjiConverterModule CIDData.swift
/host/spi-builder-workspace/Sources/KanaKanjiConverterModule/DictionaryManagement/DataStructure/DictionaryBuilder.swift:374:45: error: 'atomic' is unavailable: atomic writing is unavailable in WASI because temporary files are not supported
372 | // Body
373 | for p in payloads { result.append(p) }
374 | try result.write(to: url, options: .atomic)
| `- error: 'atomic' is unavailable: atomic writing is unavailable in WASI because temporary files are not supported
375 | }
376 |
FoundationEssentials.Data.WritingOptions.atomic:4:23: note: 'atomic' has been explicitly marked unavailable here
2 | struct WritingOptions {
3 | @available(*, unavailable, message: "atomic writing is unavailable in WASI because temporary files are not supported")
4 | public static let atomic: Data.WritingOptions }
| `- note: 'atomic' has been explicitly marked unavailable here
5 | }
6 |
/host/spi-builder-workspace/Sources/KanaKanjiConverterModule/DictionaryManagement/DataStructure/DictionaryBuilder.swift:398:66: error: 'atomic' is unavailable: atomic writing is unavailable in WASI because temporary files are not supported
396 | let end = min(start + split, total)
397 | let data = makeBinary(entries: Array(entries[start..<end]))
398 | try data.write(to: urlProvider(fileIndex), options: .atomic)
| `- error: 'atomic' is unavailable: atomic writing is unavailable in WASI because temporary files are not supported
399 | fileIndex += 1
400 | start = end
FoundationEssentials.Data.WritingOptions.atomic:4:23: note: 'atomic' has been explicitly marked unavailable here
2 | struct WritingOptions {
3 | @available(*, unavailable, message: "atomic writing is unavailable in WASI because temporary files are not supported")
4 | public static let atomic: Data.WritingOptions }
| `- note: 'atomic' has been explicitly marked unavailable here
5 | }
6 |
[592/647] Compiling KanaKanjiConverterModule DicdataElement.swift
/host/spi-builder-workspace/Sources/KanaKanjiConverterModule/DictionaryManagement/DataStructure/DictionaryBuilder.swift:374:45: error: 'atomic' is unavailable: atomic writing is unavailable in WASI because temporary files are not supported
372 | // Body
373 | for p in payloads { result.append(p) }
374 | try result.write(to: url, options: .atomic)
| `- error: 'atomic' is unavailable: atomic writing is unavailable in WASI because temporary files are not supported
375 | }
376 |
FoundationEssentials.Data.WritingOptions.atomic:4:23: note: 'atomic' has been explicitly marked unavailable here
2 | struct WritingOptions {
3 | @available(*, unavailable, message: "atomic writing is unavailable in WASI because temporary files are not supported")
4 | public static let atomic: Data.WritingOptions }
| `- note: 'atomic' has been explicitly marked unavailable here
5 | }
6 |
/host/spi-builder-workspace/Sources/KanaKanjiConverterModule/DictionaryManagement/DataStructure/DictionaryBuilder.swift:398:66: error: 'atomic' is unavailable: atomic writing is unavailable in WASI because temporary files are not supported
396 | let end = min(start + split, total)
397 | let data = makeBinary(entries: Array(entries[start..<end]))
398 | try data.write(to: urlProvider(fileIndex), options: .atomic)
| `- error: 'atomic' is unavailable: atomic writing is unavailable in WASI because temporary files are not supported
399 | fileIndex += 1
400 | start = end
FoundationEssentials.Data.WritingOptions.atomic:4:23: note: 'atomic' has been explicitly marked unavailable here
2 | struct WritingOptions {
3 | @available(*, unavailable, message: "atomic writing is unavailable in WASI because temporary files are not supported")
4 | public static let atomic: Data.WritingOptions }
| `- note: 'atomic' has been explicitly marked unavailable here
5 | }
6 |
[593/655] Emitting module KanaKanjiConverterModule
[594/655] Compiling KanaKanjiConverterModule FullInputProcessing.swift
[595/655] Compiling KanaKanjiConverterModule FullInputProcessingWithPrefixConstraint.swift
[596/655] Compiling KanaKanjiConverterModule PredictionProcessing.swift
[597/655] Compiling KanaKanjiConverterModule PrefixCompletionProcessing.swift
[598/655] Compiling KanaKanjiConverterModule SuffixReplacementProcessing.swift
[599/655] Compiling KanaKanjiConverterModule UnchangedInputProcessing.swift
[600/655] Compiling KanaKanjiConverterModule Kana2Kanji.swift
[601/655] Compiling KanaKanjiConverterModule Lattice.swift
[602/655] Compiling KanaKanjiConverterModule LatticeNode.swift
[603/655] Compiling KanaKanjiConverterModule ZenzInputTextGenerator.swift
[604/655] Compiling KanaKanjiConverterModule ZenzPromptBuilder.swift
[605/655] Compiling KanaKanjiConverterModule ZenzPureGreedyDecoder.swift
[606/655] Compiling KanaKanjiConverterModule ZenzaiTypoCandidateGenerator.swift
[607/655] Compiling KanaKanjiConverterModule llama-mock.swift
[608/655] Compiling KanaKanjiConverterModule zenzai.swift
[609/655] Compiling KanaKanjiConverterModule Candidate.swift
[610/655] Compiling KanaKanjiConverterModule ConversionResult.swift
[611/655] Compiling KanaKanjiConverterModule MIDData.swift
[612/655] Compiling KanaKanjiConverterModule JapaneseNumber.swift
[613/655] Compiling KanaKanjiConverterModule LearningMemory.swift
[614/655] Compiling KanaKanjiConverterModule LearningType.swift
[615/655] Compiling KanaKanjiConverterModule TypoCorrection.swift
[616/655] Compiling KanaKanjiConverterModule ComposingText.swift
[617/655] Compiling KanaKanjiConverterModule InputPiece.swift
[618/655] Compiling KanaKanjiConverterModule InputStyle.swift
[619/655] Compiling KanaKanjiConverterModule CommaSeparatedNumber.swift
[620/655] Compiling KanaKanjiConverterModule EmailAddress.swift
[621/655] Compiling KanaKanjiConverterModule RomanTypographys.swift
[622/655] Compiling KanaKanjiConverterModule SpecialCandidateProvider.swift
[623/655] Compiling KanaKanjiConverterModule TimeExpression.swift
[624/655] Compiling KanaKanjiConverterModule Unicode.swift
[625/655] Compiling KanaKanjiConverterModule VersionCandidate.swift
[626/655] Compiling KanaKanjiConverterModule SpellChecker.swift
[627/655] Compiling KanaKanjiConverterModule PostCompositionPredictionCandidate.swift
[628/655] Compiling KanaKanjiConverterModule Prediction.swift
[629/655] Compiling KanaKanjiConverterModule RegisteredNode.swift
[630/655] Compiling KanaKanjiConverterModule FixedSizeHeap.swift
[631/655] Compiling KanaKanjiConverterModule Zenz.swift
[632/655] Compiling KanaKanjiConverterModule ZenzCandidateEvaluator.swift
[633/655] Compiling KanaKanjiConverterModule ZenzCompatibleInputLanguageModelContext.swift
[634/655] Compiling KanaKanjiConverterModule ZenzContext.swift
[635/655] Compiling KanaKanjiConverterModule ConvertRequestOptions.swift
/host/spi-builder-workspace/Sources/KanaKanjiConverterModule/ConverterAPI/KanaKanjiConverter.swift:1339:32: warning: 'updateIfRequired(options:)' is deprecated: This API is deprecated. Directly update the state instead. [#DeprecatedDeclaration]
1337 | self.resetMemory()
1338 | }
1339 | self.dicdataStoreState.updateIfRequired(options: options)
| `- warning: 'updateIfRequired(options:)' is deprecated: This API is deprecated. Directly update the state instead. [#DeprecatedDeclaration]
1340 | let needTypoCorrection = self.isClassicTypoCorrectionEnabled(options)
1341 |
[#DeprecatedDeclaration]: <https://docs.swift.org/compiler/documentation/diagnostics/deprecated-declaration>
[636/655] Compiling KanaKanjiConverterModule ConverterBehaviorSemantics.swift
/host/spi-builder-workspace/Sources/KanaKanjiConverterModule/ConverterAPI/KanaKanjiConverter.swift:1339:32: warning: 'updateIfRequired(options:)' is deprecated: This API is deprecated. Directly update the state instead. [#DeprecatedDeclaration]
1337 | self.resetMemory()
1338 | }
1339 | self.dicdataStoreState.updateIfRequired(options: options)
| `- warning: 'updateIfRequired(options:)' is deprecated: This API is deprecated. Directly update the state instead. [#DeprecatedDeclaration]
1340 | let needTypoCorrection = self.isClassicTypoCorrectionEnabled(options)
1341 |
[#DeprecatedDeclaration]: <https://docs.swift.org/compiler/documentation/diagnostics/deprecated-declaration>
[637/655] Compiling KanaKanjiConverterModule KanaKanjiConverter.swift
/host/spi-builder-workspace/Sources/KanaKanjiConverterModule/ConverterAPI/KanaKanjiConverter.swift:1339:32: warning: 'updateIfRequired(options:)' is deprecated: This API is deprecated. Directly update the state instead. [#DeprecatedDeclaration]
1337 | self.resetMemory()
1338 | }
1339 | self.dicdataStoreState.updateIfRequired(options: options)
| `- warning: 'updateIfRequired(options:)' is deprecated: This API is deprecated. Directly update the state instead. [#DeprecatedDeclaration]
1340 | let needTypoCorrection = self.isClassicTypoCorrectionEnabled(options)
1341 |
[#DeprecatedDeclaration]: <https://docs.swift.org/compiler/documentation/diagnostics/deprecated-declaration>
[638/655] Compiling KanaKanjiConverterModule KeyboardLanguage.swift
/host/spi-builder-workspace/Sources/KanaKanjiConverterModule/ConverterAPI/KanaKanjiConverter.swift:1339:32: warning: 'updateIfRequired(options:)' is deprecated: This API is deprecated. Directly update the state instead. [#DeprecatedDeclaration]
1337 | self.resetMemory()
1338 | }
1339 | self.dicdataStoreState.updateIfRequired(options: options)
| `- warning: 'updateIfRequired(options:)' is deprecated: This API is deprecated. Directly update the state instead. [#DeprecatedDeclaration]
1340 | let needTypoCorrection = self.isClassicTypoCorrectionEnabled(options)
1341 |
[#DeprecatedDeclaration]: <https://docs.swift.org/compiler/documentation/diagnostics/deprecated-declaration>
[639/655] Compiling KanaKanjiConverterModule TextReplacer.swift
/host/spi-builder-workspace/Sources/KanaKanjiConverterModule/ConverterAPI/KanaKanjiConverter.swift:1339:32: warning: 'updateIfRequired(options:)' is deprecated: This API is deprecated. Directly update the state instead. [#DeprecatedDeclaration]
1337 | self.resetMemory()
1338 | }
1339 | self.dicdataStoreState.updateIfRequired(options: options)
| `- warning: 'updateIfRequired(options:)' is deprecated: This API is deprecated. Directly update the state instead. [#DeprecatedDeclaration]
1340 | let needTypoCorrection = self.isClassicTypoCorrectionEnabled(options)
1341 |
[#DeprecatedDeclaration]: <https://docs.swift.org/compiler/documentation/diagnostics/deprecated-declaration>
[640/655] Compiling KanaKanjiConverterModule AncoSession.swift
/host/spi-builder-workspace/Sources/KanaKanjiConverterModule/ConverterAPI/KanaKanjiConverter.swift:1339:32: warning: 'updateIfRequired(options:)' is deprecated: This API is deprecated. Directly update the state instead. [#DeprecatedDeclaration]
1337 | self.resetMemory()
1338 | }
1339 | self.dicdataStoreState.updateIfRequired(options: options)
| `- warning: 'updateIfRequired(options:)' is deprecated: This API is deprecated. Directly update the state instead. [#DeprecatedDeclaration]
1340 | let needTypoCorrection = self.isClassicTypoCorrectionEnabled(options)
1341 |
[#DeprecatedDeclaration]: <https://docs.swift.org/compiler/documentation/diagnostics/deprecated-declaration>
[641/655] Compiling KanaKanjiConverterModule AncoSessionRequest.swift
/host/spi-builder-workspace/Sources/KanaKanjiConverterModule/ConverterAPI/KanaKanjiConverter.swift:1339:32: warning: 'updateIfRequired(options:)' is deprecated: This API is deprecated. Directly update the state instead. [#DeprecatedDeclaration]
1337 | self.resetMemory()
1338 | }
1339 | self.dicdataStoreState.updateIfRequired(options: options)
| `- warning: 'updateIfRequired(options:)' is deprecated: This API is deprecated. Directly update the state instead. [#DeprecatedDeclaration]
1340 | let needTypoCorrection = self.isClassicTypoCorrectionEnabled(options)
1341 |
[#DeprecatedDeclaration]: <https://docs.swift.org/compiler/documentation/diagnostics/deprecated-declaration>
[642/655] Compiling KanaKanjiConverterModule CalendarCandidate.swift
/host/spi-builder-workspace/Sources/KanaKanjiConverterModule/ConverterAPI/KanaKanjiConverter.swift:1339:32: warning: 'updateIfRequired(options:)' is deprecated: This API is deprecated. Directly update the state instead. [#DeprecatedDeclaration]
1337 | self.resetMemory()
1338 | }
1339 | self.dicdataStoreState.updateIfRequired(options: options)
| `- warning: 'updateIfRequired(options:)' is deprecated: This API is deprecated. Directly update the state instead. [#DeprecatedDeclaration]
1340 | let needTypoCorrection = self.isClassicTypoCorrectionEnabled(options)
1341 |
[#DeprecatedDeclaration]: <https://docs.swift.org/compiler/documentation/diagnostics/deprecated-declaration>
[643/655] Compiling KanaKanjiConverterModule InputStyleManager.swift
/host/spi-builder-workspace/Sources/KanaKanjiConverterModule/InputManagement/InputTable.swift:44:31: warning: immutable value 'intention' was never used; consider replacing with '_' or removing it [#no-usage]
42 | next.add(reversedKey: rest, output: output)
43 | separatorChild = next
44 | case .key(let intention, let input, let modifiers):
| `- warning: immutable value 'intention' was never used; consider replacing with '_' or removing it [#no-usage]
45 | let sig = KeySignature(input: input, modifiers: modifiers)
46 | next = keyChildren[sig] ?? .node(output: nil)
[644/655] Compiling KanaKanjiConverterModule InputTable.swift
/host/spi-builder-workspace/Sources/KanaKanjiConverterModule/InputManagement/InputTable.swift:44:31: warning: immutable value 'intention' was never used; consider replacing with '_' or removing it [#no-usage]
42 | next.add(reversedKey: rest, output: output)
43 | separatorChild = next
44 | case .key(let intention, let input, let modifiers):
| `- warning: immutable value 'intention' was never used; consider replacing with '_' or removing it [#no-usage]
45 | let sig = KeySignature(input: input, modifiers: modifiers)
46 | next = keyChildren[sig] ?? .node(output: nil)
[645/655] Compiling KanaKanjiConverterModule InputTableID.swift
/host/spi-builder-workspace/Sources/KanaKanjiConverterModule/InputManagement/InputTable.swift:44:31: warning: immutable value 'intention' was never used; consider replacing with '_' or removing it [#no-usage]
42 | next.add(reversedKey: rest, output: output)
43 | separatorChild = next
44 | case .key(let intention, let input, let modifiers):
| `- warning: immutable value 'intention' was never used; consider replacing with '_' or removing it [#no-usage]
45 | let sig = KeySignature(input: input, modifiers: modifiers)
46 | next = keyChildren[sig] ?? .node(output: nil)
[646/655] Compiling KanaKanjiConverterModule InputTables.swift
/host/spi-builder-workspace/Sources/KanaKanjiConverterModule/InputManagement/InputTable.swift:44:31: warning: immutable value 'intention' was never used; consider replacing with '_' or removing it [#no-usage]
42 | next.add(reversedKey: rest, output: output)
43 | separatorChild = next
44 | case .key(let intention, let input, let modifiers):
| `- warning: immutable value 'intention' was never used; consider replacing with '_' or removing it [#no-usage]
45 | let sig = KeySignature(input: input, modifiers: modifiers)
46 | next = keyChildren[sig] ?? .node(output: nil)
[647/655] Compiling KanaKanjiConverterModule defaultAzik.swift
/host/spi-builder-workspace/Sources/KanaKanjiConverterModule/InputManagement/InputTable.swift:44:31: warning: immutable value 'intention' was never used; consider replacing with '_' or removing it [#no-usage]
42 | next.add(reversedKey: rest, output: output)
43 | separatorChild = next
44 | case .key(let intention, let input, let modifiers):
| `- warning: immutable value 'intention' was never used; consider replacing with '_' or removing it [#no-usage]
45 | let sig = KeySignature(input: input, modifiers: modifiers)
46 | next = keyChildren[sig] ?? .node(output: nil)
[648/655] Compiling KanaKanjiConverterModule defaultKanaJIS.swift
/host/spi-builder-workspace/Sources/KanaKanjiConverterModule/InputManagement/InputTable.swift:44:31: warning: immutable value 'intention' was never used; consider replacing with '_' or removing it [#no-usage]
42 | next.add(reversedKey: rest, output: output)
43 | separatorChild = next
44 | case .key(let intention, let input, let modifiers):
| `- warning: immutable value 'intention' was never used; consider replacing with '_' or removing it [#no-usage]
45 | let sig = KeySignature(input: input, modifiers: modifiers)
46 | next = keyChildren[sig] ?? .node(output: nil)
[649/655] Compiling KanaKanjiConverterModule defaultKanaUS.swift
/host/spi-builder-workspace/Sources/KanaKanjiConverterModule/InputManagement/InputTable.swift:44:31: warning: immutable value 'intention' was never used; consider replacing with '_' or removing it [#no-usage]
42 | next.add(reversedKey: rest, output: output)
43 | separatorChild = next
44 | case .key(let intention, let input, let modifiers):
| `- warning: immutable value 'intention' was never used; consider replacing with '_' or removing it [#no-usage]
45 | let sig = KeySignature(input: input, modifiers: modifiers)
46 | next = keyChildren[sig] ?? .node(output: nil)
[650/655] Compiling KanaKanjiConverterModule defaultRoman2Kana.swift
/host/spi-builder-workspace/Sources/KanaKanjiConverterModule/InputManagement/InputTable.swift:44:31: warning: immutable value 'intention' was never used; consider replacing with '_' or removing it [#no-usage]
42 | next.add(reversedKey: rest, output: output)
43 | separatorChild = next
44 | case .key(let intention, let input, let modifiers):
| `- warning: immutable value 'intention' was never used; consider replacing with '_' or removing it [#no-usage]
45 | let sig = KeySignature(input: input, modifiers: modifiers)
46 | next = keyChildren[sig] ?? .node(output: nil)
BUILD FAILURE 6.2 wasm