Build Information
Failed to build CheckoutEventLoggerKit, reference 1.2.4 (a914d7), with Swift 6.4 for macOS (Xcode) using Xcode 27.0 on 19 Sep 2026 15:14:19 UTC.
Build Command
env DEVELOPER_DIR=/Applications/Xcode-27.0.0-Release.Candidate.app xcrun xcodebuild -IDEClonedSourcePackagesDirPathOverride=$PWD/.dependencies -skipMacroValidation -skipPackagePluginValidation -derivedDataPath $PWD/.derivedData build -scheme CheckoutEventLoggerKit -destination platform=macOS,arch=arm64Build Log
========================================
RunAll
========================================
Builder version: 5.1.0
Interrupt handler set up.
========================================
Checkout
========================================
Clone URL: https://github.com/checkout/checkout-event-logger-ios-framework.git
Reference: 1.2.4
Initialized empty Git repository in /Users/admin/builder/spi-builder-workspace/.git/
From https://github.com/checkout/checkout-event-logger-ios-framework
* tag 1.2.4 -> FETCH_HEAD
HEAD is now at a914d75 Merge pull request #20 from checkout/alex/correctXCFrameworkExtension
Cloned https://github.com/checkout/checkout-event-logger-ios-framework.git
Revision (git rev-parse @):
a914d754b4ffb1843730e8e1f8e7e60c4bf81cf9
SUCCESS checkout https://github.com/checkout/checkout-event-logger-ios-framework.git at 1.2.4
========================================
Build
========================================
Selected platform: macosXcodebuild
Swift version: 6.4
Building package at path: $PWD
https://github.com/checkout/checkout-event-logger-ios-framework.git
Command line invocation:
/Applications/Xcode-27.0.0-Release.Candidate.app/Contents/Developer/usr/bin/xcodebuild -IDEClonedSourcePackagesDirPathOverride=/Users/admin/builder/spi-builder-workspace/.dependencies -resolvePackageDependencies
Resolve Package Graph
Resolve Package Graph
Resolved source packages:
CheckoutEventLoggerKit: /Users/admin/builder/spi-builder-workspace
resolved source packages: CheckoutEventLoggerKit
2026-09-19 11:13:32.887 xcodebuild[524:3001] [MT] IDERunDestination: Supported platforms for the buildables in the current scheme is empty.
{
"dependencies" : [
],
"manifest_display_name" : "CheckoutEventLoggerKit",
"name" : "CheckoutEventLoggerKit",
"path" : "/Users/admin/builder/spi-builder-workspace",
"platforms" : [
{
"name" : "ios",
"version" : "10.0"
}
],
"products" : [
{
"name" : "CheckoutEventLoggerKit",
"targets" : [
"CheckoutEventLoggerKit"
],
"type" : {
"library" : [
"automatic"
]
}
}
],
"targets" : [
{
"c99name" : "CheckoutEventLoggerKit",
"module_type" : "BinaryTarget",
"name" : "CheckoutEventLoggerKit",
"path" : "CheckoutEventLoggerKit.xcframework",
"product_memberships" : [
"CheckoutEventLoggerKit"
],
"sources" : [
],
"type" : "binary"
}
],
"tools_version" : "5.3"
}
{
"workspace" : {
"name" : "CheckoutEventLoggerKit",
"schemes" : [
"CheckoutEventLoggerKit"
]
}
}
2026-09-19 11:14:13.237 xcodebuild[622:3889] [MT] IDERunDestination: Supported platforms for the buildables in the current scheme is empty.
Running build ...
env DEVELOPER_DIR=/Applications/Xcode-27.0.0-Release.Candidate.app xcrun xcodebuild -IDEClonedSourcePackagesDirPathOverride=$PWD/.dependencies -skipMacroValidation -skipPackagePluginValidation -derivedDataPath $PWD/.derivedData build -scheme CheckoutEventLoggerKit -destination platform=macOS,arch=arm64
Command line invocation:
/Applications/Xcode-27.0.0-Release.Candidate.app/Contents/Developer/usr/bin/xcodebuild -IDEClonedSourcePackagesDirPathOverride=/Users/admin/builder/spi-builder-workspace/.dependencies -skipMacroValidation -skipPackagePluginValidation -derivedDataPath /Users/admin/builder/spi-builder-workspace/.derivedData build -scheme CheckoutEventLoggerKit -destination platform=macOS,arch=arm64
Resolve Package Graph
Resolved source packages:
CheckoutEventLoggerKit: /Users/admin/builder/spi-builder-workspace
ComputePackagePrebuildTargetDependencyGraph
Prepare packages
CreateBuildRequest
SendProjectDescription
CreateBuildOperation
ComputeTargetDependencyGraph
note: Building targets in dependency order
note: Target dependency graph (1 target)
Target 'CheckoutEventLoggerKit-product' in project 'CheckoutEventLoggerKit' (no dependencies)
GatherProvisioningInputs
CreateBuildDescription
ExecuteExternalTool /Applications/Xcode-27.0.0-Release.Candidate.app/Contents/Developer/Toolchains/XcodeDefault.xctoolchain/usr/bin/clang -v -E -dM -isysroot /Applications/Xcode-27.0.0-Release.Candidate.app/Contents/Developer/Platforms/MacOSX.platform/Developer/SDKs/MacOSX27.0.sdk -x c -c /dev/null
Build description signature: 9a0498b0a81131a8329076b48bafef7e
Build description path: /Users/admin/builder/spi-builder-workspace/.derivedData/Build/Intermediates.noindex/XCBuildData/9a0498b0a81131a8329076b48bafef7e.xcbuilddata
/Users/admin/builder/spi-builder-workspace/CheckoutEventLoggerKit.xcframework:1:1: error: While building for macOS, no library for this platform was found in '/Users/admin/builder/spi-builder-workspace/CheckoutEventLoggerKit.xcframework'. (in target 'CheckoutEventLoggerKit-product' from project 'CheckoutEventLoggerKit')
2026-09-19 11:14:14.851 xcodebuild[623:3933] [MT] IDERunDestination: Supported platforms for the buildables in the current scheme is empty.
--- xcodebuild: WARNING: Using the first of multiple matching destinations:
{ platform:macOS, arch:arm64, id:f9c560c09636c417ab1009372826be7ce94900a8, name:My Mac }
{ platform:macOS, arch:arm64, variant:Mac Catalyst, id:f9c560c09636c417ab1009372826be7ce94900a8, name:My Mac }
{ platform:macOS, arch:arm64, variant:DriverKit, id:f9c560c09636c417ab1009372826be7ce94900a8, name:My Mac }
{ platform:macOS, arch:arm64, variant:Designed for [iPad,iPhone], id:f9c560c09636c417ab1009372826be7ce94900a8, name:My Mac }
** BUILD FAILED **
The following build commands failed:
Building workspace CheckoutEventLoggerKit with scheme CheckoutEventLoggerKit
(1 failure)
Command line invocation:
/Applications/Xcode-27.0.0-Release.Candidate.app/Contents/Developer/usr/bin/xcodebuild -IDEClonedSourcePackagesDirPathOverride=/Users/admin/builder/spi-builder-workspace/.dependencies -resolvePackageDependencies
Resolve Package Graph
Resolved source packages:
CheckoutEventLoggerKit: /Users/admin/builder/spi-builder-workspace
resolved source packages: CheckoutEventLoggerKit
2026-09-19 11:14:16.484 xcodebuild[667:4281] [MT] IDERunDestination: Supported platforms for the buildables in the current scheme is empty.
{
"dependencies" : [
],
"manifest_display_name" : "CheckoutEventLoggerKit",
"name" : "CheckoutEventLoggerKit",
"path" : "/Users/admin/builder/spi-builder-workspace",
"platforms" : [
{
"name" : "ios",
"version" : "10.0"
}
],
"products" : [
{
"name" : "CheckoutEventLoggerKit",
"targets" : [
"CheckoutEventLoggerKit"
],
"type" : {
"library" : [
"automatic"
]
}
}
],
"targets" : [
{
"c99name" : "CheckoutEventLoggerKit",
"module_type" : "BinaryTarget",
"name" : "CheckoutEventLoggerKit",
"path" : "CheckoutEventLoggerKit.xcframework",
"product_memberships" : [
"CheckoutEventLoggerKit"
],
"sources" : [
],
"type" : "binary"
}
],
"tools_version" : "5.3"
}
{
"workspace" : {
"name" : "CheckoutEventLoggerKit",
"schemes" : [
"CheckoutEventLoggerKit"
]
}
}
2026-09-19 11:14:17.841 xcodebuild[675:4344] [MT] IDERunDestination: Supported platforms for the buildables in the current scheme is empty.
Running build ...
env DEVELOPER_DIR=/Applications/Xcode-27.0.0-Release.Candidate.app xcrun xcodebuild -IDEClonedSourcePackagesDirPathOverride=$PWD/.dependencies -skipMacroValidation -skipPackagePluginValidation -derivedDataPath $PWD/.derivedData build -scheme CheckoutEventLoggerKit -destination platform=macOS,arch=arm64
Command line invocation:
/Applications/Xcode-27.0.0-Release.Candidate.app/Contents/Developer/usr/bin/xcodebuild -IDEClonedSourcePackagesDirPathOverride=/Users/admin/builder/spi-builder-workspace/.dependencies -skipMacroValidation -skipPackagePluginValidation -derivedDataPath /Users/admin/builder/spi-builder-workspace/.derivedData build -scheme CheckoutEventLoggerKit -destination platform=macOS,arch=arm64
Resolve Package Graph
Resolved source packages:
CheckoutEventLoggerKit: /Users/admin/builder/spi-builder-workspace
ComputePackagePrebuildTargetDependencyGraph
Prepare packages
CreateBuildRequest
SendProjectDescription
CreateBuildOperation
ComputeTargetDependencyGraph
note: Building targets in dependency order
note: Target dependency graph (1 target)
Target 'CheckoutEventLoggerKit-product' in project 'CheckoutEventLoggerKit' (no dependencies)
GatherProvisioningInputs
CreateBuildDescription
/Users/admin/builder/spi-builder-workspace/CheckoutEventLoggerKit.xcframework:1:1: error: While building for macOS, no library for this platform was found in '/Users/admin/builder/spi-builder-workspace/CheckoutEventLoggerKit.xcframework'. (in target 'CheckoutEventLoggerKit-product' from project 'CheckoutEventLoggerKit')
2026-09-19 11:14:18.908 xcodebuild[676:4369] [MT] IDERunDestination: Supported platforms for the buildables in the current scheme is empty.
--- xcodebuild: WARNING: Using the first of multiple matching destinations:
{ platform:macOS, arch:arm64, id:f9c560c09636c417ab1009372826be7ce94900a8, name:My Mac }
{ platform:macOS, arch:arm64, variant:Mac Catalyst, id:f9c560c09636c417ab1009372826be7ce94900a8, name:My Mac }
{ platform:macOS, arch:arm64, variant:DriverKit, id:f9c560c09636c417ab1009372826be7ce94900a8, name:My Mac }
{ platform:macOS, arch:arm64, variant:Designed for [iPad,iPhone], id:f9c560c09636c417ab1009372826be7ce94900a8, name:My Mac }
** BUILD FAILED **
The following build commands failed:
Building workspace CheckoutEventLoggerKit with scheme CheckoutEventLoggerKit
(1 failure)
BUILD FAILURE 6.4 macosXcodebuild