Build Information
Failed to build PopTimer, reference 1.1.0 (110e46), with Swift 6.2 for iOS using Xcode 26.3 on 4 Jul 2026 13:01:52 UTC.
Build Command
No build command. This typically means the build failed at an early stage where we determine the build command.Build Log
========================================
RunAll
========================================
Builder version: undefined version: run 'make version' to update
Interrupt handler set up.
========================================
Checkout
========================================
Clone URL: https://github.com/ptsochantaris/pop-timer.git
Reference: 1.1.0
Initialized empty Git repository in /Users/admin/builder/spi-builder-workspace/.git/
From https://github.com/ptsochantaris/pop-timer
* tag 1.1.0 -> FETCH_HEAD
HEAD is now at 110e464 Updated to Swift 6.3, bug fixes, added tests
Cloned https://github.com/ptsochantaris/pop-timer.git
Revision (git rev-parse @):
110e46429bac67578b3c202a0e01f0c1c62e8c97
SPI manifest file found: $PWD/.spi.yml
SUCCESS checkout https://github.com/ptsochantaris/pop-timer.git at 1.1.0
========================================
Build
========================================
Selected platform: iOS
Swift version: 6.2
Building package at path: $PWD
https://github.com/ptsochantaris/pop-timer.git
Command line invocation:
/Applications/Xcode-26.3.0.app/Contents/Developer/usr/bin/xcodebuild -IDEClonedSourcePackagesDirPathOverride=/Users/admin/builder/spi-builder-workspace/.dependencies -resolvePackageDependencies
Resolve Package Graph
package 'spi-builder-workspace' is using Swift tools version 6.3.0 but the installed version is 6.2.4
Resolved source packages:
spi-builder-workspace: (null)
2026-07-04 09:01:52.015 xcodebuild[538:3078] Writing error result bundle to /var/folders/xq/y_g06wb113726d38xsyx71_h0000gn/T/ResultBundle_2026-04-07_09-01-0052.xcresult
xcodebuild: error: Could not resolve package dependencies:
package 'spi-builder-workspace' is using Swift tools version 6.3.0 but the installed version is 6.2.4
Command line invocation:
/Applications/Xcode-26.3.0.app/Contents/Developer/usr/bin/xcodebuild -IDEClonedSourcePackagesDirPathOverride=/Users/admin/builder/spi-builder-workspace/.dependencies -resolvePackageDependencies
Resolve Package Graph
package 'spi-builder-workspace' is using Swift tools version 6.3.0 but the installed version is 6.2.4
Resolved source packages:
spi-builder-workspace: (null)
2026-07-04 09:01:52.898 xcodebuild[600:3613] Writing error result bundle to /var/folders/xq/y_g06wb113726d38xsyx71_h0000gn/T/ResultBundle_2026-04-07_09-01-0052.xcresult
xcodebuild: error: Could not resolve package dependencies:
package 'spi-builder-workspace' is using Swift tools version 6.3.0 but the installed version is 6.2.4
BUILD FAILURE 6.2 iOS