Build Information
Failed to build swift-readability, reference main (2c3158), with Swift 6.2 for Linux on 27 Sep 2026 09:12:28 UTC.
Build Command
bash -c docker run --pull=always --rm -v "checkouts-53886770-1":/host -w "$PWD" -e JAVA_HOME="/root/.sdkman/candidates/java/current" -e SPI_BUILD="1" -e SPI_PROCESSING="1" registry.gitlab.com/saguaro1/spi-images:basic-6.2-latest swift build --triple x86_64-unknown-linux-gnu 2>&1Build Log
========================================
RunAll
========================================
Builder version: 5.1.0
Interrupt handler set up.
========================================
Checkout
========================================
Clone URL: https://github.com/Ryu0118/swift-readability.git
Reference: main
Initialized empty Git repository in /host/spi-builder-workspace/.git/
hint: Using 'master' as the name for the initial branch. This default branch name
hint: is subject to change. To configure the initial branch name to use in all
hint: of your new repositories, which will suppress this warning, call:
hint:
hint: git config --global init.defaultBranch <name>
hint:
hint: Names commonly chosen instead of 'master' are 'main', 'trunk' and
hint: 'development'. The just-created branch can be renamed via this command:
hint:
hint: git branch -m <name>
From https://github.com/Ryu0118/swift-readability
* branch main -> FETCH_HEAD
* [new branch] main -> origin/main
HEAD is now at 2c31586 Upgrade @mozilla/readability to 0.6.0 (#13)
Cloned https://github.com/Ryu0118/swift-readability.git
Revision (git rev-parse @):
2c315862f73e9ef23018d18a1ab7fe4c488560ad
SUCCESS checkout https://github.com/Ryu0118/swift-readability.git at main
========================================
Build
========================================
Selected platform: linux
Swift version: 6.2
Building package at path: $PWD
https://github.com/Ryu0118/swift-readability.git
Running build ...
bash -c docker run --pull=always --rm -v "checkouts-53886770-1":/host -w "$PWD" -e JAVA_HOME="/root/.sdkman/candidates/java/current" -e SPI_BUILD="1" -e SPI_PROCESSING="1" registry.gitlab.com/saguaro1/spi-images:basic-6.2-latest swift build --triple x86_64-unknown-linux-gnu 2>&1
basic-6.2-latest: Pulling from saguaro1/spi-images
Digest: sha256:813c8e8a77634154d7d247705cb89167ff1c866446abbe321f542129dc4cf5a7
Status: Image is up to date for registry.gitlab.com/saguaro1/spi-images:basic-6.2-latest
Building for debugging...
[0/11] Copying ReadabilitySanitized.js.LICENSE.txt
[0/11] Copying AtDocumentEnd.js
[0/11] Write sources
[0/11] Copying ReadabilitySanitized.js
[0/11] Copying ReadabilityBasic.js
[0/11] Write sources
[7/11] Copying AtDocumentStart.js.LICENSE.txt
[7/11] Copying Reader.html
[9/11] Copying AtDocumentStart.js
[10/11] Write swift-version-24593BA9C3E375BF.txt
[12/19] Compiling ReadabilityCore ReaderContentGeneratable.swift
/host/spi-builder-workspace/Sources/ReadabilityCore/ReadabilityMessageHandler.swift:2:8: error: no such module 'WebKit'
1 | import Foundation
2 | import WebKit
| `- error: no such module 'WebKit'
3 |
4 | /// A message handler for receiving messages from injected JavaScript in the WKWebView.
[13/19] Compiling ReadabilityCore ReaderStyle.swift
/host/spi-builder-workspace/Sources/ReadabilityCore/ReadabilityMessageHandler.swift:2:8: error: no such module 'WebKit'
1 | import Foundation
2 | import WebKit
| `- error: no such module 'WebKit'
3 |
4 | /// A message handler for receiving messages from injected JavaScript in the WKWebView.
[14/19] Compiling ReadabilityCore ReaderAvailability.swift
/host/spi-builder-workspace/Sources/ReadabilityCore/ReadabilityMessageHandler.swift:2:8: error: no such module 'WebKit'
1 | import Foundation
2 | import WebKit
| `- error: no such module 'WebKit'
3 |
4 | /// A message handler for receiving messages from injected JavaScript in the WKWebView.
[15/19] Compiling ReadabilityCore ScriptLoader.swift
/host/spi-builder-workspace/Sources/ReadabilityCore/ReadabilityMessageHandler.swift:2:8: error: no such module 'WebKit'
1 | import Foundation
2 | import WebKit
| `- error: no such module 'WebKit'
3 |
4 | /// A message handler for receiving messages from injected JavaScript in the WKWebView.
[16/19] Compiling ReadabilityCore ReadabilityMessageType.swift
/host/spi-builder-workspace/Sources/ReadabilityCore/ReadabilityMessageHandler.swift:2:8: error: no such module 'WebKit'
1 | import Foundation
2 | import WebKit
| `- error: no such module 'WebKit'
3 |
4 | /// A message handler for receiving messages from injected JavaScript in the WKWebView.
[17/19] Compiling ReadabilityCore ReadabilityResult.swift
/host/spi-builder-workspace/Sources/ReadabilityCore/ReadabilityMessageHandler.swift:2:8: error: no such module 'WebKit'
1 | import Foundation
2 | import WebKit
| `- error: no such module 'WebKit'
3 |
4 | /// A message handler for receiving messages from injected JavaScript in the WKWebView.
error: emit-module command failed with exit code 1 (use -v to see invocation)
[18/19] Emitting module ReadabilityCore
/host/spi-builder-workspace/Sources/ReadabilityCore/ReadabilityMessageHandler.swift:2:8: error: no such module 'WebKit'
1 | import Foundation
2 | import WebKit
| `- error: no such module 'WebKit'
3 |
4 | /// A message handler for receiving messages from injected JavaScript in the WKWebView.
[19/19] Compiling ReadabilityCore ReadabilityMessageHandler.swift
/host/spi-builder-workspace/Sources/ReadabilityCore/ReadabilityMessageHandler.swift:2:8: error: no such module 'WebKit'
1 | import Foundation
2 | import WebKit
| `- error: no such module 'WebKit'
3 |
4 | /// A message handler for receiving messages from injected JavaScript in the WKWebView.
BUILD FAILURE 6.2 linux