The Swift Package Index logo.Swift Package Index

Build Information

Failed to build sEndpointSecurity, reference 0.3.3 (89716a), with Swift 6.4 for watchOS using Xcode 27.0 on 19 Sep 2026 20:35:27 UTC.

Build Command

env DEVELOPER_DIR=/Applications/Xcode-27.0.0-Release.Candidate.app xcrun xcodebuild -IDEClonedSourcePackagesDirPathOverride=$PWD/.dependencies -skipMacroValidation -skipPackagePluginValidation -derivedDataPath $PWD/.derivedData build -scheme sEndpointSecurity -destination generic/platform=watchOS

Build Log

    write-file /Users/admin/builder/spi-builder-workspace/.derivedData/Build/Intermediates.noindex/SwiftSpellbook.build/Debug-watchos/SpellbookFoundationObjC-t.build/SpellbookFoundationObjC.DependencyMetadataFileList
WriteAuxiliaryFile /Users/admin/builder/spi-builder-workspace/.derivedData/Build/Intermediates.noindex/SwiftSpellbook.build/Debug-watchos/SpellbookFoundationObjC-t.build/SpellbookFoundationObjC.modulemap (in target 'SpellbookFoundationObjC' from project 'SwiftSpellbook')
    cd /Users/admin/builder/spi-builder-workspace/.dependencies/checkouts/SwiftSpellbook
    write-file /Users/admin/builder/spi-builder-workspace/.derivedData/Build/Intermediates.noindex/SwiftSpellbook.build/Debug-watchos/SpellbookFoundationObjC-t.build/SpellbookFoundationObjC.modulemap
WriteAuxiliaryFile /Users/admin/builder/spi-builder-workspace/.derivedData/Build/Intermediates.noindex/SwiftSpellbook.build/Debug-watchos/SpellbookFoundationObjC-t.build/SpellbookFoundationObjC.DependencyStaticMetadataFileList (in target 'SpellbookFoundationObjC' from project 'SwiftSpellbook')
    cd /Users/admin/builder/spi-builder-workspace/.dependencies/checkouts/SwiftSpellbook
    write-file /Users/admin/builder/spi-builder-workspace/.derivedData/Build/Intermediates.noindex/SwiftSpellbook.build/Debug-watchos/SpellbookFoundationObjC-t.build/SpellbookFoundationObjC.DependencyStaticMetadataFileList
WriteAuxiliaryFile /Users/admin/builder/spi-builder-workspace/.derivedData/Build/Intermediates.noindex/SwiftSpellbook.build/Debug-watchos/SpellbookFoundationObjC-t.build/Objects-normal/arm64_32/af3fcb34312c57c0f52879cdce924b91-common-args.resp (in target 'SpellbookFoundationObjC' from project 'SwiftSpellbook')
    cd /Users/admin/builder/spi-builder-workspace/.dependencies/checkouts/SwiftSpellbook
    write-file /Users/admin/builder/spi-builder-workspace/.derivedData/Build/Intermediates.noindex/SwiftSpellbook.build/Debug-watchos/SpellbookFoundationObjC-t.build/Objects-normal/arm64_32/af3fcb34312c57c0f52879cdce924b91-common-args.resp
-fobjc-arc -fmodules -fno-cxx-modules -gmodules '-fmodules-cache-path=/Users/admin/builder/spi-builder-workspace/.derivedData/ModuleCache.noindex' '-fmodule-name=SpellbookFoundationObjC' '-D_LIBCPP_HARDENING_MODE=_LIBCPP_HARDENING_MODE_DEBUG' -fpascal-strings -O0 -DSWIFT_PACKAGE '-DDEBUG=1' '-DOBJC_OLD_DISPATCH_PROTOTYPES=1' -g -fvisibility-inlines-hidden -fprofile-instr-generate -fcoverage-mapping -I/Users/admin/builder/spi-builder-workspace/.derivedData/Build/Products/Debug-watchos/include -I/Users/admin/builder/spi-builder-workspace/.dependencies/checkouts/SwiftSpellbook/Sources/SpellbookFoundationObjC -I/Users/admin/builder/spi-builder-workspace/.derivedData/Build/Intermediates.noindex/SwiftSpellbook.build/Debug-watchos/SpellbookFoundationObjC-t.build/DerivedSources-normal/arm64_32 -I/Users/admin/builder/spi-builder-workspace/.derivedData/Build/Intermediates.noindex/SwiftSpellbook.build/Debug-watchos/SpellbookFoundationObjC-t.build/DerivedSources/arm64_32 -I/Users/admin/builder/spi-builder-workspace/.derivedData/Build/Intermediates.noindex/SwiftSpellbook.build/Debug-watchos/SpellbookFoundationObjC-t.build/DerivedSources -F/Users/admin/builder/spi-builder-workspace/.derivedData/Build/Products/Debug-watchos -iframework /Applications/Xcode-27.0.0-Release.Candidate.app/Contents/Developer/Platforms/WatchOS.platform/Developer/Library/Frameworks -iframework /Applications/Xcode-27.0.0-Release.Candidate.app/Contents/Developer/Platforms/WatchOS.platform/Developer/SDKs/WatchOS27.0.sdk/Developer/Library/Frameworks -DXcode
WriteAuxiliaryFile /Users/admin/builder/spi-builder-workspace/.derivedData/Build/Intermediates.noindex/SwiftSpellbook.build/Debug-watchos/SpellbookFoundationObjC-t.build/Objects-normal/arm64_32/SpellbookFoundationObjC.LinkFileList (in target 'SpellbookFoundationObjC' from project 'SwiftSpellbook')
    cd /Users/admin/builder/spi-builder-workspace/.dependencies/checkouts/SwiftSpellbook
    write-file /Users/admin/builder/spi-builder-workspace/.derivedData/Build/Intermediates.noindex/SwiftSpellbook.build/Debug-watchos/SpellbookFoundationObjC-t.build/Objects-normal/arm64_32/SpellbookFoundationObjC.LinkFileList
WriteAuxiliaryFile /Users/admin/builder/spi-builder-workspace/.derivedData/Build/Intermediates.noindex/SwiftSpellbook.build/Debug-watchos/SpellbookFoundationObjC-t.build/Objects-normal/arm64/af3fcb34312c57c0f52879cdce924b91-common-args.resp (in target 'SpellbookFoundationObjC' from project 'SwiftSpellbook')
    cd /Users/admin/builder/spi-builder-workspace/.dependencies/checkouts/SwiftSpellbook
    write-file /Users/admin/builder/spi-builder-workspace/.derivedData/Build/Intermediates.noindex/SwiftSpellbook.build/Debug-watchos/SpellbookFoundationObjC-t.build/Objects-normal/arm64/af3fcb34312c57c0f52879cdce924b91-common-args.resp
-fobjc-arc -fmodules -fno-cxx-modules -gmodules '-fmodules-cache-path=/Users/admin/builder/spi-builder-workspace/.derivedData/ModuleCache.noindex' '-fmodule-name=SpellbookFoundationObjC' '-D_LIBCPP_HARDENING_MODE=_LIBCPP_HARDENING_MODE_DEBUG' -fpascal-strings -O0 -DSWIFT_PACKAGE '-DDEBUG=1' '-DOBJC_OLD_DISPATCH_PROTOTYPES=1' -g -fvisibility-inlines-hidden -fprofile-instr-generate -fcoverage-mapping -I/Users/admin/builder/spi-builder-workspace/.derivedData/Build/Products/Debug-watchos/include -I/Users/admin/builder/spi-builder-workspace/.dependencies/checkouts/SwiftSpellbook/Sources/SpellbookFoundationObjC -I/Users/admin/builder/spi-builder-workspace/.derivedData/Build/Intermediates.noindex/SwiftSpellbook.build/Debug-watchos/SpellbookFoundationObjC-t.build/DerivedSources-normal/arm64 -I/Users/admin/builder/spi-builder-workspace/.derivedData/Build/Intermediates.noindex/SwiftSpellbook.build/Debug-watchos/SpellbookFoundationObjC-t.build/DerivedSources/arm64 -I/Users/admin/builder/spi-builder-workspace/.derivedData/Build/Intermediates.noindex/SwiftSpellbook.build/Debug-watchos/SpellbookFoundationObjC-t.build/DerivedSources -F/Users/admin/builder/spi-builder-workspace/.derivedData/Build/Products/Debug-watchos -iframework /Applications/Xcode-27.0.0-Release.Candidate.app/Contents/Developer/Platforms/WatchOS.platform/Developer/Library/Frameworks -iframework /Applications/Xcode-27.0.0-Release.Candidate.app/Contents/Developer/Platforms/WatchOS.platform/Developer/SDKs/WatchOS27.0.sdk/Developer/Library/Frameworks -DXcode
WriteAuxiliaryFile /Users/admin/builder/spi-builder-workspace/.derivedData/Build/Intermediates.noindex/SwiftSpellbook.build/Debug-watchos/SpellbookFoundationObjC-t.build/Objects-normal/arm64/SpellbookFoundationObjC.LinkFileList (in target 'SpellbookFoundationObjC' from project 'SwiftSpellbook')
    cd /Users/admin/builder/spi-builder-workspace/.dependencies/checkouts/SwiftSpellbook
    write-file /Users/admin/builder/spi-builder-workspace/.derivedData/Build/Intermediates.noindex/SwiftSpellbook.build/Debug-watchos/SpellbookFoundationObjC-t.build/Objects-normal/arm64/SpellbookFoundationObjC.LinkFileList
WriteAuxiliaryFile /Users/admin/builder/spi-builder-workspace/.derivedData/Build/Intermediates.noindex/SwiftSpellbook.build/Debug-watchos/SpellbookFoundation-t.build/SpellbookFoundation.modulemap (in target 'SpellbookFoundation' from project 'SwiftSpellbook')
    cd /Users/admin/builder/spi-builder-workspace/.dependencies/checkouts/SwiftSpellbook
    write-file /Users/admin/builder/spi-builder-workspace/.derivedData/Build/Intermediates.noindex/SwiftSpellbook.build/Debug-watchos/SpellbookFoundation-t.build/SpellbookFoundation.modulemap
WriteAuxiliaryFile /Users/admin/builder/spi-builder-workspace/.derivedData/Build/Intermediates.noindex/SwiftSpellbook.build/Debug-watchos/SpellbookFoundation-t.build/SpellbookFoundation.DependencyMetadataFileList (in target 'SpellbookFoundation' from project 'SwiftSpellbook')
    cd /Users/admin/builder/spi-builder-workspace/.dependencies/checkouts/SwiftSpellbook
    write-file /Users/admin/builder/spi-builder-workspace/.derivedData/Build/Intermediates.noindex/SwiftSpellbook.build/Debug-watchos/SpellbookFoundation-t.build/SpellbookFoundation.DependencyMetadataFileList
WriteAuxiliaryFile /Users/admin/builder/spi-builder-workspace/.derivedData/Build/Intermediates.noindex/SwiftSpellbook.build/Debug-watchos/SpellbookFoundation-t.build/SpellbookFoundation.DependencyStaticMetadataFileList (in target 'SpellbookFoundation' from project 'SwiftSpellbook')
    cd /Users/admin/builder/spi-builder-workspace/.dependencies/checkouts/SwiftSpellbook
    write-file /Users/admin/builder/spi-builder-workspace/.derivedData/Build/Intermediates.noindex/SwiftSpellbook.build/Debug-watchos/SpellbookFoundation-t.build/SpellbookFoundation.DependencyStaticMetadataFileList
Copy /Users/admin/builder/spi-builder-workspace/.derivedData/Build/Intermediates.noindex/GeneratedModuleMaps-watchos/SpellbookFoundationObjC.modulemap /Users/admin/builder/spi-builder-workspace/.derivedData/Build/Intermediates.noindex/SwiftSpellbook.build/Debug-watchos/SpellbookFoundationObjC-t.build/SpellbookFoundationObjC.modulemap (in target 'SpellbookFoundationObjC' from project 'SwiftSpellbook')
    cd /Users/admin/builder/spi-builder-workspace/.dependencies/checkouts/SwiftSpellbook
    builtin-copy -exclude .DS_Store -exclude CVS -exclude .svn -exclude .git -exclude .hg -resolve-src-symlinks /Users/admin/builder/spi-builder-workspace/.derivedData/Build/Intermediates.noindex/SwiftSpellbook.build/Debug-watchos/SpellbookFoundationObjC-t.build/SpellbookFoundationObjC.modulemap /Users/admin/builder/spi-builder-workspace/.derivedData/Build/Intermediates.noindex/GeneratedModuleMaps-watchos
WriteAuxiliaryFile /Users/admin/builder/spi-builder-workspace/.derivedData/Build/Intermediates.noindex/SwiftSpellbook.build/Debug-watchos/SpellbookFoundation-t.build/Objects-normal/arm64_32/SpellbookFoundation.SwiftFileList (in target 'SpellbookFoundation' from project 'SwiftSpellbook')
    cd /Users/admin/builder/spi-builder-workspace/.dependencies/checkouts/SwiftSpellbook
    write-file /Users/admin/builder/spi-builder-workspace/.derivedData/Build/Intermediates.noindex/SwiftSpellbook.build/Debug-watchos/SpellbookFoundation-t.build/Objects-normal/arm64_32/SpellbookFoundation.SwiftFileList
WriteAuxiliaryFile /Users/admin/builder/spi-builder-workspace/.derivedData/Build/Intermediates.noindex/SwiftSpellbook.build/Debug-watchos/SpellbookFoundation-t.build/Objects-normal/arm64_32/SpellbookFoundation_const_extract_protocols.json (in target 'SpellbookFoundation' from project 'SwiftSpellbook')
    cd /Users/admin/builder/spi-builder-workspace/.dependencies/checkouts/SwiftSpellbook
    write-file /Users/admin/builder/spi-builder-workspace/.derivedData/Build/Intermediates.noindex/SwiftSpellbook.build/Debug-watchos/SpellbookFoundation-t.build/Objects-normal/arm64_32/SpellbookFoundation_const_extract_protocols.json
WriteAuxiliaryFile /Users/admin/builder/spi-builder-workspace/.derivedData/Build/Intermediates.noindex/SwiftSpellbook.build/Debug-watchos/SpellbookFoundation-t.build/Objects-normal/arm64_32/SpellbookFoundation.LinkFileList (in target 'SpellbookFoundation' from project 'SwiftSpellbook')
    cd /Users/admin/builder/spi-builder-workspace/.dependencies/checkouts/SwiftSpellbook
    write-file /Users/admin/builder/spi-builder-workspace/.derivedData/Build/Intermediates.noindex/SwiftSpellbook.build/Debug-watchos/SpellbookFoundation-t.build/Objects-normal/arm64_32/SpellbookFoundation.LinkFileList
WriteAuxiliaryFile /Users/admin/builder/spi-builder-workspace/.derivedData/Build/Intermediates.noindex/SwiftSpellbook.build/Debug-watchos/SpellbookFoundation-t.build/Objects-normal/arm64_32/SpellbookFoundation.SwiftConstValuesFileList (in target 'SpellbookFoundation' from project 'SwiftSpellbook')
    cd /Users/admin/builder/spi-builder-workspace/.dependencies/checkouts/SwiftSpellbook
    write-file /Users/admin/builder/spi-builder-workspace/.derivedData/Build/Intermediates.noindex/SwiftSpellbook.build/Debug-watchos/SpellbookFoundation-t.build/Objects-normal/arm64_32/SpellbookFoundation.SwiftConstValuesFileList
WriteAuxiliaryFile /Users/admin/builder/spi-builder-workspace/.derivedData/Build/Intermediates.noindex/SwiftSpellbook.build/Debug-watchos/SpellbookFoundation-t.build/Objects-normal/arm64_32/SpellbookFoundation-OutputFileMap.json (in target 'SpellbookFoundation' from project 'SwiftSpellbook')
    cd /Users/admin/builder/spi-builder-workspace/.dependencies/checkouts/SwiftSpellbook
    write-file /Users/admin/builder/spi-builder-workspace/.derivedData/Build/Intermediates.noindex/SwiftSpellbook.build/Debug-watchos/SpellbookFoundation-t.build/Objects-normal/arm64_32/SpellbookFoundation-OutputFileMap.json
WriteAuxiliaryFile /Users/admin/builder/spi-builder-workspace/.derivedData/Build/Intermediates.noindex/SwiftSpellbook.build/Debug-watchos/SpellbookFoundation-t.build/Objects-normal/arm64/SpellbookFoundation.SwiftConstValuesFileList (in target 'SpellbookFoundation' from project 'SwiftSpellbook')
    cd /Users/admin/builder/spi-builder-workspace/.dependencies/checkouts/SwiftSpellbook
    write-file /Users/admin/builder/spi-builder-workspace/.derivedData/Build/Intermediates.noindex/SwiftSpellbook.build/Debug-watchos/SpellbookFoundation-t.build/Objects-normal/arm64/SpellbookFoundation.SwiftConstValuesFileList
WriteAuxiliaryFile /Users/admin/builder/spi-builder-workspace/.derivedData/Build/Intermediates.noindex/SwiftSpellbook.build/Debug-watchos/SpellbookFoundation-t.build/Objects-normal/arm64/SpellbookFoundation_const_extract_protocols.json (in target 'SpellbookFoundation' from project 'SwiftSpellbook')
    cd /Users/admin/builder/spi-builder-workspace/.dependencies/checkouts/SwiftSpellbook
    write-file /Users/admin/builder/spi-builder-workspace/.derivedData/Build/Intermediates.noindex/SwiftSpellbook.build/Debug-watchos/SpellbookFoundation-t.build/Objects-normal/arm64/SpellbookFoundation_const_extract_protocols.json
WriteAuxiliaryFile /Users/admin/builder/spi-builder-workspace/.derivedData/Build/Intermediates.noindex/SwiftSpellbook.build/Debug-watchos/SpellbookFoundation-t.build/Objects-normal/arm64/SpellbookFoundation.SwiftFileList (in target 'SpellbookFoundation' from project 'SwiftSpellbook')
    cd /Users/admin/builder/spi-builder-workspace/.dependencies/checkouts/SwiftSpellbook
    write-file /Users/admin/builder/spi-builder-workspace/.derivedData/Build/Intermediates.noindex/SwiftSpellbook.build/Debug-watchos/SpellbookFoundation-t.build/Objects-normal/arm64/SpellbookFoundation.SwiftFileList
WriteAuxiliaryFile /Users/admin/builder/spi-builder-workspace/.derivedData/Build/Intermediates.noindex/SwiftSpellbook.build/Debug-watchos/SpellbookFoundation-t.build/Objects-normal/arm64/SpellbookFoundation.LinkFileList (in target 'SpellbookFoundation' from project 'SwiftSpellbook')
    cd /Users/admin/builder/spi-builder-workspace/.dependencies/checkouts/SwiftSpellbook
    write-file /Users/admin/builder/spi-builder-workspace/.derivedData/Build/Intermediates.noindex/SwiftSpellbook.build/Debug-watchos/SpellbookFoundation-t.build/Objects-normal/arm64/SpellbookFoundation.LinkFileList
WriteAuxiliaryFile /Users/admin/builder/spi-builder-workspace/.derivedData/Build/Intermediates.noindex/SwiftSpellbook.build/Debug-watchos/SpellbookFoundation-t.build/Objects-normal/arm64/SpellbookFoundation-OutputFileMap.json (in target 'SpellbookFoundation' from project 'SwiftSpellbook')
    cd /Users/admin/builder/spi-builder-workspace/.dependencies/checkouts/SwiftSpellbook
    write-file /Users/admin/builder/spi-builder-workspace/.derivedData/Build/Intermediates.noindex/SwiftSpellbook.build/Debug-watchos/SpellbookFoundation-t.build/Objects-normal/arm64/SpellbookFoundation-OutputFileMap.json
Copy /Users/admin/builder/spi-builder-workspace/.derivedData/Build/Intermediates.noindex/GeneratedModuleMaps-watchos/SpellbookFoundation.modulemap /Users/admin/builder/spi-builder-workspace/.derivedData/Build/Intermediates.noindex/SwiftSpellbook.build/Debug-watchos/SpellbookFoundation-t.build/SpellbookFoundation.modulemap (in target 'SpellbookFoundation' from project 'SwiftSpellbook')
    cd /Users/admin/builder/spi-builder-workspace/.dependencies/checkouts/SwiftSpellbook
    builtin-copy -exclude .DS_Store -exclude CVS -exclude .svn -exclude .git -exclude .hg -resolve-src-symlinks /Users/admin/builder/spi-builder-workspace/.derivedData/Build/Intermediates.noindex/SwiftSpellbook.build/Debug-watchos/SpellbookFoundation-t.build/SpellbookFoundation.modulemap /Users/admin/builder/spi-builder-workspace/.derivedData/Build/Intermediates.noindex/GeneratedModuleMaps-watchos
CompileC /Users/admin/builder/spi-builder-workspace/.derivedData/Build/Intermediates.noindex/SwiftSpellbook.build/Debug-watchos/SpellbookFoundationObjC-t.build/Objects-normal/arm64_32/SpellbookObjC.o /Users/admin/builder/spi-builder-workspace/.dependencies/checkouts/SwiftSpellbook/Sources/SpellbookFoundationObjC/SpellbookObjC.mm normal arm64_32 objective-c++ com.apple.compilers.llvm.clang.1_0.compiler (in target 'SpellbookFoundationObjC' from project 'SwiftSpellbook')
    cd /Users/admin/builder/spi-builder-workspace/.swiftpm/xcode

    Using response file: /Users/admin/builder/spi-builder-workspace/.derivedData/Build/Intermediates.noindex/SwiftSpellbook.build/Debug-watchos/SpellbookFoundationObjC-t.build/Objects-normal/arm64_32/af3fcb34312c57c0f52879cdce924b91-common-args.resp

    /Applications/Xcode-27.0.0-Release.Candidate.app/Contents/Developer/Toolchains/XcodeDefault.xctoolchain/usr/bin/clang -x objective-c++ -ivfsstatcache /Users/admin/builder/spi-builder-workspace/.derivedData/SDKStatCaches.noindex/watchos27.0-24R360-e829b21a6f8c9b70876ba0858053c04477534ef55a1706bf4c1112bbb242f0a2.sdkstatcache -target arm64_32-apple-watchos9.0 -fmessage-length\=0 -fdiagnostics-show-note-include-stack -fmacro-backtrace-limit\=0 -fno-color-diagnostics -fmodules-prune-interval\=86400 -fmodules-prune-after\=345600 -fbuild-session-file\=/Users/admin/builder/spi-builder-workspace/.derivedData/ModuleCache.noindex/Session.modulevalidation -fmodules-validate-once-per-build-session -Wnon-modular-include-in-framework-module -Werror\=non-modular-include-in-framework-module -Wno-trigraphs -Wno-missing-field-initializers -Wno-missing-prototypes -Wno-return-type -Wno-implicit-atomic-properties -Wno-objc-interface-ivars -Wno-arc-repeated-use-of-weak -Wno-non-virtual-dtor -Wno-overloaded-virtual -Wno-exit-time-destructors -Wno-missing-braces -Wparentheses -Wswitch -Wno-unused-function -Wno-unused-label -Wno-unused-parameter -Wno-unused-variable -Wunused-value -Wno-empty-body -Wno-uninitialized -Wno-unknown-pragmas -w -Wno-shadow -Wno-four-char-constants -Wno-conversion -Wno-constant-conversion -Wno-int-conversion -Wno-bool-conversion -Wno-enum-conversion -Wno-float-conversion -Wno-non-literal-null-conversion -Wno-objc-literal-conversion -Wno-shorten-64-to-32 -Wno-newline-eof -Wno-selector -Wno-strict-selector-match -Wno-undeclared-selector -Wno-deprecated-implementations -Wno-c++11-extensions -Wno-implicit-fallthrough -isysroot /Applications/Xcode-27.0.0-Release.Candidate.app/Contents/Developer/Platforms/WatchOS.platform/Developer/SDKs/WatchOS27.0.sdk -fstrict-aliasing -Wprotocol -Wdeprecated-declarations -Winvalid-offsetof -Wno-sign-conversion -Wno-infinite-recursion -Wno-move -Wno-comma -Wno-block-capture-autoreleasing -Wno-strict-prototypes -Wno-range-loop-analysis -Wno-semicolon-before-method-body -index-store-path /Users/admin/builder/spi-builder-workspace/.derivedData/Index.noindex/DataStore @/Users/admin/builder/spi-builder-workspace/.derivedData/Build/Intermediates.noindex/SwiftSpellbook.build/Debug-watchos/SpellbookFoundationObjC-t.build/Objects-normal/arm64_32/af3fcb34312c57c0f52879cdce924b91-common-args.resp -MMD -MT dependencies -MF /Users/admin/builder/spi-builder-workspace/.derivedData/Build/Intermediates.noindex/SwiftSpellbook.build/Debug-watchos/SpellbookFoundationObjC-t.build/Objects-normal/arm64_32/SpellbookObjC.d --serialize-diagnostics /Users/admin/builder/spi-builder-workspace/.derivedData/Build/Intermediates.noindex/SwiftSpellbook.build/Debug-watchos/SpellbookFoundationObjC-t.build/Objects-normal/arm64_32/SpellbookObjC.dia -c /Users/admin/builder/spi-builder-workspace/.dependencies/checkouts/SwiftSpellbook/Sources/SpellbookFoundationObjC/SpellbookObjC.mm -o /Users/admin/builder/spi-builder-workspace/.derivedData/Build/Intermediates.noindex/SwiftSpellbook.build/Debug-watchos/SpellbookFoundationObjC-t.build/Objects-normal/arm64_32/SpellbookObjC.o -index-unit-output-path /SwiftSpellbook.build/Debug-watchos/SpellbookFoundationObjC-t.build/Objects-normal/arm64_32/SpellbookObjC.o
CompileC /Users/admin/builder/spi-builder-workspace/.derivedData/Build/Intermediates.noindex/SwiftSpellbook.build/Debug-watchos/SpellbookFoundationObjC-t.build/Objects-normal/arm64/SpellbookObjC.o /Users/admin/builder/spi-builder-workspace/.dependencies/checkouts/SwiftSpellbook/Sources/SpellbookFoundationObjC/SpellbookObjC.mm normal arm64 objective-c++ com.apple.compilers.llvm.clang.1_0.compiler (in target 'SpellbookFoundationObjC' from project 'SwiftSpellbook')
    cd /Users/admin/builder/spi-builder-workspace/.swiftpm/xcode

    Using response file: /Users/admin/builder/spi-builder-workspace/.derivedData/Build/Intermediates.noindex/SwiftSpellbook.build/Debug-watchos/SpellbookFoundationObjC-t.build/Objects-normal/arm64/af3fcb34312c57c0f52879cdce924b91-common-args.resp

    /Applications/Xcode-27.0.0-Release.Candidate.app/Contents/Developer/Toolchains/XcodeDefault.xctoolchain/usr/bin/clang -x objective-c++ -ivfsstatcache /Users/admin/builder/spi-builder-workspace/.derivedData/SDKStatCaches.noindex/watchos27.0-24R360-e829b21a6f8c9b70876ba0858053c04477534ef55a1706bf4c1112bbb242f0a2.sdkstatcache -target arm64-apple-watchos9.0 -fmessage-length\=0 -fdiagnostics-show-note-include-stack -fmacro-backtrace-limit\=0 -fno-color-diagnostics -fmodules-prune-interval\=86400 -fmodules-prune-after\=345600 -fbuild-session-file\=/Users/admin/builder/spi-builder-workspace/.derivedData/ModuleCache.noindex/Session.modulevalidation -fmodules-validate-once-per-build-session -Wnon-modular-include-in-framework-module -Werror\=non-modular-include-in-framework-module -Wno-trigraphs -Wno-missing-field-initializers -Wno-missing-prototypes -Wno-return-type -Wno-implicit-atomic-properties -Wno-objc-interface-ivars -Wno-arc-repeated-use-of-weak -Wno-non-virtual-dtor -Wno-overloaded-virtual -Wno-exit-time-destructors -Wno-missing-braces -Wparentheses -Wswitch -Wno-unused-function -Wno-unused-label -Wno-unused-parameter -Wno-unused-variable -Wunused-value -Wno-empty-body -Wno-uninitialized -Wno-unknown-pragmas -w -Wno-shadow -Wno-four-char-constants -Wno-conversion -Wno-constant-conversion -Wno-int-conversion -Wno-bool-conversion -Wno-enum-conversion -Wno-float-conversion -Wno-non-literal-null-conversion -Wno-objc-literal-conversion -Wshorten-64-to-32 -Wno-newline-eof -Wno-selector -Wno-strict-selector-match -Wno-undeclared-selector -Wno-deprecated-implementations -Wno-c++11-extensions -Wno-implicit-fallthrough -isysroot /Applications/Xcode-27.0.0-Release.Candidate.app/Contents/Developer/Platforms/WatchOS.platform/Developer/SDKs/WatchOS27.0.sdk -fstrict-aliasing -Wprotocol -Wdeprecated-declarations -Winvalid-offsetof -Wno-sign-conversion -Wno-infinite-recursion -Wno-move -Wno-comma -Wno-block-capture-autoreleasing -Wno-strict-prototypes -Wno-range-loop-analysis -Wno-semicolon-before-method-body -index-store-path /Users/admin/builder/spi-builder-workspace/.derivedData/Index.noindex/DataStore @/Users/admin/builder/spi-builder-workspace/.derivedData/Build/Intermediates.noindex/SwiftSpellbook.build/Debug-watchos/SpellbookFoundationObjC-t.build/Objects-normal/arm64/af3fcb34312c57c0f52879cdce924b91-common-args.resp -MMD -MT dependencies -MF /Users/admin/builder/spi-builder-workspace/.derivedData/Build/Intermediates.noindex/SwiftSpellbook.build/Debug-watchos/SpellbookFoundationObjC-t.build/Objects-normal/arm64/SpellbookObjC.d --serialize-diagnostics /Users/admin/builder/spi-builder-workspace/.derivedData/Build/Intermediates.noindex/SwiftSpellbook.build/Debug-watchos/SpellbookFoundationObjC-t.build/Objects-normal/arm64/SpellbookObjC.dia -c /Users/admin/builder/spi-builder-workspace/.dependencies/checkouts/SwiftSpellbook/Sources/SpellbookFoundationObjC/SpellbookObjC.mm -o /Users/admin/builder/spi-builder-workspace/.derivedData/Build/Intermediates.noindex/SwiftSpellbook.build/Debug-watchos/SpellbookFoundationObjC-t.build/Objects-normal/arm64/SpellbookObjC.o -index-unit-output-path /SwiftSpellbook.build/Debug-watchos/SpellbookFoundationObjC-t.build/Objects-normal/arm64/SpellbookObjC.o
SwiftDriver SpellbookFoundation normal arm64_32 com.apple.xcode.tools.swift.compiler (in target 'SpellbookFoundation' from project 'SwiftSpellbook')
    cd /Users/admin/builder/spi-builder-workspace/.swiftpm/xcode
    builtin-SwiftDriver -- /Applications/Xcode-27.0.0-Release.Candidate.app/Contents/Developer/Toolchains/XcodeDefault.xctoolchain/usr/bin/swiftc -parse-as-library -module-name SpellbookFoundation -Onone @/Users/admin/builder/spi-builder-workspace/.derivedData/Build/Intermediates.noindex/SwiftSpellbook.build/Debug-watchos/SpellbookFoundation-t.build/Objects-normal/arm64_32/SpellbookFoundation.SwiftFileList -DSWIFT_PACKAGE -DDEBUG -DSWIFT_MODULE_RESOURCE_BUNDLE_UNAVAILABLE -Xcc -fmodule-map-file\=/Users/admin/builder/spi-builder-workspace/.derivedData/Build/Intermediates.noindex/GeneratedModuleMaps-watchos/SpellbookFoundationObjC.modulemap -DXcode -plugin-path /Applications/Xcode-27.0.0-Release.Candidate.app/Contents/Developer/Toolchains/XcodeDefault.xctoolchain/usr/lib/swift/host/plugins/testing -enable-experimental-feature DebugDescriptionMacro -sdk /Applications/Xcode-27.0.0-Release.Candidate.app/Contents/Developer/Platforms/WatchOS.platform/Developer/SDKs/WatchOS27.0.sdk -target arm64_32-apple-watchos9.0 -g -module-cache-path /Users/admin/builder/spi-builder-workspace/.derivedData/ModuleCache.noindex -Xfrontend -serialize-debugging-options -profile-coverage-mapping -profile-generate -enable-testing -suppress-warnings -index-store-path /Users/admin/builder/spi-builder-workspace/.derivedData/Index.noindex/DataStore -Xcc -D_LIBCPP_HARDENING_MODE\=_LIBCPP_HARDENING_MODE_DEBUG -swift-version 5 -I /Users/admin/builder/spi-builder-workspace/.derivedData/Build/Products/Debug-watchos -Isystem /Applications/Xcode-27.0.0-Release.Candidate.app/Contents/Developer/Platforms/WatchOS.platform/Developer/usr/lib -F /Users/admin/builder/spi-builder-workspace/.derivedData/Build/Products/Debug-watchos/PackageFrameworks -F /Users/admin/builder/spi-builder-workspace/.derivedData/Build/Products/Debug-watchos -F /Applications/Xcode-27.0.0-Release.Candidate.app/Contents/Developer/Platforms/WatchOS.platform/Developer/Library/Frameworks -F /Applications/Xcode-27.0.0-Release.Candidate.app/Contents/Developer/Platforms/WatchOS.platform/Developer/SDKs/WatchOS27.0.sdk/Developer/Library/Frameworks -c -j10 -enable-batch-mode -incremental -Xcc -ivfsstatcache -Xcc /Users/admin/builder/spi-builder-workspace/.derivedData/SDKStatCaches.noindex/watchos27.0-24R360-e829b21a6f8c9b70876ba0858053c04477534ef55a1706bf4c1112bbb242f0a2.sdkstatcache -output-file-map /Users/admin/builder/spi-builder-workspace/.derivedData/Build/Intermediates.noindex/SwiftSpellbook.build/Debug-watchos/SpellbookFoundation-t.build/Objects-normal/arm64_32/SpellbookFoundation-OutputFileMap.json -save-temps -no-color-diagnostics -explicit-module-build -module-cache-path /Users/admin/builder/spi-builder-workspace/.derivedData/Build/Intermediates.noindex/SwiftExplicitPrecompiledModules -clang-scanner-module-cache-path /Users/admin/builder/spi-builder-workspace/.derivedData/ModuleCache.noindex -sdk-module-cache-path /Users/admin/builder/spi-builder-workspace/.derivedData/SDKExplicitPrecompiledModules -emit-dependencies -emit-module -emit-module-path /Users/admin/builder/spi-builder-workspace/.derivedData/Build/Intermediates.noindex/SwiftSpellbook.build/Debug-watchos/SpellbookFoundation-t.build/Objects-normal/arm64_32/SpellbookFoundation.swiftmodule -serialize-diagnostics -dependency-scan-serialize-diagnostics-path /Users/admin/builder/spi-builder-workspace/.derivedData/Build/Intermediates.noindex/SwiftSpellbook.build/Debug-watchos/SpellbookFoundation-t.build/Objects-normal/arm64_32/SpellbookFoundation-dependency-scan.dia -validate-clang-modules-once -clang-build-session-file /Users/admin/builder/spi-builder-workspace/.derivedData/ModuleCache.noindex/Session.modulevalidation -Xcc -fmodules-prune-interval\=86400 -Xcc -fmodules-prune-after\=345600 -emit-const-values -const-gather-protocols-list /Users/admin/builder/spi-builder-workspace/.derivedData/Build/Intermediates.noindex/SwiftSpellbook.build/Debug-watchos/SpellbookFoundation-t.build/Objects-normal/arm64_32/SpellbookFoundation_const_extract_protocols.json -Xcc -I/Users/admin/builder/spi-builder-workspace/.dependencies/checkouts/SwiftSpellbook/Sources/SpellbookFoundationObjC -Xcc -I/Users/admin/builder/spi-builder-workspace/.derivedData/Build/Products/Debug-watchos/include -Xcc -I/Users/admin/builder/spi-builder-workspace/.derivedData/Build/Intermediates.noindex/SwiftSpellbook.build/Debug-watchos/SpellbookFoundation-t.build/DerivedSources-normal/arm64_32 -Xcc -I/Users/admin/builder/spi-builder-workspace/.derivedData/Build/Intermediates.noindex/SwiftSpellbook.build/Debug-watchos/SpellbookFoundation-t.build/DerivedSources/arm64_32 -Xcc -I/Users/admin/builder/spi-builder-workspace/.derivedData/Build/Intermediates.noindex/SwiftSpellbook.build/Debug-watchos/SpellbookFoundation-t.build/DerivedSources -Xcc -DSWIFT_PACKAGE -Xcc -DDEBUG\=1 -emit-objc-header -emit-objc-header-path /Users/admin/builder/spi-builder-workspace/.derivedData/Build/Intermediates.noindex/SwiftSpellbook.build/Debug-watchos/SpellbookFoundation-t.build/Objects-normal/arm64_32/SpellbookFoundation-Swift.h -working-directory /Users/admin/builder/spi-builder-workspace/.swiftpm/xcode -experimental-emit-module-separately -disable-cmo
SwiftDriver SpellbookFoundation normal arm64 com.apple.xcode.tools.swift.compiler (in target 'SpellbookFoundation' from project 'SwiftSpellbook')
    cd /Users/admin/builder/spi-builder-workspace/.swiftpm/xcode
    builtin-SwiftDriver -- /Applications/Xcode-27.0.0-Release.Candidate.app/Contents/Developer/Toolchains/XcodeDefault.xctoolchain/usr/bin/swiftc -parse-as-library -module-name SpellbookFoundation -Onone @/Users/admin/builder/spi-builder-workspace/.derivedData/Build/Intermediates.noindex/SwiftSpellbook.build/Debug-watchos/SpellbookFoundation-t.build/Objects-normal/arm64/SpellbookFoundation.SwiftFileList -DSWIFT_PACKAGE -DDEBUG -DSWIFT_MODULE_RESOURCE_BUNDLE_UNAVAILABLE -Xcc -fmodule-map-file\=/Users/admin/builder/spi-builder-workspace/.derivedData/Build/Intermediates.noindex/GeneratedModuleMaps-watchos/SpellbookFoundationObjC.modulemap -DXcode -plugin-path /Applications/Xcode-27.0.0-Release.Candidate.app/Contents/Developer/Toolchains/XcodeDefault.xctoolchain/usr/lib/swift/host/plugins/testing -enable-experimental-feature DebugDescriptionMacro -sdk /Applications/Xcode-27.0.0-Release.Candidate.app/Contents/Developer/Platforms/WatchOS.platform/Developer/SDKs/WatchOS27.0.sdk -target arm64-apple-watchos9.0 -g -module-cache-path /Users/admin/builder/spi-builder-workspace/.derivedData/ModuleCache.noindex -Xfrontend -serialize-debugging-options -profile-coverage-mapping -profile-generate -enable-testing -suppress-warnings -index-store-path /Users/admin/builder/spi-builder-workspace/.derivedData/Index.noindex/DataStore -Xcc -D_LIBCPP_HARDENING_MODE\=_LIBCPP_HARDENING_MODE_DEBUG -swift-version 5 -I /Users/admin/builder/spi-builder-workspace/.derivedData/Build/Products/Debug-watchos -Isystem /Applications/Xcode-27.0.0-Release.Candidate.app/Contents/Developer/Platforms/WatchOS.platform/Developer/usr/lib -F /Users/admin/builder/spi-builder-workspace/.derivedData/Build/Products/Debug-watchos/PackageFrameworks -F /Users/admin/builder/spi-builder-workspace/.derivedData/Build/Products/Debug-watchos -F /Applications/Xcode-27.0.0-Release.Candidate.app/Contents/Developer/Platforms/WatchOS.platform/Developer/Library/Frameworks -F /Applications/Xcode-27.0.0-Release.Candidate.app/Contents/Developer/Platforms/WatchOS.platform/Developer/SDKs/WatchOS27.0.sdk/Developer/Library/Frameworks -c -j10 -enable-batch-mode -incremental -Xcc -ivfsstatcache -Xcc /Users/admin/builder/spi-builder-workspace/.derivedData/SDKStatCaches.noindex/watchos27.0-24R360-e829b21a6f8c9b70876ba0858053c04477534ef55a1706bf4c1112bbb242f0a2.sdkstatcache -output-file-map /Users/admin/builder/spi-builder-workspace/.derivedData/Build/Intermediates.noindex/SwiftSpellbook.build/Debug-watchos/SpellbookFoundation-t.build/Objects-normal/arm64/SpellbookFoundation-OutputFileMap.json -save-temps -no-color-diagnostics -explicit-module-build -module-cache-path /Users/admin/builder/spi-builder-workspace/.derivedData/Build/Intermediates.noindex/SwiftExplicitPrecompiledModules -clang-scanner-module-cache-path /Users/admin/builder/spi-builder-workspace/.derivedData/ModuleCache.noindex -sdk-module-cache-path /Users/admin/builder/spi-builder-workspace/.derivedData/SDKExplicitPrecompiledModules -emit-dependencies -emit-module -emit-module-path /Users/admin/builder/spi-builder-workspace/.derivedData/Build/Intermediates.noindex/SwiftSpellbook.build/Debug-watchos/SpellbookFoundation-t.build/Objects-normal/arm64/SpellbookFoundation.swiftmodule -serialize-diagnostics -dependency-scan-serialize-diagnostics-path /Users/admin/builder/spi-builder-workspace/.derivedData/Build/Intermediates.noindex/SwiftSpellbook.build/Debug-watchos/SpellbookFoundation-t.build/Objects-normal/arm64/SpellbookFoundation-dependency-scan.dia -validate-clang-modules-once -clang-build-session-file /Users/admin/builder/spi-builder-workspace/.derivedData/ModuleCache.noindex/Session.modulevalidation -Xcc -fmodules-prune-interval\=86400 -Xcc -fmodules-prune-after\=345600 -emit-const-values -const-gather-protocols-list /Users/admin/builder/spi-builder-workspace/.derivedData/Build/Intermediates.noindex/SwiftSpellbook.build/Debug-watchos/SpellbookFoundation-t.build/Objects-normal/arm64/SpellbookFoundation_const_extract_protocols.json -Xcc -I/Users/admin/builder/spi-builder-workspace/.dependencies/checkouts/SwiftSpellbook/Sources/SpellbookFoundationObjC -Xcc -I/Users/admin/builder/spi-builder-workspace/.derivedData/Build/Products/Debug-watchos/include -Xcc -I/Users/admin/builder/spi-builder-workspace/.derivedData/Build/Intermediates.noindex/SwiftSpellbook.build/Debug-watchos/SpellbookFoundation-t.build/DerivedSources-normal/arm64 -Xcc -I/Users/admin/builder/spi-builder-workspace/.derivedData/Build/Intermediates.noindex/SwiftSpellbook.build/Debug-watchos/SpellbookFoundation-t.build/DerivedSources/arm64 -Xcc -I/Users/admin/builder/spi-builder-workspace/.derivedData/Build/Intermediates.noindex/SwiftSpellbook.build/Debug-watchos/SpellbookFoundation-t.build/DerivedSources -Xcc -DSWIFT_PACKAGE -Xcc -DDEBUG\=1 -emit-objc-header -emit-objc-header-path /Users/admin/builder/spi-builder-workspace/.derivedData/Build/Intermediates.noindex/SwiftSpellbook.build/Debug-watchos/SpellbookFoundation-t.build/Objects-normal/arm64/SpellbookFoundation-Swift.h -working-directory /Users/admin/builder/spi-builder-workspace/.swiftpm/xcode -experimental-emit-module-separately -disable-cmo
Ld /Users/admin/builder/spi-builder-workspace/.derivedData/Build/Intermediates.noindex/SwiftSpellbook.build/Debug-watchos/SpellbookFoundationObjC-t.build/Objects-normal/arm64_32/Binary/SpellbookFoundationObjC.o normal arm64_32 (in target 'SpellbookFoundationObjC' from project 'SwiftSpellbook')
    cd /Users/admin/builder/spi-builder-workspace/.dependencies/checkouts/SwiftSpellbook
    /Applications/Xcode-27.0.0-Release.Candidate.app/Contents/Developer/Toolchains/XcodeDefault.xctoolchain/usr/bin/clang++ -Xlinker -reproducible -target arm64_32-apple-watchos9.0 -r -isysroot /Applications/Xcode-27.0.0-Release.Candidate.app/Contents/Developer/Platforms/WatchOS.platform/Developer/SDKs/WatchOS27.0.sdk -O0 -w -Xlinker -no_warn_duplicate_libraries -F/Users/admin/builder/spi-builder-workspace/.derivedData/Build/Intermediates.noindex/EagerLinkingTBDs/Debug-watchos -F/Users/admin/builder/spi-builder-workspace/.derivedData/Build/Products/Debug-watchos -iframework /Applications/Xcode-27.0.0-Release.Candidate.app/Contents/Developer/Platforms/WatchOS.platform/Developer/Library/Frameworks -iframework /Applications/Xcode-27.0.0-Release.Candidate.app/Contents/Developer/Platforms/WatchOS.platform/Developer/SDKs/WatchOS27.0.sdk/Developer/Library/Frameworks -filelist /Users/admin/builder/spi-builder-workspace/.derivedData/Build/Intermediates.noindex/SwiftSpellbook.build/Debug-watchos/SpellbookFoundationObjC-t.build/Objects-normal/arm64_32/SpellbookFoundationObjC.LinkFileList -nostdlib -Xlinker -object_path_lto -Xlinker /Users/admin/builder/spi-builder-workspace/.derivedData/Build/Intermediates.noindex/SwiftSpellbook.build/Debug-watchos/SpellbookFoundationObjC-t.build/Objects-normal/arm64_32/SpellbookFoundationObjC_lto.o -Xlinker -no_deduplicate -Xlinker -debug_variant -Xlinker -dependency_info -Xlinker /Users/admin/builder/spi-builder-workspace/.derivedData/Build/Intermediates.noindex/SwiftSpellbook.build/Debug-watchos/SpellbookFoundationObjC-t.build/Objects-normal/arm64_32/SpellbookFoundationObjC_dependency_info.dat -fobjc-arc -fobjc-link-runtime -o /Users/admin/builder/spi-builder-workspace/.derivedData/Build/Intermediates.noindex/SwiftSpellbook.build/Debug-watchos/SpellbookFoundationObjC-t.build/Objects-normal/arm64_32/Binary/SpellbookFoundationObjC.o
Ld /Users/admin/builder/spi-builder-workspace/.derivedData/Build/Intermediates.noindex/SwiftSpellbook.build/Debug-watchos/SpellbookFoundationObjC-t.build/Objects-normal/arm64/Binary/SpellbookFoundationObjC.o normal arm64 (in target 'SpellbookFoundationObjC' from project 'SwiftSpellbook')
    cd /Users/admin/builder/spi-builder-workspace/.dependencies/checkouts/SwiftSpellbook
    /Applications/Xcode-27.0.0-Release.Candidate.app/Contents/Developer/Toolchains/XcodeDefault.xctoolchain/usr/bin/clang++ -Xlinker -reproducible -target arm64-apple-watchos9.0 -r -isysroot /Applications/Xcode-27.0.0-Release.Candidate.app/Contents/Developer/Platforms/WatchOS.platform/Developer/SDKs/WatchOS27.0.sdk -O0 -w -Xlinker -no_warn_duplicate_libraries -F/Users/admin/builder/spi-builder-workspace/.derivedData/Build/Intermediates.noindex/EagerLinkingTBDs/Debug-watchos -F/Users/admin/builder/spi-builder-workspace/.derivedData/Build/Products/Debug-watchos -iframework /Applications/Xcode-27.0.0-Release.Candidate.app/Contents/Developer/Platforms/WatchOS.platform/Developer/Library/Frameworks -iframework /Applications/Xcode-27.0.0-Release.Candidate.app/Contents/Developer/Platforms/WatchOS.platform/Developer/SDKs/WatchOS27.0.sdk/Developer/Library/Frameworks -filelist /Users/admin/builder/spi-builder-workspace/.derivedData/Build/Intermediates.noindex/SwiftSpellbook.build/Debug-watchos/SpellbookFoundationObjC-t.build/Objects-normal/arm64/SpellbookFoundationObjC.LinkFileList -nostdlib -Xlinker -object_path_lto -Xlinker /Users/admin/builder/spi-builder-workspace/.derivedData/Build/Intermediates.noindex/SwiftSpellbook.build/Debug-watchos/SpellbookFoundationObjC-t.build/Objects-normal/arm64/SpellbookFoundationObjC_lto.o -Xlinker -no_deduplicate -Xlinker -debug_variant -Xlinker -dependency_info -Xlinker /Users/admin/builder/spi-builder-workspace/.derivedData/Build/Intermediates.noindex/SwiftSpellbook.build/Debug-watchos/SpellbookFoundationObjC-t.build/Objects-normal/arm64/SpellbookFoundationObjC_dependency_info.dat -fobjc-arc -fobjc-link-runtime -o /Users/admin/builder/spi-builder-workspace/.derivedData/Build/Intermediates.noindex/SwiftSpellbook.build/Debug-watchos/SpellbookFoundationObjC-t.build/Objects-normal/arm64/Binary/SpellbookFoundationObjC.o
CreateUniversalBinary /Users/admin/builder/spi-builder-workspace/.derivedData/Build/Products/Debug-watchos/SpellbookFoundationObjC.o normal arm64\ arm64_32 (in target 'SpellbookFoundationObjC' from project 'SwiftSpellbook')
    cd /Users/admin/builder/spi-builder-workspace/.dependencies/checkouts/SwiftSpellbook
    /Applications/Xcode-27.0.0-Release.Candidate.app/Contents/Developer/Toolchains/XcodeDefault.xctoolchain/usr/bin/lipo -create /Users/admin/builder/spi-builder-workspace/.derivedData/Build/Intermediates.noindex/SwiftSpellbook.build/Debug-watchos/SpellbookFoundationObjC-t.build/Objects-normal/arm64/Binary/SpellbookFoundationObjC.o /Users/admin/builder/spi-builder-workspace/.derivedData/Build/Intermediates.noindex/SwiftSpellbook.build/Debug-watchos/SpellbookFoundationObjC-t.build/Objects-normal/arm64_32/Binary/SpellbookFoundationObjC.o -output /Users/admin/builder/spi-builder-workspace/.derivedData/Build/Products/Debug-watchos/SpellbookFoundationObjC.o
SwiftExplicitDependencyGeneratePcm arm64_32 /Users/admin/builder/spi-builder-workspace/.derivedData/SDKExplicitPrecompiledModules/_AvailabilityInternal-244WAN3Z1QBT7PIA64EZEFY1R.pcm
SwiftExplicitDependencyGeneratePcm arm64_32 /Users/admin/builder/spi-builder-workspace/.derivedData/SDKExplicitPrecompiledModules/_Builtin_stdbool-A967K8W8YUYEC9SN52KJ7OO88.pcm
SwiftExplicitDependencyGeneratePcm arm64_32 /Users/admin/builder/spi-builder-workspace/.derivedData/SDKExplicitPrecompiledModules/ptrcheck-7ELIH9BTIGVKX3UBITM9N72WD.pcm
SwiftExplicitDependencyGeneratePcm arm64_32 /Users/admin/builder/spi-builder-workspace/.derivedData/SDKExplicitPrecompiledModules/_Builtin_stdarg-D305JG44A2WPI6CJY37X3QJE8.pcm
SwiftExplicitDependencyGeneratePcm arm64_32 /Users/admin/builder/spi-builder-workspace/.derivedData/SDKExplicitPrecompiledModules/ptrauth-BFXF358ME5AK535N5A9Z766WU.pcm
SwiftExplicitDependencyGeneratePcm arm64_32 /Users/admin/builder/spi-builder-workspace/.derivedData/SDKExplicitPrecompiledModules/_SwiftConcurrencyShims-6RTBPQ03V7BM9SPRK8SUE055H.pcm
SwiftExplicitDependencyGeneratePcm arm64_32 /Users/admin/builder/spi-builder-workspace/.derivedData/SDKExplicitPrecompiledModules/_Builtin_float-6KO8O3PEWRCA4WC6PPLOYO6WJ.pcm
SwiftExplicitDependencyGeneratePcm arm64_32 /Users/admin/builder/spi-builder-workspace/.derivedData/SDKExplicitPrecompiledModules/SwiftShims-9CQQGWTSNTN9EB5NSHDWUJICH.pcm
SwiftExplicitDependencyGeneratePcm arm64_32 /Users/admin/builder/spi-builder-workspace/.derivedData/SDKExplicitPrecompiledModules/_Builtin_stddef-H44EFHQX6XSS5MZ7QP6YJZ76.pcm
SwiftExplicitDependencyGeneratePcm arm64 /Users/admin/builder/spi-builder-workspace/.derivedData/SDKExplicitPrecompiledModules/ptrcheck-AIF0NDOYZ8ORBNHQAQR5NNB8M.pcm
SwiftExplicitDependencyGeneratePcm arm64 /Users/admin/builder/spi-builder-workspace/.derivedData/SDKExplicitPrecompiledModules/_Builtin_float-C0CW5Q4HGBQYKE77TC42IAFB5.pcm
SwiftExplicitDependencyGeneratePcm arm64 /Users/admin/builder/spi-builder-workspace/.derivedData/SDKExplicitPrecompiledModules/_Builtin_stdarg-A7UU8LE6MP85SM26YO7PBZNUQ.pcm
SwiftExplicitDependencyGeneratePcm arm64 /Users/admin/builder/spi-builder-workspace/.derivedData/SDKExplicitPrecompiledModules/SwiftShims-4MXFZPV6FEB0XBYXCGPWAMQGL.pcm
SwiftExplicitDependencyGeneratePcm arm64 /Users/admin/builder/spi-builder-workspace/.derivedData/SDKExplicitPrecompiledModules/_Builtin_stddef-1FU30Y8SWFB7OUUHMJQH5J6FM.pcm
SwiftExplicitDependencyGeneratePcm arm64 /Users/admin/builder/spi-builder-workspace/.derivedData/SDKExplicitPrecompiledModules/_SwiftConcurrencyShims-659N52XSKR5F0QSB880BH2FJR.pcm
SwiftExplicitDependencyGeneratePcm arm64 /Users/admin/builder/spi-builder-workspace/.derivedData/SDKExplicitPrecompiledModules/_AvailabilityInternal-BUNV3UXM65NT37THI4W1AM0SF.pcm
SwiftExplicitDependencyGeneratePcm arm64 /Users/admin/builder/spi-builder-workspace/.derivedData/SDKExplicitPrecompiledModules/_Builtin_stdbool-83J96QSOFE9VX04AAS6310UAE.pcm
SwiftExplicitDependencyGeneratePcm arm64 /Users/admin/builder/spi-builder-workspace/.derivedData/SDKExplicitPrecompiledModules/ptrauth-3TZ9WJCGLYD25HQPWH4968ONX.pcm
SwiftExplicitDependencyGeneratePcm arm64_32 /Users/admin/builder/spi-builder-workspace/.derivedData/SDKExplicitPrecompiledModules/_DarwinFoundation1-2GWF9RFMPLQW4PDHS3NARVI3G.pcm
SwiftExplicitDependencyGeneratePcm arm64 /Users/admin/builder/spi-builder-workspace/.derivedData/SDKExplicitPrecompiledModules/_DarwinFoundation1-7SPX3MD0HMP55E4OLNCPNDQ53.pcm
SwiftExplicitDependencyGeneratePcm arm64_32 /Users/admin/builder/spi-builder-workspace/.derivedData/SDKExplicitPrecompiledModules/_Builtin_limits-3VKBU2AFTD65PAJZ5CJ3LHFM2.pcm
SwiftExplicitDependencyGeneratePcm arm64_32 /Users/admin/builder/spi-builder-workspace/.derivedData/SDKExplicitPrecompiledModules/_DarwinFoundation2-9MY8GOSYRO0M9MKNXF6D3MBNK.pcm
SwiftExplicitDependencyGeneratePcm arm64 /Users/admin/builder/spi-builder-workspace/.derivedData/SDKExplicitPrecompiledModules/_DarwinFoundation2-D0XAPJU49S5E9XMKYOFGSTB1Q.pcm
SwiftExplicitDependencyGeneratePcm arm64 /Users/admin/builder/spi-builder-workspace/.derivedData/SDKExplicitPrecompiledModules/_Builtin_limits-9GWPA2B0H20DYUNYHYCWKABJG.pcm
SwiftExplicitDependencyGeneratePcm arm64_32 /Users/admin/builder/spi-builder-workspace/.derivedData/SDKExplicitPrecompiledModules/_Builtin_stdint-1HMXWI3V0V4TXHRWZOMZGZ80Y.pcm
SwiftExplicitDependencyGeneratePcm arm64_32 /Users/admin/builder/spi-builder-workspace/.derivedData/SDKExplicitPrecompiledModules/sys_types-8TLLMW08ZJWDGIIPKOYFGHHZW.pcm
SwiftExplicitDependencyGeneratePcm arm64_32 /Users/admin/builder/spi-builder-workspace/.derivedData/SDKExplicitPrecompiledModules/string_h-BFVLUQUSBZWYMLCU9QI7VZALW.pcm
SwiftExplicitDependencyGeneratePcm arm64_32 /Users/admin/builder/spi-builder-workspace/.derivedData/SDKExplicitPrecompiledModules/_DarwinFoundation3-3DUTYQDQSD9HUAAVY947NMWOI.pcm
SwiftExplicitDependencyGeneratePcm arm64 /Users/admin/builder/spi-builder-workspace/.derivedData/SDKExplicitPrecompiledModules/sys_types-2KXQLI78OUCDP779AE68GZJ2.pcm
SwiftExplicitDependencyGeneratePcm arm64 /Users/admin/builder/spi-builder-workspace/.derivedData/SDKExplicitPrecompiledModules/string_h-E6PRXK75PHIPCZFWOFCQ3QBMK.pcm
SwiftExplicitDependencyGeneratePcm arm64 /Users/admin/builder/spi-builder-workspace/.derivedData/SDKExplicitPrecompiledModules/_Builtin_stdint-8XMILLJZEGRN2XG7XZUXZ5RLX.pcm
SwiftExplicitDependencyGeneratePcm arm64 /Users/admin/builder/spi-builder-workspace/.derivedData/SDKExplicitPrecompiledModules/_DarwinFoundation3-B97LRG0E9GON2NUE65TVG81HU.pcm
SwiftExplicitDependencyGeneratePcm arm64_32 /Users/admin/builder/spi-builder-workspace/.derivedData/SDKExplicitPrecompiledModules/_Builtin_inttypes-D2KPCR4PEX9AQA33NGLUT5SBR.pcm
SwiftExplicitDependencyGeneratePcm arm64_32 /Users/admin/builder/spi-builder-workspace/.derivedData/SDKExplicitPrecompiledModules/Darwin-3FVT1SKLN2ZQ5RVOABMTQBB34.pcm
SwiftExplicitDependencyGeneratePcm arm64 /Users/admin/builder/spi-builder-workspace/.derivedData/SDKExplicitPrecompiledModules/_Builtin_inttypes-3UQSCM7WNM9EK4HZML8TY5J3D.pcm
SwiftExplicitDependencyGeneratePcm arm64 /Users/admin/builder/spi-builder-workspace/.derivedData/SDKExplicitPrecompiledModules/Darwin-3984OXKFNSPE77NT743WK8SEX.pcm
SwiftExplicitDependencyGeneratePcm arm64_32 /Users/admin/builder/spi-builder-workspace/.derivedData/SDKExplicitPrecompiledModules/ObjectiveC-6IJNELR2E80E7LUKESVCP2KET.pcm
SwiftExplicitDependencyGeneratePcm arm64 /Users/admin/builder/spi-builder-workspace/.derivedData/SDKExplicitPrecompiledModules/ObjectiveC-72IVD3VS2RS8Q28D9PIMY0KQP.pcm
SwiftExplicitDependencyGeneratePcm arm64_32 /Users/admin/builder/spi-builder-workspace/.derivedData/SDKExplicitPrecompiledModules/os_object-5YWTC6L4756IWSTPGXS5NM0D0.pcm
SwiftExplicitDependencyGeneratePcm arm64_32 /Users/admin/builder/spi-builder-workspace/.derivedData/SDKExplicitPrecompiledModules/os_workgroup-5JHTPDMNBUNHLJI8LPHKQK1JK.pcm
SwiftExplicitDependencyGeneratePcm arm64 /Users/admin/builder/spi-builder-workspace/.derivedData/SDKExplicitPrecompiledModules/os_object-3SDKD7F87FTZ26OON37DRYT6O.pcm
SwiftExplicitDependencyGeneratePcm arm64 /Users/admin/builder/spi-builder-workspace/.derivedData/SDKExplicitPrecompiledModules/os_workgroup-89GG5G7YC2D0ZTK6AZXXQ20DH.pcm
SwiftExplicitDependencyGeneratePcm arm64_32 /Users/admin/builder/spi-builder-workspace/.derivedData/SDKExplicitPrecompiledModules/Dispatch-2P62F1T4XV63S4P99TUDTOK2Q.pcm
SwiftExplicitDependencyGeneratePcm arm64 /Users/admin/builder/spi-builder-workspace/.derivedData/SDKExplicitPrecompiledModules/Dispatch-1NLJOVAK60XP0DUB05XA59EIM.pcm
SwiftExplicitDependencyGeneratePcm arm64_32 /Users/admin/builder/spi-builder-workspace/.derivedData/SDKExplicitPrecompiledModules/XPC-81Y45QFY96XYYFCW2GT6FY8S4.pcm
SwiftExplicitDependencyGeneratePcm arm64_32 /Users/admin/builder/spi-builder-workspace/.derivedData/SDKExplicitPrecompiledModules/CoreFoundation-8E6Y4BA3EXYKUGJ24GT9LGV3N.pcm
SwiftExplicitDependencyGeneratePcm arm64 /Users/admin/builder/spi-builder-workspace/.derivedData/SDKExplicitPrecompiledModules/XPC-40DR0X1DHKGCV4J1IOLFS8MOU.pcm
SwiftExplicitDependencyGeneratePcm arm64 /Users/admin/builder/spi-builder-workspace/.derivedData/SDKExplicitPrecompiledModules/CoreFoundation-8T2L24YC5NU7WO6WQJWRY7W08.pcm
SwiftExplicitDependencyGeneratePcm arm64_32 /Users/admin/builder/spi-builder-workspace/.derivedData/SDKExplicitPrecompiledModules/Security-D7TOWF88VWF67TB9HAFP5UWB1.pcm
SwiftExplicitDependencyGeneratePcm arm64_32 /Users/admin/builder/spi-builder-workspace/.derivedData/SDKExplicitPrecompiledModules/CoreGraphics-9FDXYX6BKBUT6TJ2VF819E7T5.pcm
SwiftExplicitDependencyGeneratePcm arm64 /Users/admin/builder/spi-builder-workspace/.derivedData/SDKExplicitPrecompiledModules/Security-6RZ6YBRU8WCUHRFFRVUK5WKMM.pcm
SwiftExplicitDependencyGeneratePcm arm64 /Users/admin/builder/spi-builder-workspace/.derivedData/SDKExplicitPrecompiledModules/CoreGraphics-DWNZ73GEH98SBJXZ7DEXB420K.pcm
SwiftExplicitDependencyGeneratePcm arm64_32 /Users/admin/builder/spi-builder-workspace/.derivedData/SDKExplicitPrecompiledModules/Foundation-BJ2VQGI3OGR34500MEQ1VKHPH.pcm
SwiftExplicitDependencyGeneratePcm arm64 /Users/admin/builder/spi-builder-workspace/.derivedData/SDKExplicitPrecompiledModules/Foundation-DLBKUSGXN8QHAT8W0OARR9S8A.pcm
SwiftExplicitDependencyGeneratePcm arm64_32 /Users/admin/builder/spi-builder-workspace/.derivedData/Build/Intermediates.noindex/SwiftExplicitPrecompiledModules/SpellbookFoundationObjC-4JY43P14SO3SURNX9CU7SZMVO.pcm
SwiftCompile normal arm64_32 Compiling\ Types.swift,\ EventAsk.swift,\ EventNotify.swift,\ Observable.swift,\ ValueObserving.swift,\ ValueStore.swift /Users/admin/builder/spi-builder-workspace/.dependencies/checkouts/SwiftSpellbook/Sources/SpellbookFoundation/Types\ &\ PropertyWrappers/Types.swift /Users/admin/builder/spi-builder-workspace/.dependencies/checkouts/SwiftSpellbook/Sources/SpellbookFoundation/ValueObserving/EventAsk.swift /Users/admin/builder/spi-builder-workspace/.dependencies/checkouts/SwiftSpellbook/Sources/SpellbookFoundation/ValueObserving/EventNotify.swift /Users/admin/builder/spi-builder-workspace/.dependencies/checkouts/SwiftSpellbook/Sources/SpellbookFoundation/ValueObserving/Observable.swift /Users/admin/builder/spi-builder-workspace/.dependencies/checkouts/SwiftSpellbook/Sources/SpellbookFoundation/ValueObserving/ValueObserving.swift /Users/admin/builder/spi-builder-workspace/.dependencies/checkouts/SwiftSpellbook/Sources/SpellbookFoundation/ValueObserving/ValueStore.swift (in target 'SpellbookFoundation' from project 'SwiftSpellbook')
/Users/admin/builder/spi-builder-workspace/.dependencies/checkouts/SwiftSpellbook/Sources/SpellbookFoundation/ValueObserving/EventAsk.swift:65:28: error: cannot find 'atomic_flag' in scope
 63 |             group.enter()
 64 |             entry.queue.async {
 65 |                 var once = atomic_flag()
    |                            `- error: cannot find 'atomic_flag' in scope
 66 |                 entry.transform(value) { singleResult in
 67 |                     guard !atomic_flag_test_and_set(&once) else {
/Users/admin/builder/spi-builder-workspace/.dependencies/checkouts/SwiftSpellbook/Sources/SpellbookFoundation/ValueObserving/EventAsk.swift:67:28: error: cannot find 'atomic_flag_test_and_set' in scope
 65 |                 var once = atomic_flag()
 66 |                 entry.transform(value) { singleResult in
 67 |                     guard !atomic_flag_test_and_set(&once) else {
    |                            `- error: cannot find 'atomic_flag_test_and_set' in scope
 68 |                         if !RunEnvironment.isXCTesting {
 69 |                             assertionFailure("\(Self.self) transform action called multiple times")
Failed frontend command:
SwiftCompile normal arm64_32 /Users/admin/builder/spi-builder-workspace/.dependencies/checkouts/SwiftSpellbook/Sources/SpellbookFoundation/Types\ &\ PropertyWrappers/Types.swift (in target 'SpellbookFoundation' from project 'SwiftSpellbook')
    cd /Users/admin/builder/spi-builder-workspace/.swiftpm/xcode
    builtin-SwiftPerFileCompile Types.swift
SwiftCompile normal arm64_32 /Users/admin/builder/spi-builder-workspace/.dependencies/checkouts/SwiftSpellbook/Sources/SpellbookFoundation/ValueObserving/EventAsk.swift (in target 'SpellbookFoundation' from project 'SwiftSpellbook')
    cd /Users/admin/builder/spi-builder-workspace/.swiftpm/xcode
    builtin-SwiftPerFileCompile EventAsk.swift
SwiftCompile normal arm64_32 /Users/admin/builder/spi-builder-workspace/.dependencies/checkouts/SwiftSpellbook/Sources/SpellbookFoundation/ValueObserving/EventNotify.swift (in target 'SpellbookFoundation' from project 'SwiftSpellbook')
    cd /Users/admin/builder/spi-builder-workspace/.swiftpm/xcode
    builtin-SwiftPerFileCompile EventNotify.swift
SwiftCompile normal arm64_32 /Users/admin/builder/spi-builder-workspace/.dependencies/checkouts/SwiftSpellbook/Sources/SpellbookFoundation/ValueObserving/Observable.swift (in target 'SpellbookFoundation' from project 'SwiftSpellbook')
    cd /Users/admin/builder/spi-builder-workspace/.swiftpm/xcode
    builtin-SwiftPerFileCompile Observable.swift
SwiftCompile normal arm64_32 /Users/admin/builder/spi-builder-workspace/.dependencies/checkouts/SwiftSpellbook/Sources/SpellbookFoundation/ValueObserving/ValueObserving.swift (in target 'SpellbookFoundation' from project 'SwiftSpellbook')
    cd /Users/admin/builder/spi-builder-workspace/.swiftpm/xcode
    builtin-SwiftPerFileCompile ValueObserving.swift
SwiftCompile normal arm64_32 /Users/admin/builder/spi-builder-workspace/.dependencies/checkouts/SwiftSpellbook/Sources/SpellbookFoundation/ValueObserving/ValueStore.swift (in target 'SpellbookFoundation' from project 'SwiftSpellbook')
    cd /Users/admin/builder/spi-builder-workspace/.swiftpm/xcode
    builtin-SwiftPerFileCompile ValueStore.swift
/Applications/Xcode-27.0.0-Release.Candidate.app/Contents/Developer/Toolchains/XcodeDefault.xctoolchain/usr/bin/swift-frontend -frontend -c /Users/admin/builder/spi-builder-workspace/.dependencies/checkouts/SwiftSpellbook/Sources/SpellbookFoundation/BinaryParsing/BinaryParsingError.swift /Users/admin/builder/spi-builder-workspace/.dependencies/checkouts/SwiftSpellbook/Sources/SpellbookFoundation/BinaryParsing/BinaryReader.swift /Users/admin/builder/spi-builder-workspace/.dependencies/checkouts/SwiftSpellbook/Sources/SpellbookFoundation/BinaryParsing/BinaryReaderInput.swift /Users/admin/builder/spi-builder-workspace/.dependencies/checkouts/SwiftSpellbook/Sources/SpellbookFoundation/BinaryParsing/BinaryWriter.swift /Users/admin/builder/spi-builder-workspace/.dependencies/checkouts/SwiftSpellbook/Sources/SpellbookFoundation/BinaryParsing/BinaryWriterOutput.swift /Users/admin/builder/spi-builder-workspace/.dependencies/checkouts/SwiftSpellbook/Sources/SpellbookFoundation/Combine/Extensions\ -\ Publisher.swift /Users/admin/builder/spi-builder-workspace/.dependencies/checkouts/SwiftSpellbook/Sources/SpellbookFoundation/Combine/Proxies.swift /Users/admin/builder/spi-builder-workspace/.dependencies/checkouts/SwiftSpellbook/Sources/SpellbookFoundation/Common/Benchmark.swift /Users/admin/builder/spi-builder-workspace/.dependencies/checkouts/SwiftSpellbook/Sources/SpellbookFoundation/Common/CancellationToken.swift /Users/admin/builder/spi-builder-workspace/.dependencies/checkouts/SwiftSpellbook/Sources/SpellbookFoundation/Common/Environment.swift /Users/admin/builder/spi-builder-workspace/.dependencies/checkouts/SwiftSpellbook/Sources/SpellbookFoundation/Common/Extensions\ -\ Codable.swift /Users/admin/builder/spi-builder-workspace/.dependencies/checkouts/SwiftSpellbook/Sources/SpellbookFoundation/Common/Extensions\ -\ Collections.swift /Users/admin/builder/spi-builder-workspace/.dependencies/checkouts/SwiftSpellbook/Sources/SpellbookFoundation/Common/Extensions\ -\ Comparable.swift /Users/admin/builder/spi-builder-workspace/.dependencies/checkouts/SwiftSpellbook/Sources/SpellbookFoundation/Common/Extensions\ -\ Formatters.swift /Users/admin/builder/spi-builder-workspace/.dependencies/checkouts/SwiftSpellbook/Sources/SpellbookFoundation/Common/Extensions\ -\ NSError.swift /Users/admin/builder/spi-builder-workspace/.dependencies/checkouts/SwiftSpellbook/Sources/SpellbookFoundation/Common/Extensions\ -\ Other.swift /Users/admin/builder/spi-builder-workspace/.dependencies/checkouts/SwiftSpellbook/Sources/SpellbookFoundation/Common/Extensions\ -\ StandardTypes.swift /Users/admin/builder/spi-builder-workspace/.dependencies/checkouts/SwiftSpellbook/Sources/SpellbookFoundation/Common/ObjectBuilder.swift /Users/admin/builder/spi-builder-workspace/.dependencies/checkouts/SwiftSpellbook/Sources/SpellbookFoundation/Common/SBUnit.swift /Users/admin/builder/spi-builder-workspace/.dependencies/checkouts/SwiftSpellbook/Sources/SpellbookFoundation/Common/SpellbookLog.swift /Users/admin/builder/spi-builder-workspace/.dependencies/checkouts/SwiftSpellbook/Sources/SpellbookFoundation/Common/Utils.swift /Users/admin/builder/spi-builder-workspace/.dependencies/checkouts/SwiftSpellbook/Sources/SpellbookFoundation/Common/WildcardExpression.swift /Users/admin/builder/spi-builder-workspace/.dependencies/checkouts/SwiftSpellbook/Sources/SpellbookFoundation/DictionaryParsing/DictionaryCodingKey.swift /Users/admin/builder/spi-builder-workspace/.dependencies/checkouts/SwiftSpellbook/Sources/SpellbookFoundation/DictionaryParsing/DictionaryReader.swift /Users/admin/builder/spi-builder-workspace/.dependencies/checkouts/SwiftSpellbook/Sources/SpellbookFoundation/DictionaryParsing/DictionaryWriter.swift /Users/admin/builder/spi-builder-workspace/.dependencies/checkouts/SwiftSpellbook/Sources/SpellbookFoundation/Filesystem\ \&\ Bundle/Extensions\ -\ Bundle.swift /Users/admin/builder/spi-builder-workspace/.dependencies/checkouts/SwiftSpellbook/Sources/SpellbookFoundation/Filesystem\ \&\ Bundle/Extensions\ -\ FileManager.swift /Users/admin/builder/spi-builder-workspace/.dependencies/checkouts/SwiftSpellbook/Sources/SpellbookFoundation/Filesystem\ \&\ Bundle/FileEnumerator.swift /Users/admin/builder/spi-builder-workspace/.dependencies/checkouts/SwiftSpellbook/Sources/SpellbookFoundation/Filesystem\ \&\ Bundle/FileStore.swift /Users/admin/builder/spi-builder-workspace/.dependencies/checkouts/SwiftSpellbook/Sources/SpellbookFoundation/Filesystem\ \&\ Bundle/TemporaryDirectory.swift /Users/admin/builder/spi-builder-workspace/.dependencies/checkouts/SwiftSpellbook/Sources/SpellbookFoundation/GUI/Extensions\ -\ CoreGraphics.swift /Users/admin/builder/spi-builder-workspace/.dependencies/checkouts/SwiftSpellbook/Sources/SpellbookFoundation/Low\ Level/AuditToken.swift /Users/admin/builder/spi-builder-workspace/.dependencies/checkouts/SwiftSpellbook/Sources/SpellbookFoundation/Low\ Level/BridgedCEnum.swift /Users/admin/builder/spi-builder-workspace/.dependencies/checkouts/SwiftSpellbook/Sources/SpellbookFoundation/Low\ Level/IOKitError.swift /Users/admin/builder/spi-builder-workspace/.dependencies/checkouts/SwiftSpellbook/Sources/SpellbookFoundation/Low\ Level/Mach.swift /Users/admin/builder/spi-builder-workspace/.dependencies/checkouts/SwiftSpellbook/Sources/SpellbookFoundation/Low\ Level/POD+Swift.swift /Users/admin/builder/spi-builder-workspace/.dependencies/checkouts/SwiftSpellbook/Sources/SpellbookFoundation/Low\ Level/Unsafe.swift /Users/admin/builder/spi-builder-workspace/.dependencies/checkouts/SwiftSpellbook/Sources/SpellbookFoundation/ObjC\ Bridging/Exceptions.swift /Users/admin/builder/spi-builder-workspace/.dependencies/checkouts/SwiftSpellbook/Sources/SpellbookFoundation/System\ \&\ Hardware/DeviceInfo.swift /Users/admin/builder/spi-builder-workspace/.dependencies/checkouts/SwiftSpellbook/Sources/SpellbookFoundation/Threading\ \&\ Concurrency/Atomic.swift /Users/admin/builder/spi-builder-workspace/.dependencies/checkouts/SwiftSpellbook/Sources/SpellbookFoundation/Threading\ \&\ Concurrency/BlockingQueue.swift /Users/admin/builder/spi-builder-workspace/.dependencies/checkouts/SwiftSpellbook/Sources/SpellbookFoundation/Threading\ \&\ Concurrency/ConcurrentBlockOperation.swift /Users/admin/builder/spi-builder-workspace/.dependencies/checkouts/SwiftSpellbook/Sources/SpellbookFoundation/Threading\ \&\ Concurrency/Extensions\ -\ DispatchQueue.swift /Users/admin/builder/spi-builder-workspace/.dependencies/checkouts/SwiftSpellbook/Sources/SpellbookFoundation/Threading\ \&\ Concurrency/Extensions\ -\ Locks.swift /Users/admin/builder/spi-builder-workspace/.dependencies/checkouts/SwiftSpellbook/Sources/SpellbookFoundation/Threading\ \&\ Concurrency/Extensions\ -\ Task.swift /Users/admin/builder/spi-builder-workspace/.dependencies/checkouts/SwiftSpellbook/Sources/SpellbookFoundation/Threading\ \&\ Concurrency/PosixLocks.swift /Users/admin/builder/spi-builder-workspace/.dependencies/checkouts/SwiftSpellbook/Sources/SpellbookFoundation/Threading\ \&\ Concurrency/SynchronizationUtils.swift /Users/admin/builder/spi-builder-workspace/.dependencies/checkouts/SwiftSpellbook/Sources/SpellbookFoundation/Threading\ \&\ Concurrency/Synchronized.swift /Users/admin/builder/spi-builder-workspace/.dependencies/checkouts/SwiftSpellbook/Sources/SpellbookFoundation/Threading\ \&\ Concurrency/SynchronousExecutor.swift /Users/admin/builder/spi-builder-workspace/.dependencies/checkouts/SwiftSpellbook/Sources/SpellbookFoundation/Types\ \&\ PropertyWrappers/Boxing.swift /Users/admin/builder/spi-builder-workspace/.dependencies/checkouts/SwiftSpellbook/Sources/SpellbookFoundation/Types\ \&\ PropertyWrappers/Closure.swift /Users/admin/builder/spi-builder-workspace/.dependencies/checkouts/SwiftSpellbook/Sources/SpellbookFoundation/Types\ \&\ PropertyWrappers/CommonError.swift /Users/admin/builder/spi-builder-workspace/.dependencies/checkouts/SwiftSpellbook/Sources/SpellbookFoundation/Types\ \&\ PropertyWrappers/Refreshable.swift /Users/admin/builder/spi-builder-workspace/.dependencies/checkouts/SwiftSpellbook/Sources/SpellbookFoundation/Types\ \&\ PropertyWrappers/Resource\ \(RAII\).swift -primary-file /Users/admin/builder/spi-builder-workspace/.dependencies/checkouts/SwiftSpellbook/Sources/SpellbookFoundation/Types\ \&\ PropertyWrappers/Types.swift -primary-file /Users/admin/builder/spi-builder-workspace/.dependencies/checkouts/SwiftSpellbook/Sources/SpellbookFoundation/ValueObserving/EventAsk.swift -primary-file /Users/admin/builder/spi-builder-workspace/.dependencies/checkouts/SwiftSpellbook/Sources/SpellbookFoundation/ValueObserving/EventNotify.swift -primary-file /Users/admin/builder/spi-builder-workspace/.dependencies/checkouts/SwiftSpellbook/Sources/SpellbookFoundation/ValueObserving/Observable.swift -primary-file /Users/admin/builder/spi-builder-workspace/.dependencies/checkouts/SwiftSpellbook/Sources/SpellbookFoundation/ValueObserving/ValueObserving.swift -primary-file /Users/admin/builder/spi-builder-workspace/.dependencies/checkouts/SwiftSpellbook/Sources/SpellbookFoundation/ValueObserving/ValueStore.swift -supplementary-output-file-map /Users/admin/builder/spi-builder-workspace/.derivedData/Build/Intermediates.noindex/SwiftSpellbook.build/Debug-watchos/SpellbookFoundation-t.build/Objects-normal/arm64_32/supplementaryOutputs-20 -target arm64_32-apple-watchos9.0 -disable-cross-import-overlay-search -swift-module-cross-import Darwin /Applications/Xcode-27.0.0-Release.Candidate.app/Contents/Developer/Platforms/WatchOS.platform/Developer/SDKs/WatchOS.sdk/usr/include/Darwin.swiftcrossimport/xlocale.swiftoverlay -load-resolved-plugin /Applications/Xcode-27.0.0-Release.Candidate.app/Contents/Developer/Platforms/WatchOS.platform/Developer/usr/lib/swift/host/plugins/libFoundationMacros.dylib\#/Applications/Xcode-27.0.0-Release.Candidate.app/Contents/Developer/Platforms/WatchOS.platform/Developer/usr/bin/swift-plugin-server\#FoundationMacros -load-resolved-plugin /Applications/Xcode-27.0.0-Release.Candidate.app/Contents/Developer/Platforms/WatchOS.platform/Developer/usr/lib/swift/host/plugins/libObservationMacros.dylib\#/Applications/Xcode-27.0.0-Release.Candidate.app/Contents/Developer/Platforms/WatchOS.platform/Developer/usr/bin/swift-plugin-server\#ObservationMacros -load-resolved-plugin /Applications/Xcode-27.0.0-Release.Candidate.app/Contents/Developer/Platforms/WatchOS.platform/Developer/usr/lib/swift/host/plugins/libSwiftMacros.dylib\#/Applications/Xcode-27.0.0-Release.Candidate.app/Contents/Developer/Platforms/WatchOS.platform/Developer/usr/bin/swift-plugin-server\#SwiftMacros -disable-implicit-swift-modules -Xcc -fno-implicit-modules -Xcc -fno-implicit-module-maps -explicit-swift-module-map-file /Users/admin/builder/spi-builder-workspace/.derivedData/Build/Intermediates.noindex/SwiftSpellbook.build/Debug-watchos/SpellbookFoundation-t.build/Objects-normal/arm64_32/SpellbookFoundation-dependencies-1.json -enable-objc-interop -sdk /Applications/Xcode-27.0.0-Release.Candidate.app/Contents/Developer/Platforms/WatchOS.platform/Developer/SDKs/WatchOS27.0.sdk -I /Users/admin/builder/spi-builder-workspace/.derivedData/Build/Products/Debug-watchos -Isystem /Applications/Xcode-27.0.0-Release.Candidate.app/Contents/Developer/Platforms/WatchOS.platform/Developer/usr/lib -F /Users/admin/builder/spi-builder-workspace/.derivedData/Build/Products/Debug-watchos/PackageFrameworks -F /Users/admin/builder/spi-builder-workspace/.derivedData/Build/Products/Debug-watchos -F /Applications/Xcode-27.0.0-Release.Candidate.app/Contents/Developer/Platforms/WatchOS.platform/Developer/Library/Frameworks -F /Applications/Xcode-27.0.0-Release.Candidate.app/Contents/Developer/Platforms/WatchOS.platform/Developer/SDKs/WatchOS27.0.sdk/Developer/Library/Frameworks -module-cache-path /Users/admin/builder/spi-builder-workspace/.derivedData/Build/Intermediates.noindex/SwiftExplicitPrecompiledModules -no-color-diagnostics -Xcc -fno-color-diagnostics -enable-testing -g -debug-info-format\=dwarf -dwarf-version\=4 -suppress-warnings -profile-generate -profile-coverage-mapping -swift-version 5 -Onone -D SWIFT_PACKAGE -D DEBUG -D SWIFT_MODULE_RESOURCE_BUNDLE_UNAVAILABLE -D Xcode -serialize-debugging-options -enable-experimental-feature DebugDescriptionMacro -empty-abi-descriptor -validate-clang-modules-once -clang-build-session-file /Users/admin/builder/spi-builder-workspace/.derivedData/ModuleCache.noindex/Session.modulevalidation -Xcc -working-directory -Xcc /Users/admin/builder/spi-builder-workspace/.swiftpm/xcode -enable-anonymous-context-mangled-names -file-compilation-dir /Users/admin/builder/spi-builder-workspace/.swiftpm/xcode -Xcc -fmodule-map-file\=/Users/admin/builder/spi-builder-workspace/.derivedData/Build/Intermediates.noindex/GeneratedModuleMaps-watchos/SpellbookFoundationObjC.modulemap -Xcc -D_LIBCPP_HARDENING_MODE\=_LIBCPP_HARDENING_MODE_DEBUG -Xcc -ivfsstatcache -Xcc /Users/admin/builder/spi-builder-workspace/.derivedData/SDKStatCaches.noindex/watchos27.0-24R360-e829b21a6f8c9b70876ba0858053c04477534ef55a1706bf4c1112bbb242f0a2.sdkstatcache -Xcc -fmodules-prune-interval\=86400 -Xcc -fmodules-prune-after\=345600 -Xcc -I/Users/admin/builder/spi-builder-workspace/.dependencies/checkouts/SwiftSpellbook/Sources/SpellbookFoundationObjC -Xcc -I/Users/admin/builder/spi-builder-workspace/.derivedData/Build/Products/Debug-watchos/include -Xcc -I/Users/admin/builder/spi-builder-workspace/.derivedData/Build/Intermediates.noindex/SwiftSpellbook.build/Debug-watchos/SpellbookFoundation-t.build/DerivedSources-normal/arm64_32 -Xcc -I/Users/admin/builder/spi-builder-workspace/.derivedData/Build/Intermediates.noindex/SwiftSpellbook.build/Debug-watchos/SpellbookFoundation-t.build/DerivedSources/arm64_32 -Xcc -I/Users/admin/builder/spi-builder-workspace/.derivedData/Build/Intermediates.noindex/SwiftSpellbook.build/Debug-watchos/SpellbookFoundation-t.build/DerivedSources -Xcc -DSWIFT_PACKAGE -Xcc -DDEBUG\=1 -no-auto-bridging-header-chaining -module-name SpellbookFoundation -const-gather-protocols-file /Users/admin/builder/spi-builder-workspace/.derivedData/Build/Intermediates.noindex/SwiftSpellbook.build/Debug-watchos/SpellbookFoundation-t.build/Objects-normal/arm64_32/SpellbookFoundation_const_extract_protocols.json -disable-clang-spi -clang-target arm64_32-apple-watchos27.0 -target-sdk-version 27.0 -target-sdk-name watchos27.0 -in-process-plugin-server-path /Applications/Xcode-27.0.0-Release.Candidate.app/Contents/Developer/Toolchains/XcodeDefault.xctoolchain/usr/lib/swift/host/libSwiftInProcPluginServer.dylib -parse-as-library -o /Users/admin/builder/spi-builder-workspace/.derivedData/Build/Intermediates.noindex/SwiftSpellbook.build/Debug-watchos/SpellbookFoundation-t.build/Objects-normal/arm64_32/Types.o -o /Users/admin/builder/spi-builder-workspace/.derivedData/Build/Intermediates.noindex/SwiftSpellbook.build/Debug-watchos/SpellbookFoundation-t.build/Objects-normal/arm64_32/EventAsk.o -o /Users/admin/builder/spi-builder-workspace/.derivedData/Build/Intermediates.noindex/SwiftSpellbook.build/Debug-watchos/SpellbookFoundation-t.build/Objects-normal/arm64_32/EventNotify.o -o /Users/admin/builder/spi-builder-workspace/.derivedData/Build/Intermediates.noindex/SwiftSpellbook.build/Debug-watchos/SpellbookFoundation-t.build/Objects-normal/arm64_32/Observable.o -o /Users/admin/builder/spi-builder-workspace/.derivedData/Build/Intermediates.noindex/SwiftSpellbook.build/Debug-watchos/SpellbookFoundation-t.build/Objects-normal/arm64_32/ValueObserving.o -o /Users/admin/builder/spi-builder-workspace/.derivedData/Build/Intermediates.noindex/SwiftSpellbook.build/Debug-watchos/SpellbookFoundation-t.build/Objects-normal/arm64_32/ValueStore.o -debug-module-path /Users/admin/builder/spi-builder-workspace/.derivedData/Build/Intermediates.noindex/SwiftSpellbook.build/Debug-watchos/SpellbookFoundation-t.build/Objects-normal/arm64_32/SpellbookFoundation.swiftmodule -index-unit-output-path /SwiftSpellbook.build/Debug-watchos/SpellbookFoundation-t.build/Objects-normal/arm64_32/Types.o -index-unit-output-path /SwiftSpellbook.build/Debug-watchos/SpellbookFoundation-t.build/Objects-normal/arm64_32/EventAsk.o -index-unit-output-path /SwiftSpellbook.build/Debug-watchos/SpellbookFoundation-t.build/Objects-normal/arm64_32/EventNotify.o -index-unit-output-path /SwiftSpellbook.build/Debug-watchos/SpellbookFoundation-t.build/Objects-normal/arm64_32/Observable.o -index-unit-output-path /SwiftSpellbook.build/Debug-watchos/SpellbookFoundation-t.build/Objects-normal/arm64_32/ValueObserving.o -index-unit-output-path /SwiftSpellbook.build/Debug-watchos/SpellbookFoundation-t.build/Objects-normal/arm64_32/ValueStore.o -index-store-path /Users/admin/builder/spi-builder-workspace/.derivedData/Index.noindex/DataStore -index-system-modules
SwiftCompile normal arm64_32 Compiling\ Extensions\ -\ DispatchQueue.swift,\ Extensions\ -\ Locks.swift,\ Extensions\ -\ Task.swift,\ PosixLocks.swift,\ SynchronizationUtils.swift,\ Synchronized.swift /Users/admin/builder/spi-builder-workspace/.dependencies/checkouts/SwiftSpellbook/Sources/SpellbookFoundation/Threading\ &\ Concurrency/Extensions\ -\ DispatchQueue.swift /Users/admin/builder/spi-builder-workspace/.dependencies/checkouts/SwiftSpellbook/Sources/SpellbookFoundation/Threading\ &\ Concurrency/Extensions\ -\ Locks.swift /Users/admin/builder/spi-builder-workspace/.dependencies/checkouts/SwiftSpellbook/Sources/SpellbookFoundation/Threading\ &\ Concurrency/Extensions\ -\ Task.swift /Users/admin/builder/spi-builder-workspace/.dependencies/checkouts/SwiftSpellbook/Sources/SpellbookFoundation/Threading\ &\ Concurrency/PosixLocks.swift /Users/admin/builder/spi-builder-workspace/.dependencies/checkouts/SwiftSpellbook/Sources/SpellbookFoundation/Threading\ &\ Concurrency/SynchronizationUtils.swift /Users/admin/builder/spi-builder-workspace/.dependencies/checkouts/SwiftSpellbook/Sources/SpellbookFoundation/Threading\ &\ Concurrency/Synchronized.swift (in target 'SpellbookFoundation' from project 'SwiftSpellbook')
SwiftCompile normal arm64_32 /Users/admin/builder/spi-builder-workspace/.dependencies/checkouts/SwiftSpellbook/Sources/SpellbookFoundation/Threading\ &\ Concurrency/Extensions\ -\ DispatchQueue.swift (in target 'SpellbookFoundation' from project 'SwiftSpellbook')
    cd /Users/admin/builder/spi-builder-workspace/.swiftpm/xcode
    builtin-SwiftPerFileCompile Extensions\ -\ DispatchQueue.swift
SwiftCompile normal arm64_32 /Users/admin/builder/spi-builder-workspace/.dependencies/checkouts/SwiftSpellbook/Sources/SpellbookFoundation/Threading\ &\ Concurrency/Extensions\ -\ Locks.swift (in target 'SpellbookFoundation' from project 'SwiftSpellbook')
    cd /Users/admin/builder/spi-builder-workspace/.swiftpm/xcode
    builtin-SwiftPerFileCompile Extensions\ -\ Locks.swift
SwiftCompile normal arm64_32 /Users/admin/builder/spi-builder-workspace/.dependencies/checkouts/SwiftSpellbook/Sources/SpellbookFoundation/Threading\ &\ Concurrency/Extensions\ -\ Task.swift (in target 'SpellbookFoundation' from project 'SwiftSpellbook')
    cd /Users/admin/builder/spi-builder-workspace/.swiftpm/xcode
    builtin-SwiftPerFileCompile Extensions\ -\ Task.swift
SwiftCompile normal arm64_32 /Users/admin/builder/spi-builder-workspace/.dependencies/checkouts/SwiftSpellbook/Sources/SpellbookFoundation/Threading\ &\ Concurrency/PosixLocks.swift (in target 'SpellbookFoundation' from project 'SwiftSpellbook')
    cd /Users/admin/builder/spi-builder-workspace/.swiftpm/xcode
    builtin-SwiftPerFileCompile PosixLocks.swift
SwiftCompile normal arm64_32 /Users/admin/builder/spi-builder-workspace/.dependencies/checkouts/SwiftSpellbook/Sources/SpellbookFoundation/Threading\ &\ Concurrency/SynchronizationUtils.swift (in target 'SpellbookFoundation' from project 'SwiftSpellbook')
    cd /Users/admin/builder/spi-builder-workspace/.swiftpm/xcode
    builtin-SwiftPerFileCompile SynchronizationUtils.swift
SwiftCompile normal arm64_32 /Users/admin/builder/spi-builder-workspace/.dependencies/checkouts/SwiftSpellbook/Sources/SpellbookFoundation/Threading\ &\ Concurrency/Synchronized.swift (in target 'SpellbookFoundation' from project 'SwiftSpellbook')
    cd /Users/admin/builder/spi-builder-workspace/.swiftpm/xcode
    builtin-SwiftPerFileCompile Synchronized.swift
SwiftCompile normal arm64_32 Compiling\ Unsafe.swift,\ Exceptions.swift,\ DeviceInfo.swift,\ Atomic.swift,\ BlockingQueue.swift,\ ConcurrentBlockOperation.swift /Users/admin/builder/spi-builder-workspace/.dependencies/checkouts/SwiftSpellbook/Sources/SpellbookFoundation/Low\ Level/Unsafe.swift /Users/admin/builder/spi-builder-workspace/.dependencies/checkouts/SwiftSpellbook/Sources/SpellbookFoundation/ObjC\ Bridging/Exceptions.swift /Users/admin/builder/spi-builder-workspace/.dependencies/checkouts/SwiftSpellbook/Sources/SpellbookFoundation/System\ &\ Hardware/DeviceInfo.swift /Users/admin/builder/spi-builder-workspace/.dependencies/checkouts/SwiftSpellbook/Sources/SpellbookFoundation/Threading\ &\ Concurrency/Atomic.swift /Users/admin/builder/spi-builder-workspace/.dependencies/checkouts/SwiftSpellbook/Sources/SpellbookFoundation/Threading\ &\ Concurrency/BlockingQueue.swift /Users/admin/builder/spi-builder-workspace/.dependencies/checkouts/SwiftSpellbook/Sources/SpellbookFoundation/Threading\ &\ Concurrency/ConcurrentBlockOperation.swift (in target 'SpellbookFoundation' from project 'SwiftSpellbook')
SwiftCompile normal arm64_32 /Users/admin/builder/spi-builder-workspace/.dependencies/checkouts/SwiftSpellbook/Sources/SpellbookFoundation/Low\ Level/Unsafe.swift (in target 'SpellbookFoundation' from project 'SwiftSpellbook')
    cd /Users/admin/builder/spi-builder-workspace/.swiftpm/xcode
    builtin-SwiftPerFileCompile Unsafe.swift
SwiftCompile normal arm64_32 /Users/admin/builder/spi-builder-workspace/.dependencies/checkouts/SwiftSpellbook/Sources/SpellbookFoundation/ObjC\ Bridging/Exceptions.swift (in target 'SpellbookFoundation' from project 'SwiftSpellbook')
    cd /Users/admin/builder/spi-builder-workspace/.swiftpm/xcode
    builtin-SwiftPerFileCompile Exceptions.swift
SwiftCompile normal arm64_32 /Users/admin/builder/spi-builder-workspace/.dependencies/checkouts/SwiftSpellbook/Sources/SpellbookFoundation/System\ &\ Hardware/DeviceInfo.swift (in target 'SpellbookFoundation' from project 'SwiftSpellbook')
    cd /Users/admin/builder/spi-builder-workspace/.swiftpm/xcode
    builtin-SwiftPerFileCompile DeviceInfo.swift
SwiftCompile normal arm64_32 /Users/admin/builder/spi-builder-workspace/.dependencies/checkouts/SwiftSpellbook/Sources/SpellbookFoundation/Threading\ &\ Concurrency/Atomic.swift (in target 'SpellbookFoundation' from project 'SwiftSpellbook')
    cd /Users/admin/builder/spi-builder-workspace/.swiftpm/xcode
    builtin-SwiftPerFileCompile Atomic.swift
SwiftCompile normal arm64_32 /Users/admin/builder/spi-builder-workspace/.dependencies/checkouts/SwiftSpellbook/Sources/SpellbookFoundation/Threading\ &\ Concurrency/BlockingQueue.swift (in target 'SpellbookFoundation' from project 'SwiftSpellbook')
    cd /Users/admin/builder/spi-builder-workspace/.swiftpm/xcode
    builtin-SwiftPerFileCompile BlockingQueue.swift
SwiftCompile normal arm64_32 /Users/admin/builder/spi-builder-workspace/.dependencies/checkouts/SwiftSpellbook/Sources/SpellbookFoundation/Threading\ &\ Concurrency/ConcurrentBlockOperation.swift (in target 'SpellbookFoundation' from project 'SwiftSpellbook')
    cd /Users/admin/builder/spi-builder-workspace/.swiftpm/xcode
    builtin-SwiftPerFileCompile ConcurrentBlockOperation.swift
SwiftCompile normal arm64_32 Compiling\ SBUnit.swift,\ SpellbookLog.swift,\ Utils.swift,\ WildcardExpression.swift,\ DictionaryCodingKey.swift,\ DictionaryReader.swift /Users/admin/builder/spi-builder-workspace/.dependencies/checkouts/SwiftSpellbook/Sources/SpellbookFoundation/Common/SBUnit.swift /Users/admin/builder/spi-builder-workspace/.dependencies/checkouts/SwiftSpellbook/Sources/SpellbookFoundation/Common/SpellbookLog.swift /Users/admin/builder/spi-builder-workspace/.dependencies/checkouts/SwiftSpellbook/Sources/SpellbookFoundation/Common/Utils.swift /Users/admin/builder/spi-builder-workspace/.dependencies/checkouts/SwiftSpellbook/Sources/SpellbookFoundation/Common/WildcardExpression.swift /Users/admin/builder/spi-builder-workspace/.dependencies/checkouts/SwiftSpellbook/Sources/SpellbookFoundation/DictionaryParsing/DictionaryCodingKey.swift /Users/admin/builder/spi-builder-workspace/.dependencies/checkouts/SwiftSpellbook/Sources/SpellbookFoundation/DictionaryParsing/DictionaryReader.swift (in target 'SpellbookFoundation' from project 'SwiftSpellbook')
SwiftCompile normal arm64_32 /Users/admin/builder/spi-builder-workspace/.dependencies/checkouts/SwiftSpellbook/Sources/SpellbookFoundation/Common/SBUnit.swift (in target 'SpellbookFoundation' from project 'SwiftSpellbook')
    cd /Users/admin/builder/spi-builder-workspace/.swiftpm/xcode
    builtin-SwiftPerFileCompile SBUnit.swift
SwiftCompile normal arm64_32 /Users/admin/builder/spi-builder-workspace/.dependencies/checkouts/SwiftSpellbook/Sources/SpellbookFoundation/Common/SpellbookLog.swift (in target 'SpellbookFoundation' from project 'SwiftSpellbook')
    cd /Users/admin/builder/spi-builder-workspace/.swiftpm/xcode
    builtin-SwiftPerFileCompile SpellbookLog.swift
SwiftCompile normal arm64_32 /Users/admin/builder/spi-builder-workspace/.dependencies/checkouts/SwiftSpellbook/Sources/SpellbookFoundation/Common/Utils.swift (in target 'SpellbookFoundation' from project 'SwiftSpellbook')
    cd /Users/admin/builder/spi-builder-workspace/.swiftpm/xcode
    builtin-SwiftPerFileCompile Utils.swift
SwiftCompile normal arm64_32 /Users/admin/builder/spi-builder-workspace/.dependencies/checkouts/SwiftSpellbook/Sources/SpellbookFoundation/Common/WildcardExpression.swift (in target 'SpellbookFoundation' from project 'SwiftSpellbook')
    cd /Users/admin/builder/spi-builder-workspace/.swiftpm/xcode
    builtin-SwiftPerFileCompile WildcardExpression.swift
SwiftCompile normal arm64_32 /Users/admin/builder/spi-builder-workspace/.dependencies/checkouts/SwiftSpellbook/Sources/SpellbookFoundation/DictionaryParsing/DictionaryCodingKey.swift (in target 'SpellbookFoundation' from project 'SwiftSpellbook')
    cd /Users/admin/builder/spi-builder-workspace/.swiftpm/xcode
    builtin-SwiftPerFileCompile DictionaryCodingKey.swift
SwiftCompile normal arm64_32 /Users/admin/builder/spi-builder-workspace/.dependencies/checkouts/SwiftSpellbook/Sources/SpellbookFoundation/DictionaryParsing/DictionaryReader.swift (in target 'SpellbookFoundation' from project 'SwiftSpellbook')
    cd /Users/admin/builder/spi-builder-workspace/.swiftpm/xcode
    builtin-SwiftPerFileCompile DictionaryReader.swift
SwiftCompile normal arm64_32 Compiling\ Proxies.swift,\ Benchmark.swift,\ CancellationToken.swift,\ Environment.swift,\ Extensions\ -\ Codable.swift,\ Extensions\ -\ Collections.swift /Users/admin/builder/spi-builder-workspace/.dependencies/checkouts/SwiftSpellbook/Sources/SpellbookFoundation/Combine/Proxies.swift /Users/admin/builder/spi-builder-workspace/.dependencies/checkouts/SwiftSpellbook/Sources/SpellbookFoundation/Common/Benchmark.swift /Users/admin/builder/spi-builder-workspace/.dependencies/checkouts/SwiftSpellbook/Sources/SpellbookFoundation/Common/CancellationToken.swift /Users/admin/builder/spi-builder-workspace/.dependencies/checkouts/SwiftSpellbook/Sources/SpellbookFoundation/Common/Environment.swift /Users/admin/builder/spi-builder-workspace/.dependencies/checkouts/SwiftSpellbook/Sources/SpellbookFoundation/Common/Extensions\ -\ Codable.swift /Users/admin/builder/spi-builder-workspace/.dependencies/checkouts/SwiftSpellbook/Sources/SpellbookFoundation/Common/Extensions\ -\ Collections.swift (in target 'SpellbookFoundation' from project 'SwiftSpellbook')
SwiftCompile normal arm64_32 /Users/admin/builder/spi-builder-workspace/.dependencies/checkouts/SwiftSpellbook/Sources/SpellbookFoundation/Combine/Proxies.swift (in target 'SpellbookFoundation' from project 'SwiftSpellbook')
    cd /Users/admin/builder/spi-builder-workspace/.swiftpm/xcode
    builtin-SwiftPerFileCompile Proxies.swift
SwiftCompile normal arm64_32 /Users/admin/builder/spi-builder-workspace/.dependencies/checkouts/SwiftSpellbook/Sources/SpellbookFoundation/Common/Benchmark.swift (in target 'SpellbookFoundation' from project 'SwiftSpellbook')
    cd /Users/admin/builder/spi-builder-workspace/.swiftpm/xcode
    builtin-SwiftPerFileCompile Benchmark.swift
SwiftCompile normal arm64_32 /Users/admin/builder/spi-builder-workspace/.dependencies/checkouts/SwiftSpellbook/Sources/SpellbookFoundation/Common/CancellationToken.swift (in target 'SpellbookFoundation' from project 'SwiftSpellbook')
    cd /Users/admin/builder/spi-builder-workspace/.swiftpm/xcode
    builtin-SwiftPerFileCompile CancellationToken.swift
SwiftCompile normal arm64_32 /Users/admin/builder/spi-builder-workspace/.dependencies/checkouts/SwiftSpellbook/Sources/SpellbookFoundation/Common/Environment.swift (in target 'SpellbookFoundation' from project 'SwiftSpellbook')
    cd /Users/admin/builder/spi-builder-workspace/.swiftpm/xcode
    builtin-SwiftPerFileCompile Environment.swift
SwiftCompile normal arm64_32 /Users/admin/builder/spi-builder-workspace/.dependencies/checkouts/SwiftSpellbook/Sources/SpellbookFoundation/Common/Extensions\ -\ Codable.swift (in target 'SpellbookFoundation' from project 'SwiftSpellbook')
    cd /Users/admin/builder/spi-builder-workspace/.swiftpm/xcode
    builtin-SwiftPerFileCompile Extensions\ -\ Codable.swift
SwiftCompile normal arm64_32 /Users/admin/builder/spi-builder-workspace/.dependencies/checkouts/SwiftSpellbook/Sources/SpellbookFoundation/Common/Extensions\ -\ Collections.swift (in target 'SpellbookFoundation' from project 'SwiftSpellbook')
    cd /Users/admin/builder/spi-builder-workspace/.swiftpm/xcode
    builtin-SwiftPerFileCompile Extensions\ -\ Collections.swift
SwiftEmitModule normal arm64_32 Emitting\ module\ for\ SpellbookFoundation (in target 'SpellbookFoundation' from project 'SwiftSpellbook')
SwiftCompile normal arm64_32 (in target 'SpellbookFoundation' from project 'SwiftSpellbook')
    cd /Users/admin/builder/spi-builder-workspace/.swiftpm/xcode

SwiftCompile normal arm64_32 Compiling\ Extensions\ -\ CoreGraphics.swift,\ AuditToken.swift,\ BridgedCEnum.swift,\ IOKitError.swift,\ Mach.swift,\ POD+Swift.swift /Users/admin/builder/spi-builder-workspace/.dependencies/checkouts/SwiftSpellbook/Sources/SpellbookFoundation/GUI/Extensions\ -\ CoreGraphics.swift /Users/admin/builder/spi-builder-workspace/.dependencies/checkouts/SwiftSpellbook/Sources/SpellbookFoundation/Low\ Level/AuditToken.swift /Users/admin/builder/spi-builder-workspace/.dependencies/checkouts/SwiftSpellbook/Sources/SpellbookFoundation/Low\ Level/BridgedCEnum.swift /Users/admin/builder/spi-builder-workspace/.dependencies/checkouts/SwiftSpellbook/Sources/SpellbookFoundation/Low\ Level/IOKitError.swift /Users/admin/builder/spi-builder-workspace/.dependencies/checkouts/SwiftSpellbook/Sources/SpellbookFoundation/Low\ Level/Mach.swift /Users/admin/builder/spi-builder-workspace/.dependencies/checkouts/SwiftSpellbook/Sources/SpellbookFoundation/Low\ Level/POD+Swift.swift (in target 'SpellbookFoundation' from project 'SwiftSpellbook')
SwiftCompile normal arm64_32 /Users/admin/builder/spi-builder-workspace/.dependencies/checkouts/SwiftSpellbook/Sources/SpellbookFoundation/GUI/Extensions\ -\ CoreGraphics.swift (in target 'SpellbookFoundation' from project 'SwiftSpellbook')
    cd /Users/admin/builder/spi-builder-workspace/.swiftpm/xcode
    builtin-SwiftPerFileCompile Extensions\ -\ CoreGraphics.swift
SwiftCompile normal arm64_32 /Users/admin/builder/spi-builder-workspace/.dependencies/checkouts/SwiftSpellbook/Sources/SpellbookFoundation/Low\ Level/AuditToken.swift (in target 'SpellbookFoundation' from project 'SwiftSpellbook')
    cd /Users/admin/builder/spi-builder-workspace/.swiftpm/xcode
    builtin-SwiftPerFileCompile AuditToken.swift
SwiftCompile normal arm64_32 /Users/admin/builder/spi-builder-workspace/.dependencies/checkouts/SwiftSpellbook/Sources/SpellbookFoundation/Low\ Level/BridgedCEnum.swift (in target 'SpellbookFoundation' from project 'SwiftSpellbook')
    cd /Users/admin/builder/spi-builder-workspace/.swiftpm/xcode
    builtin-SwiftPerFileCompile BridgedCEnum.swift
SwiftCompile normal arm64_32 /Users/admin/builder/spi-builder-workspace/.dependencies/checkouts/SwiftSpellbook/Sources/SpellbookFoundation/Low\ Level/IOKitError.swift (in target 'SpellbookFoundation' from project 'SwiftSpellbook')
    cd /Users/admin/builder/spi-builder-workspace/.swiftpm/xcode
    builtin-SwiftPerFileCompile IOKitError.swift
SwiftCompile normal arm64_32 /Users/admin/builder/spi-builder-workspace/.dependencies/checkouts/SwiftSpellbook/Sources/SpellbookFoundation/Low\ Level/Mach.swift (in target 'SpellbookFoundation' from project 'SwiftSpellbook')
    cd /Users/admin/builder/spi-builder-workspace/.swiftpm/xcode
    builtin-SwiftPerFileCompile Mach.swift
SwiftCompile normal arm64_32 /Users/admin/builder/spi-builder-workspace/.dependencies/checkouts/SwiftSpellbook/Sources/SpellbookFoundation/Low\ Level/POD+Swift.swift (in target 'SpellbookFoundation' from project 'SwiftSpellbook')
    cd /Users/admin/builder/spi-builder-workspace/.swiftpm/xcode
    builtin-SwiftPerFileCompile POD+Swift.swift
SwiftCompile normal arm64_32 Compiling\ BinaryParsingError.swift,\ BinaryReader.swift,\ BinaryReaderInput.swift,\ BinaryWriter.swift,\ BinaryWriterOutput.swift,\ Extensions\ -\ Publisher.swift /Users/admin/builder/spi-builder-workspace/.dependencies/checkouts/SwiftSpellbook/Sources/SpellbookFoundation/BinaryParsing/BinaryParsingError.swift /Users/admin/builder/spi-builder-workspace/.dependencies/checkouts/SwiftSpellbook/Sources/SpellbookFoundation/BinaryParsing/BinaryReader.swift /Users/admin/builder/spi-builder-workspace/.dependencies/checkouts/SwiftSpellbook/Sources/SpellbookFoundation/BinaryParsing/BinaryReaderInput.swift /Users/admin/builder/spi-builder-workspace/.dependencies/checkouts/SwiftSpellbook/Sources/SpellbookFoundation/BinaryParsing/BinaryWriter.swift /Users/admin/builder/spi-builder-workspace/.dependencies/checkouts/SwiftSpellbook/Sources/SpellbookFoundation/BinaryParsing/BinaryWriterOutput.swift /Users/admin/builder/spi-builder-workspace/.dependencies/checkouts/SwiftSpellbook/Sources/SpellbookFoundation/Combine/Extensions\ -\ Publisher.swift (in target 'SpellbookFoundation' from project 'SwiftSpellbook')
SwiftCompile normal arm64_32 /Users/admin/builder/spi-builder-workspace/.dependencies/checkouts/SwiftSpellbook/Sources/SpellbookFoundation/BinaryParsing/BinaryParsingError.swift (in target 'SpellbookFoundation' from project 'SwiftSpellbook')
    cd /Users/admin/builder/spi-builder-workspace/.swiftpm/xcode
    builtin-SwiftPerFileCompile BinaryParsingError.swift
SwiftCompile normal arm64_32 /Users/admin/builder/spi-builder-workspace/.dependencies/checkouts/SwiftSpellbook/Sources/SpellbookFoundation/BinaryParsing/BinaryReader.swift (in target 'SpellbookFoundation' from project 'SwiftSpellbook')
    cd /Users/admin/builder/spi-builder-workspace/.swiftpm/xcode
    builtin-SwiftPerFileCompile BinaryReader.swift
SwiftCompile normal arm64_32 /Users/admin/builder/spi-builder-workspace/.dependencies/checkouts/SwiftSpellbook/Sources/SpellbookFoundation/BinaryParsing/BinaryReaderInput.swift (in target 'SpellbookFoundation' from project 'SwiftSpellbook')
    cd /Users/admin/builder/spi-builder-workspace/.swiftpm/xcode
    builtin-SwiftPerFileCompile BinaryReaderInput.swift
SwiftCompile normal arm64_32 /Users/admin/builder/spi-builder-workspace/.dependencies/checkouts/SwiftSpellbook/Sources/SpellbookFoundation/BinaryParsing/BinaryWriter.swift (in target 'SpellbookFoundation' from project 'SwiftSpellbook')
    cd /Users/admin/builder/spi-builder-workspace/.swiftpm/xcode
    builtin-SwiftPerFileCompile BinaryWriter.swift
SwiftCompile normal arm64_32 /Users/admin/builder/spi-builder-workspace/.dependencies/checkouts/SwiftSpellbook/Sources/SpellbookFoundation/BinaryParsing/BinaryWriterOutput.swift (in target 'SpellbookFoundation' from project 'SwiftSpellbook')
    cd /Users/admin/builder/spi-builder-workspace/.swiftpm/xcode
    builtin-SwiftPerFileCompile BinaryWriterOutput.swift
SwiftCompile normal arm64_32 /Users/admin/builder/spi-builder-workspace/.dependencies/checkouts/SwiftSpellbook/Sources/SpellbookFoundation/Combine/Extensions\ -\ Publisher.swift (in target 'SpellbookFoundation' from project 'SwiftSpellbook')
    cd /Users/admin/builder/spi-builder-workspace/.swiftpm/xcode
    builtin-SwiftPerFileCompile Extensions\ -\ Publisher.swift
SwiftCompile normal arm64_32 Compiling\ Extensions\ -\ Comparable.swift,\ Extensions\ -\ Formatters.swift,\ Extensions\ -\ NSError.swift,\ Extensions\ -\ Other.swift,\ Extensions\ -\ StandardTypes.swift,\ ObjectBuilder.swift /Users/admin/builder/spi-builder-workspace/.dependencies/checkouts/SwiftSpellbook/Sources/SpellbookFoundation/Common/Extensions\ -\ Comparable.swift /Users/admin/builder/spi-builder-workspace/.dependencies/checkouts/SwiftSpellbook/Sources/SpellbookFoundation/Common/Extensions\ -\ Formatters.swift /Users/admin/builder/spi-builder-workspace/.dependencies/checkouts/SwiftSpellbook/Sources/SpellbookFoundation/Common/Extensions\ -\ NSError.swift /Users/admin/builder/spi-builder-workspace/.dependencies/checkouts/SwiftSpellbook/Sources/SpellbookFoundation/Common/Extensions\ -\ Other.swift /Users/admin/builder/spi-builder-workspace/.dependencies/checkouts/SwiftSpellbook/Sources/SpellbookFoundation/Common/Extensions\ -\ StandardTypes.swift /Users/admin/builder/spi-builder-workspace/.dependencies/checkouts/SwiftSpellbook/Sources/SpellbookFoundation/Common/ObjectBuilder.swift (in target 'SpellbookFoundation' from project 'SwiftSpellbook')
SwiftCompile normal arm64_32 /Users/admin/builder/spi-builder-workspace/.dependencies/checkouts/SwiftSpellbook/Sources/SpellbookFoundation/Common/Extensions\ -\ Comparable.swift (in target 'SpellbookFoundation' from project 'SwiftSpellbook')
    cd /Users/admin/builder/spi-builder-workspace/.swiftpm/xcode
    builtin-SwiftPerFileCompile Extensions\ -\ Comparable.swift
SwiftCompile normal arm64_32 /Users/admin/builder/spi-builder-workspace/.dependencies/checkouts/SwiftSpellbook/Sources/SpellbookFoundation/Common/Extensions\ -\ Formatters.swift (in target 'SpellbookFoundation' from project 'SwiftSpellbook')
    cd /Users/admin/builder/spi-builder-workspace/.swiftpm/xcode
    builtin-SwiftPerFileCompile Extensions\ -\ Formatters.swift
SwiftCompile normal arm64_32 /Users/admin/builder/spi-builder-workspace/.dependencies/checkouts/SwiftSpellbook/Sources/SpellbookFoundation/Common/Extensions\ -\ NSError.swift (in target 'SpellbookFoundation' from project 'SwiftSpellbook')
    cd /Users/admin/builder/spi-builder-workspace/.swiftpm/xcode
    builtin-SwiftPerFileCompile Extensions\ -\ NSError.swift
SwiftCompile normal arm64_32 /Users/admin/builder/spi-builder-workspace/.dependencies/checkouts/SwiftSpellbook/Sources/SpellbookFoundation/Common/Extensions\ -\ Other.swift (in target 'SpellbookFoundation' from project 'SwiftSpellbook')
    cd /Users/admin/builder/spi-builder-workspace/.swiftpm/xcode
    builtin-SwiftPerFileCompile Extensions\ -\ Other.swift
SwiftCompile normal arm64_32 /Users/admin/builder/spi-builder-workspace/.dependencies/checkouts/SwiftSpellbook/Sources/SpellbookFoundation/Common/Extensions\ -\ StandardTypes.swift (in target 'SpellbookFoundation' from project 'SwiftSpellbook')
    cd /Users/admin/builder/spi-builder-workspace/.swiftpm/xcode
    builtin-SwiftPerFileCompile Extensions\ -\ StandardTypes.swift
SwiftCompile normal arm64_32 /Users/admin/builder/spi-builder-workspace/.dependencies/checkouts/SwiftSpellbook/Sources/SpellbookFoundation/Common/ObjectBuilder.swift (in target 'SpellbookFoundation' from project 'SwiftSpellbook')
    cd /Users/admin/builder/spi-builder-workspace/.swiftpm/xcode
    builtin-SwiftPerFileCompile ObjectBuilder.swift
SwiftCompile normal arm64_32 Compiling\ SynchronousExecutor.swift,\ Boxing.swift,\ Closure.swift,\ CommonError.swift,\ Refreshable.swift,\ Resource\ (RAII).swift /Users/admin/builder/spi-builder-workspace/.dependencies/checkouts/SwiftSpellbook/Sources/SpellbookFoundation/Threading\ &\ Concurrency/SynchronousExecutor.swift /Users/admin/builder/spi-builder-workspace/.dependencies/checkouts/SwiftSpellbook/Sources/SpellbookFoundation/Types\ &\ PropertyWrappers/Boxing.swift /Users/admin/builder/spi-builder-workspace/.dependencies/checkouts/SwiftSpellbook/Sources/SpellbookFoundation/Types\ &\ PropertyWrappers/Closure.swift /Users/admin/builder/spi-builder-workspace/.dependencies/checkouts/SwiftSpellbook/Sources/SpellbookFoundation/Types\ &\ PropertyWrappers/CommonError.swift /Users/admin/builder/spi-builder-workspace/.dependencies/checkouts/SwiftSpellbook/Sources/SpellbookFoundation/Types\ &\ PropertyWrappers/Refreshable.swift /Users/admin/builder/spi-builder-workspace/.dependencies/checkouts/SwiftSpellbook/Sources/SpellbookFoundation/Types\ &\ PropertyWrappers/Resource\ (RAII).swift (in target 'SpellbookFoundation' from project 'SwiftSpellbook')
/Users/admin/builder/spi-builder-workspace/.dependencies/checkouts/SwiftSpellbook/Sources/SpellbookFoundation/Threading & Concurrency/SynchronousExecutor.swift:49:20: error: cannot find 'atomic_flag' in scope
 47 |         group.enter()
 48 |
 49 |         var once = atomic_flag()
    |                    `- error: cannot find 'atomic_flag' in scope
 50 |         try action {
 51 |             guard !atomic_flag_test_and_set(&once) else {
/Users/admin/builder/spi-builder-workspace/.dependencies/checkouts/SwiftSpellbook/Sources/SpellbookFoundation/Threading & Concurrency/SynchronousExecutor.swift:51:20: error: cannot find 'atomic_flag_test_and_set' in scope
 49 |         var once = atomic_flag()
 50 |         try action {
 51 |             guard !atomic_flag_test_and_set(&once) else {
    |                    `- error: cannot find 'atomic_flag_test_and_set' in scope
 52 |                 if !RunEnvironment.isXCTesting {
 53 |                     assertionFailure("\(Self.self) async action called multiple times")
/Users/admin/builder/spi-builder-workspace/.dependencies/checkouts/SwiftSpellbook/Sources/SpellbookFoundation/Types & PropertyWrappers/Closure.swift:46:20: error: cannot find 'atomic_flag' in scope
 44 | extension Closure {
 45 |     public func oneShot() -> Self where R == Void {
 46 |         var once = atomic_flag()
    |                    `- error: cannot find 'atomic_flag' in scope
 47 |         return Self { result in
 48 |             if !atomic_flag_test_and_set(&once) {
/Users/admin/builder/spi-builder-workspace/.dependencies/checkouts/SwiftSpellbook/Sources/SpellbookFoundation/Types & PropertyWrappers/Closure.swift:48:17: error: cannot find 'atomic_flag_test_and_set' in scope
 46 |         var once = atomic_flag()
 47 |         return Self { result in
 48 |             if !atomic_flag_test_and_set(&once) {
    |                 `- error: cannot find 'atomic_flag_test_and_set' in scope
 49 |                 self(result)
 50 |             }
/Users/admin/builder/spi-builder-workspace/.dependencies/checkouts/SwiftSpellbook/Sources/SpellbookFoundation/Types & PropertyWrappers/Closure.swift:109:20: error: cannot find 'atomic_flag' in scope
107 | extension ClosureT {
108 |     public func oneShot() -> Self where R == Void {
109 |         var once = atomic_flag()
    |                    `- error: cannot find 'atomic_flag' in scope
110 |         return Self { value in
111 |             var result: Result<R, Error>?
/Users/admin/builder/spi-builder-workspace/.dependencies/checkouts/SwiftSpellbook/Sources/SpellbookFoundation/Types & PropertyWrappers/Closure.swift:112:17: error: cannot find 'atomic_flag_test_and_set' in scope
110 |         return Self { value in
111 |             var result: Result<R, Error>?
112 |             if !atomic_flag_test_and_set(&once) {
    |                 `- error: cannot find 'atomic_flag_test_and_set' in scope
113 |                 result = Result { try self(value) }
114 |             }
Failed frontend command:
/Applications/Xcode-27.0.0-Release.Candidate.app/Contents/Developer/Toolchains/XcodeDefault.xctoolchain/usr/bin/swift-frontend -frontend -c /Users/admin/builder/spi-builder-workspace/.dependencies/checkouts/SwiftSpellbook/Sources/SpellbookFoundation/BinaryParsing/BinaryParsingError.swift /Users/admin/builder/spi-builder-workspace/.dependencies/checkouts/SwiftSpellbook/Sources/SpellbookFoundation/BinaryParsing/BinaryReader.swift /Users/admin/builder/spi-builder-workspace/.dependencies/checkouts/SwiftSpellbook/Sources/SpellbookFoundation/BinaryParsing/BinaryReaderInput.swift /Users/admin/builder/spi-builder-workspace/.dependencies/checkouts/SwiftSpellbook/Sources/SpellbookFoundation/BinaryParsing/BinaryWriter.swift /Users/admin/builder/spi-builder-workspace/.dependencies/checkouts/SwiftSpellbook/Sources/SpellbookFoundation/BinaryParsing/BinaryWriterOutput.swift /Users/admin/builder/spi-builder-workspace/.dependencies/checkouts/SwiftSpellbook/Sources/SpellbookFoundation/Combine/Extensions\ -\ Publisher.swift /Users/admin/builder/spi-builder-workspace/.dependencies/checkouts/SwiftSpellbook/Sources/SpellbookFoundation/Combine/Proxies.swift /Users/admin/builder/spi-builder-workspace/.dependencies/checkouts/SwiftSpellbook/Sources/SpellbookFoundation/Common/Benchmark.swift /Users/admin/builder/spi-builder-workspace/.dependencies/checkouts/SwiftSpellbook/Sources/SpellbookFoundation/Common/CancellationToken.swift /Users/admin/builder/spi-builder-workspace/.dependencies/checkouts/SwiftSpellbook/Sources/SpellbookFoundation/Common/Environment.swift /Users/admin/builder/spi-builder-workspace/.dependencies/checkouts/SwiftSpellbook/Sources/SpellbookFoundation/Common/Extensions\ -\ Codable.swift /Users/admin/builder/spi-builder-workspace/.dependencies/checkouts/SwiftSpellbook/Sources/SpellbookFoundation/Common/Extensions\ -\ Collections.swift /Users/admin/builder/spi-builder-workspace/.dependencies/checkouts/SwiftSpellbook/Sources/SpellbookFoundation/Common/Extensions\ -\ Comparable.swift /Users/admin/builder/spi-builder-workspace/.dependencies/checkouts/SwiftSpellbook/Sources/SpellbookFoundation/Common/Extensions\ -\ Formatters.swift /Users/admin/builder/spi-builder-workspace/.dependencies/checkouts/SwiftSpellbook/Sources/SpellbookFoundation/Common/Extensions\ -\ NSError.swift /Users/admin/builder/spi-builder-workspace/.dependencies/checkouts/SwiftSpellbook/Sources/SpellbookFoundation/Common/Extensions\ -\ Other.swift /Users/admin/builder/spi-builder-workspace/.dependencies/checkouts/SwiftSpellbook/Sources/SpellbookFoundation/Common/Extensions\ -\ StandardTypes.swift /Users/admin/builder/spi-builder-workspace/.dependencies/checkouts/SwiftSpellbook/Sources/SpellbookFoundation/Common/ObjectBuilder.swift /Users/admin/builder/spi-builder-workspace/.dependencies/checkouts/SwiftSpellbook/Sources/SpellbookFoundation/Common/SBUnit.swift /Users/admin/builder/spi-builder-workspace/.dependencies/checkouts/SwiftSpellbook/Sources/SpellbookFoundation/Common/SpellbookLog.swift /Users/admin/builder/spi-builder-workspace/.dependencies/checkouts/SwiftSpellbook/Sources/SpellbookFoundation/Common/Utils.swift /Users/admin/builder/spi-builder-workspace/.dependencies/checkouts/SwiftSpellbook/Sources/SpellbookFoundation/Common/WildcardExpression.swift /Users/admin/builder/spi-builder-workspace/.dependencies/checkouts/SwiftSpellbook/Sources/SpellbookFoundation/DictionaryParsing/DictionaryCodingKey.swift /Users/admin/builder/spi-builder-workspace/.dependencies/checkouts/SwiftSpellbook/Sources/SpellbookFoundation/DictionaryParsing/DictionaryReader.swift /Users/admin/builder/spi-builder-workspace/.dependencies/checkouts/SwiftSpellbook/Sources/SpellbookFoundation/DictionaryParsing/DictionaryWriter.swift /Users/admin/builder/spi-builder-workspace/.dependencies/checkouts/SwiftSpellbook/Sources/SpellbookFoundation/Filesystem\ \&\ Bundle/Extensions\ -\ Bundle.swift /Users/admin/builder/spi-builder-workspace/.dependencies/checkouts/SwiftSpellbook/Sources/SpellbookFoundation/Filesystem\ \&\ Bundle/Extensions\ -\ FileManager.swift /Users/admin/builder/spi-builder-workspace/.dependencies/checkouts/SwiftSpellbook/Sources/SpellbookFoundation/Filesystem\ \&\ Bundle/FileEnumerator.swift /Users/admin/builder/spi-builder-workspace/.dependencies/checkouts/SwiftSpellbook/Sources/SpellbookFoundation/Filesystem\ \&\ Bundle/FileStore.swift /Users/admin/builder/spi-builder-workspace/.dependencies/checkouts/SwiftSpellbook/Sources/SpellbookFoundation/Filesystem\ \&\ Bundle/TemporaryDirectory.swift /Users/admin/builder/spi-builder-workspace/.dependencies/checkouts/SwiftSpellbook/Sources/SpellbookFoundation/GUI/Extensions\ -\ CoreGraphics.swift /Users/admin/builder/spi-builder-workspace/.dependencies/checkouts/SwiftSpellbook/Sources/SpellbookFoundation/Low\ Level/AuditToken.swift /Users/admin/builder/spi-builder-workspace/.dependencies/checkouts/SwiftSpellbook/Sources/SpellbookFoundation/Low\ Level/BridgedCEnum.swift /Users/admin/builder/spi-builder-workspace/.dependencies/checkouts/SwiftSpellbook/Sources/SpellbookFoundation/Low\ Level/IOKitError.swift /Users/admin/builder/spi-builder-workspace/.dependencies/checkouts/SwiftSpellbook/Sources/SpellbookFoundation/Low\ Level/Mach.swift /Users/admin/builder/spi-builder-workspace/.dependencies/checkouts/SwiftSpellbook/Sources/SpellbookFoundation/Low\ Level/POD+Swift.swift /Users/admin/builder/spi-builder-workspace/.dependencies/checkouts/SwiftSpellbook/Sources/SpellbookFoundation/Low\ Level/Unsafe.swift /Users/admin/builder/spi-builder-workspace/.dependencies/checkouts/SwiftSpellbook/Sources/SpellbookFoundation/ObjC\ Bridging/Exceptions.swift /Users/admin/builder/spi-builder-workspace/.dependencies/checkouts/SwiftSpellbook/Sources/SpellbookFoundation/System\ \&\ Hardware/DeviceInfo.swift /Users/admin/builder/spi-builder-workspace/.dependencies/checkouts/SwiftSpellbook/Sources/SpellbookFoundation/Threading\ \&\ Concurrency/Atomic.swift /Users/admin/builder/spi-builder-workspace/.dependencies/checkouts/SwiftSpellbook/Sources/SpellbookFoundation/Threading\ \&\ Concurrency/BlockingQueue.swift /Users/admin/builder/spi-builder-workspace/.dependencies/checkouts/SwiftSpellbook/Sources/SpellbookFoundation/Threading\ \&\ Concurrency/ConcurrentBlockOperation.swift /Users/admin/builder/spi-builder-workspace/.dependencies/checkouts/SwiftSpellbook/Sources/SpellbookFoundation/Threading\ \&\ Concurrency/Extensions\ -\ DispatchQueue.swift /Users/admin/builder/spi-builder-workspace/.dependencies/checkouts/SwiftSpellbook/Sources/SpellbookFoundation/Threading\ \&\ Concurrency/Extensions\ -\ Locks.swift /Users/admin/builder/spi-builder-workspace/.dependencies/checkouts/SwiftSpellbook/Sources/SpellbookFoundation/Threading\ \&\ Concurrency/Extensions\ -\ Task.swift /Users/admin/builder/spi-builder-workspace/.dependencies/checkouts/SwiftSpellbook/Sources/SpellbookFoundation/Threading\ \&\ Concurrency/PosixLocks.swift /Users/admin/builder/spi-builder-workspace/.dependencies/checkouts/SwiftSpellbook/Sources/SpellbookFoundation/Threading\ \&\ Concurrency/SynchronizationUtils.swift /Users/admin/builder/spi-builder-workspace/.dependencies/checkouts/SwiftSpellbook/Sources/SpellbookFoundation/Threading\ \&\ Concurrency/Synchronized.swift -primary-file /Users/admin/builder/spi-builder-workspace/.dependencies/checkouts/SwiftSpellbook/Sources/SpellbookFoundation/Threading\ \&\ Concurrency/SynchronousExecutor.swift -primary-file /Users/admin/builder/spi-builder-workspace/.dependencies/checkouts/SwiftSpellbook/Sources/SpellbookFoundation/Types\ \&\ PropertyWrappers/Boxing.swift -primary-file /Users/admin/builder/spi-builder-workspace/.dependencies/checkouts/SwiftSpellbook/Sources/SpellbookFoundation/Types\ \&\ PropertyWrappers/Closure.swift -primary-file /Users/admin/builder/spi-builder-workspace/.dependencies/checkouts/SwiftSpellbook/Sources/SpellbookFoundation/Types\ \&\ PropertyWrappers/CommonError.swift -primary-file /Users/admin/builder/spi-builder-workspace/.dependencies/checkouts/SwiftSpellbook/Sources/SpellbookFoundation/Types\ \&\ PropertyWrappers/Refreshable.swift -primary-file /Users/admin/builder/spi-builder-workspace/.dependencies/checkouts/SwiftSpellbook/Sources/SpellbookFoundation/Types\ \&\ PropertyWrappers/Resource\ \(RAII\).swift /Users/admin/builder/spi-builder-workspace/.dependencies/checkouts/SwiftSpellbook/Sources/SpellbookFoundation/Types\ \&\ PropertyWrappers/Types.swift /Users/admin/builder/spi-builder-workspace/.dependencies/checkouts/SwiftSpellbook/Sources/SpellbookFoundation/ValueObserving/EventAsk.swift /Users/admin/builder/spi-builder-workspace/.dependencies/checkouts/SwiftSpellbook/Sources/SpellbookFoundation/ValueObserving/EventNotify.swift /Users/admin/builder/spi-builder-workspace/.dependencies/checkouts/SwiftSpellbook/Sources/SpellbookFoundation/ValueObserving/Observable.swift /Users/admin/builder/spi-builder-workspace/.dependencies/checkouts/SwiftSpellbook/Sources/SpellbookFoundation/ValueObserving/ValueObserving.swift /Users/admin/builder/spi-builder-workspace/.dependencies/checkouts/SwiftSpellbook/Sources/SpellbookFoundation/ValueObserving/ValueStore.swift -supplementary-output-file-map /Users/admin/builder/spi-builder-workspace/.derivedData/Build/Intermediates.noindex/SwiftSpellbook.build/Debug-watchos/SpellbookFoundation-t.build/Objects-normal/arm64_32/supplementaryOutputs-19 -target arm64_32-apple-watchos9.0 -disable-cross-import-overlay-search -swift-module-cross-import Darwin /Applications/Xcode-27.0.0-Release.Candidate.app/Contents/Developer/Platforms/WatchOS.platform/Developer/SDKs/WatchOS.sdk/usr/include/Darwin.swiftcrossimport/xlocale.swiftoverlay -load-resolved-plugin /Applications/Xcode-27.0.0-Release.Candidate.app/Contents/Developer/Platforms/WatchOS.platform/Developer/usr/lib/swift/host/plugins/libFoundationMacros.dylib\#/Applications/Xcode-27.0.0-Release.Candidate.app/Contents/Developer/Platforms/WatchOS.platform/Developer/usr/bin/swift-plugin-server\#FoundationMacros -load-resolved-plugin /Applications/Xcode-27.0.0-Release.Candidate.app/Contents/Developer/Platforms/WatchOS.platform/Developer/usr/lib/swift/host/plugins/libObservationMacros.dylib\#/Applications/Xcode-27.0.0-Release.Candidate.app/Contents/Developer/Platforms/WatchOS.platform/Developer/usr/bin/swift-plugin-server\#ObservationMacros -load-resolved-plugin /Applications/Xcode-27.0.0-Release.Candidate.app/Contents/Developer/Platforms/WatchOS.platform/Developer/usr/lib/swift/host/plugins/libSwiftMacros.dylib\#/Applications/Xcode-27.0.0-Release.Candidate.app/Contents/Developer/Platforms/WatchOS.platform/Developer/usr/bin/swift-plugin-server\#SwiftMacros -disable-implicit-swift-modules -Xcc -fno-implicit-modules -Xcc -fno-implicit-module-maps -explicit-swift-module-map-file /Users/admin/builder/spi-builder-workspace/.derivedData/Build/Intermediates.noindex/SwiftSpellbook.build/Debug-watchos/SpellbookFoundation-t.build/Objects-normal/arm64_32/SpellbookFoundation-dependencies-1.json -enable-objc-interop -sdk /Applications/Xcode-27.0.0-Release.Candidate.app/Contents/Developer/Platforms/WatchOS.platform/Developer/SDKs/WatchOS27.0.sdk -I /Users/admin/builder/spi-builder-workspace/.derivedData/Build/Products/Debug-watchos -Isystem /Applications/Xcode-27.0.0-Release.Candidate.app/Contents/Developer/Platforms/WatchOS.platform/Developer/usr/lib -F /Users/admin/builder/spi-builder-workspace/.derivedData/Build/Products/Debug-watchos/PackageFrameworks -F /Users/admin/builder/spi-builder-workspace/.derivedData/Build/Products/Debug-watchos -F /Applications/Xcode-27.0.0-Release.Candidate.app/Contents/Developer/Platforms/WatchOS.platform/Developer/Library/Frameworks -F /Applications/Xcode-27.0.0-Release.Candidate.app/Contents/Developer/Platforms/WatchOS.platform/Developer/SDKs/WatchOS27.0.sdk/Developer/Library/Frameworks -module-cache-path /Users/admin/builder/spi-builder-workspace/.derivedData/Build/Intermediates.noindex/SwiftExplicitPrecompiledModules -no-color-diagnostics -Xcc -fno-color-diagnostics -enable-testing -g -debug-info-format\=dwarf -dwarf-version\=4 -suppress-warnings -profile-generate -profile-coverage-mapping -swift-version 5 -Onone -D SWIFT_PACKAGE -D DEBUG -D SWIFT_MODULE_RESOURCE_BUNDLE_UNAVAILABLE -D Xcode -serialize-debugging-options -enable-experimental-feature DebugDescriptionMacro -empty-abi-descriptor -validate-clang-modules-once -clang-build-session-file /Users/admin/builder/spi-builder-workspace/.derivedData/ModuleCache.noindex/Session.modulevalidation -Xcc -working-directory -Xcc /Users/admin/builder/spi-builder-workspace/.swiftpm/xcode -enable-anonymous-context-mangled-names -file-compilation-dir /Users/admin/builder/spi-builder-workspace/.swiftpm/xcode -Xcc -fmodule-map-file\=/Users/admin/builder/spi-builder-workspace/.derivedData/Build/Intermediates.noindex/GeneratedModuleMaps-watchos/SpellbookFoundationObjC.modulemap -Xcc -D_LIBCPP_HARDENING_MODE\=_LIBCPP_HARDENING_MODE_DEBUG -Xcc -ivfsstatcache -Xcc /Users/admin/builder/spi-builder-workspace/.derivedData/SDKStatCaches.noindex/watchos27.0-24R360-e829b21a6f8c9b70876ba0858053c04477534ef55a1706bf4c1112bbb242f0a2.sdkstatcache -Xcc -fmodules-prune-interval\=86400 -Xcc -fmodules-prune-after\=345600 -Xcc -I/Users/admin/builder/spi-builder-workspace/.dependencies/checkouts/SwiftSpellbook/Sources/SpellbookFoundationObjC -Xcc -I/Users/admin/builder/spi-builder-workspace/.derivedData/Build/Products/Debug-watchos/include -Xcc -I/Users/admin/builder/spi-builder-workspace/.derivedData/Build/Intermediates.noindex/SwiftSpellbook.build/Debug-watchos/SpellbookFoundation-t.build/DerivedSources-normal/arm64_32 -Xcc -I/Users/admin/builder/spi-builder-workspace/.derivedData/Build/Intermediates.noindex/SwiftSpellbook.build/Debug-watchos/SpellbookFoundation-t.build/DerivedSources/arm64_32 -Xcc -I/Users/admin/builder/spi-builder-workspace/.derivedData/Build/Intermediates.noindex/SwiftSpellbook.build/Debug-watchos/SpellbookFoundation-t.build/DerivedSources -Xcc -DSWIFT_PACKAGE -Xcc -DDEBUG\=1 -no-auto-bridging-header-chaining -module-name SpellbookFoundation -const-gather-protocols-file /Users/admin/builder/spi-builder-workspace/.derivedData/Build/Intermediates.noindex/SwiftSpellbook.build/Debug-watchos/SpellbookFoundation-t.build/Objects-normal/arm64_32/SpellbookFoundation_const_extract_protocols.json -disable-clang-spi -clang-target arm64_32-apple-watchos27.0 -target-sdk-version 27.0 -target-sdk-name watchos27.0 -in-process-plugin-server-path /Applications/Xcode-27.0.0-Release.Candidate.app/Contents/Developer/Toolchains/XcodeDefault.xctoolchain/usr/lib/swift/host/libSwiftInProcPluginServer.dylib -parse-as-library -o /Users/admin/builder/spi-builder-workspace/.derivedData/Build/Intermediates.noindex/SwiftSpellbook.build/Debug-watchos/SpellbookFoundation-t.build/Objects-normal/arm64_32/SynchronousExecutor.o -o /Users/admin/builder/spi-builder-workspace/.derivedData/Build/Intermediates.noindex/SwiftSpellbook.build/Debug-watchos/SpellbookFoundation-t.build/Objects-normal/arm64_32/Boxing.o -o /Users/admin/builder/spi-builder-workspace/.derivedData/Build/Intermediates.noindex/SwiftSpellbook.build/Debug-watchos/SpellbookFoundation-t.build/Objects-normal/arm64_32/Closure.o -o /Users/admin/builder/spi-builder-workspace/.derivedData/Build/Intermediates.noindex/SwiftSpellbook.build/Debug-watchos/SpellbookFoundation-t.build/Objects-normal/arm64_32/CommonError.o -o /Users/admin/builder/spi-builder-workspace/.derivedData/Build/Intermediates.noindex/SwiftSpellbook.build/Debug-watchos/SpellbookFoundation-t.build/Objects-normal/arm64_32/Refreshable.o -o /Users/admin/builder/spi-builder-workspace/.derivedData/Build/Intermediates.noindex/SwiftSpellbook.build/Debug-watchos/SpellbookFoundation-t.build/Objects-normal/arm64_32/Resource\ \(RAII\).o -debug-module-path /Users/admin/builder/spi-builder-workspace/.derivedData/Build/Intermediates.noindex/SwiftSpellbook.build/Debug-watchos/SpellbookFoundation-t.build/Objects-normal/arm64_32/SpellbookFoundation.swiftmodule -index-unit-output-path /SwiftSpellbook.build/Debug-watchos/SpellbookFoundation-t.build/Objects-normal/arm64_32/SynchronousExecutor.o -index-unit-output-path /SwiftSpellbook.build/Debug-watchos/SpellbookFoundation-t.build/Objects-normal/arm64_32/Boxing.o -index-unit-output-path /SwiftSpellbook.build/Debug-watchos/SpellbookFoundation-t.build/Objects-normal/arm64_32/Closure.o -index-unit-output-path /SwiftSpellbook.build/Debug-watchos/SpellbookFoundation-t.build/Objects-normal/arm64_32/CommonError.o -index-unit-output-path /SwiftSpellbook.build/Debug-watchos/SpellbookFoundation-t.build/Objects-normal/arm64_32/Refreshable.o -index-unit-output-path /SwiftSpellbook.build/Debug-watchos/SpellbookFoundation-t.build/Objects-normal/arm64_32/Resource\ \(RAII\).o -index-store-path /Users/admin/builder/spi-builder-workspace/.derivedData/Index.noindex/DataStore -index-system-modules
SwiftCompile normal arm64_32 /Users/admin/builder/spi-builder-workspace/.dependencies/checkouts/SwiftSpellbook/Sources/SpellbookFoundation/Threading\ &\ Concurrency/SynchronousExecutor.swift (in target 'SpellbookFoundation' from project 'SwiftSpellbook')
    cd /Users/admin/builder/spi-builder-workspace/.swiftpm/xcode
    builtin-SwiftPerFileCompile SynchronousExecutor.swift
SwiftCompile normal arm64_32 /Users/admin/builder/spi-builder-workspace/.dependencies/checkouts/SwiftSpellbook/Sources/SpellbookFoundation/Types\ &\ PropertyWrappers/Boxing.swift (in target 'SpellbookFoundation' from project 'SwiftSpellbook')
    cd /Users/admin/builder/spi-builder-workspace/.swiftpm/xcode
    builtin-SwiftPerFileCompile Boxing.swift
SwiftCompile normal arm64_32 /Users/admin/builder/spi-builder-workspace/.dependencies/checkouts/SwiftSpellbook/Sources/SpellbookFoundation/Types\ &\ PropertyWrappers/Closure.swift (in target 'SpellbookFoundation' from project 'SwiftSpellbook')
    cd /Users/admin/builder/spi-builder-workspace/.swiftpm/xcode
    builtin-SwiftPerFileCompile Closure.swift
SwiftCompile normal arm64_32 /Users/admin/builder/spi-builder-workspace/.dependencies/checkouts/SwiftSpellbook/Sources/SpellbookFoundation/Types\ &\ PropertyWrappers/CommonError.swift (in target 'SpellbookFoundation' from project 'SwiftSpellbook')
    cd /Users/admin/builder/spi-builder-workspace/.swiftpm/xcode
    builtin-SwiftPerFileCompile CommonError.swift
SwiftCompile normal arm64_32 /Users/admin/builder/spi-builder-workspace/.dependencies/checkouts/SwiftSpellbook/Sources/SpellbookFoundation/Types\ &\ PropertyWrappers/Refreshable.swift (in target 'SpellbookFoundation' from project 'SwiftSpellbook')
    cd /Users/admin/builder/spi-builder-workspace/.swiftpm/xcode
    builtin-SwiftPerFileCompile Refreshable.swift
SwiftCompile normal arm64_32 /Users/admin/builder/spi-builder-workspace/.dependencies/checkouts/SwiftSpellbook/Sources/SpellbookFoundation/Types\ &\ PropertyWrappers/Resource\ (RAII).swift (in target 'SpellbookFoundation' from project 'SwiftSpellbook')
    cd /Users/admin/builder/spi-builder-workspace/.swiftpm/xcode
    builtin-SwiftPerFileCompile Resource\ \(RAII\).swift
SwiftExplicitDependencyGeneratePcm arm64 /Users/admin/builder/spi-builder-workspace/.derivedData/Build/Intermediates.noindex/SwiftExplicitPrecompiledModules/SpellbookFoundationObjC-DKHPVBZGN9WQMGZEJGSXWT8TB.pcm
SwiftDriverJobDiscovery normal arm64_32 Emitting module for SpellbookFoundation (in target 'SpellbookFoundation' from project 'SwiftSpellbook')
SwiftDriver\ Compilation\ Requirements SpellbookFoundation normal arm64_32 com.apple.xcode.tools.swift.compiler (in target 'SpellbookFoundation' from project 'SwiftSpellbook')
    cd /Users/admin/builder/spi-builder-workspace/.swiftpm/xcode
    builtin-Swift-Compilation-Requirements -- /Applications/Xcode-27.0.0-Release.Candidate.app/Contents/Developer/Toolchains/XcodeDefault.xctoolchain/usr/bin/swiftc -parse-as-library -module-name SpellbookFoundation -Onone @/Users/admin/builder/spi-builder-workspace/.derivedData/Build/Intermediates.noindex/SwiftSpellbook.build/Debug-watchos/SpellbookFoundation-t.build/Objects-normal/arm64_32/SpellbookFoundation.SwiftFileList -DSWIFT_PACKAGE -DDEBUG -DSWIFT_MODULE_RESOURCE_BUNDLE_UNAVAILABLE -Xcc -fmodule-map-file\=/Users/admin/builder/spi-builder-workspace/.derivedData/Build/Intermediates.noindex/GeneratedModuleMaps-watchos/SpellbookFoundationObjC.modulemap -DXcode -plugin-path /Applications/Xcode-27.0.0-Release.Candidate.app/Contents/Developer/Toolchains/XcodeDefault.xctoolchain/usr/lib/swift/host/plugins/testing -enable-experimental-feature DebugDescriptionMacro -sdk /Applications/Xcode-27.0.0-Release.Candidate.app/Contents/Developer/Platforms/WatchOS.platform/Developer/SDKs/WatchOS27.0.sdk -target arm64_32-apple-watchos9.0 -g -module-cache-path /Users/admin/builder/spi-builder-workspace/.derivedData/ModuleCache.noindex -Xfrontend -serialize-debugging-options -profile-coverage-mapping -profile-generate -enable-testing -suppress-warnings -index-store-path /Users/admin/builder/spi-builder-workspace/.derivedData/Index.noindex/DataStore -Xcc -D_LIBCPP_HARDENING_MODE\=_LIBCPP_HARDENING_MODE_DEBUG -swift-version 5 -I /Users/admin/builder/spi-builder-workspace/.derivedData/Build/Products/Debug-watchos -Isystem /Applications/Xcode-27.0.0-Release.Candidate.app/Contents/Developer/Platforms/WatchOS.platform/Developer/usr/lib -F /Users/admin/builder/spi-builder-workspace/.derivedData/Build/Products/Debug-watchos/PackageFrameworks -F /Users/admin/builder/spi-builder-workspace/.derivedData/Build/Products/Debug-watchos -F /Applications/Xcode-27.0.0-Release.Candidate.app/Contents/Developer/Platforms/WatchOS.platform/Developer/Library/Frameworks -F /Applications/Xcode-27.0.0-Release.Candidate.app/Contents/Developer/Platforms/WatchOS.platform/Developer/SDKs/WatchOS27.0.sdk/Developer/Library/Frameworks -c -j10 -enable-batch-mode -incremental -Xcc -ivfsstatcache -Xcc /Users/admin/builder/spi-builder-workspace/.derivedData/SDKStatCaches.noindex/watchos27.0-24R360-e829b21a6f8c9b70876ba0858053c04477534ef55a1706bf4c1112bbb242f0a2.sdkstatcache -output-file-map /Users/admin/builder/spi-builder-workspace/.derivedData/Build/Intermediates.noindex/SwiftSpellbook.build/Debug-watchos/SpellbookFoundation-t.build/Objects-normal/arm64_32/SpellbookFoundation-OutputFileMap.json -save-temps -no-color-diagnostics -explicit-module-build -module-cache-path /Users/admin/builder/spi-builder-workspace/.derivedData/Build/Intermediates.noindex/SwiftExplicitPrecompiledModules -clang-scanner-module-cache-path /Users/admin/builder/spi-builder-workspace/.derivedData/ModuleCache.noindex -sdk-module-cache-path /Users/admin/builder/spi-builder-workspace/.derivedData/SDKExplicitPrecompiledModules -emit-dependencies -emit-module -emit-module-path /Users/admin/builder/spi-builder-workspace/.derivedData/Build/Intermediates.noindex/SwiftSpellbook.build/Debug-watchos/SpellbookFoundation-t.build/Objects-normal/arm64_32/SpellbookFoundation.swiftmodule -serialize-diagnostics -dependency-scan-serialize-diagnostics-path /Users/admin/builder/spi-builder-workspace/.derivedData/Build/Intermediates.noindex/SwiftSpellbook.build/Debug-watchos/SpellbookFoundation-t.build/Objects-normal/arm64_32/SpellbookFoundation-dependency-scan.dia -validate-clang-modules-once -clang-build-session-file /Users/admin/builder/spi-builder-workspace/.derivedData/ModuleCache.noindex/Session.modulevalidation -Xcc -fmodules-prune-interval\=86400 -Xcc -fmodules-prune-after\=345600 -emit-const-values -const-gather-protocols-list /Users/admin/builder/spi-builder-workspace/.derivedData/Build/Intermediates.noindex/SwiftSpellbook.build/Debug-watchos/SpellbookFoundation-t.build/Objects-normal/arm64_32/SpellbookFoundation_const_extract_protocols.json -Xcc -I/Users/admin/builder/spi-builder-workspace/.dependencies/checkouts/SwiftSpellbook/Sources/SpellbookFoundationObjC -Xcc -I/Users/admin/builder/spi-builder-workspace/.derivedData/Build/Products/Debug-watchos/include -Xcc -I/Users/admin/builder/spi-builder-workspace/.derivedData/Build/Intermediates.noindex/SwiftSpellbook.build/Debug-watchos/SpellbookFoundation-t.build/DerivedSources-normal/arm64_32 -Xcc -I/Users/admin/builder/spi-builder-workspace/.derivedData/Build/Intermediates.noindex/SwiftSpellbook.build/Debug-watchos/SpellbookFoundation-t.build/DerivedSources/arm64_32 -Xcc -I/Users/admin/builder/spi-builder-workspace/.derivedData/Build/Intermediates.noindex/SwiftSpellbook.build/Debug-watchos/SpellbookFoundation-t.build/DerivedSources -Xcc -DSWIFT_PACKAGE -Xcc -DDEBUG\=1 -emit-objc-header -emit-objc-header-path /Users/admin/builder/spi-builder-workspace/.derivedData/Build/Intermediates.noindex/SwiftSpellbook.build/Debug-watchos/SpellbookFoundation-t.build/Objects-normal/arm64_32/SpellbookFoundation-Swift.h -working-directory /Users/admin/builder/spi-builder-workspace/.swiftpm/xcode -experimental-emit-module-separately -disable-cmo
SwiftEmitModule normal arm64 Emitting\ module\ for\ SpellbookFoundation (in target 'SpellbookFoundation' from project 'SwiftSpellbook')
SwiftCompile normal arm64 (in target 'SpellbookFoundation' from project 'SwiftSpellbook')
    cd /Users/admin/builder/spi-builder-workspace/.swiftpm/xcode

Copy /Users/admin/builder/spi-builder-workspace/.derivedData/Build/Products/Debug-watchos/SpellbookFoundation.swiftmodule/arm64_32-apple-watchos.swiftmodule /Users/admin/builder/spi-builder-workspace/.derivedData/Build/Intermediates.noindex/SwiftSpellbook.build/Debug-watchos/SpellbookFoundation-t.build/Objects-normal/arm64_32/SpellbookFoundation.swiftmodule (in target 'SpellbookFoundation' from project 'SwiftSpellbook')
    cd /Users/admin/builder/spi-builder-workspace/.dependencies/checkouts/SwiftSpellbook
    builtin-copy -exclude .DS_Store -exclude CVS -exclude .svn -exclude .git -exclude .hg -resolve-src-symlinks -rename /Users/admin/builder/spi-builder-workspace/.derivedData/Build/Intermediates.noindex/SwiftSpellbook.build/Debug-watchos/SpellbookFoundation-t.build/Objects-normal/arm64_32/SpellbookFoundation.swiftmodule /Users/admin/builder/spi-builder-workspace/.derivedData/Build/Products/Debug-watchos/SpellbookFoundation.swiftmodule/arm64_32-apple-watchos.swiftmodule
PruneExplicitPrecompiledModules /Users/admin/builder/spi-builder-workspace/.derivedData/SDKExplicitPrecompiledModules
PruneExplicitPrecompiledModules /Users/admin/builder/spi-builder-workspace/.derivedData/Build/Intermediates.noindex/SwiftExplicitPrecompiledModules
PruneExplicitPrecompiledModules /Users/admin/builder/spi-builder-workspace/.derivedData/Build/Intermediates.noindex/ExplicitPrecompiledModules
2026-09-19 16:35:17.434 xcodebuild[684:4290] [MT] IDERunDestination: Supported platforms for the buildables in the current scheme is empty.
** BUILD FAILED **
The following build commands failed:
	SwiftCompile normal arm64_32 /Users/admin/builder/spi-builder-workspace/.dependencies/checkouts/SwiftSpellbook/Sources/SpellbookFoundation/ValueObserving/EventAsk.swift (in target 'SpellbookFoundation' from project 'SwiftSpellbook')
	SwiftCompile normal arm64_32 Compiling\ Types.swift,\ EventAsk.swift,\ EventNotify.swift,\ Observable.swift,\ ValueObserving.swift,\ ValueStore.swift /Users/admin/builder/spi-builder-workspace/.dependencies/checkouts/SwiftSpellbook/Sources/SpellbookFoundation/Types\ &\ PropertyWrappers/Types.swift /Users/admin/builder/spi-builder-workspace/.dependencies/checkouts/SwiftSpellbook/Sources/SpellbookFoundation/ValueObserving/EventAsk.swift /Users/admin/builder/spi-builder-workspace/.dependencies/checkouts/SwiftSpellbook/Sources/SpellbookFoundation/ValueObserving/EventNotify.swift /Users/admin/builder/spi-builder-workspace/.dependencies/checkouts/SwiftSpellbook/Sources/SpellbookFoundation/ValueObserving/Observable.swift /Users/admin/builder/spi-builder-workspace/.dependencies/checkouts/SwiftSpellbook/Sources/SpellbookFoundation/ValueObserving/ValueObserving.swift /Users/admin/builder/spi-builder-workspace/.dependencies/checkouts/SwiftSpellbook/Sources/SpellbookFoundation/ValueObserving/ValueStore.swift (in target 'SpellbookFoundation' from project 'SwiftSpellbook')
	SwiftCompile normal arm64_32 Compiling\ SynchronousExecutor.swift,\ Boxing.swift,\ Closure.swift,\ CommonError.swift,\ Refreshable.swift,\ Resource\ (RAII).swift /Users/admin/builder/spi-builder-workspace/.dependencies/checkouts/SwiftSpellbook/Sources/SpellbookFoundation/Threading\ &\ Concurrency/SynchronousExecutor.swift /Users/admin/builder/spi-builder-workspace/.dependencies/checkouts/SwiftSpellbook/Sources/SpellbookFoundation/Types\ &\ PropertyWrappers/Boxing.swift /Users/admin/builder/spi-builder-workspace/.dependencies/checkouts/SwiftSpellbook/Sources/SpellbookFoundation/Types\ &\ PropertyWrappers/Closure.swift /Users/admin/builder/spi-builder-workspace/.dependencies/checkouts/SwiftSpellbook/Sources/SpellbookFoundation/Types\ &\ PropertyWrappers/CommonError.swift /Users/admin/builder/spi-builder-workspace/.dependencies/checkouts/SwiftSpellbook/Sources/SpellbookFoundation/Types\ &\ PropertyWrappers/Refreshable.swift /Users/admin/builder/spi-builder-workspace/.dependencies/checkouts/SwiftSpellbook/Sources/SpellbookFoundation/Types\ &\ PropertyWrappers/Resource\ (RAII).swift (in target 'SpellbookFoundation' from project 'SwiftSpellbook')
	SwiftCompile normal arm64_32 /Users/admin/builder/spi-builder-workspace/.dependencies/checkouts/SwiftSpellbook/Sources/SpellbookFoundation/Threading\ &\ Concurrency/SynchronousExecutor.swift (in target 'SpellbookFoundation' from project 'SwiftSpellbook')
	SwiftCompile normal arm64_32 /Users/admin/builder/spi-builder-workspace/.dependencies/checkouts/SwiftSpellbook/Sources/SpellbookFoundation/Types\ &\ PropertyWrappers/Closure.swift (in target 'SpellbookFoundation' from project 'SwiftSpellbook')
	Building workspace sEndpointSecurity with scheme sEndpointSecurity
(6 failures)
Command line invocation:
    /Applications/Xcode-27.0.0-Release.Candidate.app/Contents/Developer/usr/bin/xcodebuild -IDEClonedSourcePackagesDirPathOverride=/Users/admin/builder/spi-builder-workspace/.dependencies -resolvePackageDependencies
Resolve Package Graph
Resolved source packages:
  sEndpointSecurity: /Users/admin/builder/spi-builder-workspace
  SwiftSpellbook: https://github.com/Alkenso/SwiftSpellbook.git @ 0.4.2
resolved source packages: sEndpointSecurity, SwiftSpellbook
2026-09-19 16:35:23.440 xcodebuild[791:4750] [MT] IDERunDestination: Supported platforms for the buildables in the current scheme is empty.
{
  "dependencies" : [
    {
      "identity" : "swiftspellbook",
      "requirement" : {
        "range" : [
          {
            "lower_bound" : "0.3.2",
            "upper_bound" : "1.0.0"
          }
        ]
      },
      "type" : "sourceControl",
      "url" : "https://github.com/Alkenso/SwiftSpellbook.git"
    }
  ],
  "manifest_display_name" : "sEndpointSecurity",
  "name" : "sEndpointSecurity",
  "path" : "/Users/admin/builder/spi-builder-workspace",
  "platforms" : [
    {
      "name" : "macos",
      "version" : "11.0"
    }
  ],
  "products" : [
    {
      "name" : "sEndpointSecurity",
      "targets" : [
        "sEndpointSecurity"
      ],
      "type" : {
        "library" : [
          "automatic"
        ]
      }
    }
  ],
  "targets" : [
    {
      "c99name" : "sEndpointSecurityTests",
      "module_type" : "SwiftTarget",
      "name" : "sEndpointSecurityTests",
      "path" : "Sources/sEndpointSecurityTests",
      "product_dependencies" : [
        "SpellbookTestUtils"
      ],
      "sources" : [
        "ESClientTests.swift",
        "ESClientTypesTests.swift",
        "ESListener/ESServiceTests.swift",
        "ESListener/MockESClient.swift",
        "ESMutePathTests.swift",
        "ESMuteProcessTests.swift",
        "MockNativeClient.swift",
        "TestUtils.swift"
      ],
      "target_dependencies" : [
        "sEndpointSecurity"
      ],
      "type" : "test"
    },
    {
      "c99name" : "sEndpointSecurity",
      "module_type" : "SwiftTarget",
      "name" : "sEndpointSecurity",
      "path" : "Sources/sEndpointSecurity",
      "product_dependencies" : [
        "SpellbookFoundation"
      ],
      "product_memberships" : [
        "sEndpointSecurity"
      ],
      "sources" : [
        "ESClient - Native/ESNativeClient.swift",
        "ESClient - Native/ESNativeTypeDescriptions.swift",
        "ESClient - Native/ESNativeTypeUtils.swift",
        "ESClient/ESClient.swift",
        "ESClient/ESClientProtocol.swift",
        "ESClient/ESClientTypes.swift",
        "ESClient/ESMessagePtr.swift",
        "ESClient/ESMutePath.swift",
        "ESClient/ESMuteProcess.swift",
        "ESMessage/ESConverter.swift",
        "ESMessage/ESTypes.swift",
        "ESService/ESService.swift",
        "ESService/ESServiceSubscriptionStore.swift",
        "ESService/ESSubscription.swift",
        "Log.swift",
        "Utils.swift",
        "XPC/ESXPCClient.swift",
        "XPC/ESXPCConnection.swift",
        "XPC/ESXPCInternals.swift",
        "XPC/ESXPCListener.swift"
      ],
      "type" : "library"
    }
  ],
  "tools_version" : "5.7"
}
{
  "workspace" : {
    "name" : "sEndpointSecurity",
    "schemes" : [
      "sEndpointSecurity"
    ]
  }
}
2026-09-19 16:35:24.677 xcodebuild[799:4814] [MT] IDERunDestination: Supported platforms for the buildables in the current scheme is empty.
Running build ...
env DEVELOPER_DIR=/Applications/Xcode-27.0.0-Release.Candidate.app xcrun xcodebuild -IDEClonedSourcePackagesDirPathOverride=$PWD/.dependencies -skipMacroValidation -skipPackagePluginValidation -derivedDataPath $PWD/.derivedData build -scheme sEndpointSecurity -destination generic/platform=watchOS
Command line invocation:
    /Applications/Xcode-27.0.0-Release.Candidate.app/Contents/Developer/usr/bin/xcodebuild -IDEClonedSourcePackagesDirPathOverride=/Users/admin/builder/spi-builder-workspace/.dependencies -skipMacroValidation -skipPackagePluginValidation -derivedDataPath /Users/admin/builder/spi-builder-workspace/.derivedData build -scheme sEndpointSecurity -destination generic/platform=watchOS
Resolve Package Graph
Resolved source packages:
  sEndpointSecurity: /Users/admin/builder/spi-builder-workspace
  SwiftSpellbook: https://github.com/Alkenso/SwiftSpellbook.git @ 0.4.2
ComputePackagePrebuildTargetDependencyGraph
Prepare packages
CreateBuildRequest
SendProjectDescription
CreateBuildOperation
ComputeTargetDependencyGraph
note: Building targets in dependency order
note: Target dependency graph (5 targets)
    Target 'sEndpointSecurity-product' in project 'sEndpointSecurity'
        ➜ Explicit dependency on target 'sEndpointSecurity' in project 'sEndpointSecurity'
        ➜ Explicit dependency on target 'SpellbookFoundation-product' in project 'SwiftSpellbook'
    Target 'sEndpointSecurity' in project 'sEndpointSecurity'
        ➜ Explicit dependency on target 'SpellbookFoundation-product' in project 'SwiftSpellbook'
    Target 'SpellbookFoundation-product' in project 'SwiftSpellbook'
        ➜ Explicit dependency on target 'SpellbookFoundation' in project 'SwiftSpellbook'
        ➜ Explicit dependency on target 'SpellbookFoundationObjC' in project 'SwiftSpellbook'
    Target 'SpellbookFoundation' in project 'SwiftSpellbook'
        ➜ Explicit dependency on target 'SpellbookFoundationObjC' in project 'SwiftSpellbook'
    Target 'SpellbookFoundationObjC' in project 'SwiftSpellbook' (no dependencies)
GatherProvisioningInputs
CreateBuildDescription
ClangStatCache /Applications/Xcode-27.0.0-Release.Candidate.app/Contents/Developer/Toolchains/XcodeDefault.xctoolchain/usr/bin/clang-stat-cache /Applications/Xcode-27.0.0-Release.Candidate.app/Contents/Developer/Platforms/WatchOS.platform/Developer/SDKs/WatchOS27.0.sdk /Users/admin/builder/spi-builder-workspace/.derivedData/SDKStatCaches.noindex/watchos27.0-24R360-e829b21a6f8c9b70876ba0858053c04477534ef55a1706bf4c1112bbb242f0a2.sdkstatcache
    cd /Users/admin/builder/spi-builder-workspace/.swiftpm/xcode
    /Applications/Xcode-27.0.0-Release.Candidate.app/Contents/Developer/Toolchains/XcodeDefault.xctoolchain/usr/bin/clang-stat-cache /Applications/Xcode-27.0.0-Release.Candidate.app/Contents/Developer/Platforms/WatchOS.platform/Developer/SDKs/WatchOS27.0.sdk -o /Users/admin/builder/spi-builder-workspace/.derivedData/SDKStatCaches.noindex/watchos27.0-24R360-e829b21a6f8c9b70876ba0858053c04477534ef55a1706bf4c1112bbb242f0a2.sdkstatcache
Copy /Users/admin/builder/spi-builder-workspace/.derivedData/Build/Products/Debug-watchos/SpellbookFoundation.swiftmodule/arm64_32-apple-watchos.swiftdoc /Users/admin/builder/spi-builder-workspace/.derivedData/Build/Intermediates.noindex/SwiftSpellbook.build/Debug-watchos/SpellbookFoundation-t.build/Objects-normal/arm64_32/SpellbookFoundation.swiftdoc (in target 'SpellbookFoundation' from project 'SwiftSpellbook')
    cd /Users/admin/builder/spi-builder-workspace/.dependencies/checkouts/SwiftSpellbook
    builtin-copy -exclude .DS_Store -exclude CVS -exclude .svn -exclude .git -exclude .hg -resolve-src-symlinks -rename /Users/admin/builder/spi-builder-workspace/.derivedData/Build/Intermediates.noindex/SwiftSpellbook.build/Debug-watchos/SpellbookFoundation-t.build/Objects-normal/arm64_32/SpellbookFoundation.swiftdoc /Users/admin/builder/spi-builder-workspace/.derivedData/Build/Products/Debug-watchos/SpellbookFoundation.swiftmodule/arm64_32-apple-watchos.swiftdoc
Copy /Users/admin/builder/spi-builder-workspace/.derivedData/Build/Products/Debug-watchos/SpellbookFoundation.swiftmodule/arm64_32-apple-watchos.abi.json /Users/admin/builder/spi-builder-workspace/.derivedData/Build/Intermediates.noindex/SwiftSpellbook.build/Debug-watchos/SpellbookFoundation-t.build/Objects-normal/arm64_32/SpellbookFoundation.abi.json (in target 'SpellbookFoundation' from project 'SwiftSpellbook')
    cd /Users/admin/builder/spi-builder-workspace/.dependencies/checkouts/SwiftSpellbook
    builtin-copy -exclude .DS_Store -exclude CVS -exclude .svn -exclude .git -exclude .hg -resolve-src-symlinks -rename /Users/admin/builder/spi-builder-workspace/.derivedData/Build/Intermediates.noindex/SwiftSpellbook.build/Debug-watchos/SpellbookFoundation-t.build/Objects-normal/arm64_32/SpellbookFoundation.abi.json /Users/admin/builder/spi-builder-workspace/.derivedData/Build/Products/Debug-watchos/SpellbookFoundation.swiftmodule/arm64_32-apple-watchos.abi.json
Copy /Users/admin/builder/spi-builder-workspace/.derivedData/Build/Products/Debug-watchos/SpellbookFoundation.swiftmodule/arm64_32-apple-watchos.swiftmodule /Users/admin/builder/spi-builder-workspace/.derivedData/Build/Intermediates.noindex/SwiftSpellbook.build/Debug-watchos/SpellbookFoundation-t.build/Objects-normal/arm64_32/SpellbookFoundation.swiftmodule (in target 'SpellbookFoundation' from project 'SwiftSpellbook')
    cd /Users/admin/builder/spi-builder-workspace/.dependencies/checkouts/SwiftSpellbook
    builtin-copy -exclude .DS_Store -exclude CVS -exclude .svn -exclude .git -exclude .hg -resolve-src-symlinks -rename /Users/admin/builder/spi-builder-workspace/.derivedData/Build/Intermediates.noindex/SwiftSpellbook.build/Debug-watchos/SpellbookFoundation-t.build/Objects-normal/arm64_32/SpellbookFoundation.swiftmodule /Users/admin/builder/spi-builder-workspace/.derivedData/Build/Products/Debug-watchos/SpellbookFoundation.swiftmodule/arm64_32-apple-watchos.swiftmodule
SwiftDriver SpellbookFoundation normal arm64 com.apple.xcode.tools.swift.compiler (in target 'SpellbookFoundation' from project 'SwiftSpellbook')
    cd /Users/admin/builder/spi-builder-workspace/.swiftpm/xcode
    builtin-SwiftDriver -- /Applications/Xcode-27.0.0-Release.Candidate.app/Contents/Developer/Toolchains/XcodeDefault.xctoolchain/usr/bin/swiftc -parse-as-library -module-name SpellbookFoundation -Onone @/Users/admin/builder/spi-builder-workspace/.derivedData/Build/Intermediates.noindex/SwiftSpellbook.build/Debug-watchos/SpellbookFoundation-t.build/Objects-normal/arm64/SpellbookFoundation.SwiftFileList -DSWIFT_PACKAGE -DDEBUG -DSWIFT_MODULE_RESOURCE_BUNDLE_UNAVAILABLE -Xcc -fmodule-map-file\=/Users/admin/builder/spi-builder-workspace/.derivedData/Build/Intermediates.noindex/GeneratedModuleMaps-watchos/SpellbookFoundationObjC.modulemap -DXcode -plugin-path /Applications/Xcode-27.0.0-Release.Candidate.app/Contents/Developer/Toolchains/XcodeDefault.xctoolchain/usr/lib/swift/host/plugins/testing -enable-experimental-feature DebugDescriptionMacro -sdk /Applications/Xcode-27.0.0-Release.Candidate.app/Contents/Developer/Platforms/WatchOS.platform/Developer/SDKs/WatchOS27.0.sdk -target arm64-apple-watchos9.0 -g -module-cache-path /Users/admin/builder/spi-builder-workspace/.derivedData/ModuleCache.noindex -Xfrontend -serialize-debugging-options -profile-coverage-mapping -profile-generate -enable-testing -suppress-warnings -index-store-path /Users/admin/builder/spi-builder-workspace/.derivedData/Index.noindex/DataStore -Xcc -D_LIBCPP_HARDENING_MODE\=_LIBCPP_HARDENING_MODE_DEBUG -swift-version 5 -I /Users/admin/builder/spi-builder-workspace/.derivedData/Build/Products/Debug-watchos -Isystem /Applications/Xcode-27.0.0-Release.Candidate.app/Contents/Developer/Platforms/WatchOS.platform/Developer/usr/lib -F /Users/admin/builder/spi-builder-workspace/.derivedData/Build/Products/Debug-watchos/PackageFrameworks -F /Users/admin/builder/spi-builder-workspace/.derivedData/Build/Products/Debug-watchos -F /Applications/Xcode-27.0.0-Release.Candidate.app/Contents/Developer/Platforms/WatchOS.platform/Developer/Library/Frameworks -F /Applications/Xcode-27.0.0-Release.Candidate.app/Contents/Developer/Platforms/WatchOS.platform/Developer/SDKs/WatchOS27.0.sdk/Developer/Library/Frameworks -c -j10 -enable-batch-mode -incremental -Xcc -ivfsstatcache -Xcc /Users/admin/builder/spi-builder-workspace/.derivedData/SDKStatCaches.noindex/watchos27.0-24R360-e829b21a6f8c9b70876ba0858053c04477534ef55a1706bf4c1112bbb242f0a2.sdkstatcache -output-file-map /Users/admin/builder/spi-builder-workspace/.derivedData/Build/Intermediates.noindex/SwiftSpellbook.build/Debug-watchos/SpellbookFoundation-t.build/Objects-normal/arm64/SpellbookFoundation-OutputFileMap.json -save-temps -no-color-diagnostics -explicit-module-build -module-cache-path /Users/admin/builder/spi-builder-workspace/.derivedData/Build/Intermediates.noindex/SwiftExplicitPrecompiledModules -clang-scanner-module-cache-path /Users/admin/builder/spi-builder-workspace/.derivedData/ModuleCache.noindex -sdk-module-cache-path /Users/admin/builder/spi-builder-workspace/.derivedData/SDKExplicitPrecompiledModules -emit-dependencies -emit-module -emit-module-path /Users/admin/builder/spi-builder-workspace/.derivedData/Build/Intermediates.noindex/SwiftSpellbook.build/Debug-watchos/SpellbookFoundation-t.build/Objects-normal/arm64/SpellbookFoundation.swiftmodule -serialize-diagnostics -dependency-scan-serialize-diagnostics-path /Users/admin/builder/spi-builder-workspace/.derivedData/Build/Intermediates.noindex/SwiftSpellbook.build/Debug-watchos/SpellbookFoundation-t.build/Objects-normal/arm64/SpellbookFoundation-dependency-scan.dia -validate-clang-modules-once -clang-build-session-file /Users/admin/builder/spi-builder-workspace/.derivedData/ModuleCache.noindex/Session.modulevalidation -Xcc -fmodules-prune-interval\=86400 -Xcc -fmodules-prune-after\=345600 -emit-const-values -const-gather-protocols-list /Users/admin/builder/spi-builder-workspace/.derivedData/Build/Intermediates.noindex/SwiftSpellbook.build/Debug-watchos/SpellbookFoundation-t.build/Objects-normal/arm64/SpellbookFoundation_const_extract_protocols.json -Xcc -I/Users/admin/builder/spi-builder-workspace/.dependencies/checkouts/SwiftSpellbook/Sources/SpellbookFoundationObjC -Xcc -I/Users/admin/builder/spi-builder-workspace/.derivedData/Build/Products/Debug-watchos/include -Xcc -I/Users/admin/builder/spi-builder-workspace/.derivedData/Build/Intermediates.noindex/SwiftSpellbook.build/Debug-watchos/SpellbookFoundation-t.build/DerivedSources-normal/arm64 -Xcc -I/Users/admin/builder/spi-builder-workspace/.derivedData/Build/Intermediates.noindex/SwiftSpellbook.build/Debug-watchos/SpellbookFoundation-t.build/DerivedSources/arm64 -Xcc -I/Users/admin/builder/spi-builder-workspace/.derivedData/Build/Intermediates.noindex/SwiftSpellbook.build/Debug-watchos/SpellbookFoundation-t.build/DerivedSources -Xcc -DSWIFT_PACKAGE -Xcc -DDEBUG\=1 -emit-objc-header -emit-objc-header-path /Users/admin/builder/spi-builder-workspace/.derivedData/Build/Intermediates.noindex/SwiftSpellbook.build/Debug-watchos/SpellbookFoundation-t.build/Objects-normal/arm64/SpellbookFoundation-Swift.h -working-directory /Users/admin/builder/spi-builder-workspace/.swiftpm/xcode -experimental-emit-module-separately -disable-cmo
SwiftDriver SpellbookFoundation normal arm64_32 com.apple.xcode.tools.swift.compiler (in target 'SpellbookFoundation' from project 'SwiftSpellbook')
    cd /Users/admin/builder/spi-builder-workspace/.swiftpm/xcode
    builtin-SwiftDriver -- /Applications/Xcode-27.0.0-Release.Candidate.app/Contents/Developer/Toolchains/XcodeDefault.xctoolchain/usr/bin/swiftc -parse-as-library -module-name SpellbookFoundation -Onone @/Users/admin/builder/spi-builder-workspace/.derivedData/Build/Intermediates.noindex/SwiftSpellbook.build/Debug-watchos/SpellbookFoundation-t.build/Objects-normal/arm64_32/SpellbookFoundation.SwiftFileList -DSWIFT_PACKAGE -DDEBUG -DSWIFT_MODULE_RESOURCE_BUNDLE_UNAVAILABLE -Xcc -fmodule-map-file\=/Users/admin/builder/spi-builder-workspace/.derivedData/Build/Intermediates.noindex/GeneratedModuleMaps-watchos/SpellbookFoundationObjC.modulemap -DXcode -plugin-path /Applications/Xcode-27.0.0-Release.Candidate.app/Contents/Developer/Toolchains/XcodeDefault.xctoolchain/usr/lib/swift/host/plugins/testing -enable-experimental-feature DebugDescriptionMacro -sdk /Applications/Xcode-27.0.0-Release.Candidate.app/Contents/Developer/Platforms/WatchOS.platform/Developer/SDKs/WatchOS27.0.sdk -target arm64_32-apple-watchos9.0 -g -module-cache-path /Users/admin/builder/spi-builder-workspace/.derivedData/ModuleCache.noindex -Xfrontend -serialize-debugging-options -profile-coverage-mapping -profile-generate -enable-testing -suppress-warnings -index-store-path /Users/admin/builder/spi-builder-workspace/.derivedData/Index.noindex/DataStore -Xcc -D_LIBCPP_HARDENING_MODE\=_LIBCPP_HARDENING_MODE_DEBUG -swift-version 5 -I /Users/admin/builder/spi-builder-workspace/.derivedData/Build/Products/Debug-watchos -Isystem /Applications/Xcode-27.0.0-Release.Candidate.app/Contents/Developer/Platforms/WatchOS.platform/Developer/usr/lib -F /Users/admin/builder/spi-builder-workspace/.derivedData/Build/Products/Debug-watchos/PackageFrameworks -F /Users/admin/builder/spi-builder-workspace/.derivedData/Build/Products/Debug-watchos -F /Applications/Xcode-27.0.0-Release.Candidate.app/Contents/Developer/Platforms/WatchOS.platform/Developer/Library/Frameworks -F /Applications/Xcode-27.0.0-Release.Candidate.app/Contents/Developer/Platforms/WatchOS.platform/Developer/SDKs/WatchOS27.0.sdk/Developer/Library/Frameworks -c -j10 -enable-batch-mode -incremental -Xcc -ivfsstatcache -Xcc /Users/admin/builder/spi-builder-workspace/.derivedData/SDKStatCaches.noindex/watchos27.0-24R360-e829b21a6f8c9b70876ba0858053c04477534ef55a1706bf4c1112bbb242f0a2.sdkstatcache -output-file-map /Users/admin/builder/spi-builder-workspace/.derivedData/Build/Intermediates.noindex/SwiftSpellbook.build/Debug-watchos/SpellbookFoundation-t.build/Objects-normal/arm64_32/SpellbookFoundation-OutputFileMap.json -save-temps -no-color-diagnostics -explicit-module-build -module-cache-path /Users/admin/builder/spi-builder-workspace/.derivedData/Build/Intermediates.noindex/SwiftExplicitPrecompiledModules -clang-scanner-module-cache-path /Users/admin/builder/spi-builder-workspace/.derivedData/ModuleCache.noindex -sdk-module-cache-path /Users/admin/builder/spi-builder-workspace/.derivedData/SDKExplicitPrecompiledModules -emit-dependencies -emit-module -emit-module-path /Users/admin/builder/spi-builder-workspace/.derivedData/Build/Intermediates.noindex/SwiftSpellbook.build/Debug-watchos/SpellbookFoundation-t.build/Objects-normal/arm64_32/SpellbookFoundation.swiftmodule -serialize-diagnostics -dependency-scan-serialize-diagnostics-path /Users/admin/builder/spi-builder-workspace/.derivedData/Build/Intermediates.noindex/SwiftSpellbook.build/Debug-watchos/SpellbookFoundation-t.build/Objects-normal/arm64_32/SpellbookFoundation-dependency-scan.dia -validate-clang-modules-once -clang-build-session-file /Users/admin/builder/spi-builder-workspace/.derivedData/ModuleCache.noindex/Session.modulevalidation -Xcc -fmodules-prune-interval\=86400 -Xcc -fmodules-prune-after\=345600 -emit-const-values -const-gather-protocols-list /Users/admin/builder/spi-builder-workspace/.derivedData/Build/Intermediates.noindex/SwiftSpellbook.build/Debug-watchos/SpellbookFoundation-t.build/Objects-normal/arm64_32/SpellbookFoundation_const_extract_protocols.json -Xcc -I/Users/admin/builder/spi-builder-workspace/.dependencies/checkouts/SwiftSpellbook/Sources/SpellbookFoundationObjC -Xcc -I/Users/admin/builder/spi-builder-workspace/.derivedData/Build/Products/Debug-watchos/include -Xcc -I/Users/admin/builder/spi-builder-workspace/.derivedData/Build/Intermediates.noindex/SwiftSpellbook.build/Debug-watchos/SpellbookFoundation-t.build/DerivedSources-normal/arm64_32 -Xcc -I/Users/admin/builder/spi-builder-workspace/.derivedData/Build/Intermediates.noindex/SwiftSpellbook.build/Debug-watchos/SpellbookFoundation-t.build/DerivedSources/arm64_32 -Xcc -I/Users/admin/builder/spi-builder-workspace/.derivedData/Build/Intermediates.noindex/SwiftSpellbook.build/Debug-watchos/SpellbookFoundation-t.build/DerivedSources -Xcc -DSWIFT_PACKAGE -Xcc -DDEBUG\=1 -emit-objc-header -emit-objc-header-path /Users/admin/builder/spi-builder-workspace/.derivedData/Build/Intermediates.noindex/SwiftSpellbook.build/Debug-watchos/SpellbookFoundation-t.build/Objects-normal/arm64_32/SpellbookFoundation-Swift.h -working-directory /Users/admin/builder/spi-builder-workspace/.swiftpm/xcode -experimental-emit-module-separately -disable-cmo
Copy /Users/admin/builder/spi-builder-workspace/.derivedData/Build/Products/Debug-watchos/SpellbookFoundation.swiftmodule/Project/arm64_32-apple-watchos.swiftsourceinfo /Users/admin/builder/spi-builder-workspace/.derivedData/Build/Intermediates.noindex/SwiftSpellbook.build/Debug-watchos/SpellbookFoundation-t.build/Objects-normal/arm64_32/SpellbookFoundation.swiftsourceinfo (in target 'SpellbookFoundation' from project 'SwiftSpellbook')
    cd /Users/admin/builder/spi-builder-workspace/.dependencies/checkouts/SwiftSpellbook
    builtin-copy -exclude .DS_Store -exclude CVS -exclude .svn -exclude .git -exclude .hg -resolve-src-symlinks -rename /Users/admin/builder/spi-builder-workspace/.derivedData/Build/Intermediates.noindex/SwiftSpellbook.build/Debug-watchos/SpellbookFoundation-t.build/Objects-normal/arm64_32/SpellbookFoundation.swiftsourceinfo /Users/admin/builder/spi-builder-workspace/.derivedData/Build/Products/Debug-watchos/SpellbookFoundation.swiftmodule/Project/arm64_32-apple-watchos.swiftsourceinfo
SwiftCompile normal arm64_32 Compiling\ BinaryParsingError.swift,\ BinaryReader.swift,\ BinaryReaderInput.swift,\ BinaryWriter.swift,\ BinaryWriterOutput.swift,\ Extensions\ -\ Publisher.swift /Users/admin/builder/spi-builder-workspace/.dependencies/checkouts/SwiftSpellbook/Sources/SpellbookFoundation/BinaryParsing/BinaryParsingError.swift /Users/admin/builder/spi-builder-workspace/.dependencies/checkouts/SwiftSpellbook/Sources/SpellbookFoundation/BinaryParsing/BinaryReader.swift /Users/admin/builder/spi-builder-workspace/.dependencies/checkouts/SwiftSpellbook/Sources/SpellbookFoundation/BinaryParsing/BinaryReaderInput.swift /Users/admin/builder/spi-builder-workspace/.dependencies/checkouts/SwiftSpellbook/Sources/SpellbookFoundation/BinaryParsing/BinaryWriter.swift /Users/admin/builder/spi-builder-workspace/.dependencies/checkouts/SwiftSpellbook/Sources/SpellbookFoundation/BinaryParsing/BinaryWriterOutput.swift /Users/admin/builder/spi-builder-workspace/.dependencies/checkouts/SwiftSpellbook/Sources/SpellbookFoundation/Combine/Extensions\ -\ Publisher.swift (in target 'SpellbookFoundation' from project 'SwiftSpellbook')
SwiftCompile normal arm64_32 /Users/admin/builder/spi-builder-workspace/.dependencies/checkouts/SwiftSpellbook/Sources/SpellbookFoundation/BinaryParsing/BinaryParsingError.swift (in target 'SpellbookFoundation' from project 'SwiftSpellbook')
    cd /Users/admin/builder/spi-builder-workspace/.swiftpm/xcode
    builtin-SwiftPerFileCompile BinaryParsingError.swift
SwiftCompile normal arm64_32 /Users/admin/builder/spi-builder-workspace/.dependencies/checkouts/SwiftSpellbook/Sources/SpellbookFoundation/BinaryParsing/BinaryReader.swift (in target 'SpellbookFoundation' from project 'SwiftSpellbook')
    cd /Users/admin/builder/spi-builder-workspace/.swiftpm/xcode
    builtin-SwiftPerFileCompile BinaryReader.swift
SwiftCompile normal arm64_32 /Users/admin/builder/spi-builder-workspace/.dependencies/checkouts/SwiftSpellbook/Sources/SpellbookFoundation/BinaryParsing/BinaryReaderInput.swift (in target 'SpellbookFoundation' from project 'SwiftSpellbook')
    cd /Users/admin/builder/spi-builder-workspace/.swiftpm/xcode
    builtin-SwiftPerFileCompile BinaryReaderInput.swift
SwiftCompile normal arm64_32 /Users/admin/builder/spi-builder-workspace/.dependencies/checkouts/SwiftSpellbook/Sources/SpellbookFoundation/BinaryParsing/BinaryWriter.swift (in target 'SpellbookFoundation' from project 'SwiftSpellbook')
    cd /Users/admin/builder/spi-builder-workspace/.swiftpm/xcode
    builtin-SwiftPerFileCompile BinaryWriter.swift
SwiftCompile normal arm64_32 /Users/admin/builder/spi-builder-workspace/.dependencies/checkouts/SwiftSpellbook/Sources/SpellbookFoundation/BinaryParsing/BinaryWriterOutput.swift (in target 'SpellbookFoundation' from project 'SwiftSpellbook')
    cd /Users/admin/builder/spi-builder-workspace/.swiftpm/xcode
    builtin-SwiftPerFileCompile BinaryWriterOutput.swift
SwiftCompile normal arm64_32 /Users/admin/builder/spi-builder-workspace/.dependencies/checkouts/SwiftSpellbook/Sources/SpellbookFoundation/Combine/Extensions\ -\ Publisher.swift (in target 'SpellbookFoundation' from project 'SwiftSpellbook')
    cd /Users/admin/builder/spi-builder-workspace/.swiftpm/xcode
    builtin-SwiftPerFileCompile Extensions\ -\ Publisher.swift
SwiftCompile normal arm64_32 Compiling\ Unsafe.swift,\ Exceptions.swift,\ DeviceInfo.swift,\ Atomic.swift,\ BlockingQueue.swift,\ ConcurrentBlockOperation.swift /Users/admin/builder/spi-builder-workspace/.dependencies/checkouts/SwiftSpellbook/Sources/SpellbookFoundation/Low\ Level/Unsafe.swift /Users/admin/builder/spi-builder-workspace/.dependencies/checkouts/SwiftSpellbook/Sources/SpellbookFoundation/ObjC\ Bridging/Exceptions.swift /Users/admin/builder/spi-builder-workspace/.dependencies/checkouts/SwiftSpellbook/Sources/SpellbookFoundation/System\ &\ Hardware/DeviceInfo.swift /Users/admin/builder/spi-builder-workspace/.dependencies/checkouts/SwiftSpellbook/Sources/SpellbookFoundation/Threading\ &\ Concurrency/Atomic.swift /Users/admin/builder/spi-builder-workspace/.dependencies/checkouts/SwiftSpellbook/Sources/SpellbookFoundation/Threading\ &\ Concurrency/BlockingQueue.swift /Users/admin/builder/spi-builder-workspace/.dependencies/checkouts/SwiftSpellbook/Sources/SpellbookFoundation/Threading\ &\ Concurrency/ConcurrentBlockOperation.swift (in target 'SpellbookFoundation' from project 'SwiftSpellbook')
SwiftCompile normal arm64_32 /Users/admin/builder/spi-builder-workspace/.dependencies/checkouts/SwiftSpellbook/Sources/SpellbookFoundation/Low\ Level/Unsafe.swift (in target 'SpellbookFoundation' from project 'SwiftSpellbook')
    cd /Users/admin/builder/spi-builder-workspace/.swiftpm/xcode
    builtin-SwiftPerFileCompile Unsafe.swift
SwiftCompile normal arm64_32 /Users/admin/builder/spi-builder-workspace/.dependencies/checkouts/SwiftSpellbook/Sources/SpellbookFoundation/ObjC\ Bridging/Exceptions.swift (in target 'SpellbookFoundation' from project 'SwiftSpellbook')
    cd /Users/admin/builder/spi-builder-workspace/.swiftpm/xcode
    builtin-SwiftPerFileCompile Exceptions.swift
SwiftCompile normal arm64_32 /Users/admin/builder/spi-builder-workspace/.dependencies/checkouts/SwiftSpellbook/Sources/SpellbookFoundation/System\ &\ Hardware/DeviceInfo.swift (in target 'SpellbookFoundation' from project 'SwiftSpellbook')
    cd /Users/admin/builder/spi-builder-workspace/.swiftpm/xcode
    builtin-SwiftPerFileCompile DeviceInfo.swift
SwiftCompile normal arm64_32 /Users/admin/builder/spi-builder-workspace/.dependencies/checkouts/SwiftSpellbook/Sources/SpellbookFoundation/Threading\ &\ Concurrency/Atomic.swift (in target 'SpellbookFoundation' from project 'SwiftSpellbook')
    cd /Users/admin/builder/spi-builder-workspace/.swiftpm/xcode
    builtin-SwiftPerFileCompile Atomic.swift
SwiftCompile normal arm64_32 /Users/admin/builder/spi-builder-workspace/.dependencies/checkouts/SwiftSpellbook/Sources/SpellbookFoundation/Threading\ &\ Concurrency/BlockingQueue.swift (in target 'SpellbookFoundation' from project 'SwiftSpellbook')
    cd /Users/admin/builder/spi-builder-workspace/.swiftpm/xcode
    builtin-SwiftPerFileCompile BlockingQueue.swift
SwiftCompile normal arm64_32 /Users/admin/builder/spi-builder-workspace/.dependencies/checkouts/SwiftSpellbook/Sources/SpellbookFoundation/Threading\ &\ Concurrency/ConcurrentBlockOperation.swift (in target 'SpellbookFoundation' from project 'SwiftSpellbook')
    cd /Users/admin/builder/spi-builder-workspace/.swiftpm/xcode
    builtin-SwiftPerFileCompile ConcurrentBlockOperation.swift
SwiftCompile normal arm64_32 Compiling\ Extensions\ -\ Comparable.swift,\ Extensions\ -\ Formatters.swift,\ Extensions\ -\ NSError.swift,\ Extensions\ -\ Other.swift,\ Extensions\ -\ StandardTypes.swift,\ ObjectBuilder.swift /Users/admin/builder/spi-builder-workspace/.dependencies/checkouts/SwiftSpellbook/Sources/SpellbookFoundation/Common/Extensions\ -\ Comparable.swift /Users/admin/builder/spi-builder-workspace/.dependencies/checkouts/SwiftSpellbook/Sources/SpellbookFoundation/Common/Extensions\ -\ Formatters.swift /Users/admin/builder/spi-builder-workspace/.dependencies/checkouts/SwiftSpellbook/Sources/SpellbookFoundation/Common/Extensions\ -\ NSError.swift /Users/admin/builder/spi-builder-workspace/.dependencies/checkouts/SwiftSpellbook/Sources/SpellbookFoundation/Common/Extensions\ -\ Other.swift /Users/admin/builder/spi-builder-workspace/.dependencies/checkouts/SwiftSpellbook/Sources/SpellbookFoundation/Common/Extensions\ -\ StandardTypes.swift /Users/admin/builder/spi-builder-workspace/.dependencies/checkouts/SwiftSpellbook/Sources/SpellbookFoundation/Common/ObjectBuilder.swift (in target 'SpellbookFoundation' from project 'SwiftSpellbook')
SwiftCompile normal arm64_32 /Users/admin/builder/spi-builder-workspace/.dependencies/checkouts/SwiftSpellbook/Sources/SpellbookFoundation/Common/Extensions\ -\ Comparable.swift (in target 'SpellbookFoundation' from project 'SwiftSpellbook')
    cd /Users/admin/builder/spi-builder-workspace/.swiftpm/xcode
    builtin-SwiftPerFileCompile Extensions\ -\ Comparable.swift
SwiftCompile normal arm64_32 /Users/admin/builder/spi-builder-workspace/.dependencies/checkouts/SwiftSpellbook/Sources/SpellbookFoundation/Common/Extensions\ -\ Formatters.swift (in target 'SpellbookFoundation' from project 'SwiftSpellbook')
    cd /Users/admin/builder/spi-builder-workspace/.swiftpm/xcode
    builtin-SwiftPerFileCompile Extensions\ -\ Formatters.swift
SwiftCompile normal arm64_32 /Users/admin/builder/spi-builder-workspace/.dependencies/checkouts/SwiftSpellbook/Sources/SpellbookFoundation/Common/Extensions\ -\ NSError.swift (in target 'SpellbookFoundation' from project 'SwiftSpellbook')
    cd /Users/admin/builder/spi-builder-workspace/.swiftpm/xcode
    builtin-SwiftPerFileCompile Extensions\ -\ NSError.swift
SwiftCompile normal arm64_32 /Users/admin/builder/spi-builder-workspace/.dependencies/checkouts/SwiftSpellbook/Sources/SpellbookFoundation/Common/Extensions\ -\ Other.swift (in target 'SpellbookFoundation' from project 'SwiftSpellbook')
    cd /Users/admin/builder/spi-builder-workspace/.swiftpm/xcode
    builtin-SwiftPerFileCompile Extensions\ -\ Other.swift
SwiftCompile normal arm64_32 /Users/admin/builder/spi-builder-workspace/.dependencies/checkouts/SwiftSpellbook/Sources/SpellbookFoundation/Common/Extensions\ -\ StandardTypes.swift (in target 'SpellbookFoundation' from project 'SwiftSpellbook')
    cd /Users/admin/builder/spi-builder-workspace/.swiftpm/xcode
    builtin-SwiftPerFileCompile Extensions\ -\ StandardTypes.swift
SwiftCompile normal arm64_32 /Users/admin/builder/spi-builder-workspace/.dependencies/checkouts/SwiftSpellbook/Sources/SpellbookFoundation/Common/ObjectBuilder.swift (in target 'SpellbookFoundation' from project 'SwiftSpellbook')
    cd /Users/admin/builder/spi-builder-workspace/.swiftpm/xcode
    builtin-SwiftPerFileCompile ObjectBuilder.swift
SwiftCompile normal arm64_32 Compiling\ SBUnit.swift,\ SpellbookLog.swift,\ Utils.swift,\ WildcardExpression.swift,\ DictionaryCodingKey.swift,\ DictionaryReader.swift /Users/admin/builder/spi-builder-workspace/.dependencies/checkouts/SwiftSpellbook/Sources/SpellbookFoundation/Common/SBUnit.swift /Users/admin/builder/spi-builder-workspace/.dependencies/checkouts/SwiftSpellbook/Sources/SpellbookFoundation/Common/SpellbookLog.swift /Users/admin/builder/spi-builder-workspace/.dependencies/checkouts/SwiftSpellbook/Sources/SpellbookFoundation/Common/Utils.swift /Users/admin/builder/spi-builder-workspace/.dependencies/checkouts/SwiftSpellbook/Sources/SpellbookFoundation/Common/WildcardExpression.swift /Users/admin/builder/spi-builder-workspace/.dependencies/checkouts/SwiftSpellbook/Sources/SpellbookFoundation/DictionaryParsing/DictionaryCodingKey.swift /Users/admin/builder/spi-builder-workspace/.dependencies/checkouts/SwiftSpellbook/Sources/SpellbookFoundation/DictionaryParsing/DictionaryReader.swift (in target 'SpellbookFoundation' from project 'SwiftSpellbook')
SwiftCompile normal arm64_32 /Users/admin/builder/spi-builder-workspace/.dependencies/checkouts/SwiftSpellbook/Sources/SpellbookFoundation/Common/SBUnit.swift (in target 'SpellbookFoundation' from project 'SwiftSpellbook')
    cd /Users/admin/builder/spi-builder-workspace/.swiftpm/xcode
    builtin-SwiftPerFileCompile SBUnit.swift
SwiftCompile normal arm64_32 /Users/admin/builder/spi-builder-workspace/.dependencies/checkouts/SwiftSpellbook/Sources/SpellbookFoundation/Common/SpellbookLog.swift (in target 'SpellbookFoundation' from project 'SwiftSpellbook')
    cd /Users/admin/builder/spi-builder-workspace/.swiftpm/xcode
    builtin-SwiftPerFileCompile SpellbookLog.swift
SwiftCompile normal arm64_32 /Users/admin/builder/spi-builder-workspace/.dependencies/checkouts/SwiftSpellbook/Sources/SpellbookFoundation/Common/Utils.swift (in target 'SpellbookFoundation' from project 'SwiftSpellbook')
    cd /Users/admin/builder/spi-builder-workspace/.swiftpm/xcode
    builtin-SwiftPerFileCompile Utils.swift
SwiftCompile normal arm64_32 /Users/admin/builder/spi-builder-workspace/.dependencies/checkouts/SwiftSpellbook/Sources/SpellbookFoundation/Common/WildcardExpression.swift (in target 'SpellbookFoundation' from project 'SwiftSpellbook')
    cd /Users/admin/builder/spi-builder-workspace/.swiftpm/xcode
    builtin-SwiftPerFileCompile WildcardExpression.swift
SwiftCompile normal arm64_32 /Users/admin/builder/spi-builder-workspace/.dependencies/checkouts/SwiftSpellbook/Sources/SpellbookFoundation/DictionaryParsing/DictionaryCodingKey.swift (in target 'SpellbookFoundation' from project 'SwiftSpellbook')
    cd /Users/admin/builder/spi-builder-workspace/.swiftpm/xcode
    builtin-SwiftPerFileCompile DictionaryCodingKey.swift
SwiftCompile normal arm64_32 /Users/admin/builder/spi-builder-workspace/.dependencies/checkouts/SwiftSpellbook/Sources/SpellbookFoundation/DictionaryParsing/DictionaryReader.swift (in target 'SpellbookFoundation' from project 'SwiftSpellbook')
    cd /Users/admin/builder/spi-builder-workspace/.swiftpm/xcode
    builtin-SwiftPerFileCompile DictionaryReader.swift
SwiftCompile normal arm64_32 Compiling\ DictionaryWriter.swift,\ Extensions\ -\ Bundle.swift,\ Extensions\ -\ FileManager.swift,\ FileEnumerator.swift,\ FileStore.swift,\ TemporaryDirectory.swift /Users/admin/builder/spi-builder-workspace/.dependencies/checkouts/SwiftSpellbook/Sources/SpellbookFoundation/DictionaryParsing/DictionaryWriter.swift /Users/admin/builder/spi-builder-workspace/.dependencies/checkouts/SwiftSpellbook/Sources/SpellbookFoundation/Filesystem\ &\ Bundle/Extensions\ -\ Bundle.swift /Users/admin/builder/spi-builder-workspace/.dependencies/checkouts/SwiftSpellbook/Sources/SpellbookFoundation/Filesystem\ &\ Bundle/Extensions\ -\ FileManager.swift /Users/admin/builder/spi-builder-workspace/.dependencies/checkouts/SwiftSpellbook/Sources/SpellbookFoundation/Filesystem\ &\ Bundle/FileEnumerator.swift /Users/admin/builder/spi-builder-workspace/.dependencies/checkouts/SwiftSpellbook/Sources/SpellbookFoundation/Filesystem\ &\ Bundle/FileStore.swift /Users/admin/builder/spi-builder-workspace/.dependencies/checkouts/SwiftSpellbook/Sources/SpellbookFoundation/Filesystem\ &\ Bundle/TemporaryDirectory.swift (in target 'SpellbookFoundation' from project 'SwiftSpellbook')
SwiftCompile normal arm64_32 /Users/admin/builder/spi-builder-workspace/.dependencies/checkouts/SwiftSpellbook/Sources/SpellbookFoundation/DictionaryParsing/DictionaryWriter.swift (in target 'SpellbookFoundation' from project 'SwiftSpellbook')
    cd /Users/admin/builder/spi-builder-workspace/.swiftpm/xcode
    builtin-SwiftPerFileCompile DictionaryWriter.swift
SwiftCompile normal arm64_32 /Users/admin/builder/spi-builder-workspace/.dependencies/checkouts/SwiftSpellbook/Sources/SpellbookFoundation/Filesystem\ &\ Bundle/Extensions\ -\ Bundle.swift (in target 'SpellbookFoundation' from project 'SwiftSpellbook')
    cd /Users/admin/builder/spi-builder-workspace/.swiftpm/xcode
    builtin-SwiftPerFileCompile Extensions\ -\ Bundle.swift
SwiftCompile normal arm64_32 /Users/admin/builder/spi-builder-workspace/.dependencies/checkouts/SwiftSpellbook/Sources/SpellbookFoundation/Filesystem\ &\ Bundle/Extensions\ -\ FileManager.swift (in target 'SpellbookFoundation' from project 'SwiftSpellbook')
    cd /Users/admin/builder/spi-builder-workspace/.swiftpm/xcode
    builtin-SwiftPerFileCompile Extensions\ -\ FileManager.swift
SwiftCompile normal arm64_32 /Users/admin/builder/spi-builder-workspace/.dependencies/checkouts/SwiftSpellbook/Sources/SpellbookFoundation/Filesystem\ &\ Bundle/FileEnumerator.swift (in target 'SpellbookFoundation' from project 'SwiftSpellbook')
    cd /Users/admin/builder/spi-builder-workspace/.swiftpm/xcode
    builtin-SwiftPerFileCompile FileEnumerator.swift
SwiftCompile normal arm64_32 /Users/admin/builder/spi-builder-workspace/.dependencies/checkouts/SwiftSpellbook/Sources/SpellbookFoundation/Filesystem\ &\ Bundle/FileStore.swift (in target 'SpellbookFoundation' from project 'SwiftSpellbook')
    cd /Users/admin/builder/spi-builder-workspace/.swiftpm/xcode
    builtin-SwiftPerFileCompile FileStore.swift
SwiftCompile normal arm64_32 /Users/admin/builder/spi-builder-workspace/.dependencies/checkouts/SwiftSpellbook/Sources/SpellbookFoundation/Filesystem\ &\ Bundle/TemporaryDirectory.swift (in target 'SpellbookFoundation' from project 'SwiftSpellbook')
    cd /Users/admin/builder/spi-builder-workspace/.swiftpm/xcode
    builtin-SwiftPerFileCompile TemporaryDirectory.swift
SwiftCompile normal arm64_32 Compiling\ Proxies.swift,\ Benchmark.swift,\ CancellationToken.swift,\ Environment.swift,\ Extensions\ -\ Codable.swift,\ Extensions\ -\ Collections.swift /Users/admin/builder/spi-builder-workspace/.dependencies/checkouts/SwiftSpellbook/Sources/SpellbookFoundation/Combine/Proxies.swift /Users/admin/builder/spi-builder-workspace/.dependencies/checkouts/SwiftSpellbook/Sources/SpellbookFoundation/Common/Benchmark.swift /Users/admin/builder/spi-builder-workspace/.dependencies/checkouts/SwiftSpellbook/Sources/SpellbookFoundation/Common/CancellationToken.swift /Users/admin/builder/spi-builder-workspace/.dependencies/checkouts/SwiftSpellbook/Sources/SpellbookFoundation/Common/Environment.swift /Users/admin/builder/spi-builder-workspace/.dependencies/checkouts/SwiftSpellbook/Sources/SpellbookFoundation/Common/Extensions\ -\ Codable.swift /Users/admin/builder/spi-builder-workspace/.dependencies/checkouts/SwiftSpellbook/Sources/SpellbookFoundation/Common/Extensions\ -\ Collections.swift (in target 'SpellbookFoundation' from project 'SwiftSpellbook')
SwiftCompile normal arm64_32 /Users/admin/builder/spi-builder-workspace/.dependencies/checkouts/SwiftSpellbook/Sources/SpellbookFoundation/Combine/Proxies.swift (in target 'SpellbookFoundation' from project 'SwiftSpellbook')
    cd /Users/admin/builder/spi-builder-workspace/.swiftpm/xcode
    builtin-SwiftPerFileCompile Proxies.swift
SwiftCompile normal arm64_32 /Users/admin/builder/spi-builder-workspace/.dependencies/checkouts/SwiftSpellbook/Sources/SpellbookFoundation/Common/Benchmark.swift (in target 'SpellbookFoundation' from project 'SwiftSpellbook')
    cd /Users/admin/builder/spi-builder-workspace/.swiftpm/xcode
    builtin-SwiftPerFileCompile Benchmark.swift
SwiftCompile normal arm64_32 /Users/admin/builder/spi-builder-workspace/.dependencies/checkouts/SwiftSpellbook/Sources/SpellbookFoundation/Common/CancellationToken.swift (in target 'SpellbookFoundation' from project 'SwiftSpellbook')
    cd /Users/admin/builder/spi-builder-workspace/.swiftpm/xcode
    builtin-SwiftPerFileCompile CancellationToken.swift
SwiftCompile normal arm64_32 /Users/admin/builder/spi-builder-workspace/.dependencies/checkouts/SwiftSpellbook/Sources/SpellbookFoundation/Common/Environment.swift (in target 'SpellbookFoundation' from project 'SwiftSpellbook')
    cd /Users/admin/builder/spi-builder-workspace/.swiftpm/xcode
    builtin-SwiftPerFileCompile Environment.swift
SwiftCompile normal arm64_32 /Users/admin/builder/spi-builder-workspace/.dependencies/checkouts/SwiftSpellbook/Sources/SpellbookFoundation/Common/Extensions\ -\ Codable.swift (in target 'SpellbookFoundation' from project 'SwiftSpellbook')
    cd /Users/admin/builder/spi-builder-workspace/.swiftpm/xcode
    builtin-SwiftPerFileCompile Extensions\ -\ Codable.swift
SwiftCompile normal arm64_32 /Users/admin/builder/spi-builder-workspace/.dependencies/checkouts/SwiftSpellbook/Sources/SpellbookFoundation/Common/Extensions\ -\ Collections.swift (in target 'SpellbookFoundation' from project 'SwiftSpellbook')
    cd /Users/admin/builder/spi-builder-workspace/.swiftpm/xcode
    builtin-SwiftPerFileCompile Extensions\ -\ Collections.swift
SwiftCompile normal arm64_32 Compiling\ Extensions\ -\ CoreGraphics.swift,\ AuditToken.swift,\ BridgedCEnum.swift,\ IOKitError.swift,\ Mach.swift,\ POD+Swift.swift /Users/admin/builder/spi-builder-workspace/.dependencies/checkouts/SwiftSpellbook/Sources/SpellbookFoundation/GUI/Extensions\ -\ CoreGraphics.swift /Users/admin/builder/spi-builder-workspace/.dependencies/checkouts/SwiftSpellbook/Sources/SpellbookFoundation/Low\ Level/AuditToken.swift /Users/admin/builder/spi-builder-workspace/.dependencies/checkouts/SwiftSpellbook/Sources/SpellbookFoundation/Low\ Level/BridgedCEnum.swift /Users/admin/builder/spi-builder-workspace/.dependencies/checkouts/SwiftSpellbook/Sources/SpellbookFoundation/Low\ Level/IOKitError.swift /Users/admin/builder/spi-builder-workspace/.dependencies/checkouts/SwiftSpellbook/Sources/SpellbookFoundation/Low\ Level/Mach.swift /Users/admin/builder/spi-builder-workspace/.dependencies/checkouts/SwiftSpellbook/Sources/SpellbookFoundation/Low\ Level/POD+Swift.swift (in target 'SpellbookFoundation' from project 'SwiftSpellbook')
SwiftCompile normal arm64_32 /Users/admin/builder/spi-builder-workspace/.dependencies/checkouts/SwiftSpellbook/Sources/SpellbookFoundation/GUI/Extensions\ -\ CoreGraphics.swift (in target 'SpellbookFoundation' from project 'SwiftSpellbook')
    cd /Users/admin/builder/spi-builder-workspace/.swiftpm/xcode
    builtin-SwiftPerFileCompile Extensions\ -\ CoreGraphics.swift
SwiftCompile normal arm64_32 /Users/admin/builder/spi-builder-workspace/.dependencies/checkouts/SwiftSpellbook/Sources/SpellbookFoundation/Low\ Level/AuditToken.swift (in target 'SpellbookFoundation' from project 'SwiftSpellbook')
    cd /Users/admin/builder/spi-builder-workspace/.swiftpm/xcode
    builtin-SwiftPerFileCompile AuditToken.swift
SwiftCompile normal arm64_32 /Users/admin/builder/spi-builder-workspace/.dependencies/checkouts/SwiftSpellbook/Sources/SpellbookFoundation/Low\ Level/BridgedCEnum.swift (in target 'SpellbookFoundation' from project 'SwiftSpellbook')
    cd /Users/admin/builder/spi-builder-workspace/.swiftpm/xcode
    builtin-SwiftPerFileCompile BridgedCEnum.swift
SwiftCompile normal arm64_32 /Users/admin/builder/spi-builder-workspace/.dependencies/checkouts/SwiftSpellbook/Sources/SpellbookFoundation/Low\ Level/IOKitError.swift (in target 'SpellbookFoundation' from project 'SwiftSpellbook')
    cd /Users/admin/builder/spi-builder-workspace/.swiftpm/xcode
    builtin-SwiftPerFileCompile IOKitError.swift
SwiftCompile normal arm64_32 /Users/admin/builder/spi-builder-workspace/.dependencies/checkouts/SwiftSpellbook/Sources/SpellbookFoundation/Low\ Level/Mach.swift (in target 'SpellbookFoundation' from project 'SwiftSpellbook')
    cd /Users/admin/builder/spi-builder-workspace/.swiftpm/xcode
    builtin-SwiftPerFileCompile Mach.swift
SwiftCompile normal arm64_32 /Users/admin/builder/spi-builder-workspace/.dependencies/checkouts/SwiftSpellbook/Sources/SpellbookFoundation/Low\ Level/POD+Swift.swift (in target 'SpellbookFoundation' from project 'SwiftSpellbook')
    cd /Users/admin/builder/spi-builder-workspace/.swiftpm/xcode
    builtin-SwiftPerFileCompile POD+Swift.swift
SwiftCompile normal arm64_32 Compiling\ Extensions\ -\ DispatchQueue.swift,\ Extensions\ -\ Locks.swift,\ Extensions\ -\ Task.swift,\ PosixLocks.swift,\ SynchronizationUtils.swift,\ Synchronized.swift /Users/admin/builder/spi-builder-workspace/.dependencies/checkouts/SwiftSpellbook/Sources/SpellbookFoundation/Threading\ &\ Concurrency/Extensions\ -\ DispatchQueue.swift /Users/admin/builder/spi-builder-workspace/.dependencies/checkouts/SwiftSpellbook/Sources/SpellbookFoundation/Threading\ &\ Concurrency/Extensions\ -\ Locks.swift /Users/admin/builder/spi-builder-workspace/.dependencies/checkouts/SwiftSpellbook/Sources/SpellbookFoundation/Threading\ &\ Concurrency/Extensions\ -\ Task.swift /Users/admin/builder/spi-builder-workspace/.dependencies/checkouts/SwiftSpellbook/Sources/SpellbookFoundation/Threading\ &\ Concurrency/PosixLocks.swift /Users/admin/builder/spi-builder-workspace/.dependencies/checkouts/SwiftSpellbook/Sources/SpellbookFoundation/Threading\ &\ Concurrency/SynchronizationUtils.swift /Users/admin/builder/spi-builder-workspace/.dependencies/checkouts/SwiftSpellbook/Sources/SpellbookFoundation/Threading\ &\ Concurrency/Synchronized.swift (in target 'SpellbookFoundation' from project 'SwiftSpellbook')
SwiftCompile normal arm64_32 /Users/admin/builder/spi-builder-workspace/.dependencies/checkouts/SwiftSpellbook/Sources/SpellbookFoundation/Threading\ &\ Concurrency/Extensions\ -\ DispatchQueue.swift (in target 'SpellbookFoundation' from project 'SwiftSpellbook')
    cd /Users/admin/builder/spi-builder-workspace/.swiftpm/xcode
    builtin-SwiftPerFileCompile Extensions\ -\ DispatchQueue.swift
SwiftCompile normal arm64_32 /Users/admin/builder/spi-builder-workspace/.dependencies/checkouts/SwiftSpellbook/Sources/SpellbookFoundation/Threading\ &\ Concurrency/Extensions\ -\ Locks.swift (in target 'SpellbookFoundation' from project 'SwiftSpellbook')
    cd /Users/admin/builder/spi-builder-workspace/.swiftpm/xcode
    builtin-SwiftPerFileCompile Extensions\ -\ Locks.swift
SwiftCompile normal arm64_32 /Users/admin/builder/spi-builder-workspace/.dependencies/checkouts/SwiftSpellbook/Sources/SpellbookFoundation/Threading\ &\ Concurrency/Extensions\ -\ Task.swift (in target 'SpellbookFoundation' from project 'SwiftSpellbook')
    cd /Users/admin/builder/spi-builder-workspace/.swiftpm/xcode
    builtin-SwiftPerFileCompile Extensions\ -\ Task.swift
SwiftCompile normal arm64_32 /Users/admin/builder/spi-builder-workspace/.dependencies/checkouts/SwiftSpellbook/Sources/SpellbookFoundation/Threading\ &\ Concurrency/PosixLocks.swift (in target 'SpellbookFoundation' from project 'SwiftSpellbook')
    cd /Users/admin/builder/spi-builder-workspace/.swiftpm/xcode
    builtin-SwiftPerFileCompile PosixLocks.swift
SwiftCompile normal arm64_32 /Users/admin/builder/spi-builder-workspace/.dependencies/checkouts/SwiftSpellbook/Sources/SpellbookFoundation/Threading\ &\ Concurrency/SynchronizationUtils.swift (in target 'SpellbookFoundation' from project 'SwiftSpellbook')
    cd /Users/admin/builder/spi-builder-workspace/.swiftpm/xcode
    builtin-SwiftPerFileCompile SynchronizationUtils.swift
SwiftCompile normal arm64_32 /Users/admin/builder/spi-builder-workspace/.dependencies/checkouts/SwiftSpellbook/Sources/SpellbookFoundation/Threading\ &\ Concurrency/Synchronized.swift (in target 'SpellbookFoundation' from project 'SwiftSpellbook')
    cd /Users/admin/builder/spi-builder-workspace/.swiftpm/xcode
    builtin-SwiftPerFileCompile Synchronized.swift
SwiftCompile normal arm64_32 Compiling\ Types.swift,\ EventAsk.swift,\ EventNotify.swift,\ Observable.swift,\ ValueObserving.swift,\ ValueStore.swift /Users/admin/builder/spi-builder-workspace/.dependencies/checkouts/SwiftSpellbook/Sources/SpellbookFoundation/Types\ &\ PropertyWrappers/Types.swift /Users/admin/builder/spi-builder-workspace/.dependencies/checkouts/SwiftSpellbook/Sources/SpellbookFoundation/ValueObserving/EventAsk.swift /Users/admin/builder/spi-builder-workspace/.dependencies/checkouts/SwiftSpellbook/Sources/SpellbookFoundation/ValueObserving/EventNotify.swift /Users/admin/builder/spi-builder-workspace/.dependencies/checkouts/SwiftSpellbook/Sources/SpellbookFoundation/ValueObserving/Observable.swift /Users/admin/builder/spi-builder-workspace/.dependencies/checkouts/SwiftSpellbook/Sources/SpellbookFoundation/ValueObserving/ValueObserving.swift /Users/admin/builder/spi-builder-workspace/.dependencies/checkouts/SwiftSpellbook/Sources/SpellbookFoundation/ValueObserving/ValueStore.swift (in target 'SpellbookFoundation' from project 'SwiftSpellbook')
/Users/admin/builder/spi-builder-workspace/.dependencies/checkouts/SwiftSpellbook/Sources/SpellbookFoundation/ValueObserving/EventAsk.swift:65:28: error: cannot find 'atomic_flag' in scope
 63 |             group.enter()
 64 |             entry.queue.async {
 65 |                 var once = atomic_flag()
    |                            `- error: cannot find 'atomic_flag' in scope
 66 |                 entry.transform(value) { singleResult in
 67 |                     guard !atomic_flag_test_and_set(&once) else {
/Users/admin/builder/spi-builder-workspace/.dependencies/checkouts/SwiftSpellbook/Sources/SpellbookFoundation/ValueObserving/EventAsk.swift:67:28: error: cannot find 'atomic_flag_test_and_set' in scope
 65 |                 var once = atomic_flag()
 66 |                 entry.transform(value) { singleResult in
 67 |                     guard !atomic_flag_test_and_set(&once) else {
    |                            `- error: cannot find 'atomic_flag_test_and_set' in scope
 68 |                         if !RunEnvironment.isXCTesting {
 69 |                             assertionFailure("\(Self.self) transform action called multiple times")
Failed frontend command:
/Applications/Xcode-27.0.0-Release.Candidate.app/Contents/Developer/Toolchains/XcodeDefault.xctoolchain/usr/bin/swift-frontend -frontend -c /Users/admin/builder/spi-builder-workspace/.dependencies/checkouts/SwiftSpellbook/Sources/SpellbookFoundation/BinaryParsing/BinaryParsingError.swift /Users/admin/builder/spi-builder-workspace/.dependencies/checkouts/SwiftSpellbook/Sources/SpellbookFoundation/BinaryParsing/BinaryReader.swift /Users/admin/builder/spi-builder-workspace/.dependencies/checkouts/SwiftSpellbook/Sources/SpellbookFoundation/BinaryParsing/BinaryReaderInput.swift /Users/admin/builder/spi-builder-workspace/.dependencies/checkouts/SwiftSpellbook/Sources/SpellbookFoundation/BinaryParsing/BinaryWriter.swift /Users/admin/builder/spi-builder-workspace/.dependencies/checkouts/SwiftSpellbook/Sources/SpellbookFoundation/BinaryParsing/BinaryWriterOutput.swift /Users/admin/builder/spi-builder-workspace/.dependencies/checkouts/SwiftSpellbook/Sources/SpellbookFoundation/Combine/Extensions\ -\ Publisher.swift /Users/admin/builder/spi-builder-workspace/.dependencies/checkouts/SwiftSpellbook/Sources/SpellbookFoundation/Combine/Proxies.swift /Users/admin/builder/spi-builder-workspace/.dependencies/checkouts/SwiftSpellbook/Sources/SpellbookFoundation/Common/Benchmark.swift /Users/admin/builder/spi-builder-workspace/.dependencies/checkouts/SwiftSpellbook/Sources/SpellbookFoundation/Common/CancellationToken.swift /Users/admin/builder/spi-builder-workspace/.dependencies/checkouts/SwiftSpellbook/Sources/SpellbookFoundation/Common/Environment.swift /Users/admin/builder/spi-builder-workspace/.dependencies/checkouts/SwiftSpellbook/Sources/SpellbookFoundation/Common/Extensions\ -\ Codable.swift /Users/admin/builder/spi-builder-workspace/.dependencies/checkouts/SwiftSpellbook/Sources/SpellbookFoundation/Common/Extensions\ -\ Collections.swift /Users/admin/builder/spi-builder-workspace/.dependencies/checkouts/SwiftSpellbook/Sources/SpellbookFoundation/Common/Extensions\ -\ Comparable.swift /Users/admin/builder/spi-builder-workspace/.dependencies/checkouts/SwiftSpellbook/Sources/SpellbookFoundation/Common/Extensions\ -\ Formatters.swift /Users/admin/builder/spi-builder-workspace/.dependencies/checkouts/SwiftSpellbook/Sources/SpellbookFoundation/Common/Extensions\ -\ NSError.swift /Users/admin/builder/spi-builder-workspace/.dependencies/checkouts/SwiftSpellbook/Sources/SpellbookFoundation/Common/Extensions\ -\ Other.swift /Users/admin/builder/spi-builder-workspace/.dependencies/checkouts/SwiftSpellbook/Sources/SpellbookFoundation/Common/Extensions\ -\ StandardTypes.swift /Users/admin/builder/spi-builder-workspace/.dependencies/checkouts/SwiftSpellbook/Sources/SpellbookFoundation/Common/ObjectBuilder.swift /Users/admin/builder/spi-builder-workspace/.dependencies/checkouts/SwiftSpellbook/Sources/SpellbookFoundation/Common/SBUnit.swift /Users/admin/builder/spi-builder-workspace/.dependencies/checkouts/SwiftSpellbook/Sources/SpellbookFoundation/Common/SpellbookLog.swift /Users/admin/builder/spi-builder-workspace/.dependencies/checkouts/SwiftSpellbook/Sources/SpellbookFoundation/Common/Utils.swift /Users/admin/builder/spi-builder-workspace/.dependencies/checkouts/SwiftSpellbook/Sources/SpellbookFoundation/Common/WildcardExpression.swift /Users/admin/builder/spi-builder-workspace/.dependencies/checkouts/SwiftSpellbook/Sources/SpellbookFoundation/DictionaryParsing/DictionaryCodingKey.swift /Users/admin/builder/spi-builder-workspace/.dependencies/checkouts/SwiftSpellbook/Sources/SpellbookFoundation/DictionaryParsing/DictionaryReader.swift /Users/admin/builder/spi-builder-workspace/.dependencies/checkouts/SwiftSpellbook/Sources/SpellbookFoundation/DictionaryParsing/DictionaryWriter.swift /Users/admin/builder/spi-builder-workspace/.dependencies/checkouts/SwiftSpellbook/Sources/SpellbookFoundation/Filesystem\ \&\ Bundle/Extensions\ -\ Bundle.swift /Users/admin/builder/spi-builder-workspace/.dependencies/checkouts/SwiftSpellbook/Sources/SpellbookFoundation/Filesystem\ \&\ Bundle/Extensions\ -\ FileManager.swift /Users/admin/builder/spi-builder-workspace/.dependencies/checkouts/SwiftSpellbook/Sources/SpellbookFoundation/Filesystem\ \&\ Bundle/FileEnumerator.swift /Users/admin/builder/spi-builder-workspace/.dependencies/checkouts/SwiftSpellbook/Sources/SpellbookFoundation/Filesystem\ \&\ Bundle/FileStore.swift /Users/admin/builder/spi-builder-workspace/.dependencies/checkouts/SwiftSpellbook/Sources/SpellbookFoundation/Filesystem\ \&\ Bundle/TemporaryDirectory.swift /Users/admin/builder/spi-builder-workspace/.dependencies/checkouts/SwiftSpellbook/Sources/SpellbookFoundation/GUI/Extensions\ -\ CoreGraphics.swift /Users/admin/builder/spi-builder-workspace/.dependencies/checkouts/SwiftSpellbook/Sources/SpellbookFoundation/Low\ Level/AuditToken.swift /Users/admin/builder/spi-builder-workspace/.dependencies/checkouts/SwiftSpellbook/Sources/SpellbookFoundation/Low\ Level/BridgedCEnum.swift /Users/admin/builder/spi-builder-workspace/.dependencies/checkouts/SwiftSpellbook/Sources/SpellbookFoundation/Low\ Level/IOKitError.swift /Users/admin/builder/spi-builder-workspace/.dependencies/checkouts/SwiftSpellbook/Sources/SpellbookFoundation/Low\ Level/Mach.swift /Users/admin/builder/spi-builder-workspace/.dependencies/checkouts/SwiftSpellbook/Sources/SpellbookFoundation/Low\ Level/POD+Swift.swift /Users/admin/builder/spi-builder-workspace/.dependencies/checkouts/SwiftSpellbook/Sources/SpellbookFoundation/Low\ Level/Unsafe.swift /Users/admin/builder/spi-builder-workspace/.dependencies/checkouts/SwiftSpellbook/Sources/SpellbookFoundation/ObjC\ Bridging/Exceptions.swift /Users/admin/builder/spi-builder-workspace/.dependencies/checkouts/SwiftSpellbook/Sources/SpellbookFoundation/System\ \&\ Hardware/DeviceInfo.swift /Users/admin/builder/spi-builder-workspace/.dependencies/checkouts/SwiftSpellbook/Sources/SpellbookFoundation/Threading\ \&\ Concurrency/Atomic.swift /Users/admin/builder/spi-builder-workspace/.dependencies/checkouts/SwiftSpellbook/Sources/SpellbookFoundation/Threading\ \&\ Concurrency/BlockingQueue.swift /Users/admin/builder/spi-builder-workspace/.dependencies/checkouts/SwiftSpellbook/Sources/SpellbookFoundation/Threading\ \&\ Concurrency/ConcurrentBlockOperation.swift /Users/admin/builder/spi-builder-workspace/.dependencies/checkouts/SwiftSpellbook/Sources/SpellbookFoundation/Threading\ \&\ Concurrency/Extensions\ -\ DispatchQueue.swift /Users/admin/builder/spi-builder-workspace/.dependencies/checkouts/SwiftSpellbook/Sources/SpellbookFoundation/Threading\ \&\ Concurrency/Extensions\ -\ Locks.swift /Users/admin/builder/spi-builder-workspace/.dependencies/checkouts/SwiftSpellbook/Sources/SpellbookFoundation/Threading\ \&\ Concurrency/Extensions\ -\ Task.swift /Users/admin/builder/spi-builder-workspace/.dependencies/checkouts/SwiftSpellbook/Sources/SpellbookFoundation/Threading\ \&\ Concurrency/PosixLocks.swift /Users/admin/builder/spi-builder-workspace/.dependencies/checkouts/SwiftSpellbook/Sources/SpellbookFoundation/Threading\ \&\ Concurrency/SynchronizationUtils.swift /Users/admin/builder/spi-builder-workspace/.dependencies/checkouts/SwiftSpellbook/Sources/SpellbookFoundation/Threading\ \&\ Concurrency/Synchronized.swift /Users/admin/builder/spi-builder-workspace/.dependencies/checkouts/SwiftSpellbook/Sources/SpellbookFoundation/Threading\ \&\ Concurrency/SynchronousExecutor.swift /Users/admin/builder/spi-builder-workspace/.dependencies/checkouts/SwiftSpellbook/Sources/SpellbookFoundation/Types\ \&\ PropertyWrappers/Boxing.swift /Users/admin/builder/spi-builder-workspace/.dependencies/checkouts/SwiftSpellbook/Sources/SpellbookFoundation/Types\ \&\ PropertyWrappers/Closure.swift /Users/admin/builder/spi-builder-workspace/.dependencies/checkouts/SwiftSpellbook/Sources/SpellbookFoundation/Types\ \&\ PropertyWrappers/CommonError.swift /Users/admin/builder/spi-builder-workspace/.dependencies/checkouts/SwiftSpellbook/Sources/SpellbookFoundation/Types\ \&\ PropertyWrappers/Refreshable.swift /Users/admin/builder/spi-builder-workspace/.dependencies/checkouts/SwiftSpellbook/Sources/SpellbookFoundation/Types\ \&\ PropertyWrappers/Resource\ \(RAII\).swift -primary-file /Users/admin/builder/spi-builder-workspace/.dependencies/checkouts/SwiftSpellbook/Sources/SpellbookFoundation/Types\ \&\ PropertyWrappers/Types.swift -primary-file /Users/admin/builder/spi-builder-workspace/.dependencies/checkouts/SwiftSpellbook/Sources/SpellbookFoundation/ValueObserving/EventAsk.swift -primary-file /Users/admin/builder/spi-builder-workspace/.dependencies/checkouts/SwiftSpellbook/Sources/SpellbookFoundation/ValueObserving/EventNotify.swift -primary-file /Users/admin/builder/spi-builder-workspace/.dependencies/checkouts/SwiftSpellbook/Sources/SpellbookFoundation/ValueObserving/Observable.swift -primary-file /Users/admin/builder/spi-builder-workspace/.dependencies/checkouts/SwiftSpellbook/Sources/SpellbookFoundation/ValueObserving/ValueObserving.swift -primary-file /Users/admin/builder/spi-builder-workspace/.dependencies/checkouts/SwiftSpellbook/Sources/SpellbookFoundation/ValueObserving/ValueStore.swift -supplementary-output-file-map /Users/admin/builder/spi-builder-workspace/.derivedData/Build/Intermediates.noindex/SwiftSpellbook.build/Debug-watchos/SpellbookFoundation-t.build/Objects-normal/arm64_32/supplementaryOutputs-20 -target arm64_32-apple-watchos9.0 -disable-cross-import-overlay-search -swift-module-cross-import Darwin /Applications/Xcode-27.0.0-Release.Candidate.app/Contents/Developer/Platforms/WatchOS.platform/Developer/SDKs/WatchOS.sdk/usr/include/Darwin.swiftcrossimport/xlocale.swiftoverlay -load-resolved-plugin /Applications/Xcode-27.0.0-Release.Candidate.app/Contents/Developer/Platforms/WatchOS.platform/Developer/usr/lib/swift/host/plugins/libFoundationMacros.dylib\#/Applications/Xcode-27.0.0-Release.Candidate.app/Contents/Developer/Platforms/WatchOS.platform/Developer/usr/bin/swift-plugin-server\#FoundationMacros -load-resolved-plugin /Applications/Xcode-27.0.0-Release.Candidate.app/Contents/Developer/Platforms/WatchOS.platform/Developer/usr/lib/swift/host/plugins/libObservationMacros.dylib\#/Applications/Xcode-27.0.0-Release.Candidate.app/Contents/Developer/Platforms/WatchOS.platform/Developer/usr/bin/swift-plugin-server\#ObservationMacros -load-resolved-plugin /Applications/Xcode-27.0.0-Release.Candidate.app/Contents/Developer/Platforms/WatchOS.platform/Developer/usr/lib/swift/host/plugins/libSwiftMacros.dylib\#/Applications/Xcode-27.0.0-Release.Candidate.app/Contents/Developer/Platforms/WatchOS.platform/Developer/usr/bin/swift-plugin-server\#SwiftMacros -disable-implicit-swift-modules -Xcc -fno-implicit-modules -Xcc -fno-implicit-module-maps -explicit-swift-module-map-file /Users/admin/builder/spi-builder-workspace/.derivedData/Build/Intermediates.noindex/SwiftSpellbook.build/Debug-watchos/SpellbookFoundation-t.build/Objects-normal/arm64_32/SpellbookFoundation-dependencies-1.json -enable-objc-interop -sdk /Applications/Xcode-27.0.0-Release.Candidate.app/Contents/Developer/Platforms/WatchOS.platform/Developer/SDKs/WatchOS27.0.sdk -I /Users/admin/builder/spi-builder-workspace/.derivedData/Build/Products/Debug-watchos -Isystem /Applications/Xcode-27.0.0-Release.Candidate.app/Contents/Developer/Platforms/WatchOS.platform/Developer/usr/lib -F /Users/admin/builder/spi-builder-workspace/.derivedData/Build/Products/Debug-watchos/PackageFrameworks -F /Users/admin/builder/spi-builder-workspace/.derivedData/Build/Products/Debug-watchos -F /Applications/Xcode-27.0.0-Release.Candidate.app/Contents/Developer/Platforms/WatchOS.platform/Developer/Library/Frameworks -F /Applications/Xcode-27.0.0-Release.Candidate.app/Contents/Developer/Platforms/WatchOS.platform/Developer/SDKs/WatchOS27.0.sdk/Developer/Library/Frameworks -module-cache-path /Users/admin/builder/spi-builder-workspace/.derivedData/Build/Intermediates.noindex/SwiftExplicitPrecompiledModules -no-color-diagnostics -Xcc -fno-color-diagnostics -enable-testing -g -debug-info-format\=dwarf -dwarf-version\=4 -suppress-warnings -profile-generate -profile-coverage-mapping -swift-version 5 -Onone -D SWIFT_PACKAGE -D DEBUG -D SWIFT_MODULE_RESOURCE_BUNDLE_UNAVAILABLE -D Xcode -serialize-debugging-options -enable-experimental-feature DebugDescriptionMacro -empty-abi-descriptor -validate-clang-modules-once -clang-build-session-file /Users/admin/builder/spi-builder-workspace/.derivedData/ModuleCache.noindex/Session.modulevalidation -Xcc -working-directory -Xcc /Users/admin/builder/spi-builder-workspace/.swiftpm/xcode -enable-anonymous-context-mangled-names -file-compilation-dir /Users/admin/builder/spi-builder-workspace/.swiftpm/xcode -Xcc -fmodule-map-file\=/Users/admin/builder/spi-builder-workspace/.derivedData/Build/Intermediates.noindex/GeneratedModuleMaps-watchos/SpellbookFoundationObjC.modulemap -Xcc -D_LIBCPP_HARDENING_MODE\=_LIBCPP_HARDENING_MODE_DEBUG -Xcc -ivfsstatcache -Xcc /Users/admin/builder/spi-builder-workspace/.derivedData/SDKStatCaches.noindex/watchos27.0-24R360-e829b21a6f8c9b70876ba0858053c04477534ef55a1706bf4c1112bbb242f0a2.sdkstatcache -Xcc -fmodules-prune-interval\=86400 -Xcc -fmodules-prune-after\=345600 -Xcc -I/Users/admin/builder/spi-builder-workspace/.dependencies/checkouts/SwiftSpellbook/Sources/SpellbookFoundationObjC -Xcc -I/Users/admin/builder/spi-builder-workspace/.derivedData/Build/Products/Debug-watchos/include -Xcc -I/Users/admin/builder/spi-builder-workspace/.derivedData/Build/Intermediates.noindex/SwiftSpellbook.build/Debug-watchos/SpellbookFoundation-t.build/DerivedSources-normal/arm64_32 -Xcc -I/Users/admin/builder/spi-builder-workspace/.derivedData/Build/Intermediates.noindex/SwiftSpellbook.build/Debug-watchos/SpellbookFoundation-t.build/DerivedSources/arm64_32 -Xcc -I/Users/admin/builder/spi-builder-workspace/.derivedData/Build/Intermediates.noindex/SwiftSpellbook.build/Debug-watchos/SpellbookFoundation-t.build/DerivedSources -Xcc -DSWIFT_PACKAGE -Xcc -DDEBUG\=1 -no-auto-bridging-header-chaining -module-name SpellbookFoundation -const-gather-protocols-file /Users/admin/builder/spi-builder-workspace/.derivedData/Build/Intermediates.noindex/SwiftSpellbook.build/Debug-watchos/SpellbookFoundation-t.build/Objects-normal/arm64_32/SpellbookFoundation_const_extract_protocols.json -disable-clang-spi -clang-target arm64_32-apple-watchos27.0 -target-sdk-version 27.0 -target-sdk-name watchos27.0 -in-process-plugin-server-path /Applications/Xcode-27.0.0-Release.Candidate.app/Contents/Developer/Toolchains/XcodeDefault.xctoolchain/usr/lib/swift/host/libSwiftInProcPluginServer.dylib -parse-as-library -o /Users/admin/builder/spi-builder-workspace/.derivedData/Build/Intermediates.noindex/SwiftSpellbook.build/Debug-watchos/SpellbookFoundation-t.build/Objects-normal/arm64_32/Types.o -o /Users/admin/builder/spi-builder-workspace/.derivedData/Build/Intermediates.noindex/SwiftSpellbook.build/Debug-watchos/SpellbookFoundation-t.build/Objects-normal/arm64_32/EventAsk.o -o /Users/admin/builder/spi-builder-workspace/.derivedData/Build/Intermediates.noindex/SwiftSpellbook.build/Debug-watchos/SpellbookFoundation-t.build/Objects-normal/arm64_32/EventNotify.o -o /Users/admin/builder/spi-builder-workspace/.derivedData/Build/Intermediates.noindex/SwiftSpellbook.build/Debug-watchos/SpellbookFoundation-t.build/Objects-normal/arm64_32/Observable.o -o /Users/admin/builder/spi-builder-workspace/.derivedData/Build/Intermediates.noindex/SwiftSpellbook.build/Debug-watchos/SpellbookFoundation-t.build/Objects-normal/arm64_32/ValueObserving.o -o /Users/admin/builder/spi-builder-workspace/.derivedData/Build/Intermediates.noindex/SwiftSpellbook.build/Debug-watchos/SpellbookFoundation-t.build/Objects-normal/arm64_32/ValueStore.o -debug-module-path /Users/admin/builder/spi-builder-workspace/.derivedData/Build/Intermediates.noindex/SwiftSpellbook.build/Debug-watchos/SpellbookFoundation-t.build/Objects-normal/arm64_32/SpellbookFoundation.swiftmodule -index-unit-output-path /SwiftSpellbook.build/Debug-watchos/SpellbookFoundation-t.build/Objects-normal/arm64_32/Types.o -index-unit-output-path /SwiftSpellbook.build/Debug-watchos/SpellbookFoundation-t.build/Objects-normal/arm64_32/EventAsk.o -index-unit-output-path /SwiftSpellbook.build/Debug-watchos/SpellbookFoundation-t.build/Objects-normal/arm64_32/EventNotify.o -index-unit-output-path /SwiftSpellbook.build/Debug-watchos/SpellbookFoundation-t.build/Objects-normal/arm64_32/Observable.o -index-unit-output-path /SwiftSpellbook.build/Debug-watchos/SpellbookFoundation-t.build/Objects-normal/arm64_32/ValueObserving.o -index-unit-output-path /SwiftSpellbook.build/Debug-watchos/SpellbookFoundation-t.build/Objects-normal/arm64_32/ValueStore.o -index-store-path /Users/admin/builder/spi-builder-workspace/.derivedData/Index.noindex/DataStore -index-system-modules
SwiftCompile normal arm64_32 /Users/admin/builder/spi-builder-workspace/.dependencies/checkouts/SwiftSpellbook/Sources/SpellbookFoundation/Types\ &\ PropertyWrappers/Types.swift (in target 'SpellbookFoundation' from project 'SwiftSpellbook')
    cd /Users/admin/builder/spi-builder-workspace/.swiftpm/xcode
    builtin-SwiftPerFileCompile Types.swift
SwiftCompile normal arm64_32 /Users/admin/builder/spi-builder-workspace/.dependencies/checkouts/SwiftSpellbook/Sources/SpellbookFoundation/ValueObserving/EventAsk.swift (in target 'SpellbookFoundation' from project 'SwiftSpellbook')
    cd /Users/admin/builder/spi-builder-workspace/.swiftpm/xcode
    builtin-SwiftPerFileCompile EventAsk.swift
SwiftCompile normal arm64_32 /Users/admin/builder/spi-builder-workspace/.dependencies/checkouts/SwiftSpellbook/Sources/SpellbookFoundation/ValueObserving/EventNotify.swift (in target 'SpellbookFoundation' from project 'SwiftSpellbook')
    cd /Users/admin/builder/spi-builder-workspace/.swiftpm/xcode
    builtin-SwiftPerFileCompile EventNotify.swift
SwiftCompile normal arm64_32 /Users/admin/builder/spi-builder-workspace/.dependencies/checkouts/SwiftSpellbook/Sources/SpellbookFoundation/ValueObserving/Observable.swift (in target 'SpellbookFoundation' from project 'SwiftSpellbook')
    cd /Users/admin/builder/spi-builder-workspace/.swiftpm/xcode
    builtin-SwiftPerFileCompile Observable.swift
SwiftCompile normal arm64_32 /Users/admin/builder/spi-builder-workspace/.dependencies/checkouts/SwiftSpellbook/Sources/SpellbookFoundation/ValueObserving/ValueObserving.swift (in target 'SpellbookFoundation' from project 'SwiftSpellbook')
    cd /Users/admin/builder/spi-builder-workspace/.swiftpm/xcode
    builtin-SwiftPerFileCompile ValueObserving.swift
SwiftCompile normal arm64_32 /Users/admin/builder/spi-builder-workspace/.dependencies/checkouts/SwiftSpellbook/Sources/SpellbookFoundation/ValueObserving/ValueStore.swift (in target 'SpellbookFoundation' from project 'SwiftSpellbook')
    cd /Users/admin/builder/spi-builder-workspace/.swiftpm/xcode
    builtin-SwiftPerFileCompile ValueStore.swift
SwiftEmitModule normal arm64_32 Emitting\ module\ for\ SpellbookFoundation (in target 'SpellbookFoundation' from project 'SwiftSpellbook')
SwiftCompile normal arm64_32 (in target 'SpellbookFoundation' from project 'SwiftSpellbook')
    cd /Users/admin/builder/spi-builder-workspace/.swiftpm/xcode

SwiftEmitModule normal arm64 Emitting\ module\ for\ SpellbookFoundation (in target 'SpellbookFoundation' from project 'SwiftSpellbook')
SwiftCompile normal arm64 (in target 'SpellbookFoundation' from project 'SwiftSpellbook')
    cd /Users/admin/builder/spi-builder-workspace/.swiftpm/xcode

PruneExplicitPrecompiledModules /Users/admin/builder/spi-builder-workspace/.derivedData/SDKExplicitPrecompiledModules
PruneExplicitPrecompiledModules /Users/admin/builder/spi-builder-workspace/.derivedData/Build/Intermediates.noindex/ExplicitPrecompiledModules
PruneExplicitPrecompiledModules /Users/admin/builder/spi-builder-workspace/.derivedData/Build/Intermediates.noindex/SwiftExplicitPrecompiledModules
2026-09-19 16:35:25.662 xcodebuild[800:4841] [MT] IDERunDestination: Supported platforms for the buildables in the current scheme is empty.
** BUILD FAILED **
The following build commands failed:
	SwiftCompile normal arm64_32 Compiling\ Types.swift,\ EventAsk.swift,\ EventNotify.swift,\ Observable.swift,\ ValueObserving.swift,\ ValueStore.swift /Users/admin/builder/spi-builder-workspace/.dependencies/checkouts/SwiftSpellbook/Sources/SpellbookFoundation/Types\ &\ PropertyWrappers/Types.swift /Users/admin/builder/spi-builder-workspace/.dependencies/checkouts/SwiftSpellbook/Sources/SpellbookFoundation/ValueObserving/EventAsk.swift /Users/admin/builder/spi-builder-workspace/.dependencies/checkouts/SwiftSpellbook/Sources/SpellbookFoundation/ValueObserving/EventNotify.swift /Users/admin/builder/spi-builder-workspace/.dependencies/checkouts/SwiftSpellbook/Sources/SpellbookFoundation/ValueObserving/Observable.swift /Users/admin/builder/spi-builder-workspace/.dependencies/checkouts/SwiftSpellbook/Sources/SpellbookFoundation/ValueObserving/ValueObserving.swift /Users/admin/builder/spi-builder-workspace/.dependencies/checkouts/SwiftSpellbook/Sources/SpellbookFoundation/ValueObserving/ValueStore.swift (in target 'SpellbookFoundation' from project 'SwiftSpellbook')
	SwiftCompile normal arm64_32 /Users/admin/builder/spi-builder-workspace/.dependencies/checkouts/SwiftSpellbook/Sources/SpellbookFoundation/ValueObserving/EventAsk.swift (in target 'SpellbookFoundation' from project 'SwiftSpellbook')
	Building workspace sEndpointSecurity with scheme sEndpointSecurity
(3 failures)
BUILD FAILURE 6.4 watchOS