Build Information
Failed to build CombineReachability, reference master (ba1cb2), with Swift 6.4 for watchOS using Xcode 27.0 on 16 Sep 2026 07:39:10 UTC.
Build Command
env DEVELOPER_DIR=/Applications/Xcode-27.0.0-Release.Candidate.app xcrun xcodebuild -IDEClonedSourcePackagesDirPathOverride=$PWD/.dependencies -skipMacroValidation -skipPackagePluginValidation -derivedDataPath $PWD/.derivedData build -scheme CombineReachability -destination generic/platform=watchOSBuild Log
========================================
RunAll
========================================
Builder version: 5.1.0
Interrupt handler set up.
========================================
Checkout
========================================
Clone URL: https://github.com/istvan-kreisz/CombineReachability.git
Reference: master
Initialized empty Git repository in /Users/admin/builder/spi-builder-workspace/.git/
From https://github.com/istvan-kreisz/CombineReachability
* branch master -> FETCH_HEAD
* [new branch] master -> origin/master
HEAD is now at ba1cb2a Update README.md
Cloned https://github.com/istvan-kreisz/CombineReachability.git
Revision (git rev-parse @):
ba1cb2adeb111ee3ce475404ca1cdfb322505281
SUCCESS checkout https://github.com/istvan-kreisz/CombineReachability.git at master
========================================
Build
========================================
Selected platform: watchOS
Swift version: 6.4
Building package at path: $PWD
https://github.com/istvan-kreisz/CombineReachability.git
Command line invocation:
/Applications/Xcode-27.0.0-Release.Candidate.app/Contents/Developer/usr/bin/xcodebuild -IDEClonedSourcePackagesDirPathOverride=/Users/admin/builder/spi-builder-workspace/.dependencies -resolvePackageDependencies
Resolve Package Graph
Fetching from https://github.com/ashleymills/Reachability.swift
Creating working copy of package ‘Reachability.swift’
Checking out 5.2.4 of package ‘Reachability.swift’
Resolve Package Graph
Resolved source packages:
CombineReachability: /Users/admin/builder/spi-builder-workspace
Reachability: https://github.com/ashleymills/Reachability.swift @ 5.2.4
resolved source packages: CombineReachability, Reachability
2026-09-16 03:38:20.727 xcodebuild[529:3026] [MT] IDERunDestination: Supported platforms for the buildables in the current scheme is empty.
{
"dependencies" : [
{
"identity" : "reachability.swift",
"requirement" : {
"range" : [
{
"lower_bound" : "5.0.0",
"upper_bound" : "6.0.0"
}
]
},
"type" : "sourceControl",
"url" : "https://github.com/ashleymills/Reachability.swift"
}
],
"manifest_display_name" : "CombineReachability",
"name" : "CombineReachability",
"path" : "/Users/admin/builder/spi-builder-workspace",
"platforms" : [
{
"name" : "macos",
"version" : "10.15"
},
{
"name" : "ios",
"version" : "13.0"
},
{
"name" : "tvos",
"version" : "13.0"
},
{
"name" : "watchos",
"version" : "6.0"
}
],
"products" : [
{
"name" : "CombineReachability",
"targets" : [
"CombineReachability"
],
"type" : {
"library" : [
"automatic"
]
}
}
],
"targets" : [
{
"c99name" : "CombineReachability",
"module_type" : "SwiftTarget",
"name" : "CombineReachability",
"path" : "Sources",
"product_dependencies" : [
"Reachability"
],
"product_memberships" : [
"CombineReachability"
],
"sources" : [
"CombineReachability/Reachability+Combine.swift"
],
"type" : "library"
}
],
"tools_version" : "5.1"
}
{
"workspace" : {
"name" : "CombineReachability",
"schemes" : [
"CombineReachability"
]
}
}
2026-09-16 03:39:02.360 xcodebuild[684:4305] [MT] IDERunDestination: Supported platforms for the buildables in the current scheme is empty.
Running build ...
env DEVELOPER_DIR=/Applications/Xcode-27.0.0-Release.Candidate.app xcrun xcodebuild -IDEClonedSourcePackagesDirPathOverride=$PWD/.dependencies -skipMacroValidation -skipPackagePluginValidation -derivedDataPath $PWD/.derivedData build -scheme CombineReachability -destination generic/platform=watchOS
Command line invocation:
/Applications/Xcode-27.0.0-Release.Candidate.app/Contents/Developer/usr/bin/xcodebuild -IDEClonedSourcePackagesDirPathOverride=/Users/admin/builder/spi-builder-workspace/.dependencies -skipMacroValidation -skipPackagePluginValidation -derivedDataPath /Users/admin/builder/spi-builder-workspace/.derivedData build -scheme CombineReachability -destination generic/platform=watchOS
Resolve Package Graph
Resolve Package Graph
Resolved source packages:
Reachability: https://github.com/ashleymills/Reachability.swift @ 5.2.4
CombineReachability: /Users/admin/builder/spi-builder-workspace
ComputePackagePrebuildTargetDependencyGraph
Prepare packages
CreateBuildRequest
SendProjectDescription
CreateBuildOperation
ComputeTargetDependencyGraph
note: Building targets in dependency order
note: Target dependency graph (5 targets)
Target 'CombineReachability-product' in project 'CombineReachability'
➜ Explicit dependency on target 'CombineReachability' in project 'CombineReachability'
➜ Explicit dependency on target 'Reachability-product' in project 'Reachability'
Target 'CombineReachability' in project 'CombineReachability'
➜ Explicit dependency on target 'Reachability-product' in project 'Reachability'
Target 'Reachability-product' in project 'Reachability'
➜ Explicit dependency on target 'Reachability' in project 'Reachability'
➜ Explicit dependency on target 'Reachability_Reachability' in project 'Reachability'
Target 'Reachability' in project 'Reachability'
➜ Explicit dependency on target 'Reachability_Reachability' in project 'Reachability'
Target 'Reachability_Reachability' in project 'Reachability' (no dependencies)
GatherProvisioningInputs
CreateBuildDescription
ExecuteExternalTool /Applications/Xcode-27.0.0-Release.Candidate.app/Contents/Developer/Toolchains/XcodeDefault.xctoolchain/usr/bin/clang -v -E -dM -isysroot /Applications/Xcode-27.0.0-Release.Candidate.app/Contents/Developer/Platforms/WatchOS.platform/Developer/SDKs/WatchOS27.0.sdk -x c -c /dev/null
ExecuteExternalTool /Applications/Xcode-27.0.0-Release.Candidate.app/Contents/Developer/Toolchains/XcodeDefault.xctoolchain/usr/bin/swiftc --version
ExecuteExternalTool /Applications/Xcode-27.0.0-Release.Candidate.app/Contents/Developer/Toolchains/XcodeDefault.xctoolchain/usr/bin/ld -version_details
Build description signature: 6b298a1c39c6123b45399df3df4bfb20
Build description path: /Users/admin/builder/spi-builder-workspace/.derivedData/Build/Intermediates.noindex/XCBuildData/6b298a1c39c6123b45399df3df4bfb20.xcbuilddata
CreateBuildDirectory /Users/admin/builder/spi-builder-workspace/.derivedData/SDKExplicitPrecompiledModules
cd /Users/admin/builder/spi-builder-workspace/.swiftpm/xcode
builtin-create-build-directory /Users/admin/builder/spi-builder-workspace/.derivedData/SDKExplicitPrecompiledModules
CreateBuildDirectory /Users/admin/builder/spi-builder-workspace/.derivedData/ModuleCache.noindex
cd /Users/admin/builder/spi-builder-workspace/.swiftpm/xcode
builtin-create-build-directory /Users/admin/builder/spi-builder-workspace/.derivedData/ModuleCache.noindex
CreateBuildDirectory /Users/admin/builder/spi-builder-workspace/.derivedData/CompilationCache.noindex
cd /Users/admin/builder/spi-builder-workspace/.swiftpm/xcode
builtin-create-build-directory /Users/admin/builder/spi-builder-workspace/.derivedData/CompilationCache.noindex
CreateBuildDirectory /Users/admin/builder/spi-builder-workspace/.derivedData/Build/Intermediates.noindex
cd /Users/admin/builder/spi-builder-workspace/.swiftpm/xcode
builtin-create-build-directory /Users/admin/builder/spi-builder-workspace/.derivedData/Build/Intermediates.noindex
CreateBuildDirectory /Users/admin/builder/spi-builder-workspace/.derivedData/Build/Products
cd /Users/admin/builder/spi-builder-workspace/.swiftpm/xcode
builtin-create-build-directory /Users/admin/builder/spi-builder-workspace/.derivedData/Build/Products
ClangStatCache /Applications/Xcode-27.0.0-Release.Candidate.app/Contents/Developer/Toolchains/XcodeDefault.xctoolchain/usr/bin/clang-stat-cache /Applications/Xcode-27.0.0-Release.Candidate.app/Contents/Developer/Platforms/WatchOS.platform/Developer/SDKs/WatchOS27.0.sdk /Users/admin/builder/spi-builder-workspace/.derivedData/SDKStatCaches.noindex/watchos27.0-24R360-e829b21a6f8c9b70876ba0858053c04477534ef55a1706bf4c1112bbb242f0a2.sdkstatcache
cd /Users/admin/builder/spi-builder-workspace/.swiftpm/xcode
/Applications/Xcode-27.0.0-Release.Candidate.app/Contents/Developer/Toolchains/XcodeDefault.xctoolchain/usr/bin/clang-stat-cache /Applications/Xcode-27.0.0-Release.Candidate.app/Contents/Developer/Platforms/WatchOS.platform/Developer/SDKs/WatchOS27.0.sdk -o /Users/admin/builder/spi-builder-workspace/.derivedData/SDKStatCaches.noindex/watchos27.0-24R360-e829b21a6f8c9b70876ba0858053c04477534ef55a1706bf4c1112bbb242f0a2.sdkstatcache
CreateBuildDirectory /Users/admin/builder/spi-builder-workspace/.derivedData/Build/Intermediates.noindex/SwiftExplicitPrecompiledModules
cd /Users/admin/builder/spi-builder-workspace/.swiftpm/xcode
builtin-create-build-directory /Users/admin/builder/spi-builder-workspace/.derivedData/Build/Intermediates.noindex/SwiftExplicitPrecompiledModules
CreateBuildDirectory /Users/admin/builder/spi-builder-workspace/.derivedData/Build/Intermediates.noindex/PrecompiledHeaders
cd /Users/admin/builder/spi-builder-workspace/.swiftpm/xcode
builtin-create-build-directory /Users/admin/builder/spi-builder-workspace/.derivedData/Build/Intermediates.noindex/PrecompiledHeaders
CreateBuildDirectory /Users/admin/builder/spi-builder-workspace/.derivedData/Build/Intermediates.noindex/ExplicitPrecompiledModules
cd /Users/admin/builder/spi-builder-workspace/.swiftpm/xcode
builtin-create-build-directory /Users/admin/builder/spi-builder-workspace/.derivedData/Build/Intermediates.noindex/ExplicitPrecompiledModules
CreateBuildDirectory /Users/admin/builder/spi-builder-workspace/.derivedData/Build/Products/Debug-watchos
cd /Users/admin/builder/spi-builder-workspace/.swiftpm/xcode
builtin-create-build-directory /Users/admin/builder/spi-builder-workspace/.derivedData/Build/Products/Debug-watchos
CreateBuildDirectory /Users/admin/builder/spi-builder-workspace/.derivedData/Build/Intermediates.noindex/EagerLinkingTBDs/Debug-watchos
cd /Users/admin/builder/spi-builder-workspace/.swiftpm/xcode
builtin-create-build-directory /Users/admin/builder/spi-builder-workspace/.derivedData/Build/Intermediates.noindex/EagerLinkingTBDs/Debug-watchos
CreateBuildDirectory /Users/admin/builder/spi-builder-workspace/.derivedData/Build/Products/Debug-watchos/PackageFrameworks
cd /Users/admin/builder/spi-builder-workspace/.swiftpm/xcode
builtin-create-build-directory /Users/admin/builder/spi-builder-workspace/.derivedData/Build/Products/Debug-watchos/PackageFrameworks
WriteAuxiliaryFile /Users/admin/builder/spi-builder-workspace/.derivedData/Build/Intermediates.noindex/Reachability.build/Debug-watchos/Reachability-t.build/Reachability.DependencyStaticMetadataFileList (in target 'Reachability' from project 'Reachability')
cd /Users/admin/builder/spi-builder-workspace/.dependencies/checkouts/Reachability.swift
write-file /Users/admin/builder/spi-builder-workspace/.derivedData/Build/Intermediates.noindex/Reachability.build/Debug-watchos/Reachability-t.build/Reachability.DependencyStaticMetadataFileList
WriteAuxiliaryFile /Users/admin/builder/spi-builder-workspace/.derivedData/Build/Intermediates.noindex/Reachability.build/Debug-watchos/Reachability_Reachability-b.build/Reachability_Reachability.DependencyStaticMetadataFileList (in target 'Reachability_Reachability' from project 'Reachability')
cd /Users/admin/builder/spi-builder-workspace/.dependencies/checkouts/Reachability.swift
write-file /Users/admin/builder/spi-builder-workspace/.derivedData/Build/Intermediates.noindex/Reachability.build/Debug-watchos/Reachability_Reachability-b.build/Reachability_Reachability.DependencyStaticMetadataFileList
WriteAuxiliaryFile /Users/admin/builder/spi-builder-workspace/.derivedData/Build/Intermediates.noindex/Reachability.build/Debug-watchos/Reachability_Reachability-b.build/Reachability_Reachability.DependencyMetadataFileList (in target 'Reachability_Reachability' from project 'Reachability')
cd /Users/admin/builder/spi-builder-workspace/.dependencies/checkouts/Reachability.swift
write-file /Users/admin/builder/spi-builder-workspace/.derivedData/Build/Intermediates.noindex/Reachability.build/Debug-watchos/Reachability_Reachability-b.build/Reachability_Reachability.DependencyMetadataFileList
WriteAuxiliaryFile /Users/admin/builder/spi-builder-workspace/.derivedData/Build/Intermediates.noindex/Reachability.build/Debug-watchos/Reachability-t.build/Reachability.DependencyMetadataFileList (in target 'Reachability' from project 'Reachability')
cd /Users/admin/builder/spi-builder-workspace/.dependencies/checkouts/Reachability.swift
write-file /Users/admin/builder/spi-builder-workspace/.derivedData/Build/Intermediates.noindex/Reachability.build/Debug-watchos/Reachability-t.build/Reachability.DependencyMetadataFileList
WriteAuxiliaryFile /Users/admin/builder/spi-builder-workspace/.derivedData/Build/Intermediates.noindex/Reachability.build/Debug-watchos/Reachability_Reachability-b.build/empty-Reachability_Reachability.plist (in target 'Reachability_Reachability' from project 'Reachability')
cd /Users/admin/builder/spi-builder-workspace/.dependencies/checkouts/Reachability.swift
write-file /Users/admin/builder/spi-builder-workspace/.derivedData/Build/Intermediates.noindex/Reachability.build/Debug-watchos/Reachability_Reachability-b.build/empty-Reachability_Reachability.plist
WriteAuxiliaryFile /Users/admin/builder/spi-builder-workspace/.derivedData/Build/Intermediates.noindex/Reachability.build/Debug-watchos/Reachability-t.build/Reachability.modulemap (in target 'Reachability' from project 'Reachability')
cd /Users/admin/builder/spi-builder-workspace/.dependencies/checkouts/Reachability.swift
write-file /Users/admin/builder/spi-builder-workspace/.derivedData/Build/Intermediates.noindex/Reachability.build/Debug-watchos/Reachability-t.build/Reachability.modulemap
WriteAuxiliaryFile /Users/admin/builder/spi-builder-workspace/.derivedData/Build/Intermediates.noindex/Reachability.build/Debug-watchos/Reachability-t.build/Objects-normal/arm64_32/Reachability.SwiftConstValuesFileList (in target 'Reachability' from project 'Reachability')
cd /Users/admin/builder/spi-builder-workspace/.dependencies/checkouts/Reachability.swift
write-file /Users/admin/builder/spi-builder-workspace/.derivedData/Build/Intermediates.noindex/Reachability.build/Debug-watchos/Reachability-t.build/Objects-normal/arm64_32/Reachability.SwiftConstValuesFileList
WriteAuxiliaryFile /Users/admin/builder/spi-builder-workspace/.derivedData/Build/Intermediates.noindex/Reachability.build/Debug-watchos/Reachability-t.build/Objects-normal/arm64_32/Reachability_const_extract_protocols.json (in target 'Reachability' from project 'Reachability')
cd /Users/admin/builder/spi-builder-workspace/.dependencies/checkouts/Reachability.swift
write-file /Users/admin/builder/spi-builder-workspace/.derivedData/Build/Intermediates.noindex/Reachability.build/Debug-watchos/Reachability-t.build/Objects-normal/arm64_32/Reachability_const_extract_protocols.json
WriteAuxiliaryFile /Users/admin/builder/spi-builder-workspace/.derivedData/Build/Intermediates.noindex/Reachability.build/Debug-watchos/Reachability-t.build/Objects-normal/arm64_32/Reachability.SwiftFileList (in target 'Reachability' from project 'Reachability')
cd /Users/admin/builder/spi-builder-workspace/.dependencies/checkouts/Reachability.swift
write-file /Users/admin/builder/spi-builder-workspace/.derivedData/Build/Intermediates.noindex/Reachability.build/Debug-watchos/Reachability-t.build/Objects-normal/arm64_32/Reachability.SwiftFileList
WriteAuxiliaryFile /Users/admin/builder/spi-builder-workspace/.derivedData/Build/Intermediates.noindex/Reachability.build/Debug-watchos/Reachability-t.build/Objects-normal/arm64_32/Reachability.LinkFileList (in target 'Reachability' from project 'Reachability')
cd /Users/admin/builder/spi-builder-workspace/.dependencies/checkouts/Reachability.swift
write-file /Users/admin/builder/spi-builder-workspace/.derivedData/Build/Intermediates.noindex/Reachability.build/Debug-watchos/Reachability-t.build/Objects-normal/arm64_32/Reachability.LinkFileList
WriteAuxiliaryFile /Users/admin/builder/spi-builder-workspace/.derivedData/Build/Intermediates.noindex/Reachability.build/Debug-watchos/Reachability-t.build/Objects-normal/arm64_32/Reachability-OutputFileMap.json (in target 'Reachability' from project 'Reachability')
cd /Users/admin/builder/spi-builder-workspace/.dependencies/checkouts/Reachability.swift
write-file /Users/admin/builder/spi-builder-workspace/.derivedData/Build/Intermediates.noindex/Reachability.build/Debug-watchos/Reachability-t.build/Objects-normal/arm64_32/Reachability-OutputFileMap.json
WriteAuxiliaryFile /Users/admin/builder/spi-builder-workspace/.derivedData/Build/Intermediates.noindex/Reachability.build/Debug-watchos/Reachability-t.build/Objects-normal/arm64/Reachability_const_extract_protocols.json (in target 'Reachability' from project 'Reachability')
cd /Users/admin/builder/spi-builder-workspace/.dependencies/checkouts/Reachability.swift
write-file /Users/admin/builder/spi-builder-workspace/.derivedData/Build/Intermediates.noindex/Reachability.build/Debug-watchos/Reachability-t.build/Objects-normal/arm64/Reachability_const_extract_protocols.json
WriteAuxiliaryFile /Users/admin/builder/spi-builder-workspace/.derivedData/Build/Intermediates.noindex/Reachability.build/Debug-watchos/Reachability-t.build/Objects-normal/arm64/Reachability.SwiftFileList (in target 'Reachability' from project 'Reachability')
cd /Users/admin/builder/spi-builder-workspace/.dependencies/checkouts/Reachability.swift
write-file /Users/admin/builder/spi-builder-workspace/.derivedData/Build/Intermediates.noindex/Reachability.build/Debug-watchos/Reachability-t.build/Objects-normal/arm64/Reachability.SwiftFileList
WriteAuxiliaryFile /Users/admin/builder/spi-builder-workspace/.derivedData/Build/Intermediates.noindex/Reachability.build/Debug-watchos/Reachability-t.build/Objects-normal/arm64/Reachability.SwiftConstValuesFileList (in target 'Reachability' from project 'Reachability')
cd /Users/admin/builder/spi-builder-workspace/.dependencies/checkouts/Reachability.swift
write-file /Users/admin/builder/spi-builder-workspace/.derivedData/Build/Intermediates.noindex/Reachability.build/Debug-watchos/Reachability-t.build/Objects-normal/arm64/Reachability.SwiftConstValuesFileList
WriteAuxiliaryFile /Users/admin/builder/spi-builder-workspace/.derivedData/Build/Intermediates.noindex/Reachability.build/Debug-watchos/Reachability-t.build/Objects-normal/arm64/Reachability.LinkFileList (in target 'Reachability' from project 'Reachability')
cd /Users/admin/builder/spi-builder-workspace/.dependencies/checkouts/Reachability.swift
write-file /Users/admin/builder/spi-builder-workspace/.derivedData/Build/Intermediates.noindex/Reachability.build/Debug-watchos/Reachability-t.build/Objects-normal/arm64/Reachability.LinkFileList
WriteAuxiliaryFile /Users/admin/builder/spi-builder-workspace/.derivedData/Build/Intermediates.noindex/Reachability.build/Debug-watchos/Reachability-t.build/Objects-normal/arm64/Reachability-OutputFileMap.json (in target 'Reachability' from project 'Reachability')
cd /Users/admin/builder/spi-builder-workspace/.dependencies/checkouts/Reachability.swift
write-file /Users/admin/builder/spi-builder-workspace/.derivedData/Build/Intermediates.noindex/Reachability.build/Debug-watchos/Reachability-t.build/Objects-normal/arm64/Reachability-OutputFileMap.json
WriteAuxiliaryFile /Users/admin/builder/spi-builder-workspace/.derivedData/Build/Intermediates.noindex/Reachability.build/Debug-watchos/Reachability-t.build/DerivedSources/resource_bundle_accessor.swift (in target 'Reachability' from project 'Reachability')
cd /Users/admin/builder/spi-builder-workspace/.dependencies/checkouts/Reachability.swift
write-file /Users/admin/builder/spi-builder-workspace/.derivedData/Build/Intermediates.noindex/Reachability.build/Debug-watchos/Reachability-t.build/DerivedSources/resource_bundle_accessor.swift
Copy /Users/admin/builder/spi-builder-workspace/.derivedData/Build/Intermediates.noindex/GeneratedModuleMaps-watchos/Reachability.modulemap /Users/admin/builder/spi-builder-workspace/.derivedData/Build/Intermediates.noindex/Reachability.build/Debug-watchos/Reachability-t.build/Reachability.modulemap (in target 'Reachability' from project 'Reachability')
cd /Users/admin/builder/spi-builder-workspace/.dependencies/checkouts/Reachability.swift
builtin-copy -exclude .DS_Store -exclude CVS -exclude .svn -exclude .git -exclude .hg -resolve-src-symlinks /Users/admin/builder/spi-builder-workspace/.derivedData/Build/Intermediates.noindex/Reachability.build/Debug-watchos/Reachability-t.build/Reachability.modulemap /Users/admin/builder/spi-builder-workspace/.derivedData/Build/Intermediates.noindex/GeneratedModuleMaps-watchos
WriteAuxiliaryFile /Users/admin/builder/spi-builder-workspace/.derivedData/Build/Intermediates.noindex/CombineReachability.build/Debug-watchos/CombineReachability-t.build/Objects-normal/arm64_32/CombineReachability_const_extract_protocols.json (in target 'CombineReachability' from project 'CombineReachability')
cd /Users/admin/builder/spi-builder-workspace
write-file /Users/admin/builder/spi-builder-workspace/.derivedData/Build/Intermediates.noindex/CombineReachability.build/Debug-watchos/CombineReachability-t.build/Objects-normal/arm64_32/CombineReachability_const_extract_protocols.json
WriteAuxiliaryFile /Users/admin/builder/spi-builder-workspace/.derivedData/Build/Intermediates.noindex/CombineReachability.build/Debug-watchos/CombineReachability-t.build/Objects-normal/arm64_32/CombineReachability.SwiftFileList (in target 'CombineReachability' from project 'CombineReachability')
cd /Users/admin/builder/spi-builder-workspace
write-file /Users/admin/builder/spi-builder-workspace/.derivedData/Build/Intermediates.noindex/CombineReachability.build/Debug-watchos/CombineReachability-t.build/Objects-normal/arm64_32/CombineReachability.SwiftFileList
WriteAuxiliaryFile /Users/admin/builder/spi-builder-workspace/.derivedData/Build/Intermediates.noindex/CombineReachability.build/Debug-watchos/CombineReachability-t.build/Objects-normal/arm64_32/CombineReachability.SwiftConstValuesFileList (in target 'CombineReachability' from project 'CombineReachability')
cd /Users/admin/builder/spi-builder-workspace
write-file /Users/admin/builder/spi-builder-workspace/.derivedData/Build/Intermediates.noindex/CombineReachability.build/Debug-watchos/CombineReachability-t.build/Objects-normal/arm64_32/CombineReachability.SwiftConstValuesFileList
WriteAuxiliaryFile /Users/admin/builder/spi-builder-workspace/.derivedData/Build/Intermediates.noindex/CombineReachability.build/Debug-watchos/CombineReachability-t.build/Objects-normal/arm64_32/CombineReachability.LinkFileList (in target 'CombineReachability' from project 'CombineReachability')
cd /Users/admin/builder/spi-builder-workspace
write-file /Users/admin/builder/spi-builder-workspace/.derivedData/Build/Intermediates.noindex/CombineReachability.build/Debug-watchos/CombineReachability-t.build/Objects-normal/arm64_32/CombineReachability.LinkFileList
WriteAuxiliaryFile /Users/admin/builder/spi-builder-workspace/.derivedData/Build/Intermediates.noindex/CombineReachability.build/Debug-watchos/CombineReachability-t.build/Objects-normal/arm64_32/CombineReachability-OutputFileMap.json (in target 'CombineReachability' from project 'CombineReachability')
cd /Users/admin/builder/spi-builder-workspace
write-file /Users/admin/builder/spi-builder-workspace/.derivedData/Build/Intermediates.noindex/CombineReachability.build/Debug-watchos/CombineReachability-t.build/Objects-normal/arm64_32/CombineReachability-OutputFileMap.json
WriteAuxiliaryFile /Users/admin/builder/spi-builder-workspace/.derivedData/Build/Intermediates.noindex/CombineReachability.build/Debug-watchos/CombineReachability-t.build/Objects-normal/arm64/CombineReachability.SwiftFileList (in target 'CombineReachability' from project 'CombineReachability')
cd /Users/admin/builder/spi-builder-workspace
write-file /Users/admin/builder/spi-builder-workspace/.derivedData/Build/Intermediates.noindex/CombineReachability.build/Debug-watchos/CombineReachability-t.build/Objects-normal/arm64/CombineReachability.SwiftFileList
WriteAuxiliaryFile /Users/admin/builder/spi-builder-workspace/.derivedData/Build/Intermediates.noindex/CombineReachability.build/Debug-watchos/CombineReachability-t.build/Objects-normal/arm64/CombineReachability_const_extract_protocols.json (in target 'CombineReachability' from project 'CombineReachability')
cd /Users/admin/builder/spi-builder-workspace
write-file /Users/admin/builder/spi-builder-workspace/.derivedData/Build/Intermediates.noindex/CombineReachability.build/Debug-watchos/CombineReachability-t.build/Objects-normal/arm64/CombineReachability_const_extract_protocols.json
WriteAuxiliaryFile /Users/admin/builder/spi-builder-workspace/.derivedData/Build/Intermediates.noindex/CombineReachability.build/Debug-watchos/CombineReachability-t.build/Objects-normal/arm64/CombineReachability.SwiftConstValuesFileList (in target 'CombineReachability' from project 'CombineReachability')
cd /Users/admin/builder/spi-builder-workspace
write-file /Users/admin/builder/spi-builder-workspace/.derivedData/Build/Intermediates.noindex/CombineReachability.build/Debug-watchos/CombineReachability-t.build/Objects-normal/arm64/CombineReachability.SwiftConstValuesFileList
WriteAuxiliaryFile /Users/admin/builder/spi-builder-workspace/.derivedData/Build/Intermediates.noindex/CombineReachability.build/Debug-watchos/CombineReachability-t.build/Objects-normal/arm64/CombineReachability.LinkFileList (in target 'CombineReachability' from project 'CombineReachability')
cd /Users/admin/builder/spi-builder-workspace
write-file /Users/admin/builder/spi-builder-workspace/.derivedData/Build/Intermediates.noindex/CombineReachability.build/Debug-watchos/CombineReachability-t.build/Objects-normal/arm64/CombineReachability.LinkFileList
WriteAuxiliaryFile /Users/admin/builder/spi-builder-workspace/.derivedData/Build/Intermediates.noindex/CombineReachability.build/Debug-watchos/CombineReachability-t.build/Objects-normal/arm64/CombineReachability-OutputFileMap.json (in target 'CombineReachability' from project 'CombineReachability')
cd /Users/admin/builder/spi-builder-workspace
write-file /Users/admin/builder/spi-builder-workspace/.derivedData/Build/Intermediates.noindex/CombineReachability.build/Debug-watchos/CombineReachability-t.build/Objects-normal/arm64/CombineReachability-OutputFileMap.json
WriteAuxiliaryFile /Users/admin/builder/spi-builder-workspace/.derivedData/Build/Intermediates.noindex/CombineReachability.build/Debug-watchos/CombineReachability-t.build/CombineReachability.modulemap (in target 'CombineReachability' from project 'CombineReachability')
cd /Users/admin/builder/spi-builder-workspace
write-file /Users/admin/builder/spi-builder-workspace/.derivedData/Build/Intermediates.noindex/CombineReachability.build/Debug-watchos/CombineReachability-t.build/CombineReachability.modulemap
WriteAuxiliaryFile /Users/admin/builder/spi-builder-workspace/.derivedData/Build/Intermediates.noindex/CombineReachability.build/Debug-watchos/CombineReachability-t.build/CombineReachability.DependencyMetadataFileList (in target 'CombineReachability' from project 'CombineReachability')
cd /Users/admin/builder/spi-builder-workspace
write-file /Users/admin/builder/spi-builder-workspace/.derivedData/Build/Intermediates.noindex/CombineReachability.build/Debug-watchos/CombineReachability-t.build/CombineReachability.DependencyMetadataFileList
WriteAuxiliaryFile /Users/admin/builder/spi-builder-workspace/.derivedData/Build/Intermediates.noindex/CombineReachability.build/Debug-watchos/CombineReachability-t.build/CombineReachability.DependencyStaticMetadataFileList (in target 'CombineReachability' from project 'CombineReachability')
cd /Users/admin/builder/spi-builder-workspace
write-file /Users/admin/builder/spi-builder-workspace/.derivedData/Build/Intermediates.noindex/CombineReachability.build/Debug-watchos/CombineReachability-t.build/CombineReachability.DependencyStaticMetadataFileList
MkDir /Users/admin/builder/spi-builder-workspace/.derivedData/Build/Products/Debug-watchos/Reachability_Reachability.bundle (in target 'Reachability_Reachability' from project 'Reachability')
cd /Users/admin/builder/spi-builder-workspace/.dependencies/checkouts/Reachability.swift
/bin/mkdir -p /Users/admin/builder/spi-builder-workspace/.derivedData/Build/Products/Debug-watchos/Reachability_Reachability.bundle
Copy /Users/admin/builder/spi-builder-workspace/.derivedData/Build/Intermediates.noindex/GeneratedModuleMaps-watchos/CombineReachability.modulemap /Users/admin/builder/spi-builder-workspace/.derivedData/Build/Intermediates.noindex/CombineReachability.build/Debug-watchos/CombineReachability-t.build/CombineReachability.modulemap (in target 'CombineReachability' from project 'CombineReachability')
cd /Users/admin/builder/spi-builder-workspace
builtin-copy -exclude .DS_Store -exclude CVS -exclude .svn -exclude .git -exclude .hg -resolve-src-symlinks /Users/admin/builder/spi-builder-workspace/.derivedData/Build/Intermediates.noindex/CombineReachability.build/Debug-watchos/CombineReachability-t.build/CombineReachability.modulemap /Users/admin/builder/spi-builder-workspace/.derivedData/Build/Intermediates.noindex/GeneratedModuleMaps-watchos
ProcessInfoPlistFile /Users/admin/builder/spi-builder-workspace/.derivedData/Build/Products/Debug-watchos/Reachability_Reachability.bundle/Info.plist /Users/admin/builder/spi-builder-workspace/.derivedData/Build/Intermediates.noindex/Reachability.build/Debug-watchos/Reachability_Reachability-b.build/empty-Reachability_Reachability.plist (in target 'Reachability_Reachability' from project 'Reachability')
cd /Users/admin/builder/spi-builder-workspace/.dependencies/checkouts/Reachability.swift
builtin-infoPlistUtility /Users/admin/builder/spi-builder-workspace/.derivedData/Build/Intermediates.noindex/Reachability.build/Debug-watchos/Reachability_Reachability-b.build/empty-Reachability_Reachability.plist -producttype com.apple.product-type.bundle -expandbuildsettings -format binary -platform watchos -o /Users/admin/builder/spi-builder-workspace/.derivedData/Build/Products/Debug-watchos/Reachability_Reachability.bundle/Info.plist
CpResource /Users/admin/builder/spi-builder-workspace/.derivedData/Build/Products/Debug-watchos/Reachability_Reachability.bundle/PrivacyInfo.xcprivacy /Users/admin/builder/spi-builder-workspace/.dependencies/checkouts/Reachability.swift/Sources/PrivacyInfo.xcprivacy (in target 'Reachability_Reachability' from project 'Reachability')
cd /Users/admin/builder/spi-builder-workspace/.dependencies/checkouts/Reachability.swift
builtin-copy -exclude .DS_Store -exclude CVS -exclude .svn -exclude .git -exclude .hg -resolve-src-symlinks /Users/admin/builder/spi-builder-workspace/.dependencies/checkouts/Reachability.swift/Sources/PrivacyInfo.xcprivacy /Users/admin/builder/spi-builder-workspace/.derivedData/Build/Products/Debug-watchos/Reachability_Reachability.bundle
RegisterExecutionPolicyException /Users/admin/builder/spi-builder-workspace/.derivedData/Build/Products/Debug-watchos/Reachability_Reachability.bundle (in target 'Reachability_Reachability' from project 'Reachability')
cd /Users/admin/builder/spi-builder-workspace/.dependencies/checkouts/Reachability.swift
builtin-RegisterExecutionPolicyException /Users/admin/builder/spi-builder-workspace/.derivedData/Build/Products/Debug-watchos/Reachability_Reachability.bundle
Touch /Users/admin/builder/spi-builder-workspace/.derivedData/Build/Products/Debug-watchos/Reachability_Reachability.bundle (in target 'Reachability_Reachability' from project 'Reachability')
cd /Users/admin/builder/spi-builder-workspace/.dependencies/checkouts/Reachability.swift
/usr/bin/touch -c /Users/admin/builder/spi-builder-workspace/.derivedData/Build/Products/Debug-watchos/Reachability_Reachability.bundle
SwiftDriver Reachability normal arm64_32 com.apple.xcode.tools.swift.compiler (in target 'Reachability' from project 'Reachability')
cd /Users/admin/builder/spi-builder-workspace/.swiftpm/xcode
builtin-SwiftDriver -- /Applications/Xcode-27.0.0-Release.Candidate.app/Contents/Developer/Toolchains/XcodeDefault.xctoolchain/usr/bin/swiftc -parse-as-library -module-name Reachability -Onone @/Users/admin/builder/spi-builder-workspace/.derivedData/Build/Intermediates.noindex/Reachability.build/Debug-watchos/Reachability-t.build/Objects-normal/arm64_32/Reachability.SwiftFileList -DSWIFT_PACKAGE -DDEBUG -DSWIFT_MODULE_RESOURCE_BUNDLE_AVAILABLE -DXcode -plugin-path /Applications/Xcode-27.0.0-Release.Candidate.app/Contents/Developer/Toolchains/XcodeDefault.xctoolchain/usr/lib/swift/host/plugins/testing -enable-experimental-feature DebugDescriptionMacro -sdk /Applications/Xcode-27.0.0-Release.Candidate.app/Contents/Developer/Platforms/WatchOS.platform/Developer/SDKs/WatchOS27.0.sdk -target arm64_32-apple-watchos9.0 -g -module-cache-path /Users/admin/builder/spi-builder-workspace/.derivedData/ModuleCache.noindex -Xfrontend -serialize-debugging-options -enable-testing -suppress-warnings -index-store-path /Users/admin/builder/spi-builder-workspace/.derivedData/Index.noindex/DataStore -Xcc -D_LIBCPP_HARDENING_MODE\=_LIBCPP_HARDENING_MODE_DEBUG -swift-version 5 -I /Users/admin/builder/spi-builder-workspace/.derivedData/Build/Products/Debug-watchos -Isystem /Applications/Xcode-27.0.0-Release.Candidate.app/Contents/Developer/Platforms/WatchOS.platform/Developer/usr/lib -F /Users/admin/builder/spi-builder-workspace/.derivedData/Build/Products/Debug-watchos -F /Applications/Xcode-27.0.0-Release.Candidate.app/Contents/Developer/Platforms/WatchOS.platform/Developer/Library/Frameworks -F /Applications/Xcode-27.0.0-Release.Candidate.app/Contents/Developer/Platforms/WatchOS.platform/Developer/SDKs/WatchOS27.0.sdk/Developer/Library/Frameworks -c -j10 -enable-batch-mode -incremental -Xcc -ivfsstatcache -Xcc /Users/admin/builder/spi-builder-workspace/.derivedData/SDKStatCaches.noindex/watchos27.0-24R360-e829b21a6f8c9b70876ba0858053c04477534ef55a1706bf4c1112bbb242f0a2.sdkstatcache -output-file-map /Users/admin/builder/spi-builder-workspace/.derivedData/Build/Intermediates.noindex/Reachability.build/Debug-watchos/Reachability-t.build/Objects-normal/arm64_32/Reachability-OutputFileMap.json -save-temps -no-color-diagnostics -explicit-module-build -module-cache-path /Users/admin/builder/spi-builder-workspace/.derivedData/Build/Intermediates.noindex/SwiftExplicitPrecompiledModules -clang-scanner-module-cache-path /Users/admin/builder/spi-builder-workspace/.derivedData/ModuleCache.noindex -sdk-module-cache-path /Users/admin/builder/spi-builder-workspace/.derivedData/SDKExplicitPrecompiledModules -emit-dependencies -emit-module -emit-module-path /Users/admin/builder/spi-builder-workspace/.derivedData/Build/Intermediates.noindex/Reachability.build/Debug-watchos/Reachability-t.build/Objects-normal/arm64_32/Reachability.swiftmodule -serialize-diagnostics -dependency-scan-serialize-diagnostics-path /Users/admin/builder/spi-builder-workspace/.derivedData/Build/Intermediates.noindex/Reachability.build/Debug-watchos/Reachability-t.build/Objects-normal/arm64_32/Reachability-dependency-scan.dia -validate-clang-modules-once -clang-build-session-file /Users/admin/builder/spi-builder-workspace/.derivedData/ModuleCache.noindex/Session.modulevalidation -Xcc -fmodules-prune-interval\=86400 -Xcc -fmodules-prune-after\=345600 -emit-const-values -const-gather-protocols-list /Users/admin/builder/spi-builder-workspace/.derivedData/Build/Intermediates.noindex/Reachability.build/Debug-watchos/Reachability-t.build/Objects-normal/arm64_32/Reachability_const_extract_protocols.json -Xcc -I/Users/admin/builder/spi-builder-workspace/.derivedData/Build/Products/Debug-watchos/include -Xcc -I/Users/admin/builder/spi-builder-workspace/.derivedData/Build/Intermediates.noindex/Reachability.build/Debug-watchos/Reachability-t.build/DerivedSources-normal/arm64_32 -Xcc -I/Users/admin/builder/spi-builder-workspace/.derivedData/Build/Intermediates.noindex/Reachability.build/Debug-watchos/Reachability-t.build/DerivedSources/arm64_32 -Xcc -I/Users/admin/builder/spi-builder-workspace/.derivedData/Build/Intermediates.noindex/Reachability.build/Debug-watchos/Reachability-t.build/DerivedSources -Xcc -DSWIFT_PACKAGE -Xcc -DDEBUG\=1 -emit-objc-header -emit-objc-header-path /Users/admin/builder/spi-builder-workspace/.derivedData/Build/Intermediates.noindex/Reachability.build/Debug-watchos/Reachability-t.build/Objects-normal/arm64_32/Reachability-Swift.h -working-directory /Users/admin/builder/spi-builder-workspace/.swiftpm/xcode -experimental-emit-module-separately -disable-cmo
/Users/admin/builder/spi-builder-workspace/.dependencies/checkouts/Reachability.swift/Sources/Reachability.swift:28:8: error: Unable to resolve module dependency: 'SystemConfiguration' (in target 'Reachability' from project 'Reachability')
note: A dependency of main module 'Reachability'
/Users/admin/builder/spi-builder-workspace/.dependencies/checkouts/Reachability.swift/Sources/Reachability.swift:28:8: note: A dependency of main module 'Reachability'
import SystemConfiguration
^ (in target 'Reachability' from project 'Reachability')
SwiftDriver Reachability normal arm64 com.apple.xcode.tools.swift.compiler (in target 'Reachability' from project 'Reachability')
cd /Users/admin/builder/spi-builder-workspace/.swiftpm/xcode
builtin-SwiftDriver -- /Applications/Xcode-27.0.0-Release.Candidate.app/Contents/Developer/Toolchains/XcodeDefault.xctoolchain/usr/bin/swiftc -parse-as-library -module-name Reachability -Onone @/Users/admin/builder/spi-builder-workspace/.derivedData/Build/Intermediates.noindex/Reachability.build/Debug-watchos/Reachability-t.build/Objects-normal/arm64/Reachability.SwiftFileList -DSWIFT_PACKAGE -DDEBUG -DSWIFT_MODULE_RESOURCE_BUNDLE_AVAILABLE -DXcode -plugin-path /Applications/Xcode-27.0.0-Release.Candidate.app/Contents/Developer/Toolchains/XcodeDefault.xctoolchain/usr/lib/swift/host/plugins/testing -enable-experimental-feature DebugDescriptionMacro -sdk /Applications/Xcode-27.0.0-Release.Candidate.app/Contents/Developer/Platforms/WatchOS.platform/Developer/SDKs/WatchOS27.0.sdk -target arm64-apple-watchos9.0 -g -module-cache-path /Users/admin/builder/spi-builder-workspace/.derivedData/ModuleCache.noindex -Xfrontend -serialize-debugging-options -enable-testing -suppress-warnings -index-store-path /Users/admin/builder/spi-builder-workspace/.derivedData/Index.noindex/DataStore -Xcc -D_LIBCPP_HARDENING_MODE\=_LIBCPP_HARDENING_MODE_DEBUG -swift-version 5 -I /Users/admin/builder/spi-builder-workspace/.derivedData/Build/Products/Debug-watchos -Isystem /Applications/Xcode-27.0.0-Release.Candidate.app/Contents/Developer/Platforms/WatchOS.platform/Developer/usr/lib -F /Users/admin/builder/spi-builder-workspace/.derivedData/Build/Products/Debug-watchos -F /Applications/Xcode-27.0.0-Release.Candidate.app/Contents/Developer/Platforms/WatchOS.platform/Developer/Library/Frameworks -F /Applications/Xcode-27.0.0-Release.Candidate.app/Contents/Developer/Platforms/WatchOS.platform/Developer/SDKs/WatchOS27.0.sdk/Developer/Library/Frameworks -c -j10 -enable-batch-mode -incremental -Xcc -ivfsstatcache -Xcc /Users/admin/builder/spi-builder-workspace/.derivedData/SDKStatCaches.noindex/watchos27.0-24R360-e829b21a6f8c9b70876ba0858053c04477534ef55a1706bf4c1112bbb242f0a2.sdkstatcache -output-file-map /Users/admin/builder/spi-builder-workspace/.derivedData/Build/Intermediates.noindex/Reachability.build/Debug-watchos/Reachability-t.build/Objects-normal/arm64/Reachability-OutputFileMap.json -save-temps -no-color-diagnostics -explicit-module-build -module-cache-path /Users/admin/builder/spi-builder-workspace/.derivedData/Build/Intermediates.noindex/SwiftExplicitPrecompiledModules -clang-scanner-module-cache-path /Users/admin/builder/spi-builder-workspace/.derivedData/ModuleCache.noindex -sdk-module-cache-path /Users/admin/builder/spi-builder-workspace/.derivedData/SDKExplicitPrecompiledModules -emit-dependencies -emit-module -emit-module-path /Users/admin/builder/spi-builder-workspace/.derivedData/Build/Intermediates.noindex/Reachability.build/Debug-watchos/Reachability-t.build/Objects-normal/arm64/Reachability.swiftmodule -serialize-diagnostics -dependency-scan-serialize-diagnostics-path /Users/admin/builder/spi-builder-workspace/.derivedData/Build/Intermediates.noindex/Reachability.build/Debug-watchos/Reachability-t.build/Objects-normal/arm64/Reachability-dependency-scan.dia -validate-clang-modules-once -clang-build-session-file /Users/admin/builder/spi-builder-workspace/.derivedData/ModuleCache.noindex/Session.modulevalidation -Xcc -fmodules-prune-interval\=86400 -Xcc -fmodules-prune-after\=345600 -emit-const-values -const-gather-protocols-list /Users/admin/builder/spi-builder-workspace/.derivedData/Build/Intermediates.noindex/Reachability.build/Debug-watchos/Reachability-t.build/Objects-normal/arm64/Reachability_const_extract_protocols.json -Xcc -I/Users/admin/builder/spi-builder-workspace/.derivedData/Build/Products/Debug-watchos/include -Xcc -I/Users/admin/builder/spi-builder-workspace/.derivedData/Build/Intermediates.noindex/Reachability.build/Debug-watchos/Reachability-t.build/DerivedSources-normal/arm64 -Xcc -I/Users/admin/builder/spi-builder-workspace/.derivedData/Build/Intermediates.noindex/Reachability.build/Debug-watchos/Reachability-t.build/DerivedSources/arm64 -Xcc -I/Users/admin/builder/spi-builder-workspace/.derivedData/Build/Intermediates.noindex/Reachability.build/Debug-watchos/Reachability-t.build/DerivedSources -Xcc -DSWIFT_PACKAGE -Xcc -DDEBUG\=1 -emit-objc-header -emit-objc-header-path /Users/admin/builder/spi-builder-workspace/.derivedData/Build/Intermediates.noindex/Reachability.build/Debug-watchos/Reachability-t.build/Objects-normal/arm64/Reachability-Swift.h -working-directory /Users/admin/builder/spi-builder-workspace/.swiftpm/xcode -experimental-emit-module-separately -disable-cmo
/Users/admin/builder/spi-builder-workspace/.dependencies/checkouts/Reachability.swift/Sources/Reachability.swift:28:8: error: Unable to resolve module dependency: 'SystemConfiguration' (in target 'Reachability' from project 'Reachability')
note: A dependency of main module 'Reachability'
/Users/admin/builder/spi-builder-workspace/.dependencies/checkouts/Reachability.swift/Sources/Reachability.swift:28:8: note: A dependency of main module 'Reachability'
import SystemConfiguration
^ (in target 'Reachability' from project 'Reachability')
PruneExplicitPrecompiledModules /Users/admin/builder/spi-builder-workspace/.derivedData/Build/Intermediates.noindex/SwiftExplicitPrecompiledModules
PruneExplicitPrecompiledModules /Users/admin/builder/spi-builder-workspace/.derivedData/SDKExplicitPrecompiledModules
PruneExplicitPrecompiledModules /Users/admin/builder/spi-builder-workspace/.derivedData/Build/Intermediates.noindex/ExplicitPrecompiledModules
2026-09-16 03:39:04.538 xcodebuild[685:4355] [MT] IDERunDestination: Supported platforms for the buildables in the current scheme is empty.
** BUILD FAILED **
The following build commands failed:
SwiftDriver Reachability normal arm64_32 com.apple.xcode.tools.swift.compiler (in target 'Reachability' from project 'Reachability')
SwiftDriver Reachability normal arm64 com.apple.xcode.tools.swift.compiler (in target 'Reachability' from project 'Reachability')
Building workspace CombineReachability with scheme CombineReachability
(3 failures)
Command line invocation:
/Applications/Xcode-27.0.0-Release.Candidate.app/Contents/Developer/usr/bin/xcodebuild -IDEClonedSourcePackagesDirPathOverride=/Users/admin/builder/spi-builder-workspace/.dependencies -resolvePackageDependencies
Resolve Package Graph
Resolved source packages:
Reachability: https://github.com/ashleymills/Reachability.swift @ 5.2.4
CombineReachability: /Users/admin/builder/spi-builder-workspace
resolved source packages: Reachability, CombineReachability
2026-09-16 03:39:07.645 xcodebuild[709:4598] [MT] IDERunDestination: Supported platforms for the buildables in the current scheme is empty.
{
"dependencies" : [
{
"identity" : "reachability.swift",
"requirement" : {
"range" : [
{
"lower_bound" : "5.0.0",
"upper_bound" : "6.0.0"
}
]
},
"type" : "sourceControl",
"url" : "https://github.com/ashleymills/Reachability.swift"
}
],
"manifest_display_name" : "CombineReachability",
"name" : "CombineReachability",
"path" : "/Users/admin/builder/spi-builder-workspace",
"platforms" : [
{
"name" : "macos",
"version" : "10.15"
},
{
"name" : "ios",
"version" : "13.0"
},
{
"name" : "tvos",
"version" : "13.0"
},
{
"name" : "watchos",
"version" : "6.0"
}
],
"products" : [
{
"name" : "CombineReachability",
"targets" : [
"CombineReachability"
],
"type" : {
"library" : [
"automatic"
]
}
}
],
"targets" : [
{
"c99name" : "CombineReachability",
"module_type" : "SwiftTarget",
"name" : "CombineReachability",
"path" : "Sources",
"product_dependencies" : [
"Reachability"
],
"product_memberships" : [
"CombineReachability"
],
"sources" : [
"CombineReachability/Reachability+Combine.swift"
],
"type" : "library"
}
],
"tools_version" : "5.1"
}
{
"workspace" : {
"name" : "CombineReachability",
"schemes" : [
"CombineReachability"
]
}
}
2026-09-16 03:39:08.880 xcodebuild[717:4656] [MT] IDERunDestination: Supported platforms for the buildables in the current scheme is empty.
Running build ...
env DEVELOPER_DIR=/Applications/Xcode-27.0.0-Release.Candidate.app xcrun xcodebuild -IDEClonedSourcePackagesDirPathOverride=$PWD/.dependencies -skipMacroValidation -skipPackagePluginValidation -derivedDataPath $PWD/.derivedData build -scheme CombineReachability -destination generic/platform=watchOS
Command line invocation:
/Applications/Xcode-27.0.0-Release.Candidate.app/Contents/Developer/usr/bin/xcodebuild -IDEClonedSourcePackagesDirPathOverride=/Users/admin/builder/spi-builder-workspace/.dependencies -skipMacroValidation -skipPackagePluginValidation -derivedDataPath /Users/admin/builder/spi-builder-workspace/.derivedData build -scheme CombineReachability -destination generic/platform=watchOS
Resolve Package Graph
Resolved source packages:
Reachability: https://github.com/ashleymills/Reachability.swift @ 5.2.4
CombineReachability: /Users/admin/builder/spi-builder-workspace
ComputePackagePrebuildTargetDependencyGraph
Prepare packages
CreateBuildRequest
SendProjectDescription
CreateBuildOperation
ComputeTargetDependencyGraph
note: Building targets in dependency order
note: Target dependency graph (5 targets)
Target 'CombineReachability-product' in project 'CombineReachability'
➜ Explicit dependency on target 'CombineReachability' in project 'CombineReachability'
➜ Explicit dependency on target 'Reachability-product' in project 'Reachability'
Target 'CombineReachability' in project 'CombineReachability'
➜ Explicit dependency on target 'Reachability-product' in project 'Reachability'
Target 'Reachability-product' in project 'Reachability'
➜ Explicit dependency on target 'Reachability' in project 'Reachability'
➜ Explicit dependency on target 'Reachability_Reachability' in project 'Reachability'
Target 'Reachability' in project 'Reachability'
➜ Explicit dependency on target 'Reachability_Reachability' in project 'Reachability'
Target 'Reachability_Reachability' in project 'Reachability' (no dependencies)
GatherProvisioningInputs
CreateBuildDescription
ClangStatCache /Applications/Xcode-27.0.0-Release.Candidate.app/Contents/Developer/Toolchains/XcodeDefault.xctoolchain/usr/bin/clang-stat-cache /Applications/Xcode-27.0.0-Release.Candidate.app/Contents/Developer/Platforms/WatchOS.platform/Developer/SDKs/WatchOS27.0.sdk /Users/admin/builder/spi-builder-workspace/.derivedData/SDKStatCaches.noindex/watchos27.0-24R360-e829b21a6f8c9b70876ba0858053c04477534ef55a1706bf4c1112bbb242f0a2.sdkstatcache
cd /Users/admin/builder/spi-builder-workspace/.swiftpm/xcode
/Applications/Xcode-27.0.0-Release.Candidate.app/Contents/Developer/Toolchains/XcodeDefault.xctoolchain/usr/bin/clang-stat-cache /Applications/Xcode-27.0.0-Release.Candidate.app/Contents/Developer/Platforms/WatchOS.platform/Developer/SDKs/WatchOS27.0.sdk -o /Users/admin/builder/spi-builder-workspace/.derivedData/SDKStatCaches.noindex/watchos27.0-24R360-e829b21a6f8c9b70876ba0858053c04477534ef55a1706bf4c1112bbb242f0a2.sdkstatcache
SwiftDriver Reachability normal arm64_32 com.apple.xcode.tools.swift.compiler (in target 'Reachability' from project 'Reachability')
cd /Users/admin/builder/spi-builder-workspace/.swiftpm/xcode
builtin-SwiftDriver -- /Applications/Xcode-27.0.0-Release.Candidate.app/Contents/Developer/Toolchains/XcodeDefault.xctoolchain/usr/bin/swiftc -parse-as-library -module-name Reachability -Onone @/Users/admin/builder/spi-builder-workspace/.derivedData/Build/Intermediates.noindex/Reachability.build/Debug-watchos/Reachability-t.build/Objects-normal/arm64_32/Reachability.SwiftFileList -DSWIFT_PACKAGE -DDEBUG -DSWIFT_MODULE_RESOURCE_BUNDLE_AVAILABLE -DXcode -plugin-path /Applications/Xcode-27.0.0-Release.Candidate.app/Contents/Developer/Toolchains/XcodeDefault.xctoolchain/usr/lib/swift/host/plugins/testing -enable-experimental-feature DebugDescriptionMacro -sdk /Applications/Xcode-27.0.0-Release.Candidate.app/Contents/Developer/Platforms/WatchOS.platform/Developer/SDKs/WatchOS27.0.sdk -target arm64_32-apple-watchos9.0 -g -module-cache-path /Users/admin/builder/spi-builder-workspace/.derivedData/ModuleCache.noindex -Xfrontend -serialize-debugging-options -enable-testing -suppress-warnings -index-store-path /Users/admin/builder/spi-builder-workspace/.derivedData/Index.noindex/DataStore -Xcc -D_LIBCPP_HARDENING_MODE\=_LIBCPP_HARDENING_MODE_DEBUG -swift-version 5 -I /Users/admin/builder/spi-builder-workspace/.derivedData/Build/Products/Debug-watchos -Isystem /Applications/Xcode-27.0.0-Release.Candidate.app/Contents/Developer/Platforms/WatchOS.platform/Developer/usr/lib -F /Users/admin/builder/spi-builder-workspace/.derivedData/Build/Products/Debug-watchos -F /Applications/Xcode-27.0.0-Release.Candidate.app/Contents/Developer/Platforms/WatchOS.platform/Developer/Library/Frameworks -F /Applications/Xcode-27.0.0-Release.Candidate.app/Contents/Developer/Platforms/WatchOS.platform/Developer/SDKs/WatchOS27.0.sdk/Developer/Library/Frameworks -c -j10 -enable-batch-mode -incremental -Xcc -ivfsstatcache -Xcc /Users/admin/builder/spi-builder-workspace/.derivedData/SDKStatCaches.noindex/watchos27.0-24R360-e829b21a6f8c9b70876ba0858053c04477534ef55a1706bf4c1112bbb242f0a2.sdkstatcache -output-file-map /Users/admin/builder/spi-builder-workspace/.derivedData/Build/Intermediates.noindex/Reachability.build/Debug-watchos/Reachability-t.build/Objects-normal/arm64_32/Reachability-OutputFileMap.json -save-temps -no-color-diagnostics -explicit-module-build -module-cache-path /Users/admin/builder/spi-builder-workspace/.derivedData/Build/Intermediates.noindex/SwiftExplicitPrecompiledModules -clang-scanner-module-cache-path /Users/admin/builder/spi-builder-workspace/.derivedData/ModuleCache.noindex -sdk-module-cache-path /Users/admin/builder/spi-builder-workspace/.derivedData/SDKExplicitPrecompiledModules -emit-dependencies -emit-module -emit-module-path /Users/admin/builder/spi-builder-workspace/.derivedData/Build/Intermediates.noindex/Reachability.build/Debug-watchos/Reachability-t.build/Objects-normal/arm64_32/Reachability.swiftmodule -serialize-diagnostics -dependency-scan-serialize-diagnostics-path /Users/admin/builder/spi-builder-workspace/.derivedData/Build/Intermediates.noindex/Reachability.build/Debug-watchos/Reachability-t.build/Objects-normal/arm64_32/Reachability-dependency-scan.dia -validate-clang-modules-once -clang-build-session-file /Users/admin/builder/spi-builder-workspace/.derivedData/ModuleCache.noindex/Session.modulevalidation -Xcc -fmodules-prune-interval\=86400 -Xcc -fmodules-prune-after\=345600 -emit-const-values -const-gather-protocols-list /Users/admin/builder/spi-builder-workspace/.derivedData/Build/Intermediates.noindex/Reachability.build/Debug-watchos/Reachability-t.build/Objects-normal/arm64_32/Reachability_const_extract_protocols.json -Xcc -I/Users/admin/builder/spi-builder-workspace/.derivedData/Build/Products/Debug-watchos/include -Xcc -I/Users/admin/builder/spi-builder-workspace/.derivedData/Build/Intermediates.noindex/Reachability.build/Debug-watchos/Reachability-t.build/DerivedSources-normal/arm64_32 -Xcc -I/Users/admin/builder/spi-builder-workspace/.derivedData/Build/Intermediates.noindex/Reachability.build/Debug-watchos/Reachability-t.build/DerivedSources/arm64_32 -Xcc -I/Users/admin/builder/spi-builder-workspace/.derivedData/Build/Intermediates.noindex/Reachability.build/Debug-watchos/Reachability-t.build/DerivedSources -Xcc -DSWIFT_PACKAGE -Xcc -DDEBUG\=1 -emit-objc-header -emit-objc-header-path /Users/admin/builder/spi-builder-workspace/.derivedData/Build/Intermediates.noindex/Reachability.build/Debug-watchos/Reachability-t.build/Objects-normal/arm64_32/Reachability-Swift.h -working-directory /Users/admin/builder/spi-builder-workspace/.swiftpm/xcode -experimental-emit-module-separately -disable-cmo
/Users/admin/builder/spi-builder-workspace/.dependencies/checkouts/Reachability.swift/Sources/Reachability.swift:28:8: error: Unable to resolve module dependency: 'SystemConfiguration' (in target 'Reachability' from project 'Reachability')
note: A dependency of main module 'Reachability'
/Users/admin/builder/spi-builder-workspace/.dependencies/checkouts/Reachability.swift/Sources/Reachability.swift:28:8: note: A dependency of main module 'Reachability'
import SystemConfiguration
^ (in target 'Reachability' from project 'Reachability')
SwiftDriver Reachability normal arm64 com.apple.xcode.tools.swift.compiler (in target 'Reachability' from project 'Reachability')
cd /Users/admin/builder/spi-builder-workspace/.swiftpm/xcode
builtin-SwiftDriver -- /Applications/Xcode-27.0.0-Release.Candidate.app/Contents/Developer/Toolchains/XcodeDefault.xctoolchain/usr/bin/swiftc -parse-as-library -module-name Reachability -Onone @/Users/admin/builder/spi-builder-workspace/.derivedData/Build/Intermediates.noindex/Reachability.build/Debug-watchos/Reachability-t.build/Objects-normal/arm64/Reachability.SwiftFileList -DSWIFT_PACKAGE -DDEBUG -DSWIFT_MODULE_RESOURCE_BUNDLE_AVAILABLE -DXcode -plugin-path /Applications/Xcode-27.0.0-Release.Candidate.app/Contents/Developer/Toolchains/XcodeDefault.xctoolchain/usr/lib/swift/host/plugins/testing -enable-experimental-feature DebugDescriptionMacro -sdk /Applications/Xcode-27.0.0-Release.Candidate.app/Contents/Developer/Platforms/WatchOS.platform/Developer/SDKs/WatchOS27.0.sdk -target arm64-apple-watchos9.0 -g -module-cache-path /Users/admin/builder/spi-builder-workspace/.derivedData/ModuleCache.noindex -Xfrontend -serialize-debugging-options -enable-testing -suppress-warnings -index-store-path /Users/admin/builder/spi-builder-workspace/.derivedData/Index.noindex/DataStore -Xcc -D_LIBCPP_HARDENING_MODE\=_LIBCPP_HARDENING_MODE_DEBUG -swift-version 5 -I /Users/admin/builder/spi-builder-workspace/.derivedData/Build/Products/Debug-watchos -Isystem /Applications/Xcode-27.0.0-Release.Candidate.app/Contents/Developer/Platforms/WatchOS.platform/Developer/usr/lib -F /Users/admin/builder/spi-builder-workspace/.derivedData/Build/Products/Debug-watchos -F /Applications/Xcode-27.0.0-Release.Candidate.app/Contents/Developer/Platforms/WatchOS.platform/Developer/Library/Frameworks -F /Applications/Xcode-27.0.0-Release.Candidate.app/Contents/Developer/Platforms/WatchOS.platform/Developer/SDKs/WatchOS27.0.sdk/Developer/Library/Frameworks -c -j10 -enable-batch-mode -incremental -Xcc -ivfsstatcache -Xcc /Users/admin/builder/spi-builder-workspace/.derivedData/SDKStatCaches.noindex/watchos27.0-24R360-e829b21a6f8c9b70876ba0858053c04477534ef55a1706bf4c1112bbb242f0a2.sdkstatcache -output-file-map /Users/admin/builder/spi-builder-workspace/.derivedData/Build/Intermediates.noindex/Reachability.build/Debug-watchos/Reachability-t.build/Objects-normal/arm64/Reachability-OutputFileMap.json -save-temps -no-color-diagnostics -explicit-module-build -module-cache-path /Users/admin/builder/spi-builder-workspace/.derivedData/Build/Intermediates.noindex/SwiftExplicitPrecompiledModules -clang-scanner-module-cache-path /Users/admin/builder/spi-builder-workspace/.derivedData/ModuleCache.noindex -sdk-module-cache-path /Users/admin/builder/spi-builder-workspace/.derivedData/SDKExplicitPrecompiledModules -emit-dependencies -emit-module -emit-module-path /Users/admin/builder/spi-builder-workspace/.derivedData/Build/Intermediates.noindex/Reachability.build/Debug-watchos/Reachability-t.build/Objects-normal/arm64/Reachability.swiftmodule -serialize-diagnostics -dependency-scan-serialize-diagnostics-path /Users/admin/builder/spi-builder-workspace/.derivedData/Build/Intermediates.noindex/Reachability.build/Debug-watchos/Reachability-t.build/Objects-normal/arm64/Reachability-dependency-scan.dia -validate-clang-modules-once -clang-build-session-file /Users/admin/builder/spi-builder-workspace/.derivedData/ModuleCache.noindex/Session.modulevalidation -Xcc -fmodules-prune-interval\=86400 -Xcc -fmodules-prune-after\=345600 -emit-const-values -const-gather-protocols-list /Users/admin/builder/spi-builder-workspace/.derivedData/Build/Intermediates.noindex/Reachability.build/Debug-watchos/Reachability-t.build/Objects-normal/arm64/Reachability_const_extract_protocols.json -Xcc -I/Users/admin/builder/spi-builder-workspace/.derivedData/Build/Products/Debug-watchos/include -Xcc -I/Users/admin/builder/spi-builder-workspace/.derivedData/Build/Intermediates.noindex/Reachability.build/Debug-watchos/Reachability-t.build/DerivedSources-normal/arm64 -Xcc -I/Users/admin/builder/spi-builder-workspace/.derivedData/Build/Intermediates.noindex/Reachability.build/Debug-watchos/Reachability-t.build/DerivedSources/arm64 -Xcc -I/Users/admin/builder/spi-builder-workspace/.derivedData/Build/Intermediates.noindex/Reachability.build/Debug-watchos/Reachability-t.build/DerivedSources -Xcc -DSWIFT_PACKAGE -Xcc -DDEBUG\=1 -emit-objc-header -emit-objc-header-path /Users/admin/builder/spi-builder-workspace/.derivedData/Build/Intermediates.noindex/Reachability.build/Debug-watchos/Reachability-t.build/Objects-normal/arm64/Reachability-Swift.h -working-directory /Users/admin/builder/spi-builder-workspace/.swiftpm/xcode -experimental-emit-module-separately -disable-cmo
/Users/admin/builder/spi-builder-workspace/.dependencies/checkouts/Reachability.swift/Sources/Reachability.swift:28:8: error: Unable to resolve module dependency: 'SystemConfiguration' (in target 'Reachability' from project 'Reachability')
note: A dependency of main module 'Reachability'
/Users/admin/builder/spi-builder-workspace/.dependencies/checkouts/Reachability.swift/Sources/Reachability.swift:28:8: note: A dependency of main module 'Reachability'
import SystemConfiguration
^ (in target 'Reachability' from project 'Reachability')
PruneExplicitPrecompiledModules /Users/admin/builder/spi-builder-workspace/.derivedData/SDKExplicitPrecompiledModules
PruneExplicitPrecompiledModules /Users/admin/builder/spi-builder-workspace/.derivedData/Build/Intermediates.noindex/SwiftExplicitPrecompiledModules
PruneExplicitPrecompiledModules /Users/admin/builder/spi-builder-workspace/.derivedData/Build/Intermediates.noindex/ExplicitPrecompiledModules
2026-09-16 03:39:09.852 xcodebuild[718:4680] [MT] IDERunDestination: Supported platforms for the buildables in the current scheme is empty.
** BUILD FAILED **
The following build commands failed:
SwiftDriver Reachability normal arm64_32 com.apple.xcode.tools.swift.compiler (in target 'Reachability' from project 'Reachability')
SwiftDriver Reachability normal arm64 com.apple.xcode.tools.swift.compiler (in target 'Reachability' from project 'Reachability')
Building workspace CombineReachability with scheme CombineReachability
(3 failures)
BUILD FAILURE 6.4 watchOS