Build Information
Failed to build SImage, reference master (7e3d64), with Swift 6.4 for visionOS using Xcode 27.0 on 23 Sep 2026 13:48:44 UTC.
Build Command
No build command. This typically means the build failed at an early stage where we determine the build command.Build Log
========================================
RunAll
========================================
Builder version: 5.1.0
Interrupt handler set up.
========================================
Checkout
========================================
Clone URL: https://github.com/backslash-f/simage.git
Reference: master
Initialized empty Git repository in /Users/admin/builder/spi-builder-workspace/.git/
From https://github.com/backslash-f/simage
* branch master -> FETCH_HEAD
* [new branch] master -> origin/master
HEAD is now at 7e3d64a Update README.md
Cloned https://github.com/backslash-f/simage.git
Revision (git rev-parse @):
7e3d64a0e7a4c3ff6651b91bfb785ec5e68d8c10
SUCCESS checkout https://github.com/backslash-f/simage.git at master
========================================
Build
========================================
Selected platform: visionOS
Swift version: 6.4
Building package at path: $PWD
https://github.com/backslash-f/simage.git
Command line invocation:
/Applications/Xcode-27.0.0-Release.Candidate.app/Contents/Developer/usr/bin/xcodebuild -IDEClonedSourcePackagesDirPathOverride=/Users/admin/builder/spi-builder-workspace/.dependencies -resolvePackageDependencies
Resolve Package Graph
Fetching from https://github.com/backslash-f/applogger
Fetching from https://github.com/backslash-f/worker
skipping cache due to an error: Failed to clone repository https://github.com/backslash-f/worker:
Cloning into bare repository '/Users/admin/Library/Caches/org.swift.swiftpm/repositories/worker-a02f75b5'...
fatal: could not read Username for 'https://github.com': terminal prompts disabled
Fetching from https://github.com/backslash-f/worker
skipping cache due to an error: Failed to clone repository https://github.com/backslash-f/worker:
Cloning into bare repository '/Users/admin/Library/Caches/org.swift.swiftpm/repositories/worker-a02f75b5'...
fatal: could not read Username for 'https://github.com': terminal prompts disabled
Resolve Package Graph
Fetching from https://github.com/backslash-f/worker
skipping cache due to an error: Failed to clone repository https://github.com/backslash-f/worker:
Cloning into bare repository '/Users/admin/Library/Caches/org.swift.swiftpm/repositories/worker-a02f75b5'...
fatal: could not read Username for 'https://github.com': terminal prompts disabled
Updating from https://github.com/backslash-f/applogger
Fetching from https://github.com/backslash-f/worker
skipping cache due to an error: Failed to clone repository https://github.com/backslash-f/worker:
Cloning into bare repository '/Users/admin/Library/Caches/org.swift.swiftpm/repositories/worker-a02f75b5'...
fatal: could not read Username for 'https://github.com': terminal prompts disabled
Resolve Package Graph
Updating from https://github.com/backslash-f/applogger
Fetching from https://github.com/backslash-f/worker
skipping cache due to an error: Failed to clone repository https://github.com/backslash-f/worker:
Cloning into bare repository '/Users/admin/Library/Caches/org.swift.swiftpm/repositories/worker-a02f75b5'...
fatal: could not read Username for 'https://github.com': terminal prompts disabled
Fetching from https://github.com/backslash-f/worker
skipping cache due to an error: Failed to clone repository https://github.com/backslash-f/worker:
Cloning into bare repository '/Users/admin/Library/Caches/org.swift.swiftpm/repositories/worker-a02f75b5'...
fatal: could not read Username for 'https://github.com': terminal prompts disabled
Resolve Package Graph
Fetching from https://github.com/backslash-f/worker
skipping cache due to an error: Failed to clone repository https://github.com/backslash-f/worker:
Cloning into bare repository '/Users/admin/Library/Caches/org.swift.swiftpm/repositories/worker-a02f75b5'...
fatal: could not read Username for 'https://github.com': terminal prompts disabled
Updating from https://github.com/backslash-f/applogger
Fetching from https://github.com/backslash-f/worker
skipping cache due to an error: Failed to clone repository https://github.com/backslash-f/worker:
Cloning into bare repository '/Users/admin/Library/Caches/org.swift.swiftpm/repositories/worker-a02f75b5'...
fatal: could not read Username for 'https://github.com': terminal prompts disabled
Resolve Package Graph
Fetching from https://github.com/backslash-f/worker
skipping cache due to an error: Failed to clone repository https://github.com/backslash-f/worker:
Cloning into bare repository '/Users/admin/Library/Caches/org.swift.swiftpm/repositories/worker-a02f75b5'...
fatal: could not read Username for 'https://github.com': terminal prompts disabled
Updating from https://github.com/backslash-f/applogger
Fetching from https://github.com/backslash-f/worker
skipping cache due to an error: Failed to clone repository https://github.com/backslash-f/worker:
Cloning into bare repository '/Users/admin/Library/Caches/org.swift.swiftpm/repositories/worker-a02f75b5'...
fatal: could not read Username for 'https://github.com': terminal prompts disabled
Resolve Package Graph
Fetching from https://github.com/backslash-f/worker
skipping cache due to an error: Failed to clone repository https://github.com/backslash-f/worker:
Cloning into bare repository '/Users/admin/Library/Caches/org.swift.swiftpm/repositories/worker-a02f75b5'...
fatal: could not read Username for 'https://github.com': terminal prompts disabled
Updating from https://github.com/backslash-f/applogger
Fetching from https://github.com/backslash-f/worker
skipping cache due to an error: Failed to clone repository https://github.com/backslash-f/worker:
Cloning into bare repository '/Users/admin/Library/Caches/org.swift.swiftpm/repositories/worker-a02f75b5'...
fatal: could not read Username for 'https://github.com': terminal prompts disabled
Resolve Package Graph
Fetching from https://github.com/backslash-f/worker
skipping cache due to an error: Failed to clone repository https://github.com/backslash-f/worker:
Cloning into bare repository '/Users/admin/Library/Caches/org.swift.swiftpm/repositories/worker-a02f75b5'...
fatal: could not read Username for 'https://github.com': terminal prompts disabled
Updating from https://github.com/backslash-f/applogger
Fetching from https://github.com/backslash-f/worker
skipping cache due to an error: Failed to clone repository https://github.com/backslash-f/worker:
Cloning into bare repository '/Users/admin/Library/Caches/org.swift.swiftpm/repositories/worker-a02f75b5'...
fatal: could not read Username for 'https://github.com': terminal prompts disabled
Resolve Package Graph
Fetching from https://github.com/backslash-f/worker
skipping cache due to an error: Failed to clone repository https://github.com/backslash-f/worker:
Cloning into bare repository '/Users/admin/Library/Caches/org.swift.swiftpm/repositories/worker-a02f75b5'...
fatal: could not read Username for 'https://github.com': terminal prompts disabled
Updating from https://github.com/backslash-f/applogger
Fetching from https://github.com/backslash-f/worker
skipping cache due to an error: Failed to clone repository https://github.com/backslash-f/worker:
Cloning into bare repository '/Users/admin/Library/Caches/org.swift.swiftpm/repositories/worker-a02f75b5'...
fatal: could not read Username for 'https://github.com': terminal prompts disabled
Resolve Package Graph
Fetching from https://github.com/backslash-f/worker
skipping cache due to an error: Failed to clone repository https://github.com/backslash-f/worker:
Cloning into bare repository '/Users/admin/Library/Caches/org.swift.swiftpm/repositories/worker-a02f75b5'...
fatal: could not read Username for 'https://github.com': terminal prompts disabled
Updating from https://github.com/backslash-f/applogger
Fetching from https://github.com/backslash-f/worker
skipping cache due to an error: Failed to clone repository https://github.com/backslash-f/worker:
Cloning into bare repository '/Users/admin/Library/Caches/org.swift.swiftpm/repositories/worker-a02f75b5'...
fatal: could not read Username for 'https://github.com': terminal prompts disabled
Resolve Package Graph
Fetching from https://github.com/backslash-f/worker
skipping cache due to an error: Failed to clone repository https://github.com/backslash-f/worker:
Cloning into bare repository '/Users/admin/Library/Caches/org.swift.swiftpm/repositories/worker-a02f75b5'...
fatal: could not read Username for 'https://github.com': terminal prompts disabled
Updating from https://github.com/backslash-f/applogger
Fetching from https://github.com/backslash-f/worker
skipping cache due to an error: Failed to clone repository https://github.com/backslash-f/worker:
Cloning into bare repository '/Users/admin/Library/Caches/org.swift.swiftpm/repositories/worker-a02f75b5'...
fatal: could not read Username for 'https://github.com': terminal prompts disabled
Resolve Package Graph
Fetching from https://github.com/backslash-f/worker
skipping cache due to an error: Failed to clone repository https://github.com/backslash-f/worker:
Cloning into bare repository '/Users/admin/Library/Caches/org.swift.swiftpm/repositories/worker-a02f75b5'...
fatal: could not read Username for 'https://github.com': terminal prompts disabled
Updating from https://github.com/backslash-f/applogger
Fetching from https://github.com/backslash-f/worker
skipping cache due to an error: Failed to clone repository https://github.com/backslash-f/worker:
Cloning into bare repository '/Users/admin/Library/Caches/org.swift.swiftpm/repositories/worker-a02f75b5'...
fatal: could not read Username for 'https://github.com': terminal prompts disabled
Resolve Package Graph
Fetching from https://github.com/backslash-f/worker
skipping cache due to an error: Failed to clone repository https://github.com/backslash-f/worker:
Cloning into bare repository '/Users/admin/Library/Caches/org.swift.swiftpm/repositories/worker-a02f75b5'...
fatal: could not read Username for 'https://github.com': terminal prompts disabled
Updating from https://github.com/backslash-f/applogger
Fetching from https://github.com/backslash-f/worker
skipping cache due to an error: Failed to clone repository https://github.com/backslash-f/worker:
Cloning into bare repository '/Users/admin/Library/Caches/org.swift.swiftpm/repositories/worker-a02f75b5'...
fatal: could not read Username for 'https://github.com': terminal prompts disabled
Resolve Package Graph
Fetching from https://github.com/backslash-f/worker
skipping cache due to an error: Failed to clone repository https://github.com/backslash-f/worker:
Cloning into bare repository '/Users/admin/Library/Caches/org.swift.swiftpm/repositories/worker-a02f75b5'...
fatal: could not read Username for 'https://github.com': terminal prompts disabled
Updating from https://github.com/backslash-f/applogger
Fetching from https://github.com/backslash-f/worker
skipping cache due to an error: Failed to clone repository https://github.com/backslash-f/worker:
Cloning into bare repository '/Users/admin/Library/Caches/org.swift.swiftpm/repositories/worker-a02f75b5'...
fatal: could not read Username for 'https://github.com': terminal prompts disabled
Resolve Package Graph
Fetching from https://github.com/backslash-f/worker
skipping cache due to an error: Failed to clone repository https://github.com/backslash-f/worker:
Cloning into bare repository '/Users/admin/Library/Caches/org.swift.swiftpm/repositories/worker-a02f75b5'...
fatal: could not read Username for 'https://github.com': terminal prompts disabled
Updating from https://github.com/backslash-f/applogger
Fetching from https://github.com/backslash-f/worker
skipping cache due to an error: Failed to clone repository https://github.com/backslash-f/worker:
Cloning into bare repository '/Users/admin/Library/Caches/org.swift.swiftpm/repositories/worker-a02f75b5'...
fatal: could not read Username for 'https://github.com': terminal prompts disabled
Resolve Package Graph
Fetching from https://github.com/backslash-f/worker
skipping cache due to an error: Failed to clone repository https://github.com/backslash-f/worker:
Cloning into bare repository '/Users/admin/Library/Caches/org.swift.swiftpm/repositories/worker-a02f75b5'...
fatal: could not read Username for 'https://github.com': terminal prompts disabled
Updating from https://github.com/backslash-f/applogger
Fetching from https://github.com/backslash-f/worker
skipping cache due to an error: Failed to clone repository https://github.com/backslash-f/worker:
Cloning into bare repository '/Users/admin/Library/Caches/org.swift.swiftpm/repositories/worker-a02f75b5'...
fatal: could not read Username for 'https://github.com': terminal prompts disabled
Resolve Package Graph
Fetching from https://github.com/backslash-f/worker
skipping cache due to an error: Failed to clone repository https://github.com/backslash-f/worker:
Cloning into bare repository '/Users/admin/Library/Caches/org.swift.swiftpm/repositories/worker-a02f75b5'...
fatal: could not read Username for 'https://github.com': terminal prompts disabled
Updating from https://github.com/backslash-f/applogger
Fetching from https://github.com/backslash-f/worker
skipping cache due to an error: Failed to clone repository https://github.com/backslash-f/worker:
Cloning into bare repository '/Users/admin/Library/Caches/org.swift.swiftpm/repositories/worker-a02f75b5'...
fatal: could not read Username for 'https://github.com': terminal prompts disabled
Resolve Package Graph
Updating from https://github.com/backslash-f/applogger
Fetching from https://github.com/backslash-f/worker
skipping cache due to an error: Failed to clone repository https://github.com/backslash-f/worker:
Cloning into bare repository '/Users/admin/Library/Caches/org.swift.swiftpm/repositories/worker-a02f75b5'...
fatal: could not read Username for 'https://github.com': terminal prompts disabled
Fetching from https://github.com/backslash-f/worker
skipping cache due to an error: Failed to clone repository https://github.com/backslash-f/worker:
Cloning into bare repository '/Users/admin/Library/Caches/org.swift.swiftpm/repositories/worker-a02f75b5'...
fatal: could not read Username for 'https://github.com': terminal prompts disabled
Resolved source packages:
spi-builder-workspace: (null)
2026-09-23 09:48:41.577 xcodebuild[529:3031] Writing error result bundle to /var/folders/xq/y_g06wb113726d38xsyx71_h0000gn/T/ResultBundle_2026-23-09_09-48-0041.xcresult
xcodebuild: error: Could not resolve package dependencies:
Failed to clone repository https://github.com/backslash-f/worker:
Cloning into bare repository '/Users/admin/builder/spi-builder-workspace/.dependencies/repositories/worker-a02f75b5'...
fatal: could not read Username for 'https://github.com': terminal prompts disabled
Command line invocation:
/Applications/Xcode-27.0.0-Release.Candidate.app/Contents/Developer/usr/bin/xcodebuild -IDEClonedSourcePackagesDirPathOverride=/Users/admin/builder/spi-builder-workspace/.dependencies -resolvePackageDependencies
Resolve Package Graph
Fetching from https://github.com/backslash-f/worker
skipping cache due to an error: Failed to clone repository https://github.com/backslash-f/worker:
Cloning into bare repository '/Users/admin/Library/Caches/org.swift.swiftpm/repositories/worker-a02f75b5'...
fatal: could not read Username for 'https://github.com': terminal prompts disabled
Updating from https://github.com/backslash-f/applogger
Fetching from https://github.com/backslash-f/worker
skipping cache due to an error: Failed to clone repository https://github.com/backslash-f/worker:
Cloning into bare repository '/Users/admin/Library/Caches/org.swift.swiftpm/repositories/worker-a02f75b5'...
fatal: could not read Username for 'https://github.com': terminal prompts disabled
Resolved source packages:
spi-builder-workspace: (null)
2026-09-23 09:48:44.043 xcodebuild[1192:5566] Writing error result bundle to /var/folders/xq/y_g06wb113726d38xsyx71_h0000gn/T/ResultBundle_2026-23-09_09-48-0044.xcresult
xcodebuild: error: Could not resolve package dependencies:
Failed to clone repository https://github.com/backslash-f/worker:
Cloning into bare repository '/Users/admin/builder/spi-builder-workspace/.dependencies/repositories/worker-a02f75b5'...
fatal: could not read Username for 'https://github.com': terminal prompts disabled
BUILD FAILURE 6.4 visionOS