The Swift Package Index logo.Swift Package Index

Build Information

Failed to build Stitch, reference main (2f0c34), with Swift 6.4 for Linux on 23 Sep 2026 14:53:00 UTC.

Build Command

bash -c docker run --pull=always --rm -v "checkouts-54344845-0":/host -w "$PWD" -e JAVA_HOME="/root/.sdkman/candidates/java/current" -e SPI_BUILD="1" -e SPI_PROCESSING="1" registry.gitlab.com/saguaro1/spi-images:basic-6.4-latest swift build --triple x86_64-unknown-linux-gnu 2>&1

Build Log

========================================
RunAll
========================================
Builder version: 5.1.0
Interrupt handler set up.
========================================
Checkout
========================================
Clone URL: https://github.com/entrhq/stitch.git
Reference: main
Initialized empty Git repository in /host/spi-builder-workspace/.git/
hint: Using 'master' as the name for the initial branch. This default branch name
hint: is subject to change. To configure the initial branch name to use in all
hint: of your new repositories, which will suppress this warning, call:
hint:
hint: 	git config --global init.defaultBranch <name>
hint:
hint: Names commonly chosen instead of 'master' are 'main', 'trunk' and
hint: 'development'. The just-created branch can be renamed via this command:
hint:
hint: 	git branch -m <name>
From https://github.com/entrhq/stitch
 * branch            main       -> FETCH_HEAD
 * [new branch]      main       -> origin/main
HEAD is now at 2f0c347 chore: remove the deprecated dependency map API (#6)
Cloned https://github.com/entrhq/stitch.git
Revision (git rev-parse @):
2f0c347e0d5f7573549a86c81186a629556025a0
SUCCESS checkout https://github.com/entrhq/stitch.git at main
========================================
Build
========================================
Selected platform:         linux
Swift version:             6.4
Building package at path:  $PWD
https://github.com/entrhq/stitch.git
Running build ...
bash -c docker run --pull=always --rm -v "checkouts-54344845-0":/host -w "$PWD" -e JAVA_HOME="/root/.sdkman/candidates/java/current" -e SPI_BUILD="1" -e SPI_PROCESSING="1" registry.gitlab.com/saguaro1/spi-images:basic-6.4-latest swift build --triple x86_64-unknown-linux-gnu 2>&1
basic-6.4-latest: Pulling from saguaro1/spi-images
Digest: sha256:c77fcce225e223ac0fafed844619173fc6de8d62dd560eeb28db3182af6a282b
Status: Image is up to date for registry.gitlab.com/saguaro1/spi-images:basic-6.4-latest
Fetching https://github.com/swiftlang/swift-syntax.git
[1/80014] Fetching swift-syntax
Fetched https://github.com/swiftlang/swift-syntax.git (3.05s)
Computing version for https://github.com/swiftlang/swift-syntax.git
Computed https://github.com/swiftlang/swift-syntax.git at 603.0.2 (4.25s)
Creating working copy for https://github.com/swiftlang/swift-syntax.git
Working copy of https://github.com/swiftlang/swift-syntax.git resolved at 603.0.2
Building for debugging...
[Computing dependencies]
[Provisioning 25 / 26]
[Pre-planning 1 / 678]
[Planning deferred tasks]
[148 / 298] _SwiftSyntaxCShims
[183 / 299] SwiftSyntax
[185 / 308] SwiftSyntax510
[187 / 309] SwiftSyntax510
[204 / 313] SwiftSyntax
[206 / 314] SwiftSyntax
[210 / 314] SwiftSyntax
[223 / 342] SwiftParser
[224 / 342] SwiftParser
[224 / 342] SwiftBasicFormat
[235 / 342] SwiftBasicFormat
[236 / 342] SwiftParser
[238 / 342] SwiftParser
[239 / 342] SwiftParser
[241 / 342] SwiftParser
[246 / 342] SwiftParser
[248 / 342] SwiftDiagnostics
[249 / 342] SwiftOperators
[250 / 342] SwiftOperators
[252 / 342] SwiftDiagnostics
[254 / 342] SwiftDiagnostics
[255 / 342] SwiftBasicFormat
[256 / 343] SwiftDiagnostics
[258 / 343] SwiftParserDiagnostics
[265 / 363] SwiftParserDiagnostics
[266 / 363] SwiftParserDiagnostics
[268 / 364] SwiftParserDiagnostics
[269 / 364] SwiftOperators
[271 / 364] SwiftOperators
[282 / 365] SwiftParser
[282 / 365] SwiftParserDiagnostics
[286 / 365] SwiftOperators
[289 / 365] SwiftOperators
[291 / 365] SwiftOperators
[297 / 375] SwiftSyntaxBuilder
[299 / 375] SwiftSyntaxBuilder
[300 / 376] SwiftSyntaxBuilder
[302 / 376] SwiftSyntaxBuilder
[304 / 376] SwiftSyntaxBuilder
[305 / 376] SwiftSyntaxBuilder
[317 / 387] SwiftIfConfig
[319 / 387] SwiftIfConfig
[322 / 388] SwiftIfConfig
[331 / 389] SwiftSyntaxMacros
[333 / 398] SwiftSyntaxMacros
[337 / 398] SwiftSyntaxMacros
[344 / 398] SwiftSyntaxMacros-product
[350 / 408] SwiftSyntaxMacroExpansion
[352 / 409] SwiftIfConfig
[357 / 410] SwiftSyntaxMacroExpansion
[364 / 410] SwiftIfConfig
[367 / 420] SwiftCompilerPluginMessageHandling
[368 / 420] SwiftCompilerPluginMessageHandling
[370 / 420] SwiftCompilerPluginMessageHandling
[371 / 420] SwiftCompilerPluginMessageHandling
[374 / 420] SwiftCompilerPluginMessageHandling
[378 / 420] SwiftCompilerPluginMessageHandling
[382 / 423] SwiftCompilerPlugin
[389 / 424] SwiftCompilerPlugin
[391 / 425] SwiftCompilerPluginMessageHandling
[393 / 426] SwiftSyntax
[396 / 427] SwiftSyntax
[403 / 427] SwiftIfConfig
[412 / 428] StitchMacros
[415 / 431] StitchMacros
[416 / 431] StitchMacros
[419 / 432] StitchMacros
[420 / 432] StitchMacros
error: SwiftCompile normal x86_64 /host/spi-builder-workspace/Sources/Stitch/Stitchify/Stitchify.swift failed with a nonzero exit code. Command line:     cd /host
    builtin-SwiftPerFileCompile Stitchify.swift
/host/spi-builder-workspace/Sources/Stitch/Foundation/Observables/AnyObservableObject.swift:15:8: error: no such module 'SwiftUI'
13 | //  limitations under the License.
14 |
15 | import SwiftUI
   |        `- error: no such module 'SwiftUI'
16 | import Combine
17 |
Failed frontend command:
/usr/bin/swift-frontend -frontend -c /host/spi-builder-workspace/Sources/Stitch/Foundation/Observables/AnyObservableObject.swift /host/spi-builder-workspace/Sources/Stitch/Foundation/Observables/ErasedObservableObject.swift /host/spi-builder-workspace/Sources/Stitch/Foundation/Preconditions.swift /host/spi-builder-workspace/Sources/Stitch/Foundation/Reflection/MirrorTraverser.swift /host/spi-builder-workspace/Sources/Stitch/Injection/DependencyMocker.swift /host/spi-builder-workspace/Sources/Stitch/Injection/Stitch.swift /host/spi-builder-workspace/Sources/Stitch/Injection/StitchObservable.swift /host/spi-builder-workspace/Sources/Stitch/Injection/StitchPublished.swift /host/spi-builder-workspace/Sources/Stitch/Stitchify/DependencyFactories.swift /host/spi-builder-workspace/Sources/Stitch/Stitchify/Stitchable+registration.swift /host/spi-builder-workspace/Sources/Stitch/Stitchify/Stitchable+resolve.swift /host/spi-builder-workspace/Sources/Stitch/Stitchify/Stitchable.swift /host/spi-builder-workspace/Sources/Stitch/Stitchify/StitchableScope.swift -primary-file /host/spi-builder-workspace/Sources/Stitch/Stitchify/Stitchify.swift -emit-dependencies-path /host/spi-builder-workspace/.build/out/Intermediates.noindex/Stitch.build/Debug-linux-x86_64/Stitch-t.build/Objects-normal/x86_64/Stitchify.d -emit-const-values-path /host/spi-builder-workspace/.build/out/Intermediates.noindex/Stitch.build/Debug-linux-x86_64/Stitch-t.build/Objects-normal/x86_64/Stitchify.swiftconstvalues -emit-reference-dependencies-path /host/spi-builder-workspace/.build/out/Intermediates.noindex/Stitch.build/Debug-linux-x86_64/Stitch-t.build/Objects-normal/x86_64/Stitchify.swiftdeps -serialize-diagnostics-path /host/spi-builder-workspace/.build/out/Intermediates.noindex/Stitch.build/Debug-linux-x86_64/Stitch-t.build/Objects-normal/x86_64/Stitchify.dia -target x86_64-unknown-linux-gnu -disable-objc-interop -I /host/spi-builder-workspace/.build/out/Products/Debug-linux-x86_64 -module-cache-path /host/spi-builder-workspace/.build/out/ModuleCache.noindex -color-diagnostics -Xcc -fcolor-diagnostics -enable-testing -g -debug-info-format\=dwarf -dwarf-version\=4 -swift-version 6 -Onone -D SWIFT_PACKAGE -D DEBUG -D SWIFT_MODULE_RESOURCE_BUNDLE_UNAVAILABLE -D Xcode -serialize-debugging-options -load-plugin-executable /host/spi-builder-workspace/.build/out/Products/Debug-linux-x86_64/StitchMacros\#StitchMacros -enable-experimental-feature DebugDescriptionMacro -empty-abi-descriptor -external-plugin-path /usr/lib/swift/host/plugins/testing\#/usr/bin/swift-plugin-server -validate-clang-modules-once -clang-build-session-file /host/spi-builder-workspace/.build/out/ModuleCache.noindex/Session.modulevalidation -Xcc -working-directory -Xcc /host -enable-anonymous-context-mangled-names -file-compilation-dir /host -Xcc -fno-omit-frame-pointer -Xcc -D_LIBCPP_HARDENING_MODE\=_LIBCPP_HARDENING_MODE_DEBUG -Xcc -fmodules-prune-interval\=86400 -Xcc -fmodules-prune-after\=345600 -Xcc -I/host/spi-builder-workspace/.build/out/Products/Debug-linux-x86_64/include -Xcc -I/host/spi-builder-workspace/.build/out/Intermediates.noindex/Stitch.build/Debug-linux-x86_64/Stitch-t.build/DerivedSources-normal/x86_64 -Xcc -I/host/spi-builder-workspace/.build/out/Intermediates.noindex/Stitch.build/Debug-linux-x86_64/Stitch-t.build/DerivedSources/x86_64 -Xcc -I/host/spi-builder-workspace/.build/out/Intermediates.noindex/Stitch.build/Debug-linux-x86_64/Stitch-t.build/DerivedSources -Xcc -DSWIFT_PACKAGE -Xcc -DDEBUG\=1 -no-auto-bridging-header-chaining -module-name Stitch -package-name spi_builder_workspace -const-gather-protocols-file /host/spi-builder-workspace/.build/out/Intermediates.noindex/Stitch.build/Debug-linux-x86_64/Stitch-t.build/Objects-normal/x86_64/Stitch_const_extract_protocols.json -in-process-plugin-server-path /usr/lib/swift/host/libSwiftInProcPluginServer.so -plugin-path /usr/lib/swift/host/plugins -plugin-path /usr/local/lib/swift/host/plugins -parse-as-library -o /host/spi-builder-workspace/.build/out/Intermediates.noindex/Stitch.build/Debug-linux-x86_64/Stitch-t.build/Objects-normal/x86_64/Stitchify.o -index-unit-output-path /Stitch.build/Debug-linux-x86_64/Stitch-t.build/Objects-normal/x86_64/Stitchify.o -index-store-path /host/spi-builder-workspace/.build/out -index-system-modules
error: SwiftCompile normal x86_64 /host/spi-builder-workspace/Sources/Stitch/Injection/DependencyMocker.swift failed with a nonzero exit code. Command line:     cd /host
    builtin-SwiftPerFileCompile DependencyMocker.swift
error: SwiftCompile normal x86_64 /host/spi-builder-workspace/Sources/Stitch/Injection/Stitch.swift failed with a nonzero exit code. Command line:     cd /host
    builtin-SwiftPerFileCompile Stitch.swift
/host/spi-builder-workspace/Sources/Stitch/Foundation/Observables/AnyObservableObject.swift:15:8: error: no such module 'SwiftUI'
13 | //  limitations under the License.
14 |
15 | import SwiftUI
   |        `- error: no such module 'SwiftUI'
16 | import Combine
17 |
Failed frontend command:
/usr/bin/swift-frontend -frontend -c /host/spi-builder-workspace/Sources/Stitch/Foundation/Observables/AnyObservableObject.swift /host/spi-builder-workspace/Sources/Stitch/Foundation/Observables/ErasedObservableObject.swift /host/spi-builder-workspace/Sources/Stitch/Foundation/Preconditions.swift /host/spi-builder-workspace/Sources/Stitch/Foundation/Reflection/MirrorTraverser.swift -primary-file /host/spi-builder-workspace/Sources/Stitch/Injection/DependencyMocker.swift -primary-file /host/spi-builder-workspace/Sources/Stitch/Injection/Stitch.swift /host/spi-builder-workspace/Sources/Stitch/Injection/StitchObservable.swift /host/spi-builder-workspace/Sources/Stitch/Injection/StitchPublished.swift /host/spi-builder-workspace/Sources/Stitch/Stitchify/DependencyFactories.swift /host/spi-builder-workspace/Sources/Stitch/Stitchify/Stitchable+registration.swift /host/spi-builder-workspace/Sources/Stitch/Stitchify/Stitchable+resolve.swift /host/spi-builder-workspace/Sources/Stitch/Stitchify/Stitchable.swift /host/spi-builder-workspace/Sources/Stitch/Stitchify/StitchableScope.swift /host/spi-builder-workspace/Sources/Stitch/Stitchify/Stitchify.swift -emit-dependencies-path /host/spi-builder-workspace/.build/out/Intermediates.noindex/Stitch.build/Debug-linux-x86_64/Stitch-t.build/Objects-normal/x86_64/DependencyMocker.d -emit-const-values-path /host/spi-builder-workspace/.build/out/Intermediates.noindex/Stitch.build/Debug-linux-x86_64/Stitch-t.build/Objects-normal/x86_64/DependencyMocker.swiftconstvalues -emit-reference-dependencies-path /host/spi-builder-workspace/.build/out/Intermediates.noindex/Stitch.build/Debug-linux-x86_64/Stitch-t.build/Objects-normal/x86_64/DependencyMocker.swiftdeps -serialize-diagnostics-path /host/spi-builder-workspace/.build/out/Intermediates.noindex/Stitch.build/Debug-linux-x86_64/Stitch-t.build/Objects-normal/x86_64/DependencyMocker.dia -emit-dependencies-path /host/spi-builder-workspace/.build/out/Intermediates.noindex/Stitch.build/Debug-linux-x86_64/Stitch-t.build/Objects-normal/x86_64/Stitch.d -emit-const-values-path /host/spi-builder-workspace/.build/out/Intermediates.noindex/Stitch.build/Debug-linux-x86_64/Stitch-t.build/Objects-normal/x86_64/Stitch.swiftconstvalues -emit-reference-dependencies-path /host/spi-builder-workspace/.build/out/Intermediates.noindex/Stitch.build/Debug-linux-x86_64/Stitch-t.build/Objects-normal/x86_64/Stitch.swiftdeps -serialize-diagnostics-path /host/spi-builder-workspace/.build/out/Intermediates.noindex/Stitch.build/Debug-linux-x86_64/Stitch-t.build/Objects-normal/x86_64/Stitch.dia -target x86_64-unknown-linux-gnu -disable-objc-interop -I /host/spi-builder-workspace/.build/out/Products/Debug-linux-x86_64 -module-cache-path /host/spi-builder-workspace/.build/out/ModuleCache.noindex -color-diagnostics -Xcc -fcolor-diagnostics -enable-testing -g -debug-info-format\=dwarf -dwarf-version\=4 -swift-version 6 -Onone -D SWIFT_PACKAGE -D DEBUG -D SWIFT_MODULE_RESOURCE_BUNDLE_UNAVAILABLE -D Xcode -serialize-debugging-options -load-plugin-executable /host/spi-builder-workspace/.build/out/Products/Debug-linux-x86_64/StitchMacros\#StitchMacros -enable-experimental-feature DebugDescriptionMacro -empty-abi-descriptor -external-plugin-path /usr/lib/swift/host/plugins/testing\#/usr/bin/swift-plugin-server -validate-clang-modules-once -clang-build-session-file /host/spi-builder-workspace/.build/out/ModuleCache.noindex/Session.modulevalidation -Xcc -working-directory -Xcc /host -enable-anonymous-context-mangled-names -file-compilation-dir /host -Xcc -fno-omit-frame-pointer -Xcc -D_LIBCPP_HARDENING_MODE\=_LIBCPP_HARDENING_MODE_DEBUG -Xcc -fmodules-prune-interval\=86400 -Xcc -fmodules-prune-after\=345600 -Xcc -I/host/spi-builder-workspace/.build/out/Products/Debug-linux-x86_64/include -Xcc -I/host/spi-builder-workspace/.build/out/Intermediates.noindex/Stitch.build/Debug-linux-x86_64/Stitch-t.build/DerivedSources-normal/x86_64 -Xcc -I/host/spi-builder-workspace/.build/out/Intermediates.noindex/Stitch.build/Debug-linux-x86_64/Stitch-t.build/DerivedSources/x86_64 -Xcc -I/host/spi-builder-workspace/.build/out/Intermediates.noindex/Stitch.build/Debug-linux-x86_64/Stitch-t.build/DerivedSources -Xcc -DSWIFT_PACKAGE -Xcc -DDEBUG\=1 -no-auto-bridging-header-chaining -module-name Stitch -package-name spi_builder_workspace -const-gather-protocols-file /host/spi-builder-workspace/.build/out/Intermediates.noindex/Stitch.build/Debug-linux-x86_64/Stitch-t.build/Objects-normal/x86_64/Stitch_const_extract_protocols.json -in-process-plugin-server-path /usr/lib/swift/host/libSwiftInProcPluginServer.so -plugin-path /usr/lib/swift/host/plugins -plugin-path /usr/local/lib/swift/host/plugins -parse-as-library -o /host/spi-builder-workspace/.build/out/Intermediates.noindex/Stitch.build/Debug-linux-x86_64/Stitch-t.build/Objects-normal/x86_64/DependencyMocker.o -o /host/spi-builder-workspace/.build/out/Intermediates.noindex/Stitch.build/Debug-linux-x86_64/Stitch-t.build/Objects-normal/x86_64/Stitch.o -index-unit-output-path /Stitch.build/Debug-linux-x86_64/Stitch-t.build/Objects-normal/x86_64/DependencyMocker.o -index-unit-output-path /Stitch.build/Debug-linux-x86_64/Stitch-t.build/Objects-normal/x86_64/Stitch.o -index-store-path /host/spi-builder-workspace/.build/out -index-system-modules
error: SwiftCompile normal x86_64 /host/spi-builder-workspace/Sources/Stitch/Stitchify/Stitchable+resolve.swift failed with a nonzero exit code. Command line:     cd /host
    builtin-SwiftPerFileCompile Stitchable+resolve.swift
error: SwiftCompile normal x86_64 /host/spi-builder-workspace/Sources/Stitch/Stitchify/Stitchable.swift failed with a nonzero exit code. Command line:     cd /host
    builtin-SwiftPerFileCompile Stitchable.swift
/host/spi-builder-workspace/Sources/Stitch/Foundation/Observables/AnyObservableObject.swift:15:8: error: no such module 'SwiftUI'
13 | //  limitations under the License.
14 |
15 | import SwiftUI
   |        `- error: no such module 'SwiftUI'
16 | import Combine
17 |
Failed frontend command:
/usr/bin/swift-frontend -frontend -c /host/spi-builder-workspace/Sources/Stitch/Foundation/Observables/AnyObservableObject.swift /host/spi-builder-workspace/Sources/Stitch/Foundation/Observables/ErasedObservableObject.swift /host/spi-builder-workspace/Sources/Stitch/Foundation/Preconditions.swift /host/spi-builder-workspace/Sources/Stitch/Foundation/Reflection/MirrorTraverser.swift /host/spi-builder-workspace/Sources/Stitch/Injection/DependencyMocker.swift /host/spi-builder-workspace/Sources/Stitch/Injection/Stitch.swift /host/spi-builder-workspace/Sources/Stitch/Injection/StitchObservable.swift /host/spi-builder-workspace/Sources/Stitch/Injection/StitchPublished.swift /host/spi-builder-workspace/Sources/Stitch/Stitchify/DependencyFactories.swift /host/spi-builder-workspace/Sources/Stitch/Stitchify/Stitchable+registration.swift -primary-file /host/spi-builder-workspace/Sources/Stitch/Stitchify/Stitchable+resolve.swift -primary-file /host/spi-builder-workspace/Sources/Stitch/Stitchify/Stitchable.swift /host/spi-builder-workspace/Sources/Stitch/Stitchify/StitchableScope.swift /host/spi-builder-workspace/Sources/Stitch/Stitchify/Stitchify.swift -emit-dependencies-path /host/spi-builder-workspace/.build/out/Intermediates.noindex/Stitch.build/Debug-linux-x86_64/Stitch-t.build/Objects-normal/x86_64/Stitchable+resolve.d -emit-const-values-path /host/spi-builder-workspace/.build/out/Intermediates.noindex/Stitch.build/Debug-linux-x86_64/Stitch-t.build/Objects-normal/x86_64/Stitchable+resolve.swiftconstvalues -emit-reference-dependencies-path /host/spi-builder-workspace/.build/out/Intermediates.noindex/Stitch.build/Debug-linux-x86_64/Stitch-t.build/Objects-normal/x86_64/Stitchable+resolve.swiftdeps -serialize-diagnostics-path /host/spi-builder-workspace/.build/out/Intermediates.noindex/Stitch.build/Debug-linux-x86_64/Stitch-t.build/Objects-normal/x86_64/Stitchable+resolve.dia -emit-dependencies-path /host/spi-builder-workspace/.build/out/Intermediates.noindex/Stitch.build/Debug-linux-x86_64/Stitch-t.build/Objects-normal/x86_64/Stitchable.d -emit-const-values-path /host/spi-builder-workspace/.build/out/Intermediates.noindex/Stitch.build/Debug-linux-x86_64/Stitch-t.build/Objects-normal/x86_64/Stitchable.swiftconstvalues -emit-reference-dependencies-path /host/spi-builder-workspace/.build/out/Intermediates.noindex/Stitch.build/Debug-linux-x86_64/Stitch-t.build/Objects-normal/x86_64/Stitchable.swiftdeps -serialize-diagnostics-path /host/spi-builder-workspace/.build/out/Intermediates.noindex/Stitch.build/Debug-linux-x86_64/Stitch-t.build/Objects-normal/x86_64/Stitchable.dia -target x86_64-unknown-linux-gnu -disable-objc-interop -I /host/spi-builder-workspace/.build/out/Products/Debug-linux-x86_64 -module-cache-path /host/spi-builder-workspace/.build/out/ModuleCache.noindex -color-diagnostics -Xcc -fcolor-diagnostics -enable-testing -g -debug-info-format\=dwarf -dwarf-version\=4 -swift-version 6 -Onone -D SWIFT_PACKAGE -D DEBUG -D SWIFT_MODULE_RESOURCE_BUNDLE_UNAVAILABLE -D Xcode -serialize-debugging-options -load-plugin-executable /host/spi-builder-workspace/.build/out/Products/Debug-linux-x86_64/StitchMacros\#StitchMacros -enable-experimental-feature DebugDescriptionMacro -empty-abi-descriptor -external-plugin-path /usr/lib/swift/host/plugins/testing\#/usr/bin/swift-plugin-server -validate-clang-modules-once -clang-build-session-file /host/spi-builder-workspace/.build/out/ModuleCache.noindex/Session.modulevalidation -Xcc -working-directory -Xcc /host -enable-anonymous-context-mangled-names -file-compilation-dir /host -Xcc -fno-omit-frame-pointer -Xcc -D_LIBCPP_HARDENING_MODE\=_LIBCPP_HARDENING_MODE_DEBUG -Xcc -fmodules-prune-interval\=86400 -Xcc -fmodules-prune-after\=345600 -Xcc -I/host/spi-builder-workspace/.build/out/Products/Debug-linux-x86_64/include -Xcc -I/host/spi-builder-workspace/.build/out/Intermediates.noindex/Stitch.build/Debug-linux-x86_64/Stitch-t.build/DerivedSources-normal/x86_64 -Xcc -I/host/spi-builder-workspace/.build/out/Intermediates.noindex/Stitch.build/Debug-linux-x86_64/Stitch-t.build/DerivedSources/x86_64 -Xcc -I/host/spi-builder-workspace/.build/out/Intermediates.noindex/Stitch.build/Debug-linux-x86_64/Stitch-t.build/DerivedSources -Xcc -DSWIFT_PACKAGE -Xcc -DDEBUG\=1 -no-auto-bridging-header-chaining -module-name Stitch -package-name spi_builder_workspace -const-gather-protocols-file /host/spi-builder-workspace/.build/out/Intermediates.noindex/Stitch.build/Debug-linux-x86_64/Stitch-t.build/Objects-normal/x86_64/Stitch_const_extract_protocols.json -in-process-plugin-server-path /usr/lib/swift/host/libSwiftInProcPluginServer.so -plugin-path /usr/lib/swift/host/plugins -plugin-path /usr/local/lib/swift/host/plugins -parse-as-library -o /host/spi-builder-workspace/.build/out/Intermediates.noindex/Stitch.build/Debug-linux-x86_64/Stitch-t.build/Objects-normal/x86_64/Stitchable+resolve.o -o /host/spi-builder-workspace/.build/out/Intermediates.noindex/Stitch.build/Debug-linux-x86_64/Stitch-t.build/Objects-normal/x86_64/Stitchable.o -index-unit-output-path /Stitch.build/Debug-linux-x86_64/Stitch-t.build/Objects-normal/x86_64/Stitchable+resolve.o -index-unit-output-path /Stitch.build/Debug-linux-x86_64/Stitch-t.build/Objects-normal/x86_64/Stitchable.o -index-store-path /host/spi-builder-workspace/.build/out -index-system-modules
error: Build failed
BUILD FAILURE 6.4 linux