Build Information
Failed to build SharkUtils, reference master (7bffb2), with Swift 6.4 for tvOS using Xcode 27.0 on 17 Sep 2026 18:53:46 UTC.
Build Command
env DEVELOPER_DIR=/Applications/Xcode-27.0.0-Release.Candidate.app xcrun xcodebuild -IDEClonedSourcePackagesDirPathOverride=$PWD/.dependencies -skipMacroValidation -skipPackagePluginValidation -derivedDataPath $PWD/.derivedData build -scheme SharkUtils -destination generic/platform=tvOSBuild Log
========================================
RunAll
========================================
Builder version: 5.1.0
Interrupt handler set up.
========================================
Checkout
========================================
Clone URL: https://github.com/gymshark/ios-shark-utils.git
Reference: master
Initialized empty Git repository in /Users/admin/builder/spi-builder-workspace/.git/
From https://github.com/gymshark/ios-shark-utils
* branch master -> FETCH_HEAD
* [new branch] master -> origin/master
HEAD is now at 7bffb28 Merge pull request #4 from gymshark/develop
Cloned https://github.com/gymshark/ios-shark-utils.git
Revision (git rev-parse @):
7bffb281655d641ec82f9725ab1901b402a5a8a8
SUCCESS checkout https://github.com/gymshark/ios-shark-utils.git at master
========================================
Build
========================================
Selected platform: tvOS
Swift version: 6.4
Building package at path: $PWD
https://github.com/gymshark/ios-shark-utils.git
Command line invocation:
/Applications/Xcode-27.0.0-Release.Candidate.app/Contents/Developer/usr/bin/xcodebuild -IDEClonedSourcePackagesDirPathOverride=/Users/admin/builder/spi-builder-workspace/.dependencies -resolvePackageDependencies
Resolve Package Graph
Resolve Package Graph
Resolved source packages:
SharkUtils: /Users/admin/builder/spi-builder-workspace
resolved source packages: SharkUtils
2026-09-17 14:52:57.378 xcodebuild[529:3022] [MT] IDERunDestination: Supported platforms for the buildables in the current scheme is empty.
{
"dependencies" : [
],
"manifest_display_name" : "SharkUtils",
"name" : "SharkUtils",
"path" : "/Users/admin/builder/spi-builder-workspace",
"platforms" : [
{
"name" : "ios",
"version" : "12.0"
}
],
"products" : [
{
"name" : "SharkUtils",
"targets" : [
"SharkUtils"
],
"type" : {
"library" : [
"automatic"
]
}
}
],
"targets" : [
{
"c99name" : "SharkUtilsTests",
"module_type" : "SwiftTarget",
"name" : "SharkUtilsTests",
"path" : "Tests/SharkUtilsTests",
"sources" : [
"ObservableTests.swift",
"SharkUtilsTests.swift",
"WeakContainerTests.swift",
"WeakNonOptionalTests.swift",
"WriteSafeTests.swift",
"XCTestManifests.swift"
],
"target_dependencies" : [
"SharkUtils"
],
"type" : "test"
},
{
"c99name" : "SharkUtils",
"module_type" : "SwiftTarget",
"name" : "SharkUtils",
"path" : "Sources/SharkUtils",
"product_memberships" : [
"SharkUtils"
],
"sources" : [
"Constraints/AxesSet.swift",
"Constraints/LayoutGuideSource.swift",
"Constraints/PinningConstraintHelpers.swift",
"Constraints/SizingConstraintHelpers.swift",
"Constraints/UIStackViewConstructor.swift",
"Extensions/AdditiveArithmetic.swift",
"Extensions/CACornerMask.swift",
"Extensions/CGSize.swift",
"Extensions/OptionalExtensions.swift",
"Extensions/ResultExtensions.swift",
"Extensions/UIEdgeInsets.swift",
"Extensions/UIStackView.swift",
"Extensions/UIView.swift",
"Observable/Observable.swift",
"Observable/ObservableExtensions.swift",
"Observable/ObserverSet.swift",
"Requests/AsyncRequest.swift",
"Requests/ParallelRequests.swift",
"Requests/ParallelResultRequests.swift",
"Requests/RepeatingRequest.swift",
"Requests/SequencedResultRequests.swift",
"Utils/Associatable.swift",
"Utils/BasicUIActionHandler.swift",
"Utils/Chainable.swift",
"Utils/GenericArrayBuilder.swift",
"Utils/NSRegularExpressionExtensions.swift",
"Utils/ParameterErasure.swift",
"Utils/ThreadSafe.swift",
"Utils/WeakClosure.swift",
"Utils/WeakContainable.swift",
"Utils/WeakNonOptional.swift",
"Utils/WriteSafe.swift"
],
"type" : "library"
}
],
"tools_version" : "5.3"
}
{
"workspace" : {
"name" : "SharkUtils",
"schemes" : [
"SharkUtils"
]
}
}
2026-09-17 14:53:33.284 xcodebuild[626:3926] [MT] IDERunDestination: Supported platforms for the buildables in the current scheme is empty.
Running build ...
env DEVELOPER_DIR=/Applications/Xcode-27.0.0-Release.Candidate.app xcrun xcodebuild -IDEClonedSourcePackagesDirPathOverride=$PWD/.dependencies -skipMacroValidation -skipPackagePluginValidation -derivedDataPath $PWD/.derivedData build -scheme SharkUtils -destination generic/platform=tvOS
Command line invocation:
/Applications/Xcode-27.0.0-Release.Candidate.app/Contents/Developer/usr/bin/xcodebuild -IDEClonedSourcePackagesDirPathOverride=/Users/admin/builder/spi-builder-workspace/.dependencies -skipMacroValidation -skipPackagePluginValidation -derivedDataPath /Users/admin/builder/spi-builder-workspace/.derivedData build -scheme SharkUtils -destination generic/platform=tvOS
Resolve Package Graph
Resolved source packages:
SharkUtils: /Users/admin/builder/spi-builder-workspace
ComputePackagePrebuildTargetDependencyGraph
Prepare packages
CreateBuildRequest
SendProjectDescription
CreateBuildOperation
ComputeTargetDependencyGraph
note: Building targets in dependency order
note: Target dependency graph (2 targets)
Target 'SharkUtils-product' in project 'SharkUtils'
➜ Explicit dependency on target 'SharkUtils' in project 'SharkUtils'
Target 'SharkUtils' in project 'SharkUtils' (no dependencies)
GatherProvisioningInputs
CreateBuildDescription
ExecuteExternalTool /Applications/Xcode-27.0.0-Release.Candidate.app/Contents/Developer/Toolchains/XcodeDefault.xctoolchain/usr/bin/clang -v -E -dM -isysroot /Applications/Xcode-27.0.0-Release.Candidate.app/Contents/Developer/Platforms/AppleTVOS.platform/Developer/SDKs/AppleTVOS27.0.sdk -x c -c /dev/null
ExecuteExternalTool /Applications/Xcode-27.0.0-Release.Candidate.app/Contents/Developer/Toolchains/XcodeDefault.xctoolchain/usr/bin/swiftc --version
ExecuteExternalTool /Applications/Xcode-27.0.0-Release.Candidate.app/Contents/Developer/Toolchains/XcodeDefault.xctoolchain/usr/bin/ld -version_details
Build description signature: 6ccb5182665535c385bc26994ca76ab1
Build description path: /Users/admin/builder/spi-builder-workspace/.derivedData/Build/Intermediates.noindex/XCBuildData/6ccb5182665535c385bc26994ca76ab1.xcbuilddata
CreateBuildDirectory /Users/admin/builder/spi-builder-workspace/.derivedData/CompilationCache.noindex
cd /Users/admin/builder/spi-builder-workspace/.swiftpm/xcode
builtin-create-build-directory /Users/admin/builder/spi-builder-workspace/.derivedData/CompilationCache.noindex
CreateBuildDirectory /Users/admin/builder/spi-builder-workspace/.derivedData/SDKExplicitPrecompiledModules
cd /Users/admin/builder/spi-builder-workspace/.swiftpm/xcode
builtin-create-build-directory /Users/admin/builder/spi-builder-workspace/.derivedData/SDKExplicitPrecompiledModules
CreateBuildDirectory /Users/admin/builder/spi-builder-workspace/.derivedData/ModuleCache.noindex
cd /Users/admin/builder/spi-builder-workspace/.swiftpm/xcode
builtin-create-build-directory /Users/admin/builder/spi-builder-workspace/.derivedData/ModuleCache.noindex
CreateBuildDirectory /Users/admin/builder/spi-builder-workspace/.derivedData/Build/Products
cd /Users/admin/builder/spi-builder-workspace/.swiftpm/xcode
builtin-create-build-directory /Users/admin/builder/spi-builder-workspace/.derivedData/Build/Products
CreateBuildDirectory /Users/admin/builder/spi-builder-workspace/.derivedData/Build/Intermediates.noindex
cd /Users/admin/builder/spi-builder-workspace/.swiftpm/xcode
builtin-create-build-directory /Users/admin/builder/spi-builder-workspace/.derivedData/Build/Intermediates.noindex
ClangStatCache /Applications/Xcode-27.0.0-Release.Candidate.app/Contents/Developer/Toolchains/XcodeDefault.xctoolchain/usr/bin/clang-stat-cache /Applications/Xcode-27.0.0-Release.Candidate.app/Contents/Developer/Platforms/AppleTVOS.platform/Developer/SDKs/AppleTVOS27.0.sdk /Users/admin/builder/spi-builder-workspace/.derivedData/SDKStatCaches.noindex/appletvos27.0-24J360-e829b21a6f8c9b70876ba0858053c044b32bfd8d43560033f8d89884cdb90028.sdkstatcache
cd /Users/admin/builder/spi-builder-workspace/.swiftpm/xcode
/Applications/Xcode-27.0.0-Release.Candidate.app/Contents/Developer/Toolchains/XcodeDefault.xctoolchain/usr/bin/clang-stat-cache /Applications/Xcode-27.0.0-Release.Candidate.app/Contents/Developer/Platforms/AppleTVOS.platform/Developer/SDKs/AppleTVOS27.0.sdk -o /Users/admin/builder/spi-builder-workspace/.derivedData/SDKStatCaches.noindex/appletvos27.0-24J360-e829b21a6f8c9b70876ba0858053c044b32bfd8d43560033f8d89884cdb90028.sdkstatcache
CreateBuildDirectory /Users/admin/builder/spi-builder-workspace/.derivedData/Build/Intermediates.noindex/SwiftExplicitPrecompiledModules
cd /Users/admin/builder/spi-builder-workspace/.swiftpm/xcode
builtin-create-build-directory /Users/admin/builder/spi-builder-workspace/.derivedData/Build/Intermediates.noindex/SwiftExplicitPrecompiledModules
CreateBuildDirectory /Users/admin/builder/spi-builder-workspace/.derivedData/Build/Products/Debug-appletvos
cd /Users/admin/builder/spi-builder-workspace/.swiftpm/xcode
builtin-create-build-directory /Users/admin/builder/spi-builder-workspace/.derivedData/Build/Products/Debug-appletvos
CreateBuildDirectory /Users/admin/builder/spi-builder-workspace/.derivedData/Build/Intermediates.noindex/ExplicitPrecompiledModules
cd /Users/admin/builder/spi-builder-workspace/.swiftpm/xcode
builtin-create-build-directory /Users/admin/builder/spi-builder-workspace/.derivedData/Build/Intermediates.noindex/ExplicitPrecompiledModules
CreateBuildDirectory /Users/admin/builder/spi-builder-workspace/.derivedData/Build/Intermediates.noindex/PrecompiledHeaders
cd /Users/admin/builder/spi-builder-workspace/.swiftpm/xcode
builtin-create-build-directory /Users/admin/builder/spi-builder-workspace/.derivedData/Build/Intermediates.noindex/PrecompiledHeaders
CreateBuildDirectory /Users/admin/builder/spi-builder-workspace/.derivedData/Build/Intermediates.noindex/EagerLinkingTBDs/Debug-appletvos
cd /Users/admin/builder/spi-builder-workspace/.swiftpm/xcode
builtin-create-build-directory /Users/admin/builder/spi-builder-workspace/.derivedData/Build/Intermediates.noindex/EagerLinkingTBDs/Debug-appletvos
CreateBuildDirectory /Users/admin/builder/spi-builder-workspace/.derivedData/Build/Products/Debug-appletvos/PackageFrameworks
cd /Users/admin/builder/spi-builder-workspace/.swiftpm/xcode
builtin-create-build-directory /Users/admin/builder/spi-builder-workspace/.derivedData/Build/Products/Debug-appletvos/PackageFrameworks
WriteAuxiliaryFile /Users/admin/builder/spi-builder-workspace/.derivedData/Build/Intermediates.noindex/SharkUtils.build/Debug-appletvos/SharkUtils-t.build/Objects-normal/arm64/SharkUtils.LinkFileList (in target 'SharkUtils' from project 'SharkUtils')
cd /Users/admin/builder/spi-builder-workspace
write-file /Users/admin/builder/spi-builder-workspace/.derivedData/Build/Intermediates.noindex/SharkUtils.build/Debug-appletvos/SharkUtils-t.build/Objects-normal/arm64/SharkUtils.LinkFileList
WriteAuxiliaryFile /Users/admin/builder/spi-builder-workspace/.derivedData/Build/Intermediates.noindex/SharkUtils.build/Debug-appletvos/SharkUtils-t.build/Objects-normal/arm64/SharkUtils-OutputFileMap.json (in target 'SharkUtils' from project 'SharkUtils')
cd /Users/admin/builder/spi-builder-workspace
write-file /Users/admin/builder/spi-builder-workspace/.derivedData/Build/Intermediates.noindex/SharkUtils.build/Debug-appletvos/SharkUtils-t.build/Objects-normal/arm64/SharkUtils-OutputFileMap.json
WriteAuxiliaryFile /Users/admin/builder/spi-builder-workspace/.derivedData/Build/Intermediates.noindex/SharkUtils.build/Debug-appletvos/SharkUtils-t.build/Objects-normal/arm64/SharkUtils.SwiftFileList (in target 'SharkUtils' from project 'SharkUtils')
cd /Users/admin/builder/spi-builder-workspace
write-file /Users/admin/builder/spi-builder-workspace/.derivedData/Build/Intermediates.noindex/SharkUtils.build/Debug-appletvos/SharkUtils-t.build/Objects-normal/arm64/SharkUtils.SwiftFileList
WriteAuxiliaryFile /Users/admin/builder/spi-builder-workspace/.derivedData/Build/Intermediates.noindex/SharkUtils.build/Debug-appletvos/SharkUtils-t.build/SharkUtils.modulemap (in target 'SharkUtils' from project 'SharkUtils')
cd /Users/admin/builder/spi-builder-workspace
write-file /Users/admin/builder/spi-builder-workspace/.derivedData/Build/Intermediates.noindex/SharkUtils.build/Debug-appletvos/SharkUtils-t.build/SharkUtils.modulemap
WriteAuxiliaryFile /Users/admin/builder/spi-builder-workspace/.derivedData/Build/Intermediates.noindex/SharkUtils.build/Debug-appletvos/SharkUtils-t.build/SharkUtils.DependencyMetadataFileList (in target 'SharkUtils' from project 'SharkUtils')
cd /Users/admin/builder/spi-builder-workspace
write-file /Users/admin/builder/spi-builder-workspace/.derivedData/Build/Intermediates.noindex/SharkUtils.build/Debug-appletvos/SharkUtils-t.build/SharkUtils.DependencyMetadataFileList
WriteAuxiliaryFile /Users/admin/builder/spi-builder-workspace/.derivedData/Build/Intermediates.noindex/SharkUtils.build/Debug-appletvos/SharkUtils-t.build/Objects-normal/arm64/SharkUtils.SwiftConstValuesFileList (in target 'SharkUtils' from project 'SharkUtils')
cd /Users/admin/builder/spi-builder-workspace
write-file /Users/admin/builder/spi-builder-workspace/.derivedData/Build/Intermediates.noindex/SharkUtils.build/Debug-appletvos/SharkUtils-t.build/Objects-normal/arm64/SharkUtils.SwiftConstValuesFileList
WriteAuxiliaryFile /Users/admin/builder/spi-builder-workspace/.derivedData/Build/Intermediates.noindex/SharkUtils.build/Debug-appletvos/SharkUtils-t.build/SharkUtils.DependencyStaticMetadataFileList (in target 'SharkUtils' from project 'SharkUtils')
cd /Users/admin/builder/spi-builder-workspace
write-file /Users/admin/builder/spi-builder-workspace/.derivedData/Build/Intermediates.noindex/SharkUtils.build/Debug-appletvos/SharkUtils-t.build/SharkUtils.DependencyStaticMetadataFileList
WriteAuxiliaryFile /Users/admin/builder/spi-builder-workspace/.derivedData/Build/Intermediates.noindex/SharkUtils.build/Debug-appletvos/SharkUtils-t.build/Objects-normal/arm64/SharkUtils_const_extract_protocols.json (in target 'SharkUtils' from project 'SharkUtils')
cd /Users/admin/builder/spi-builder-workspace
write-file /Users/admin/builder/spi-builder-workspace/.derivedData/Build/Intermediates.noindex/SharkUtils.build/Debug-appletvos/SharkUtils-t.build/Objects-normal/arm64/SharkUtils_const_extract_protocols.json
Copy /Users/admin/builder/spi-builder-workspace/.derivedData/Build/Intermediates.noindex/GeneratedModuleMaps-appletvos/SharkUtils.modulemap /Users/admin/builder/spi-builder-workspace/.derivedData/Build/Intermediates.noindex/SharkUtils.build/Debug-appletvos/SharkUtils-t.build/SharkUtils.modulemap (in target 'SharkUtils' from project 'SharkUtils')
cd /Users/admin/builder/spi-builder-workspace
builtin-copy -exclude .DS_Store -exclude CVS -exclude .svn -exclude .git -exclude .hg -resolve-src-symlinks /Users/admin/builder/spi-builder-workspace/.derivedData/Build/Intermediates.noindex/SharkUtils.build/Debug-appletvos/SharkUtils-t.build/SharkUtils.modulemap /Users/admin/builder/spi-builder-workspace/.derivedData/Build/Intermediates.noindex/GeneratedModuleMaps-appletvos
SwiftDriver SharkUtils normal arm64 com.apple.xcode.tools.swift.compiler (in target 'SharkUtils' from project 'SharkUtils')
cd /Users/admin/builder/spi-builder-workspace/.swiftpm/xcode
builtin-SwiftDriver -- /Applications/Xcode-27.0.0-Release.Candidate.app/Contents/Developer/Toolchains/XcodeDefault.xctoolchain/usr/bin/swiftc -parse-as-library -module-name SharkUtils -Onone @/Users/admin/builder/spi-builder-workspace/.derivedData/Build/Intermediates.noindex/SharkUtils.build/Debug-appletvos/SharkUtils-t.build/Objects-normal/arm64/SharkUtils.SwiftFileList -DSWIFT_PACKAGE -DDEBUG -DSWIFT_MODULE_RESOURCE_BUNDLE_UNAVAILABLE -DXcode -plugin-path /Applications/Xcode-27.0.0-Release.Candidate.app/Contents/Developer/Toolchains/XcodeDefault.xctoolchain/usr/lib/swift/host/plugins/testing -enable-experimental-feature DebugDescriptionMacro -sdk /Applications/Xcode-27.0.0-Release.Candidate.app/Contents/Developer/Platforms/AppleTVOS.platform/Developer/SDKs/AppleTVOS27.0.sdk -target arm64-apple-tvos15.0 -g -module-cache-path /Users/admin/builder/spi-builder-workspace/.derivedData/ModuleCache.noindex -Xfrontend -serialize-debugging-options -profile-coverage-mapping -profile-generate -enable-testing -index-store-path /Users/admin/builder/spi-builder-workspace/.derivedData/Index.noindex/DataStore -Xcc -D_LIBCPP_HARDENING_MODE\=_LIBCPP_HARDENING_MODE_DEBUG -swift-version 5 -I /Users/admin/builder/spi-builder-workspace/.derivedData/Build/Products/Debug-appletvos -Isystem /Applications/Xcode-27.0.0-Release.Candidate.app/Contents/Developer/Platforms/AppleTVOS.platform/Developer/usr/lib -F /Users/admin/builder/spi-builder-workspace/.derivedData/Build/Products/Debug-appletvos -F /Applications/Xcode-27.0.0-Release.Candidate.app/Contents/Developer/Platforms/AppleTVOS.platform/Developer/Library/Frameworks -F /Applications/Xcode-27.0.0-Release.Candidate.app/Contents/Developer/Platforms/AppleTVOS.platform/Developer/SDKs/AppleTVOS27.0.sdk/Developer/Library/Frameworks -c -j10 -enable-batch-mode -incremental -Xcc -ivfsstatcache -Xcc /Users/admin/builder/spi-builder-workspace/.derivedData/SDKStatCaches.noindex/appletvos27.0-24J360-e829b21a6f8c9b70876ba0858053c044b32bfd8d43560033f8d89884cdb90028.sdkstatcache -output-file-map /Users/admin/builder/spi-builder-workspace/.derivedData/Build/Intermediates.noindex/SharkUtils.build/Debug-appletvos/SharkUtils-t.build/Objects-normal/arm64/SharkUtils-OutputFileMap.json -save-temps -no-color-diagnostics -explicit-module-build -module-cache-path /Users/admin/builder/spi-builder-workspace/.derivedData/Build/Intermediates.noindex/SwiftExplicitPrecompiledModules -clang-scanner-module-cache-path /Users/admin/builder/spi-builder-workspace/.derivedData/ModuleCache.noindex -sdk-module-cache-path /Users/admin/builder/spi-builder-workspace/.derivedData/SDKExplicitPrecompiledModules -emit-dependencies -emit-module -emit-module-path /Users/admin/builder/spi-builder-workspace/.derivedData/Build/Intermediates.noindex/SharkUtils.build/Debug-appletvos/SharkUtils-t.build/Objects-normal/arm64/SharkUtils.swiftmodule -serialize-diagnostics -dependency-scan-serialize-diagnostics-path /Users/admin/builder/spi-builder-workspace/.derivedData/Build/Intermediates.noindex/SharkUtils.build/Debug-appletvos/SharkUtils-t.build/Objects-normal/arm64/SharkUtils-dependency-scan.dia -validate-clang-modules-once -clang-build-session-file /Users/admin/builder/spi-builder-workspace/.derivedData/ModuleCache.noindex/Session.modulevalidation -Xcc -fmodules-prune-interval\=86400 -Xcc -fmodules-prune-after\=345600 -emit-const-values -const-gather-protocols-list /Users/admin/builder/spi-builder-workspace/.derivedData/Build/Intermediates.noindex/SharkUtils.build/Debug-appletvos/SharkUtils-t.build/Objects-normal/arm64/SharkUtils_const_extract_protocols.json -Xcc -I/Users/admin/builder/spi-builder-workspace/.derivedData/Build/Products/Debug-appletvos/include -Xcc -I/Users/admin/builder/spi-builder-workspace/.derivedData/Build/Intermediates.noindex/SharkUtils.build/Debug-appletvos/SharkUtils-t.build/DerivedSources-normal/arm64 -Xcc -I/Users/admin/builder/spi-builder-workspace/.derivedData/Build/Intermediates.noindex/SharkUtils.build/Debug-appletvos/SharkUtils-t.build/DerivedSources/arm64 -Xcc -I/Users/admin/builder/spi-builder-workspace/.derivedData/Build/Intermediates.noindex/SharkUtils.build/Debug-appletvos/SharkUtils-t.build/DerivedSources -Xcc -DSWIFT_PACKAGE -Xcc -DDEBUG\=1 -emit-objc-header -emit-objc-header-path /Users/admin/builder/spi-builder-workspace/.derivedData/Build/Intermediates.noindex/SharkUtils.build/Debug-appletvos/SharkUtils-t.build/Objects-normal/arm64/SharkUtils-Swift.h -working-directory /Users/admin/builder/spi-builder-workspace/.swiftpm/xcode -experimental-emit-module-separately -disable-cmo
SwiftExplicitDependencyGeneratePcm arm64 /Users/admin/builder/spi-builder-workspace/.derivedData/SDKExplicitPrecompiledModules/_Builtin_stdarg-BO2OCAUYVAXDRVQWQ8ISKGNUQ.pcm
SwiftExplicitDependencyGeneratePcm arm64 /Users/admin/builder/spi-builder-workspace/.derivedData/SDKExplicitPrecompiledModules/SwiftShims-8N4EXJ4RUJTR8K9OO3CMOH1EP.pcm
SwiftExplicitDependencyGeneratePcm arm64 /Users/admin/builder/spi-builder-workspace/.derivedData/SDKExplicitPrecompiledModules/ptrcheck-2AZ6B5IBYD3RRRTFWN2ONASY3.pcm
SwiftExplicitDependencyGeneratePcm arm64 /Users/admin/builder/spi-builder-workspace/.derivedData/SDKExplicitPrecompiledModules/_Builtin_stdbool-AHRDH5EKLY6D04C5E42F3VCQI.pcm
SwiftExplicitDependencyGeneratePcm arm64 /Users/admin/builder/spi-builder-workspace/.derivedData/SDKExplicitPrecompiledModules/_Builtin_float-8ZJAYZ85YBOAOP52Y9H6IUNP3.pcm
SwiftExplicitDependencyGeneratePcm arm64 /Users/admin/builder/spi-builder-workspace/.derivedData/SDKExplicitPrecompiledModules/_AvailabilityInternal-BV2EDDP0MI5QJDDPEEV4D9D3V.pcm
SwiftExplicitDependencyGeneratePcm arm64 /Users/admin/builder/spi-builder-workspace/.derivedData/SDKExplicitPrecompiledModules/_SwiftConcurrencyShims-BY5PD8KF1L5KF6F4Q69HE3TJ4.pcm
SwiftExplicitDependencyGeneratePcm arm64 /Users/admin/builder/spi-builder-workspace/.derivedData/SDKExplicitPrecompiledModules/ptrauth-8X2KEPL7CTRPS40TUB9APHPK6.pcm
SwiftExplicitDependencyGeneratePcm arm64 /Users/admin/builder/spi-builder-workspace/.derivedData/SDKExplicitPrecompiledModules/_Builtin_stddef-9ZJZ6FDEZNKTZU8YLPMFT9RAQ.pcm
SwiftExplicitDependencyGeneratePcm arm64 /Users/admin/builder/spi-builder-workspace/.derivedData/SDKExplicitPrecompiledModules/DeveloperToolsSupport-B1X8RI63V48AJRTH2RK6JAARV.pcm
SwiftExplicitDependencyGeneratePcm arm64 /Users/admin/builder/spi-builder-workspace/.derivedData/SDKExplicitPrecompiledModules/_DarwinFoundation1-JOTYMOA1YZCIJ2NON6FQ848O.pcm
SwiftExplicitDependencyGeneratePcm arm64 /Users/admin/builder/spi-builder-workspace/.derivedData/SDKExplicitPrecompiledModules/_DarwinFoundation2-AOGAN1O02NKXRJN5V73AV3V3M.pcm
SwiftExplicitDependencyGeneratePcm arm64 /Users/admin/builder/spi-builder-workspace/.derivedData/SDKExplicitPrecompiledModules/_Builtin_limits-7JU2HP127LIT1X9E2V3D8WZ1.pcm
SwiftExplicitDependencyGeneratePcm arm64 /Users/admin/builder/spi-builder-workspace/.derivedData/SDKExplicitPrecompiledModules/_Builtin_stdint-6NFTB6IBKS143IVPGT1EKB7HO.pcm
SwiftExplicitDependencyGeneratePcm arm64 /Users/admin/builder/spi-builder-workspace/.derivedData/SDKExplicitPrecompiledModules/_Builtin_tgmath-7ULT1EUHDHW4OZPSTT33H6QGE.pcm
SwiftExplicitDependencyGeneratePcm arm64 /Users/admin/builder/spi-builder-workspace/.derivedData/SDKExplicitPrecompiledModules/sys_types-8GCAV1YMG5UUGHUID3CA20TCH.pcm
SwiftExplicitDependencyGeneratePcm arm64 /Users/admin/builder/spi-builder-workspace/.derivedData/SDKExplicitPrecompiledModules/string_h-6EVHP7A717OUS5DMC78F79HWO.pcm
SwiftExplicitDependencyGeneratePcm arm64 /Users/admin/builder/spi-builder-workspace/.derivedData/SDKExplicitPrecompiledModules/_DarwinFoundation3-8SR3855WDFHQPR6G9GHOI2C07.pcm
SwiftExplicitDependencyGeneratePcm arm64 /Users/admin/builder/spi-builder-workspace/.derivedData/SDKExplicitPrecompiledModules/_Builtin_intrinsics-437O2R2NID4WAQVENR63GR82C.pcm
SwiftExplicitDependencyGeneratePcm arm64 /Users/admin/builder/spi-builder-workspace/.derivedData/SDKExplicitPrecompiledModules/_Builtin_stdatomic-3YXHN678NGYM3NL9POJ2HVEIF.pcm
SwiftExplicitDependencyGeneratePcm arm64 /Users/admin/builder/spi-builder-workspace/.derivedData/SDKExplicitPrecompiledModules/_Builtin_inttypes-6X1IQ3QK9KEVKXOK9Y79EW7J3.pcm
SwiftExplicitDependencyGeneratePcm arm64 /Users/admin/builder/spi-builder-workspace/.derivedData/SDKExplicitPrecompiledModules/Darwin-DBSQAVBBPC3D2OMU5ZI2RXMST.pcm
SwiftExplicitDependencyGeneratePcm arm64 /Users/admin/builder/spi-builder-workspace/.derivedData/SDKExplicitPrecompiledModules/simd-117QUXEUT3Z7UQCUYWV2UA228.pcm
SwiftExplicitDependencyGeneratePcm arm64 /Users/admin/builder/spi-builder-workspace/.derivedData/SDKExplicitPrecompiledModules/ObjectiveC-5250FDCE56N8508OR6XUYDKZM.pcm
SwiftExplicitDependencyGeneratePcm arm64 /Users/admin/builder/spi-builder-workspace/.derivedData/SDKExplicitPrecompiledModules/MachO-EH3F5PJCIZG05NO51CEFSZYPW.pcm
SwiftExplicitDependencyGeneratePcm arm64 /Users/admin/builder/spi-builder-workspace/.derivedData/SDKExplicitPrecompiledModules/os_object-E2DGZ0SX0TULQHULZRPO6OKNW.pcm
SwiftExplicitDependencyGeneratePcm arm64 /Users/admin/builder/spi-builder-workspace/.derivedData/SDKExplicitPrecompiledModules/os_workgroup-DBUFF7811DKMX7VPBOJPGGF1U.pcm
SwiftExplicitDependencyGeneratePcm arm64 /Users/admin/builder/spi-builder-workspace/.derivedData/SDKExplicitPrecompiledModules/Spatial-7U8NLEFXSB8BR7PJQGVMF5A4Q.pcm
SwiftExplicitDependencyGeneratePcm arm64 /Users/admin/builder/spi-builder-workspace/.derivedData/SDKExplicitPrecompiledModules/Dispatch-1QL58A0V50C39KVAIC6C38SHL.pcm
SwiftExplicitDependencyGeneratePcm arm64 /Users/admin/builder/spi-builder-workspace/.derivedData/SDKExplicitPrecompiledModules/XPC-6O2DJFT3QUJ7QKTD3SNUB6PCR.pcm
SwiftExplicitDependencyGeneratePcm arm64 /Users/admin/builder/spi-builder-workspace/.derivedData/SDKExplicitPrecompiledModules/CoreFoundation-7TPJ7ENDC4L1A1ESHYI9TXS0D.pcm
SwiftExplicitDependencyGeneratePcm arm64 /Users/admin/builder/spi-builder-workspace/.derivedData/SDKExplicitPrecompiledModules/os-3GJI8H0BNAEZPQPQ1V0VVY3FY.pcm
SwiftExplicitDependencyGeneratePcm arm64 /Users/admin/builder/spi-builder-workspace/.derivedData/SDKExplicitPrecompiledModules/CoreGraphics-CWSP3J98S2658BYCVL6RP99T3.pcm
SwiftExplicitDependencyGeneratePcm arm64 /Users/admin/builder/spi-builder-workspace/.derivedData/SDKExplicitPrecompiledModules/CFNetwork-2CUR2VK9S3S3WPFXPNXNUWYGN.pcm
SwiftExplicitDependencyGeneratePcm arm64 /Users/admin/builder/spi-builder-workspace/.derivedData/SDKExplicitPrecompiledModules/Security-8VMXEKVDA3MHUH9AOTP905DID.pcm
SwiftExplicitDependencyGeneratePcm arm64 /Users/admin/builder/spi-builder-workspace/.derivedData/SDKExplicitPrecompiledModules/Foundation-BSSIP64DIGUKMAYJOG1WPQ78X.pcm
SwiftExplicitDependencyGeneratePcm arm64 /Users/admin/builder/spi-builder-workspace/.derivedData/SDKExplicitPrecompiledModules/ImageIO-88D4CLEBD4CLWQKT78PZ6H1O8.pcm
SwiftExplicitDependencyGeneratePcm arm64 /Users/admin/builder/spi-builder-workspace/.derivedData/SDKExplicitPrecompiledModules/CoreText-59NY7PABM0I4V978161FOC04A.pcm
SwiftExplicitDependencyGeneratePcm arm64 /Users/admin/builder/spi-builder-workspace/.derivedData/SDKExplicitPrecompiledModules/DataDetection-37JIYZ2GWDA1L166PP1D9JKAF.pcm
SwiftExplicitDependencyGeneratePcm arm64 /Users/admin/builder/spi-builder-workspace/.derivedData/SDKExplicitPrecompiledModules/UIUtilities-6ZFJ1AK4H8IBGEBMYQBWGBYLK.pcm
SwiftExplicitDependencyGeneratePcm arm64 /Users/admin/builder/spi-builder-workspace/.derivedData/SDKExplicitPrecompiledModules/IOSurface-38FJ1CKX9FV2RD97O64Z7QB17.pcm
SwiftExplicitDependencyGeneratePcm arm64 /Users/admin/builder/spi-builder-workspace/.derivedData/SDKExplicitPrecompiledModules/OSLog-7OT6HHTMY0ZFEQJ095LJZ6NLC.pcm
SwiftExplicitDependencyGeneratePcm arm64 /Users/admin/builder/spi-builder-workspace/.derivedData/SDKExplicitPrecompiledModules/UserNotifications-E9ZW5TH066WIJWH9080RC5NG4.pcm
SwiftExplicitDependencyGeneratePcm arm64 /Users/admin/builder/spi-builder-workspace/.derivedData/SDKExplicitPrecompiledModules/_LocationEssentials-ETSJ65FELPWR8WH8G49R1DF2E.pcm
SwiftExplicitDependencyGeneratePcm arm64 /Users/admin/builder/spi-builder-workspace/.derivedData/SDKExplicitPrecompiledModules/UniformTypeIdentifiers-95CC8U42ZA9STP5K6GP9ZVJS5.pcm
SwiftExplicitDependencyGeneratePcm arm64 /Users/admin/builder/spi-builder-workspace/.derivedData/SDKExplicitPrecompiledModules/Accessibility-B6BODGZ4MQQTY0PBC4SHRP009.pcm
SwiftExplicitDependencyGeneratePcm arm64 /Users/admin/builder/spi-builder-workspace/.derivedData/SDKExplicitPrecompiledModules/Symbols-B5AU9VM9Y7NU79RLMH13Z4IFM.pcm
SwiftExplicitDependencyGeneratePcm arm64 /Users/admin/builder/spi-builder-workspace/.derivedData/SDKExplicitPrecompiledModules/CoreTransferable-7V4O8DATEQ9F7SDNTCW8YWLG3.pcm
SwiftExplicitDependencyGeneratePcm arm64 /Users/admin/builder/spi-builder-workspace/.derivedData/SDKExplicitPrecompiledModules/CoreLocation-YVXXAOMVX0JH2KO1XTTKTY51.pcm
SwiftExplicitDependencyGeneratePcm arm64 /Users/admin/builder/spi-builder-workspace/.derivedData/SDKExplicitPrecompiledModules/Metal-2KYBS7IML1SD788M91YV7Q0CC.pcm
SwiftExplicitDependencyGeneratePcm arm64 /Users/admin/builder/spi-builder-workspace/.derivedData/SDKExplicitPrecompiledModules/OpenGLES-4NY99CNDU9WUNUYEIXSS1QFGE.pcm
SwiftExplicitDependencyGeneratePcm arm64 /Users/admin/builder/spi-builder-workspace/.derivedData/SDKExplicitPrecompiledModules/CoreVideo-DPU0PB5X0XLSVA2ETRGI6FJBM.pcm
SwiftExplicitDependencyGeneratePcm arm64 /Users/admin/builder/spi-builder-workspace/.derivedData/SDKExplicitPrecompiledModules/QuartzCore-DJSYAWKXFGVSAK5CQMOB3JSR.pcm
SwiftExplicitDependencyGeneratePcm arm64 /Users/admin/builder/spi-builder-workspace/.derivedData/SDKExplicitPrecompiledModules/CoreImage-7S2AFJ8EIY3DUFYLEAX1JR1QV.pcm
SwiftExplicitDependencyGeneratePcm arm64 /Users/admin/builder/spi-builder-workspace/.derivedData/SDKExplicitPrecompiledModules/SwiftUICore-543QU5V2NHKUFCYFJDKUJ7NYG.pcm
SwiftExplicitDependencyGeneratePcm arm64 /Users/admin/builder/spi-builder-workspace/.derivedData/SDKExplicitPrecompiledModules/UIKit-1TKWN7VC2X6N3ITMRVA2G0EB2.pcm
SwiftCompile normal arm64 Compiling\ ParameterErasure.swift,\ ThreadSafe.swift,\ WeakClosure.swift /Users/admin/builder/spi-builder-workspace/Sources/SharkUtils/Utils/ParameterErasure.swift /Users/admin/builder/spi-builder-workspace/Sources/SharkUtils/Utils/ThreadSafe.swift /Users/admin/builder/spi-builder-workspace/Sources/SharkUtils/Utils/WeakClosure.swift (in target 'SharkUtils' from project 'SharkUtils')
SwiftCompile normal arm64 /Users/admin/builder/spi-builder-workspace/Sources/SharkUtils/Utils/ParameterErasure.swift (in target 'SharkUtils' from project 'SharkUtils')
cd /Users/admin/builder/spi-builder-workspace/.swiftpm/xcode
builtin-SwiftPerFileCompile ParameterErasure.swift
SwiftCompile normal arm64 /Users/admin/builder/spi-builder-workspace/Sources/SharkUtils/Utils/ThreadSafe.swift (in target 'SharkUtils' from project 'SharkUtils')
cd /Users/admin/builder/spi-builder-workspace/.swiftpm/xcode
builtin-SwiftPerFileCompile ThreadSafe.swift
SwiftCompile normal arm64 /Users/admin/builder/spi-builder-workspace/Sources/SharkUtils/Utils/WeakClosure.swift (in target 'SharkUtils' from project 'SharkUtils')
cd /Users/admin/builder/spi-builder-workspace/.swiftpm/xcode
builtin-SwiftPerFileCompile WeakClosure.swift
SwiftEmitModule normal arm64 Emitting\ module\ for\ SharkUtils (in target 'SharkUtils' from project 'SharkUtils')
SwiftCompile normal arm64 (in target 'SharkUtils' from project 'SharkUtils')
cd /Users/admin/builder/spi-builder-workspace/.swiftpm/xcode
SwiftCompile normal arm64 Compiling\ WeakContainable.swift,\ WeakNonOptional.swift,\ WriteSafe.swift /Users/admin/builder/spi-builder-workspace/Sources/SharkUtils/Utils/WeakContainable.swift /Users/admin/builder/spi-builder-workspace/Sources/SharkUtils/Utils/WeakNonOptional.swift /Users/admin/builder/spi-builder-workspace/Sources/SharkUtils/Utils/WriteSafe.swift (in target 'SharkUtils' from project 'SharkUtils')
SwiftCompile normal arm64 /Users/admin/builder/spi-builder-workspace/Sources/SharkUtils/Utils/WeakContainable.swift (in target 'SharkUtils' from project 'SharkUtils')
cd /Users/admin/builder/spi-builder-workspace/.swiftpm/xcode
builtin-SwiftPerFileCompile WeakContainable.swift
SwiftCompile normal arm64 /Users/admin/builder/spi-builder-workspace/Sources/SharkUtils/Utils/WeakNonOptional.swift (in target 'SharkUtils' from project 'SharkUtils')
cd /Users/admin/builder/spi-builder-workspace/.swiftpm/xcode
builtin-SwiftPerFileCompile WeakNonOptional.swift
SwiftCompile normal arm64 /Users/admin/builder/spi-builder-workspace/Sources/SharkUtils/Utils/WriteSafe.swift (in target 'SharkUtils' from project 'SharkUtils')
cd /Users/admin/builder/spi-builder-workspace/.swiftpm/xcode
builtin-SwiftPerFileCompile WriteSafe.swift
SwiftCompile normal arm64 Compiling\ SequencedResultRequests.swift,\ Associatable.swift,\ BasicUIActionHandler.swift /Users/admin/builder/spi-builder-workspace/Sources/SharkUtils/Requests/SequencedResultRequests.swift /Users/admin/builder/spi-builder-workspace/Sources/SharkUtils/Utils/Associatable.swift /Users/admin/builder/spi-builder-workspace/Sources/SharkUtils/Utils/BasicUIActionHandler.swift (in target 'SharkUtils' from project 'SharkUtils')
/Users/admin/builder/spi-builder-workspace/Sources/SharkUtils/Utils/BasicUIActionHandler.swift:26:25: error: 'numberOfTouchesRequired' is unavailable in tvOS
24 | let gesture = UITapGestureRecognizer(target: $0, action: #selector(BasicUIActionHandler.performAction))
25 | gesture.numberOfTapsRequired = tapsRequired
26 | gesture.numberOfTouchesRequired = touchesRequired
| `- error: 'numberOfTouchesRequired' is unavailable in tvOS
27 | addGestureRecognizer(gesture)
28 | }
/Applications/Xcode-27.0.0-Release.Candidate.app/Contents/Developer/Platforms/AppleTVOS.platform/Developer/SDKs/AppleTVOS27.0.sdk/System/Library/Frameworks/UIKit.framework/Headers/UITapGestureRecognizer.h:26:35: note: 'numberOfTouchesRequired' has been explicitly marked unavailable here
24 |
25 | @property (nonatomic) NSUInteger numberOfTapsRequired; // Default is 1. The number of taps required to match
26 | @property (nonatomic) NSUInteger numberOfTouchesRequired API_UNAVAILABLE(tvos); // Default is 1. The number of fingers required to match
| `- note: 'numberOfTouchesRequired' has been explicitly marked unavailable here
27 |
28 | @property (nonatomic) UIEventButtonMask buttonMaskRequired API_AVAILABLE(ios(13.4)) API_UNAVAILABLE(tvos, watchos); // Default is UIEventButtonMaskPrimary and cannot be 0. This property is only evaluated on indirect input devices and is the mask of pressed buttons to required to match.
Failed frontend command:
SwiftCompile normal arm64 /Users/admin/builder/spi-builder-workspace/Sources/SharkUtils/Requests/SequencedResultRequests.swift (in target 'SharkUtils' from project 'SharkUtils')
cd /Users/admin/builder/spi-builder-workspace/.swiftpm/xcode
builtin-SwiftPerFileCompile SequencedResultRequests.swift
SwiftCompile normal arm64 /Users/admin/builder/spi-builder-workspace/Sources/SharkUtils/Utils/Associatable.swift (in target 'SharkUtils' from project 'SharkUtils')
cd /Users/admin/builder/spi-builder-workspace/.swiftpm/xcode
builtin-SwiftPerFileCompile Associatable.swift
SwiftCompile normal arm64 /Users/admin/builder/spi-builder-workspace/Sources/SharkUtils/Utils/BasicUIActionHandler.swift (in target 'SharkUtils' from project 'SharkUtils')
cd /Users/admin/builder/spi-builder-workspace/.swiftpm/xcode
builtin-SwiftPerFileCompile BasicUIActionHandler.swift
/Applications/Xcode-27.0.0-Release.Candidate.app/Contents/Developer/Toolchains/XcodeDefault.xctoolchain/usr/bin/swift-frontend -frontend -c /Users/admin/builder/spi-builder-workspace/Sources/SharkUtils/Constraints/AxesSet.swift /Users/admin/builder/spi-builder-workspace/Sources/SharkUtils/Constraints/LayoutGuideSource.swift /Users/admin/builder/spi-builder-workspace/Sources/SharkUtils/Constraints/PinningConstraintHelpers.swift /Users/admin/builder/spi-builder-workspace/Sources/SharkUtils/Constraints/SizingConstraintHelpers.swift /Users/admin/builder/spi-builder-workspace/Sources/SharkUtils/Constraints/UIStackViewConstructor.swift /Users/admin/builder/spi-builder-workspace/Sources/SharkUtils/Extensions/AdditiveArithmetic.swift /Users/admin/builder/spi-builder-workspace/Sources/SharkUtils/Extensions/CACornerMask.swift /Users/admin/builder/spi-builder-workspace/Sources/SharkUtils/Extensions/CGSize.swift /Users/admin/builder/spi-builder-workspace/Sources/SharkUtils/Extensions/OptionalExtensions.swift /Users/admin/builder/spi-builder-workspace/Sources/SharkUtils/Extensions/ResultExtensions.swift /Users/admin/builder/spi-builder-workspace/Sources/SharkUtils/Extensions/UIEdgeInsets.swift /Users/admin/builder/spi-builder-workspace/Sources/SharkUtils/Extensions/UIStackView.swift /Users/admin/builder/spi-builder-workspace/Sources/SharkUtils/Extensions/UIView.swift /Users/admin/builder/spi-builder-workspace/Sources/SharkUtils/Observable/Observable.swift /Users/admin/builder/spi-builder-workspace/Sources/SharkUtils/Observable/ObservableExtensions.swift /Users/admin/builder/spi-builder-workspace/Sources/SharkUtils/Observable/ObserverSet.swift /Users/admin/builder/spi-builder-workspace/Sources/SharkUtils/Requests/AsyncRequest.swift /Users/admin/builder/spi-builder-workspace/Sources/SharkUtils/Requests/ParallelRequests.swift /Users/admin/builder/spi-builder-workspace/Sources/SharkUtils/Requests/ParallelResultRequests.swift /Users/admin/builder/spi-builder-workspace/Sources/SharkUtils/Requests/RepeatingRequest.swift -primary-file /Users/admin/builder/spi-builder-workspace/Sources/SharkUtils/Requests/SequencedResultRequests.swift -primary-file /Users/admin/builder/spi-builder-workspace/Sources/SharkUtils/Utils/Associatable.swift -primary-file /Users/admin/builder/spi-builder-workspace/Sources/SharkUtils/Utils/BasicUIActionHandler.swift /Users/admin/builder/spi-builder-workspace/Sources/SharkUtils/Utils/Chainable.swift /Users/admin/builder/spi-builder-workspace/Sources/SharkUtils/Utils/GenericArrayBuilder.swift /Users/admin/builder/spi-builder-workspace/Sources/SharkUtils/Utils/NSRegularExpressionExtensions.swift /Users/admin/builder/spi-builder-workspace/Sources/SharkUtils/Utils/ParameterErasure.swift /Users/admin/builder/spi-builder-workspace/Sources/SharkUtils/Utils/ThreadSafe.swift /Users/admin/builder/spi-builder-workspace/Sources/SharkUtils/Utils/WeakClosure.swift /Users/admin/builder/spi-builder-workspace/Sources/SharkUtils/Utils/WeakContainable.swift /Users/admin/builder/spi-builder-workspace/Sources/SharkUtils/Utils/WeakNonOptional.swift /Users/admin/builder/spi-builder-workspace/Sources/SharkUtils/Utils/WriteSafe.swift -supplementary-output-file-map /Users/admin/builder/spi-builder-workspace/.derivedData/Build/Intermediates.noindex/SharkUtils.build/Debug-appletvos/SharkUtils-t.build/Objects-normal/arm64/supplementaryOutputs-7 -target arm64-apple-tvos15.0 -disable-cross-import-overlay-search -load-resolved-plugin /Applications/Xcode-27.0.0-Release.Candidate.app/Contents/Developer/Platforms/AppleTVOS.platform/Developer/usr/lib/swift/host/plugins/libFoundationMacros.dylib\#/Applications/Xcode-27.0.0-Release.Candidate.app/Contents/Developer/Platforms/AppleTVOS.platform/Developer/usr/bin/swift-plugin-server\#FoundationMacros -load-resolved-plugin /Applications/Xcode-27.0.0-Release.Candidate.app/Contents/Developer/Platforms/AppleTVOS.platform/Developer/usr/lib/swift/host/plugins/libObservationMacros.dylib\#/Applications/Xcode-27.0.0-Release.Candidate.app/Contents/Developer/Platforms/AppleTVOS.platform/Developer/usr/bin/swift-plugin-server\#ObservationMacros -load-resolved-plugin /Applications/Xcode-27.0.0-Release.Candidate.app/Contents/Developer/Platforms/AppleTVOS.platform/Developer/usr/lib/swift/host/plugins/libPreviewsMacros.dylib\#/Applications/Xcode-27.0.0-Release.Candidate.app/Contents/Developer/Platforms/AppleTVOS.platform/Developer/usr/bin/swift-plugin-server\#PreviewsMacros -load-resolved-plugin /Applications/Xcode-27.0.0-Release.Candidate.app/Contents/Developer/Platforms/AppleTVOS.platform/Developer/usr/lib/swift/host/plugins/libSwiftMacros.dylib\#/Applications/Xcode-27.0.0-Release.Candidate.app/Contents/Developer/Platforms/AppleTVOS.platform/Developer/usr/bin/swift-plugin-server\#SwiftMacros -load-resolved-plugin /Applications/Xcode-27.0.0-Release.Candidate.app/Contents/Developer/Platforms/AppleTVOS.platform/Developer/usr/lib/swift/host/plugins/libSwiftUIMacros.dylib\#/Applications/Xcode-27.0.0-Release.Candidate.app/Contents/Developer/Platforms/AppleTVOS.platform/Developer/usr/bin/swift-plugin-server\#SwiftUIMacros -disable-implicit-swift-modules -Xcc -fno-implicit-modules -Xcc -fno-implicit-module-maps -explicit-swift-module-map-file /Users/admin/builder/spi-builder-workspace/.derivedData/Build/Intermediates.noindex/SharkUtils.build/Debug-appletvos/SharkUtils-t.build/Objects-normal/arm64/SharkUtils-dependencies-1.json -Xllvm -aarch64-use-tbi -enable-objc-interop -stack-check -sdk /Applications/Xcode-27.0.0-Release.Candidate.app/Contents/Developer/Platforms/AppleTVOS.platform/Developer/SDKs/AppleTVOS27.0.sdk -I /Users/admin/builder/spi-builder-workspace/.derivedData/Build/Products/Debug-appletvos -Isystem /Applications/Xcode-27.0.0-Release.Candidate.app/Contents/Developer/Platforms/AppleTVOS.platform/Developer/usr/lib -F /Users/admin/builder/spi-builder-workspace/.derivedData/Build/Products/Debug-appletvos -F /Applications/Xcode-27.0.0-Release.Candidate.app/Contents/Developer/Platforms/AppleTVOS.platform/Developer/Library/Frameworks -F /Applications/Xcode-27.0.0-Release.Candidate.app/Contents/Developer/Platforms/AppleTVOS.platform/Developer/SDKs/AppleTVOS27.0.sdk/Developer/Library/Frameworks -module-cache-path /Users/admin/builder/spi-builder-workspace/.derivedData/Build/Intermediates.noindex/SwiftExplicitPrecompiledModules -no-color-diagnostics -Xcc -fno-color-diagnostics -enable-testing -g -debug-info-format\=dwarf -dwarf-version\=4 -profile-generate -profile-coverage-mapping -swift-version 5 -Onone -D SWIFT_PACKAGE -D DEBUG -D SWIFT_MODULE_RESOURCE_BUNDLE_UNAVAILABLE -D Xcode -serialize-debugging-options -enable-experimental-feature DebugDescriptionMacro -empty-abi-descriptor -validate-clang-modules-once -clang-build-session-file /Users/admin/builder/spi-builder-workspace/.derivedData/ModuleCache.noindex/Session.modulevalidation -Xcc -working-directory -Xcc /Users/admin/builder/spi-builder-workspace/.swiftpm/xcode -enable-anonymous-context-mangled-names -file-compilation-dir /Users/admin/builder/spi-builder-workspace/.swiftpm/xcode -Xcc -D_LIBCPP_HARDENING_MODE\=_LIBCPP_HARDENING_MODE_DEBUG -Xcc -ivfsstatcache -Xcc /Users/admin/builder/spi-builder-workspace/.derivedData/SDKStatCaches.noindex/appletvos27.0-24J360-e829b21a6f8c9b70876ba0858053c044b32bfd8d43560033f8d89884cdb90028.sdkstatcache -Xcc -fmodules-prune-interval\=86400 -Xcc -fmodules-prune-after\=345600 -Xcc -I/Users/admin/builder/spi-builder-workspace/.derivedData/Build/Products/Debug-appletvos/include -Xcc -I/Users/admin/builder/spi-builder-workspace/.derivedData/Build/Intermediates.noindex/SharkUtils.build/Debug-appletvos/SharkUtils-t.build/DerivedSources-normal/arm64 -Xcc -I/Users/admin/builder/spi-builder-workspace/.derivedData/Build/Intermediates.noindex/SharkUtils.build/Debug-appletvos/SharkUtils-t.build/DerivedSources/arm64 -Xcc -I/Users/admin/builder/spi-builder-workspace/.derivedData/Build/Intermediates.noindex/SharkUtils.build/Debug-appletvos/SharkUtils-t.build/DerivedSources -Xcc -DSWIFT_PACKAGE -Xcc -DDEBUG\=1 -no-auto-bridging-header-chaining -module-name SharkUtils -const-gather-protocols-file /Users/admin/builder/spi-builder-workspace/.derivedData/Build/Intermediates.noindex/SharkUtils.build/Debug-appletvos/SharkUtils-t.build/Objects-normal/arm64/SharkUtils_const_extract_protocols.json -disable-clang-spi -clang-target arm64-apple-tvos27.0 -target-sdk-version 27.0 -target-sdk-name appletvos27.0 -in-process-plugin-server-path /Applications/Xcode-27.0.0-Release.Candidate.app/Contents/Developer/Toolchains/XcodeDefault.xctoolchain/usr/lib/swift/host/libSwiftInProcPluginServer.dylib -parse-as-library -o /Users/admin/builder/spi-builder-workspace/.derivedData/Build/Intermediates.noindex/SharkUtils.build/Debug-appletvos/SharkUtils-t.build/Objects-normal/arm64/SequencedResultRequests.o -o /Users/admin/builder/spi-builder-workspace/.derivedData/Build/Intermediates.noindex/SharkUtils.build/Debug-appletvos/SharkUtils-t.build/Objects-normal/arm64/Associatable.o -o /Users/admin/builder/spi-builder-workspace/.derivedData/Build/Intermediates.noindex/SharkUtils.build/Debug-appletvos/SharkUtils-t.build/Objects-normal/arm64/BasicUIActionHandler.o -debug-module-path /Users/admin/builder/spi-builder-workspace/.derivedData/Build/Intermediates.noindex/SharkUtils.build/Debug-appletvos/SharkUtils-t.build/Objects-normal/arm64/SharkUtils.swiftmodule -index-unit-output-path /SharkUtils.build/Debug-appletvos/SharkUtils-t.build/Objects-normal/arm64/SequencedResultRequests.o -index-unit-output-path /SharkUtils.build/Debug-appletvos/SharkUtils-t.build/Objects-normal/arm64/Associatable.o -index-unit-output-path /SharkUtils.build/Debug-appletvos/SharkUtils-t.build/Objects-normal/arm64/BasicUIActionHandler.o -index-store-path /Users/admin/builder/spi-builder-workspace/.derivedData/Index.noindex/DataStore -index-system-modules
SwiftCompile normal arm64 Compiling\ Chainable.swift,\ GenericArrayBuilder.swift,\ NSRegularExpressionExtensions.swift /Users/admin/builder/spi-builder-workspace/Sources/SharkUtils/Utils/Chainable.swift /Users/admin/builder/spi-builder-workspace/Sources/SharkUtils/Utils/GenericArrayBuilder.swift /Users/admin/builder/spi-builder-workspace/Sources/SharkUtils/Utils/NSRegularExpressionExtensions.swift (in target 'SharkUtils' from project 'SharkUtils')
SwiftCompile normal arm64 /Users/admin/builder/spi-builder-workspace/Sources/SharkUtils/Utils/Chainable.swift (in target 'SharkUtils' from project 'SharkUtils')
cd /Users/admin/builder/spi-builder-workspace/.swiftpm/xcode
builtin-SwiftPerFileCompile Chainable.swift
SwiftCompile normal arm64 /Users/admin/builder/spi-builder-workspace/Sources/SharkUtils/Utils/GenericArrayBuilder.swift (in target 'SharkUtils' from project 'SharkUtils')
cd /Users/admin/builder/spi-builder-workspace/.swiftpm/xcode
builtin-SwiftPerFileCompile GenericArrayBuilder.swift
SwiftCompile normal arm64 /Users/admin/builder/spi-builder-workspace/Sources/SharkUtils/Utils/NSRegularExpressionExtensions.swift (in target 'SharkUtils' from project 'SharkUtils')
cd /Users/admin/builder/spi-builder-workspace/.swiftpm/xcode
builtin-SwiftPerFileCompile NSRegularExpressionExtensions.swift
SwiftCompile normal arm64 Compiling\ UIStackView.swift,\ UIView.swift,\ Observable.swift /Users/admin/builder/spi-builder-workspace/Sources/SharkUtils/Extensions/UIStackView.swift /Users/admin/builder/spi-builder-workspace/Sources/SharkUtils/Extensions/UIView.swift /Users/admin/builder/spi-builder-workspace/Sources/SharkUtils/Observable/Observable.swift (in target 'SharkUtils' from project 'SharkUtils')
SwiftCompile normal arm64 /Users/admin/builder/spi-builder-workspace/Sources/SharkUtils/Extensions/UIStackView.swift (in target 'SharkUtils' from project 'SharkUtils')
cd /Users/admin/builder/spi-builder-workspace/.swiftpm/xcode
builtin-SwiftPerFileCompile UIStackView.swift
SwiftCompile normal arm64 /Users/admin/builder/spi-builder-workspace/Sources/SharkUtils/Extensions/UIView.swift (in target 'SharkUtils' from project 'SharkUtils')
cd /Users/admin/builder/spi-builder-workspace/.swiftpm/xcode
builtin-SwiftPerFileCompile UIView.swift
SwiftCompile normal arm64 /Users/admin/builder/spi-builder-workspace/Sources/SharkUtils/Observable/Observable.swift (in target 'SharkUtils' from project 'SharkUtils')
cd /Users/admin/builder/spi-builder-workspace/.swiftpm/xcode
builtin-SwiftPerFileCompile Observable.swift
SwiftCompile normal arm64 Compiling\ ParallelRequests.swift,\ ParallelResultRequests.swift,\ RepeatingRequest.swift /Users/admin/builder/spi-builder-workspace/Sources/SharkUtils/Requests/ParallelRequests.swift /Users/admin/builder/spi-builder-workspace/Sources/SharkUtils/Requests/ParallelResultRequests.swift /Users/admin/builder/spi-builder-workspace/Sources/SharkUtils/Requests/RepeatingRequest.swift (in target 'SharkUtils' from project 'SharkUtils')
SwiftCompile normal arm64 /Users/admin/builder/spi-builder-workspace/Sources/SharkUtils/Requests/ParallelRequests.swift (in target 'SharkUtils' from project 'SharkUtils')
cd /Users/admin/builder/spi-builder-workspace/.swiftpm/xcode
builtin-SwiftPerFileCompile ParallelRequests.swift
SwiftCompile normal arm64 /Users/admin/builder/spi-builder-workspace/Sources/SharkUtils/Requests/ParallelResultRequests.swift (in target 'SharkUtils' from project 'SharkUtils')
cd /Users/admin/builder/spi-builder-workspace/.swiftpm/xcode
builtin-SwiftPerFileCompile ParallelResultRequests.swift
SwiftCompile normal arm64 /Users/admin/builder/spi-builder-workspace/Sources/SharkUtils/Requests/RepeatingRequest.swift (in target 'SharkUtils' from project 'SharkUtils')
cd /Users/admin/builder/spi-builder-workspace/.swiftpm/xcode
builtin-SwiftPerFileCompile RepeatingRequest.swift
SwiftCompile normal arm64 Compiling\ ObservableExtensions.swift,\ ObserverSet.swift,\ AsyncRequest.swift /Users/admin/builder/spi-builder-workspace/Sources/SharkUtils/Observable/ObservableExtensions.swift /Users/admin/builder/spi-builder-workspace/Sources/SharkUtils/Observable/ObserverSet.swift /Users/admin/builder/spi-builder-workspace/Sources/SharkUtils/Requests/AsyncRequest.swift (in target 'SharkUtils' from project 'SharkUtils')
SwiftCompile normal arm64 /Users/admin/builder/spi-builder-workspace/Sources/SharkUtils/Observable/ObservableExtensions.swift (in target 'SharkUtils' from project 'SharkUtils')
cd /Users/admin/builder/spi-builder-workspace/.swiftpm/xcode
builtin-SwiftPerFileCompile ObservableExtensions.swift
SwiftCompile normal arm64 /Users/admin/builder/spi-builder-workspace/Sources/SharkUtils/Observable/ObserverSet.swift (in target 'SharkUtils' from project 'SharkUtils')
cd /Users/admin/builder/spi-builder-workspace/.swiftpm/xcode
builtin-SwiftPerFileCompile ObserverSet.swift
SwiftCompile normal arm64 /Users/admin/builder/spi-builder-workspace/Sources/SharkUtils/Requests/AsyncRequest.swift (in target 'SharkUtils' from project 'SharkUtils')
cd /Users/admin/builder/spi-builder-workspace/.swiftpm/xcode
builtin-SwiftPerFileCompile AsyncRequest.swift
SwiftCompile normal arm64 Compiling\ UIStackViewConstructor.swift,\ AdditiveArithmetic.swift,\ CACornerMask.swift,\ CGSize.swift /Users/admin/builder/spi-builder-workspace/Sources/SharkUtils/Constraints/UIStackViewConstructor.swift /Users/admin/builder/spi-builder-workspace/Sources/SharkUtils/Extensions/AdditiveArithmetic.swift /Users/admin/builder/spi-builder-workspace/Sources/SharkUtils/Extensions/CACornerMask.swift /Users/admin/builder/spi-builder-workspace/Sources/SharkUtils/Extensions/CGSize.swift (in target 'SharkUtils' from project 'SharkUtils')
SwiftCompile normal arm64 /Users/admin/builder/spi-builder-workspace/Sources/SharkUtils/Constraints/UIStackViewConstructor.swift (in target 'SharkUtils' from project 'SharkUtils')
cd /Users/admin/builder/spi-builder-workspace/.swiftpm/xcode
builtin-SwiftPerFileCompile UIStackViewConstructor.swift
SwiftCompile normal arm64 /Users/admin/builder/spi-builder-workspace/Sources/SharkUtils/Extensions/AdditiveArithmetic.swift (in target 'SharkUtils' from project 'SharkUtils')
cd /Users/admin/builder/spi-builder-workspace/.swiftpm/xcode
builtin-SwiftPerFileCompile AdditiveArithmetic.swift
SwiftCompile normal arm64 /Users/admin/builder/spi-builder-workspace/Sources/SharkUtils/Extensions/CACornerMask.swift (in target 'SharkUtils' from project 'SharkUtils')
cd /Users/admin/builder/spi-builder-workspace/.swiftpm/xcode
builtin-SwiftPerFileCompile CACornerMask.swift
SwiftCompile normal arm64 /Users/admin/builder/spi-builder-workspace/Sources/SharkUtils/Extensions/CGSize.swift (in target 'SharkUtils' from project 'SharkUtils')
cd /Users/admin/builder/spi-builder-workspace/.swiftpm/xcode
builtin-SwiftPerFileCompile CGSize.swift
SwiftCompile normal arm64 Compiling\ AxesSet.swift,\ LayoutGuideSource.swift,\ PinningConstraintHelpers.swift,\ SizingConstraintHelpers.swift /Users/admin/builder/spi-builder-workspace/Sources/SharkUtils/Constraints/AxesSet.swift /Users/admin/builder/spi-builder-workspace/Sources/SharkUtils/Constraints/LayoutGuideSource.swift /Users/admin/builder/spi-builder-workspace/Sources/SharkUtils/Constraints/PinningConstraintHelpers.swift /Users/admin/builder/spi-builder-workspace/Sources/SharkUtils/Constraints/SizingConstraintHelpers.swift (in target 'SharkUtils' from project 'SharkUtils')
SwiftCompile normal arm64 /Users/admin/builder/spi-builder-workspace/Sources/SharkUtils/Constraints/AxesSet.swift (in target 'SharkUtils' from project 'SharkUtils')
cd /Users/admin/builder/spi-builder-workspace/.swiftpm/xcode
builtin-SwiftPerFileCompile AxesSet.swift
SwiftCompile normal arm64 /Users/admin/builder/spi-builder-workspace/Sources/SharkUtils/Constraints/LayoutGuideSource.swift (in target 'SharkUtils' from project 'SharkUtils')
cd /Users/admin/builder/spi-builder-workspace/.swiftpm/xcode
builtin-SwiftPerFileCompile LayoutGuideSource.swift
SwiftCompile normal arm64 /Users/admin/builder/spi-builder-workspace/Sources/SharkUtils/Constraints/PinningConstraintHelpers.swift (in target 'SharkUtils' from project 'SharkUtils')
cd /Users/admin/builder/spi-builder-workspace/.swiftpm/xcode
builtin-SwiftPerFileCompile PinningConstraintHelpers.swift
SwiftCompile normal arm64 /Users/admin/builder/spi-builder-workspace/Sources/SharkUtils/Constraints/SizingConstraintHelpers.swift (in target 'SharkUtils' from project 'SharkUtils')
cd /Users/admin/builder/spi-builder-workspace/.swiftpm/xcode
builtin-SwiftPerFileCompile SizingConstraintHelpers.swift
SwiftCompile normal arm64 Compiling\ OptionalExtensions.swift,\ ResultExtensions.swift,\ UIEdgeInsets.swift /Users/admin/builder/spi-builder-workspace/Sources/SharkUtils/Extensions/OptionalExtensions.swift /Users/admin/builder/spi-builder-workspace/Sources/SharkUtils/Extensions/ResultExtensions.swift /Users/admin/builder/spi-builder-workspace/Sources/SharkUtils/Extensions/UIEdgeInsets.swift (in target 'SharkUtils' from project 'SharkUtils')
SwiftCompile normal arm64 /Users/admin/builder/spi-builder-workspace/Sources/SharkUtils/Extensions/OptionalExtensions.swift (in target 'SharkUtils' from project 'SharkUtils')
cd /Users/admin/builder/spi-builder-workspace/.swiftpm/xcode
builtin-SwiftPerFileCompile OptionalExtensions.swift
SwiftCompile normal arm64 /Users/admin/builder/spi-builder-workspace/Sources/SharkUtils/Extensions/ResultExtensions.swift (in target 'SharkUtils' from project 'SharkUtils')
cd /Users/admin/builder/spi-builder-workspace/.swiftpm/xcode
builtin-SwiftPerFileCompile ResultExtensions.swift
SwiftCompile normal arm64 /Users/admin/builder/spi-builder-workspace/Sources/SharkUtils/Extensions/UIEdgeInsets.swift (in target 'SharkUtils' from project 'SharkUtils')
cd /Users/admin/builder/spi-builder-workspace/.swiftpm/xcode
builtin-SwiftPerFileCompile UIEdgeInsets.swift
SwiftDriverJobDiscovery normal arm64 Emitting module for SharkUtils (in target 'SharkUtils' from project 'SharkUtils')
SwiftDriver\ Compilation\ Requirements SharkUtils normal arm64 com.apple.xcode.tools.swift.compiler (in target 'SharkUtils' from project 'SharkUtils')
cd /Users/admin/builder/spi-builder-workspace/.swiftpm/xcode
builtin-Swift-Compilation-Requirements -- /Applications/Xcode-27.0.0-Release.Candidate.app/Contents/Developer/Toolchains/XcodeDefault.xctoolchain/usr/bin/swiftc -parse-as-library -module-name SharkUtils -Onone @/Users/admin/builder/spi-builder-workspace/.derivedData/Build/Intermediates.noindex/SharkUtils.build/Debug-appletvos/SharkUtils-t.build/Objects-normal/arm64/SharkUtils.SwiftFileList -DSWIFT_PACKAGE -DDEBUG -DSWIFT_MODULE_RESOURCE_BUNDLE_UNAVAILABLE -DXcode -plugin-path /Applications/Xcode-27.0.0-Release.Candidate.app/Contents/Developer/Toolchains/XcodeDefault.xctoolchain/usr/lib/swift/host/plugins/testing -enable-experimental-feature DebugDescriptionMacro -sdk /Applications/Xcode-27.0.0-Release.Candidate.app/Contents/Developer/Platforms/AppleTVOS.platform/Developer/SDKs/AppleTVOS27.0.sdk -target arm64-apple-tvos15.0 -g -module-cache-path /Users/admin/builder/spi-builder-workspace/.derivedData/ModuleCache.noindex -Xfrontend -serialize-debugging-options -profile-coverage-mapping -profile-generate -enable-testing -index-store-path /Users/admin/builder/spi-builder-workspace/.derivedData/Index.noindex/DataStore -Xcc -D_LIBCPP_HARDENING_MODE\=_LIBCPP_HARDENING_MODE_DEBUG -swift-version 5 -I /Users/admin/builder/spi-builder-workspace/.derivedData/Build/Products/Debug-appletvos -Isystem /Applications/Xcode-27.0.0-Release.Candidate.app/Contents/Developer/Platforms/AppleTVOS.platform/Developer/usr/lib -F /Users/admin/builder/spi-builder-workspace/.derivedData/Build/Products/Debug-appletvos -F /Applications/Xcode-27.0.0-Release.Candidate.app/Contents/Developer/Platforms/AppleTVOS.platform/Developer/Library/Frameworks -F /Applications/Xcode-27.0.0-Release.Candidate.app/Contents/Developer/Platforms/AppleTVOS.platform/Developer/SDKs/AppleTVOS27.0.sdk/Developer/Library/Frameworks -c -j10 -enable-batch-mode -incremental -Xcc -ivfsstatcache -Xcc /Users/admin/builder/spi-builder-workspace/.derivedData/SDKStatCaches.noindex/appletvos27.0-24J360-e829b21a6f8c9b70876ba0858053c044b32bfd8d43560033f8d89884cdb90028.sdkstatcache -output-file-map /Users/admin/builder/spi-builder-workspace/.derivedData/Build/Intermediates.noindex/SharkUtils.build/Debug-appletvos/SharkUtils-t.build/Objects-normal/arm64/SharkUtils-OutputFileMap.json -save-temps -no-color-diagnostics -explicit-module-build -module-cache-path /Users/admin/builder/spi-builder-workspace/.derivedData/Build/Intermediates.noindex/SwiftExplicitPrecompiledModules -clang-scanner-module-cache-path /Users/admin/builder/spi-builder-workspace/.derivedData/ModuleCache.noindex -sdk-module-cache-path /Users/admin/builder/spi-builder-workspace/.derivedData/SDKExplicitPrecompiledModules -emit-dependencies -emit-module -emit-module-path /Users/admin/builder/spi-builder-workspace/.derivedData/Build/Intermediates.noindex/SharkUtils.build/Debug-appletvos/SharkUtils-t.build/Objects-normal/arm64/SharkUtils.swiftmodule -serialize-diagnostics -dependency-scan-serialize-diagnostics-path /Users/admin/builder/spi-builder-workspace/.derivedData/Build/Intermediates.noindex/SharkUtils.build/Debug-appletvos/SharkUtils-t.build/Objects-normal/arm64/SharkUtils-dependency-scan.dia -validate-clang-modules-once -clang-build-session-file /Users/admin/builder/spi-builder-workspace/.derivedData/ModuleCache.noindex/Session.modulevalidation -Xcc -fmodules-prune-interval\=86400 -Xcc -fmodules-prune-after\=345600 -emit-const-values -const-gather-protocols-list /Users/admin/builder/spi-builder-workspace/.derivedData/Build/Intermediates.noindex/SharkUtils.build/Debug-appletvos/SharkUtils-t.build/Objects-normal/arm64/SharkUtils_const_extract_protocols.json -Xcc -I/Users/admin/builder/spi-builder-workspace/.derivedData/Build/Products/Debug-appletvos/include -Xcc -I/Users/admin/builder/spi-builder-workspace/.derivedData/Build/Intermediates.noindex/SharkUtils.build/Debug-appletvos/SharkUtils-t.build/DerivedSources-normal/arm64 -Xcc -I/Users/admin/builder/spi-builder-workspace/.derivedData/Build/Intermediates.noindex/SharkUtils.build/Debug-appletvos/SharkUtils-t.build/DerivedSources/arm64 -Xcc -I/Users/admin/builder/spi-builder-workspace/.derivedData/Build/Intermediates.noindex/SharkUtils.build/Debug-appletvos/SharkUtils-t.build/DerivedSources -Xcc -DSWIFT_PACKAGE -Xcc -DDEBUG\=1 -emit-objc-header -emit-objc-header-path /Users/admin/builder/spi-builder-workspace/.derivedData/Build/Intermediates.noindex/SharkUtils.build/Debug-appletvos/SharkUtils-t.build/Objects-normal/arm64/SharkUtils-Swift.h -working-directory /Users/admin/builder/spi-builder-workspace/.swiftpm/xcode -experimental-emit-module-separately -disable-cmo
SwiftDriverJobDiscovery normal arm64 Compiling WeakContainable.swift, WeakNonOptional.swift, WriteSafe.swift (in target 'SharkUtils' from project 'SharkUtils')
SwiftDriverJobDiscovery normal arm64 Compiling ParameterErasure.swift, ThreadSafe.swift, WeakClosure.swift (in target 'SharkUtils' from project 'SharkUtils')
SwiftDriverJobDiscovery normal arm64 Compiling ObservableExtensions.swift, ObserverSet.swift, AsyncRequest.swift (in target 'SharkUtils' from project 'SharkUtils')
SwiftDriverJobDiscovery normal arm64 Compiling ParallelRequests.swift, ParallelResultRequests.swift, RepeatingRequest.swift (in target 'SharkUtils' from project 'SharkUtils')
SwiftDriverJobDiscovery normal arm64 Compiling Chainable.swift, GenericArrayBuilder.swift, NSRegularExpressionExtensions.swift (in target 'SharkUtils' from project 'SharkUtils')
SwiftMergeGeneratedHeaders /Users/admin/builder/spi-builder-workspace/.derivedData/Build/Intermediates.noindex/GeneratedModuleMaps-appletvos/SharkUtils-Swift.h /Users/admin/builder/spi-builder-workspace/.derivedData/Build/Intermediates.noindex/SharkUtils.build/Debug-appletvos/SharkUtils-t.build/Objects-normal/arm64/SharkUtils-Swift.h (in target 'SharkUtils' from project 'SharkUtils')
cd /Users/admin/builder/spi-builder-workspace
builtin-swiftHeaderTool -arch arm64 /Users/admin/builder/spi-builder-workspace/.derivedData/Build/Intermediates.noindex/SharkUtils.build/Debug-appletvos/SharkUtils-t.build/Objects-normal/arm64/SharkUtils-Swift.h -o /Users/admin/builder/spi-builder-workspace/.derivedData/Build/Intermediates.noindex/GeneratedModuleMaps-appletvos/SharkUtils-Swift.h
Copy /Users/admin/builder/spi-builder-workspace/.derivedData/Build/Products/Debug-appletvos/SharkUtils.swiftmodule/arm64-apple-tvos.abi.json /Users/admin/builder/spi-builder-workspace/.derivedData/Build/Intermediates.noindex/SharkUtils.build/Debug-appletvos/SharkUtils-t.build/Objects-normal/arm64/SharkUtils.abi.json (in target 'SharkUtils' from project 'SharkUtils')
cd /Users/admin/builder/spi-builder-workspace
builtin-copy -exclude .DS_Store -exclude CVS -exclude .svn -exclude .git -exclude .hg -resolve-src-symlinks -rename /Users/admin/builder/spi-builder-workspace/.derivedData/Build/Intermediates.noindex/SharkUtils.build/Debug-appletvos/SharkUtils-t.build/Objects-normal/arm64/SharkUtils.abi.json /Users/admin/builder/spi-builder-workspace/.derivedData/Build/Products/Debug-appletvos/SharkUtils.swiftmodule/arm64-apple-tvos.abi.json
Copy /Users/admin/builder/spi-builder-workspace/.derivedData/Build/Products/Debug-appletvos/SharkUtils.swiftmodule/arm64-apple-tvos.swiftdoc /Users/admin/builder/spi-builder-workspace/.derivedData/Build/Intermediates.noindex/SharkUtils.build/Debug-appletvos/SharkUtils-t.build/Objects-normal/arm64/SharkUtils.swiftdoc (in target 'SharkUtils' from project 'SharkUtils')
cd /Users/admin/builder/spi-builder-workspace
builtin-copy -exclude .DS_Store -exclude CVS -exclude .svn -exclude .git -exclude .hg -resolve-src-symlinks -rename /Users/admin/builder/spi-builder-workspace/.derivedData/Build/Intermediates.noindex/SharkUtils.build/Debug-appletvos/SharkUtils-t.build/Objects-normal/arm64/SharkUtils.swiftdoc /Users/admin/builder/spi-builder-workspace/.derivedData/Build/Products/Debug-appletvos/SharkUtils.swiftmodule/arm64-apple-tvos.swiftdoc
Copy /Users/admin/builder/spi-builder-workspace/.derivedData/Build/Products/Debug-appletvos/SharkUtils.swiftmodule/arm64-apple-tvos.swiftmodule /Users/admin/builder/spi-builder-workspace/.derivedData/Build/Intermediates.noindex/SharkUtils.build/Debug-appletvos/SharkUtils-t.build/Objects-normal/arm64/SharkUtils.swiftmodule (in target 'SharkUtils' from project 'SharkUtils')
cd /Users/admin/builder/spi-builder-workspace
builtin-copy -exclude .DS_Store -exclude CVS -exclude .svn -exclude .git -exclude .hg -resolve-src-symlinks -rename /Users/admin/builder/spi-builder-workspace/.derivedData/Build/Intermediates.noindex/SharkUtils.build/Debug-appletvos/SharkUtils-t.build/Objects-normal/arm64/SharkUtils.swiftmodule /Users/admin/builder/spi-builder-workspace/.derivedData/Build/Products/Debug-appletvos/SharkUtils.swiftmodule/arm64-apple-tvos.swiftmodule
Copy /Users/admin/builder/spi-builder-workspace/.derivedData/Build/Products/Debug-appletvos/SharkUtils.swiftmodule/Project/arm64-apple-tvos.swiftsourceinfo /Users/admin/builder/spi-builder-workspace/.derivedData/Build/Intermediates.noindex/SharkUtils.build/Debug-appletvos/SharkUtils-t.build/Objects-normal/arm64/SharkUtils.swiftsourceinfo (in target 'SharkUtils' from project 'SharkUtils')
cd /Users/admin/builder/spi-builder-workspace
builtin-copy -exclude .DS_Store -exclude CVS -exclude .svn -exclude .git -exclude .hg -resolve-src-symlinks -rename /Users/admin/builder/spi-builder-workspace/.derivedData/Build/Intermediates.noindex/SharkUtils.build/Debug-appletvos/SharkUtils-t.build/Objects-normal/arm64/SharkUtils.swiftsourceinfo /Users/admin/builder/spi-builder-workspace/.derivedData/Build/Products/Debug-appletvos/SharkUtils.swiftmodule/Project/arm64-apple-tvos.swiftsourceinfo
SwiftDriverJobDiscovery normal arm64 Compiling OptionalExtensions.swift, ResultExtensions.swift, UIEdgeInsets.swift (in target 'SharkUtils' from project 'SharkUtils')
SwiftDriverJobDiscovery normal arm64 Compiling UIStackView.swift, UIView.swift, Observable.swift (in target 'SharkUtils' from project 'SharkUtils')
SwiftDriverJobDiscovery normal arm64 Compiling UIStackViewConstructor.swift, AdditiveArithmetic.swift, CACornerMask.swift, CGSize.swift (in target 'SharkUtils' from project 'SharkUtils')
PruneExplicitPrecompiledModules /Users/admin/builder/spi-builder-workspace/.derivedData/Build/Intermediates.noindex/ExplicitPrecompiledModules
PruneExplicitPrecompiledModules /Users/admin/builder/spi-builder-workspace/.derivedData/SDKExplicitPrecompiledModules
PruneExplicitPrecompiledModules /Users/admin/builder/spi-builder-workspace/.derivedData/Build/Intermediates.noindex/SwiftExplicitPrecompiledModules
2026-09-17 14:53:34.707 xcodebuild[627:3971] [MT] IDERunDestination: Supported platforms for the buildables in the current scheme is empty.
** BUILD FAILED **
The following build commands failed:
SwiftCompile normal arm64 /Users/admin/builder/spi-builder-workspace/Sources/SharkUtils/Utils/BasicUIActionHandler.swift (in target 'SharkUtils' from project 'SharkUtils')
SwiftCompile normal arm64 Compiling\ SequencedResultRequests.swift,\ Associatable.swift,\ BasicUIActionHandler.swift /Users/admin/builder/spi-builder-workspace/Sources/SharkUtils/Requests/SequencedResultRequests.swift /Users/admin/builder/spi-builder-workspace/Sources/SharkUtils/Utils/Associatable.swift /Users/admin/builder/spi-builder-workspace/Sources/SharkUtils/Utils/BasicUIActionHandler.swift (in target 'SharkUtils' from project 'SharkUtils')
Building workspace SharkUtils with scheme SharkUtils
(3 failures)
Command line invocation:
/Applications/Xcode-27.0.0-Release.Candidate.app/Contents/Developer/usr/bin/xcodebuild -IDEClonedSourcePackagesDirPathOverride=/Users/admin/builder/spi-builder-workspace/.dependencies -resolvePackageDependencies
Resolve Package Graph
Resolved source packages:
SharkUtils: /Users/admin/builder/spi-builder-workspace
resolved source packages: SharkUtils
2026-09-17 14:53:43.558 xcodebuild[731:4525] [MT] IDERunDestination: Supported platforms for the buildables in the current scheme is empty.
{
"dependencies" : [
],
"manifest_display_name" : "SharkUtils",
"name" : "SharkUtils",
"path" : "/Users/admin/builder/spi-builder-workspace",
"platforms" : [
{
"name" : "ios",
"version" : "12.0"
}
],
"products" : [
{
"name" : "SharkUtils",
"targets" : [
"SharkUtils"
],
"type" : {
"library" : [
"automatic"
]
}
}
],
"targets" : [
{
"c99name" : "SharkUtilsTests",
"module_type" : "SwiftTarget",
"name" : "SharkUtilsTests",
"path" : "Tests/SharkUtilsTests",
"sources" : [
"ObservableTests.swift",
"SharkUtilsTests.swift",
"WeakContainerTests.swift",
"WeakNonOptionalTests.swift",
"WriteSafeTests.swift",
"XCTestManifests.swift"
],
"target_dependencies" : [
"SharkUtils"
],
"type" : "test"
},
{
"c99name" : "SharkUtils",
"module_type" : "SwiftTarget",
"name" : "SharkUtils",
"path" : "Sources/SharkUtils",
"product_memberships" : [
"SharkUtils"
],
"sources" : [
"Constraints/AxesSet.swift",
"Constraints/LayoutGuideSource.swift",
"Constraints/PinningConstraintHelpers.swift",
"Constraints/SizingConstraintHelpers.swift",
"Constraints/UIStackViewConstructor.swift",
"Extensions/AdditiveArithmetic.swift",
"Extensions/CACornerMask.swift",
"Extensions/CGSize.swift",
"Extensions/OptionalExtensions.swift",
"Extensions/ResultExtensions.swift",
"Extensions/UIEdgeInsets.swift",
"Extensions/UIStackView.swift",
"Extensions/UIView.swift",
"Observable/Observable.swift",
"Observable/ObservableExtensions.swift",
"Observable/ObserverSet.swift",
"Requests/AsyncRequest.swift",
"Requests/ParallelRequests.swift",
"Requests/ParallelResultRequests.swift",
"Requests/RepeatingRequest.swift",
"Requests/SequencedResultRequests.swift",
"Utils/Associatable.swift",
"Utils/BasicUIActionHandler.swift",
"Utils/Chainable.swift",
"Utils/GenericArrayBuilder.swift",
"Utils/NSRegularExpressionExtensions.swift",
"Utils/ParameterErasure.swift",
"Utils/ThreadSafe.swift",
"Utils/WeakClosure.swift",
"Utils/WeakContainable.swift",
"Utils/WeakNonOptional.swift",
"Utils/WriteSafe.swift"
],
"type" : "library"
}
],
"tools_version" : "5.3"
}
{
"workspace" : {
"name" : "SharkUtils",
"schemes" : [
"SharkUtils"
]
}
}
2026-09-17 14:53:44.799 xcodebuild[739:4599] [MT] IDERunDestination: Supported platforms for the buildables in the current scheme is empty.
Running build ...
env DEVELOPER_DIR=/Applications/Xcode-27.0.0-Release.Candidate.app xcrun xcodebuild -IDEClonedSourcePackagesDirPathOverride=$PWD/.dependencies -skipMacroValidation -skipPackagePluginValidation -derivedDataPath $PWD/.derivedData build -scheme SharkUtils -destination generic/platform=tvOS
Command line invocation:
/Applications/Xcode-27.0.0-Release.Candidate.app/Contents/Developer/usr/bin/xcodebuild -IDEClonedSourcePackagesDirPathOverride=/Users/admin/builder/spi-builder-workspace/.dependencies -skipMacroValidation -skipPackagePluginValidation -derivedDataPath /Users/admin/builder/spi-builder-workspace/.derivedData build -scheme SharkUtils -destination generic/platform=tvOS
Resolve Package Graph
Resolved source packages:
SharkUtils: /Users/admin/builder/spi-builder-workspace
ComputePackagePrebuildTargetDependencyGraph
Prepare packages
CreateBuildRequest
SendProjectDescription
CreateBuildOperation
ComputeTargetDependencyGraph
note: Building targets in dependency order
note: Target dependency graph (2 targets)
Target 'SharkUtils-product' in project 'SharkUtils'
➜ Explicit dependency on target 'SharkUtils' in project 'SharkUtils'
Target 'SharkUtils' in project 'SharkUtils' (no dependencies)
GatherProvisioningInputs
CreateBuildDescription
ClangStatCache /Applications/Xcode-27.0.0-Release.Candidate.app/Contents/Developer/Toolchains/XcodeDefault.xctoolchain/usr/bin/clang-stat-cache /Applications/Xcode-27.0.0-Release.Candidate.app/Contents/Developer/Platforms/AppleTVOS.platform/Developer/SDKs/AppleTVOS27.0.sdk /Users/admin/builder/spi-builder-workspace/.derivedData/SDKStatCaches.noindex/appletvos27.0-24J360-e829b21a6f8c9b70876ba0858053c044b32bfd8d43560033f8d89884cdb90028.sdkstatcache
cd /Users/admin/builder/spi-builder-workspace/.swiftpm/xcode
/Applications/Xcode-27.0.0-Release.Candidate.app/Contents/Developer/Toolchains/XcodeDefault.xctoolchain/usr/bin/clang-stat-cache /Applications/Xcode-27.0.0-Release.Candidate.app/Contents/Developer/Platforms/AppleTVOS.platform/Developer/SDKs/AppleTVOS27.0.sdk -o /Users/admin/builder/spi-builder-workspace/.derivedData/SDKStatCaches.noindex/appletvos27.0-24J360-e829b21a6f8c9b70876ba0858053c044b32bfd8d43560033f8d89884cdb90028.sdkstatcache
SwiftDriver SharkUtils normal arm64 com.apple.xcode.tools.swift.compiler (in target 'SharkUtils' from project 'SharkUtils')
cd /Users/admin/builder/spi-builder-workspace/.swiftpm/xcode
builtin-SwiftDriver -- /Applications/Xcode-27.0.0-Release.Candidate.app/Contents/Developer/Toolchains/XcodeDefault.xctoolchain/usr/bin/swiftc -parse-as-library -module-name SharkUtils -Onone @/Users/admin/builder/spi-builder-workspace/.derivedData/Build/Intermediates.noindex/SharkUtils.build/Debug-appletvos/SharkUtils-t.build/Objects-normal/arm64/SharkUtils.SwiftFileList -DSWIFT_PACKAGE -DDEBUG -DSWIFT_MODULE_RESOURCE_BUNDLE_UNAVAILABLE -DXcode -plugin-path /Applications/Xcode-27.0.0-Release.Candidate.app/Contents/Developer/Toolchains/XcodeDefault.xctoolchain/usr/lib/swift/host/plugins/testing -enable-experimental-feature DebugDescriptionMacro -sdk /Applications/Xcode-27.0.0-Release.Candidate.app/Contents/Developer/Platforms/AppleTVOS.platform/Developer/SDKs/AppleTVOS27.0.sdk -target arm64-apple-tvos15.0 -g -module-cache-path /Users/admin/builder/spi-builder-workspace/.derivedData/ModuleCache.noindex -Xfrontend -serialize-debugging-options -profile-coverage-mapping -profile-generate -enable-testing -index-store-path /Users/admin/builder/spi-builder-workspace/.derivedData/Index.noindex/DataStore -Xcc -D_LIBCPP_HARDENING_MODE\=_LIBCPP_HARDENING_MODE_DEBUG -swift-version 5 -I /Users/admin/builder/spi-builder-workspace/.derivedData/Build/Products/Debug-appletvos -Isystem /Applications/Xcode-27.0.0-Release.Candidate.app/Contents/Developer/Platforms/AppleTVOS.platform/Developer/usr/lib -F /Users/admin/builder/spi-builder-workspace/.derivedData/Build/Products/Debug-appletvos -F /Applications/Xcode-27.0.0-Release.Candidate.app/Contents/Developer/Platforms/AppleTVOS.platform/Developer/Library/Frameworks -F /Applications/Xcode-27.0.0-Release.Candidate.app/Contents/Developer/Platforms/AppleTVOS.platform/Developer/SDKs/AppleTVOS27.0.sdk/Developer/Library/Frameworks -c -j10 -enable-batch-mode -incremental -Xcc -ivfsstatcache -Xcc /Users/admin/builder/spi-builder-workspace/.derivedData/SDKStatCaches.noindex/appletvos27.0-24J360-e829b21a6f8c9b70876ba0858053c044b32bfd8d43560033f8d89884cdb90028.sdkstatcache -output-file-map /Users/admin/builder/spi-builder-workspace/.derivedData/Build/Intermediates.noindex/SharkUtils.build/Debug-appletvos/SharkUtils-t.build/Objects-normal/arm64/SharkUtils-OutputFileMap.json -save-temps -no-color-diagnostics -explicit-module-build -module-cache-path /Users/admin/builder/spi-builder-workspace/.derivedData/Build/Intermediates.noindex/SwiftExplicitPrecompiledModules -clang-scanner-module-cache-path /Users/admin/builder/spi-builder-workspace/.derivedData/ModuleCache.noindex -sdk-module-cache-path /Users/admin/builder/spi-builder-workspace/.derivedData/SDKExplicitPrecompiledModules -emit-dependencies -emit-module -emit-module-path /Users/admin/builder/spi-builder-workspace/.derivedData/Build/Intermediates.noindex/SharkUtils.build/Debug-appletvos/SharkUtils-t.build/Objects-normal/arm64/SharkUtils.swiftmodule -serialize-diagnostics -dependency-scan-serialize-diagnostics-path /Users/admin/builder/spi-builder-workspace/.derivedData/Build/Intermediates.noindex/SharkUtils.build/Debug-appletvos/SharkUtils-t.build/Objects-normal/arm64/SharkUtils-dependency-scan.dia -validate-clang-modules-once -clang-build-session-file /Users/admin/builder/spi-builder-workspace/.derivedData/ModuleCache.noindex/Session.modulevalidation -Xcc -fmodules-prune-interval\=86400 -Xcc -fmodules-prune-after\=345600 -emit-const-values -const-gather-protocols-list /Users/admin/builder/spi-builder-workspace/.derivedData/Build/Intermediates.noindex/SharkUtils.build/Debug-appletvos/SharkUtils-t.build/Objects-normal/arm64/SharkUtils_const_extract_protocols.json -Xcc -I/Users/admin/builder/spi-builder-workspace/.derivedData/Build/Products/Debug-appletvos/include -Xcc -I/Users/admin/builder/spi-builder-workspace/.derivedData/Build/Intermediates.noindex/SharkUtils.build/Debug-appletvos/SharkUtils-t.build/DerivedSources-normal/arm64 -Xcc -I/Users/admin/builder/spi-builder-workspace/.derivedData/Build/Intermediates.noindex/SharkUtils.build/Debug-appletvos/SharkUtils-t.build/DerivedSources/arm64 -Xcc -I/Users/admin/builder/spi-builder-workspace/.derivedData/Build/Intermediates.noindex/SharkUtils.build/Debug-appletvos/SharkUtils-t.build/DerivedSources -Xcc -DSWIFT_PACKAGE -Xcc -DDEBUG\=1 -emit-objc-header -emit-objc-header-path /Users/admin/builder/spi-builder-workspace/.derivedData/Build/Intermediates.noindex/SharkUtils.build/Debug-appletvos/SharkUtils-t.build/Objects-normal/arm64/SharkUtils-Swift.h -working-directory /Users/admin/builder/spi-builder-workspace/.swiftpm/xcode -experimental-emit-module-separately -disable-cmo
SwiftCompile normal arm64 Compiling\ AxesSet.swift /Users/admin/builder/spi-builder-workspace/Sources/SharkUtils/Constraints/AxesSet.swift (in target 'SharkUtils' from project 'SharkUtils')
SwiftCompile normal arm64 /Users/admin/builder/spi-builder-workspace/Sources/SharkUtils/Constraints/AxesSet.swift (in target 'SharkUtils' from project 'SharkUtils')
cd /Users/admin/builder/spi-builder-workspace/.swiftpm/xcode
builtin-SwiftPerFileCompile AxesSet.swift
SwiftCompile normal arm64 Compiling\ LayoutGuideSource.swift /Users/admin/builder/spi-builder-workspace/Sources/SharkUtils/Constraints/LayoutGuideSource.swift (in target 'SharkUtils' from project 'SharkUtils')
SwiftCompile normal arm64 /Users/admin/builder/spi-builder-workspace/Sources/SharkUtils/Constraints/LayoutGuideSource.swift (in target 'SharkUtils' from project 'SharkUtils')
cd /Users/admin/builder/spi-builder-workspace/.swiftpm/xcode
builtin-SwiftPerFileCompile LayoutGuideSource.swift
SwiftCompile normal arm64 Compiling\ SequencedResultRequests.swift /Users/admin/builder/spi-builder-workspace/Sources/SharkUtils/Requests/SequencedResultRequests.swift (in target 'SharkUtils' from project 'SharkUtils')
SwiftCompile normal arm64 /Users/admin/builder/spi-builder-workspace/Sources/SharkUtils/Requests/SequencedResultRequests.swift (in target 'SharkUtils' from project 'SharkUtils')
cd /Users/admin/builder/spi-builder-workspace/.swiftpm/xcode
builtin-SwiftPerFileCompile SequencedResultRequests.swift
SwiftCompile normal arm64 Compiling\ BasicUIActionHandler.swift /Users/admin/builder/spi-builder-workspace/Sources/SharkUtils/Utils/BasicUIActionHandler.swift (in target 'SharkUtils' from project 'SharkUtils')
/Users/admin/builder/spi-builder-workspace/Sources/SharkUtils/Utils/BasicUIActionHandler.swift:26:25: error: 'numberOfTouchesRequired' is unavailable in tvOS
24 | let gesture = UITapGestureRecognizer(target: $0, action: #selector(BasicUIActionHandler.performAction))
25 | gesture.numberOfTapsRequired = tapsRequired
26 | gesture.numberOfTouchesRequired = touchesRequired
| `- error: 'numberOfTouchesRequired' is unavailable in tvOS
27 | addGestureRecognizer(gesture)
28 | }
/Applications/Xcode-27.0.0-Release.Candidate.app/Contents/Developer/Platforms/AppleTVOS.platform/Developer/SDKs/AppleTVOS27.0.sdk/System/Library/Frameworks/UIKit.framework/Headers/UITapGestureRecognizer.h:26:35: note: 'numberOfTouchesRequired' has been explicitly marked unavailable here
24 |
25 | @property (nonatomic) NSUInteger numberOfTapsRequired; // Default is 1. The number of taps required to match
26 | @property (nonatomic) NSUInteger numberOfTouchesRequired API_UNAVAILABLE(tvos); // Default is 1. The number of fingers required to match
| `- note: 'numberOfTouchesRequired' has been explicitly marked unavailable here
27 |
28 | @property (nonatomic) UIEventButtonMask buttonMaskRequired API_AVAILABLE(ios(13.4)) API_UNAVAILABLE(tvos, watchos); // Default is UIEventButtonMaskPrimary and cannot be 0. This property is only evaluated on indirect input devices and is the mask of pressed buttons to required to match.
Failed frontend command:
/Applications/Xcode-27.0.0-Release.Candidate.app/Contents/Developer/Toolchains/XcodeDefault.xctoolchain/usr/bin/swift-frontend -frontend -c /Users/admin/builder/spi-builder-workspace/Sources/SharkUtils/Constraints/AxesSet.swift /Users/admin/builder/spi-builder-workspace/Sources/SharkUtils/Constraints/LayoutGuideSource.swift /Users/admin/builder/spi-builder-workspace/Sources/SharkUtils/Constraints/PinningConstraintHelpers.swift /Users/admin/builder/spi-builder-workspace/Sources/SharkUtils/Constraints/SizingConstraintHelpers.swift /Users/admin/builder/spi-builder-workspace/Sources/SharkUtils/Constraints/UIStackViewConstructor.swift /Users/admin/builder/spi-builder-workspace/Sources/SharkUtils/Extensions/AdditiveArithmetic.swift /Users/admin/builder/spi-builder-workspace/Sources/SharkUtils/Extensions/CACornerMask.swift /Users/admin/builder/spi-builder-workspace/Sources/SharkUtils/Extensions/CGSize.swift /Users/admin/builder/spi-builder-workspace/Sources/SharkUtils/Extensions/OptionalExtensions.swift /Users/admin/builder/spi-builder-workspace/Sources/SharkUtils/Extensions/ResultExtensions.swift /Users/admin/builder/spi-builder-workspace/Sources/SharkUtils/Extensions/UIEdgeInsets.swift /Users/admin/builder/spi-builder-workspace/Sources/SharkUtils/Extensions/UIStackView.swift /Users/admin/builder/spi-builder-workspace/Sources/SharkUtils/Extensions/UIView.swift /Users/admin/builder/spi-builder-workspace/Sources/SharkUtils/Observable/Observable.swift /Users/admin/builder/spi-builder-workspace/Sources/SharkUtils/Observable/ObservableExtensions.swift /Users/admin/builder/spi-builder-workspace/Sources/SharkUtils/Observable/ObserverSet.swift /Users/admin/builder/spi-builder-workspace/Sources/SharkUtils/Requests/AsyncRequest.swift /Users/admin/builder/spi-builder-workspace/Sources/SharkUtils/Requests/ParallelRequests.swift /Users/admin/builder/spi-builder-workspace/Sources/SharkUtils/Requests/ParallelResultRequests.swift /Users/admin/builder/spi-builder-workspace/Sources/SharkUtils/Requests/RepeatingRequest.swift /Users/admin/builder/spi-builder-workspace/Sources/SharkUtils/Requests/SequencedResultRequests.swift /Users/admin/builder/spi-builder-workspace/Sources/SharkUtils/Utils/Associatable.swift -primary-file /Users/admin/builder/spi-builder-workspace/Sources/SharkUtils/Utils/BasicUIActionHandler.swift /Users/admin/builder/spi-builder-workspace/Sources/SharkUtils/Utils/Chainable.swift /Users/admin/builder/spi-builder-workspace/Sources/SharkUtils/Utils/GenericArrayBuilder.swift /Users/admin/builder/spi-builder-workspace/Sources/SharkUtils/Utils/NSRegularExpressionExtensions.swift /Users/admin/builder/spi-builder-workspace/Sources/SharkUtils/Utils/ParameterErasure.swift /Users/admin/builder/spi-builder-workspace/Sources/SharkUtils/Utils/ThreadSafe.swift /Users/admin/builder/spi-builder-workspace/Sources/SharkUtils/Utils/WeakClosure.swift /Users/admin/builder/spi-builder-workspace/Sources/SharkUtils/Utils/WeakContainable.swift /Users/admin/builder/spi-builder-workspace/Sources/SharkUtils/Utils/WeakNonOptional.swift /Users/admin/builder/spi-builder-workspace/Sources/SharkUtils/Utils/WriteSafe.swift -emit-dependencies-path /Users/admin/builder/spi-builder-workspace/.derivedData/Build/Intermediates.noindex/SharkUtils.build/Debug-appletvos/SharkUtils-t.build/Objects-normal/arm64/BasicUIActionHandler.d -emit-const-values-path /Users/admin/builder/spi-builder-workspace/.derivedData/Build/Intermediates.noindex/SharkUtils.build/Debug-appletvos/SharkUtils-t.build/Objects-normal/arm64/BasicUIActionHandler.swiftconstvalues -emit-reference-dependencies-path /Users/admin/builder/spi-builder-workspace/.derivedData/Build/Intermediates.noindex/SharkUtils.build/Debug-appletvos/SharkUtils-t.build/Objects-normal/arm64/BasicUIActionHandler.swiftdeps -serialize-diagnostics-path /Users/admin/builder/spi-builder-workspace/.derivedData/Build/Intermediates.noindex/SharkUtils.build/Debug-appletvos/SharkUtils-t.build/Objects-normal/arm64/BasicUIActionHandler.dia -target arm64-apple-tvos15.0 -disable-cross-import-overlay-search -load-resolved-plugin /Applications/Xcode-27.0.0-Release.Candidate.app/Contents/Developer/Platforms/AppleTVOS.platform/Developer/usr/lib/swift/host/plugins/libFoundationMacros.dylib\#/Applications/Xcode-27.0.0-Release.Candidate.app/Contents/Developer/Platforms/AppleTVOS.platform/Developer/usr/bin/swift-plugin-server\#FoundationMacros -load-resolved-plugin /Applications/Xcode-27.0.0-Release.Candidate.app/Contents/Developer/Platforms/AppleTVOS.platform/Developer/usr/lib/swift/host/plugins/libObservationMacros.dylib\#/Applications/Xcode-27.0.0-Release.Candidate.app/Contents/Developer/Platforms/AppleTVOS.platform/Developer/usr/bin/swift-plugin-server\#ObservationMacros -load-resolved-plugin /Applications/Xcode-27.0.0-Release.Candidate.app/Contents/Developer/Platforms/AppleTVOS.platform/Developer/usr/lib/swift/host/plugins/libPreviewsMacros.dylib\#/Applications/Xcode-27.0.0-Release.Candidate.app/Contents/Developer/Platforms/AppleTVOS.platform/Developer/usr/bin/swift-plugin-server\#PreviewsMacros -load-resolved-plugin /Applications/Xcode-27.0.0-Release.Candidate.app/Contents/Developer/Platforms/AppleTVOS.platform/Developer/usr/lib/swift/host/plugins/libSwiftMacros.dylib\#/Applications/Xcode-27.0.0-Release.Candidate.app/Contents/Developer/Platforms/AppleTVOS.platform/Developer/usr/bin/swift-plugin-server\#SwiftMacros -load-resolved-plugin /Applications/Xcode-27.0.0-Release.Candidate.app/Contents/Developer/Platforms/AppleTVOS.platform/Developer/usr/lib/swift/host/plugins/libSwiftUIMacros.dylib\#/Applications/Xcode-27.0.0-Release.Candidate.app/Contents/Developer/Platforms/AppleTVOS.platform/Developer/usr/bin/swift-plugin-server\#SwiftUIMacros -disable-implicit-swift-modules -Xcc -fno-implicit-modules -Xcc -fno-implicit-module-maps -explicit-swift-module-map-file /Users/admin/builder/spi-builder-workspace/.derivedData/Build/Intermediates.noindex/SharkUtils.build/Debug-appletvos/SharkUtils-t.build/Objects-normal/arm64/SharkUtils-dependencies-1.json -Xllvm -aarch64-use-tbi -enable-objc-interop -stack-check -sdk /Applications/Xcode-27.0.0-Release.Candidate.app/Contents/Developer/Platforms/AppleTVOS.platform/Developer/SDKs/AppleTVOS27.0.sdk -I /Users/admin/builder/spi-builder-workspace/.derivedData/Build/Products/Debug-appletvos -Isystem /Applications/Xcode-27.0.0-Release.Candidate.app/Contents/Developer/Platforms/AppleTVOS.platform/Developer/usr/lib -F /Users/admin/builder/spi-builder-workspace/.derivedData/Build/Products/Debug-appletvos -F /Applications/Xcode-27.0.0-Release.Candidate.app/Contents/Developer/Platforms/AppleTVOS.platform/Developer/Library/Frameworks -F /Applications/Xcode-27.0.0-Release.Candidate.app/Contents/Developer/Platforms/AppleTVOS.platform/Developer/SDKs/AppleTVOS27.0.sdk/Developer/Library/Frameworks -module-cache-path /Users/admin/builder/spi-builder-workspace/.derivedData/Build/Intermediates.noindex/SwiftExplicitPrecompiledModules -no-color-diagnostics -Xcc -fno-color-diagnostics -enable-testing -g -debug-info-format\=dwarf -dwarf-version\=4 -profile-generate -profile-coverage-mapping -swift-version 5 -Onone -D SWIFT_PACKAGE -D DEBUG -D SWIFT_MODULE_RESOURCE_BUNDLE_UNAVAILABLE -D Xcode -serialize-debugging-options -enable-experimental-feature DebugDescriptionMacro -empty-abi-descriptor -validate-clang-modules-once -clang-build-session-file /Users/admin/builder/spi-builder-workspace/.derivedData/ModuleCache.noindex/Session.modulevalidation -Xcc -working-directory -Xcc /Users/admin/builder/spi-builder-workspace/.swiftpm/xcode -enable-anonymous-context-mangled-names -file-compilation-dir /Users/admin/builder/spi-builder-workspace/.swiftpm/xcode -Xcc -D_LIBCPP_HARDENING_MODE\=_LIBCPP_HARDENING_MODE_DEBUG -Xcc -ivfsstatcache -Xcc /Users/admin/builder/spi-builder-workspace/.derivedData/SDKStatCaches.noindex/appletvos27.0-24J360-e829b21a6f8c9b70876ba0858053c044b32bfd8d43560033f8d89884cdb90028.sdkstatcache -Xcc -fmodules-prune-interval\=86400 -Xcc -fmodules-prune-after\=345600 -Xcc -I/Users/admin/builder/spi-builder-workspace/.derivedData/Build/Products/Debug-appletvos/include -Xcc -I/Users/admin/builder/spi-builder-workspace/.derivedData/Build/Intermediates.noindex/SharkUtils.build/Debug-appletvos/SharkUtils-t.build/DerivedSources-normal/arm64 -Xcc -I/Users/admin/builder/spi-builder-workspace/.derivedData/Build/Intermediates.noindex/SharkUtils.build/Debug-appletvos/SharkUtils-t.build/DerivedSources/arm64 -Xcc -I/Users/admin/builder/spi-builder-workspace/.derivedData/Build/Intermediates.noindex/SharkUtils.build/Debug-appletvos/SharkUtils-t.build/DerivedSources -Xcc -DSWIFT_PACKAGE -Xcc -DDEBUG\=1 -no-auto-bridging-header-chaining -module-name SharkUtils -const-gather-protocols-file /Users/admin/builder/spi-builder-workspace/.derivedData/Build/Intermediates.noindex/SharkUtils.build/Debug-appletvos/SharkUtils-t.build/Objects-normal/arm64/SharkUtils_const_extract_protocols.json -disable-clang-spi -clang-target arm64-apple-tvos27.0 -target-sdk-version 27.0 -target-sdk-name appletvos27.0 -in-process-plugin-server-path /Applications/Xcode-27.0.0-Release.Candidate.app/Contents/Developer/Toolchains/XcodeDefault.xctoolchain/usr/lib/swift/host/libSwiftInProcPluginServer.dylib -parse-as-library -o /Users/admin/builder/spi-builder-workspace/.derivedData/Build/Intermediates.noindex/SharkUtils.build/Debug-appletvos/SharkUtils-t.build/Objects-normal/arm64/BasicUIActionHandler.o -debug-module-path /Users/admin/builder/spi-builder-workspace/.derivedData/Build/Intermediates.noindex/SharkUtils.build/Debug-appletvos/SharkUtils-t.build/Objects-normal/arm64/SharkUtils.swiftmodule -index-unit-output-path /SharkUtils.build/Debug-appletvos/SharkUtils-t.build/Objects-normal/arm64/BasicUIActionHandler.o -index-store-path /Users/admin/builder/spi-builder-workspace/.derivedData/Index.noindex/DataStore -index-system-modules
SwiftCompile normal arm64 /Users/admin/builder/spi-builder-workspace/Sources/SharkUtils/Utils/BasicUIActionHandler.swift (in target 'SharkUtils' from project 'SharkUtils')
cd /Users/admin/builder/spi-builder-workspace/.swiftpm/xcode
builtin-SwiftPerFileCompile BasicUIActionHandler.swift
SwiftCompile normal arm64 Compiling\ SizingConstraintHelpers.swift /Users/admin/builder/spi-builder-workspace/Sources/SharkUtils/Constraints/SizingConstraintHelpers.swift (in target 'SharkUtils' from project 'SharkUtils')
SwiftCompile normal arm64 /Users/admin/builder/spi-builder-workspace/Sources/SharkUtils/Constraints/SizingConstraintHelpers.swift (in target 'SharkUtils' from project 'SharkUtils')
cd /Users/admin/builder/spi-builder-workspace/.swiftpm/xcode
builtin-SwiftPerFileCompile SizingConstraintHelpers.swift
SwiftCompile normal arm64 Compiling\ PinningConstraintHelpers.swift /Users/admin/builder/spi-builder-workspace/Sources/SharkUtils/Constraints/PinningConstraintHelpers.swift (in target 'SharkUtils' from project 'SharkUtils')
SwiftCompile normal arm64 /Users/admin/builder/spi-builder-workspace/Sources/SharkUtils/Constraints/PinningConstraintHelpers.swift (in target 'SharkUtils' from project 'SharkUtils')
cd /Users/admin/builder/spi-builder-workspace/.swiftpm/xcode
builtin-SwiftPerFileCompile PinningConstraintHelpers.swift
SwiftCompile normal arm64 Compiling\ Associatable.swift /Users/admin/builder/spi-builder-workspace/Sources/SharkUtils/Utils/Associatable.swift (in target 'SharkUtils' from project 'SharkUtils')
SwiftCompile normal arm64 /Users/admin/builder/spi-builder-workspace/Sources/SharkUtils/Utils/Associatable.swift (in target 'SharkUtils' from project 'SharkUtils')
cd /Users/admin/builder/spi-builder-workspace/.swiftpm/xcode
builtin-SwiftPerFileCompile Associatable.swift
SwiftEmitModule normal arm64 Emitting\ module\ for\ SharkUtils (in target 'SharkUtils' from project 'SharkUtils')
SwiftCompile normal arm64 (in target 'SharkUtils' from project 'SharkUtils')
cd /Users/admin/builder/spi-builder-workspace/.swiftpm/xcode
SwiftDriverJobDiscovery normal arm64 Compiling LayoutGuideSource.swift (in target 'SharkUtils' from project 'SharkUtils')
SwiftCompile normal arm64 Compiling\ UIView.swift /Users/admin/builder/spi-builder-workspace/Sources/SharkUtils/Extensions/UIView.swift (in target 'SharkUtils' from project 'SharkUtils')
SwiftCompile normal arm64 /Users/admin/builder/spi-builder-workspace/Sources/SharkUtils/Extensions/UIView.swift (in target 'SharkUtils' from project 'SharkUtils')
cd /Users/admin/builder/spi-builder-workspace/.swiftpm/xcode
builtin-SwiftPerFileCompile UIView.swift
SwiftCompile normal arm64 Compiling\ UIStackView.swift /Users/admin/builder/spi-builder-workspace/Sources/SharkUtils/Extensions/UIStackView.swift (in target 'SharkUtils' from project 'SharkUtils')
SwiftCompile normal arm64 /Users/admin/builder/spi-builder-workspace/Sources/SharkUtils/Extensions/UIStackView.swift (in target 'SharkUtils' from project 'SharkUtils')
cd /Users/admin/builder/spi-builder-workspace/.swiftpm/xcode
builtin-SwiftPerFileCompile UIStackView.swift
SwiftCompile normal arm64 Compiling\ UIStackViewConstructor.swift /Users/admin/builder/spi-builder-workspace/Sources/SharkUtils/Constraints/UIStackViewConstructor.swift (in target 'SharkUtils' from project 'SharkUtils')
SwiftCompile normal arm64 /Users/admin/builder/spi-builder-workspace/Sources/SharkUtils/Constraints/UIStackViewConstructor.swift (in target 'SharkUtils' from project 'SharkUtils')
cd /Users/admin/builder/spi-builder-workspace/.swiftpm/xcode
builtin-SwiftPerFileCompile UIStackViewConstructor.swift
PruneExplicitPrecompiledModules /Users/admin/builder/spi-builder-workspace/.derivedData/Build/Intermediates.noindex/ExplicitPrecompiledModules
PruneExplicitPrecompiledModules /Users/admin/builder/spi-builder-workspace/.derivedData/Build/Intermediates.noindex/SwiftExplicitPrecompiledModules
PruneExplicitPrecompiledModules /Users/admin/builder/spi-builder-workspace/.derivedData/SDKExplicitPrecompiledModules
2026-09-17 14:53:45.766 xcodebuild[740:4633] [MT] IDERunDestination: Supported platforms for the buildables in the current scheme is empty.
** BUILD FAILED **
The following build commands failed:
SwiftCompile normal arm64 Compiling\ BasicUIActionHandler.swift /Users/admin/builder/spi-builder-workspace/Sources/SharkUtils/Utils/BasicUIActionHandler.swift (in target 'SharkUtils' from project 'SharkUtils')
SwiftCompile normal arm64 /Users/admin/builder/spi-builder-workspace/Sources/SharkUtils/Utils/BasicUIActionHandler.swift (in target 'SharkUtils' from project 'SharkUtils')
Building workspace SharkUtils with scheme SharkUtils
(3 failures)
BUILD FAILURE 6.4 tvOS