Build Information
Failed to build warc-swift, reference main (c890b0), with Swift 6.4 for watchOS using Xcode 27.0 on 24 Sep 2026 10:03:43 UTC.
Build Command
env DEVELOPER_DIR=/Applications/Xcode-27.0.0-Release.Candidate.app xcrun xcodebuild -IDEClonedSourcePackagesDirPathOverride=$PWD/.dependencies -skipMacroValidation -skipPackagePluginValidation -derivedDataPath $PWD/.derivedData build -scheme warc-swift-Package -destination generic/platform=watchOSBuild Log
cd /Users/admin/builder/spi-builder-workspace
write-file /Users/admin/builder/spi-builder-workspace/.derivedData/Build/Intermediates.noindex/warc-swift.build/Debug-watchos/WriteWARCManually-p.build/Objects-normal/arm64_32/WriteWARCManually.SwiftFileList
WriteAuxiliaryFile /Users/admin/builder/spi-builder-workspace/.derivedData/Build/Intermediates.noindex/warc-swift.build/Debug-watchos/WriteWARCManually-p.build/Objects-normal/arm64_32/WriteWARCManually.LinkFileList (in target 'WriteWARCManually-product' from project 'warc-swift')
cd /Users/admin/builder/spi-builder-workspace
write-file /Users/admin/builder/spi-builder-workspace/.derivedData/Build/Intermediates.noindex/warc-swift.build/Debug-watchos/WriteWARCManually-p.build/Objects-normal/arm64_32/WriteWARCManually.LinkFileList
WriteAuxiliaryFile /Users/admin/builder/spi-builder-workspace/.derivedData/Build/Intermediates.noindex/warc-swift.build/Debug-watchos/WriteWARCManually-p.build/Objects-normal/arm64_32/WriteWARCManually-OutputFileMap.json (in target 'WriteWARCManually-product' from project 'warc-swift')
cd /Users/admin/builder/spi-builder-workspace
write-file /Users/admin/builder/spi-builder-workspace/.derivedData/Build/Intermediates.noindex/warc-swift.build/Debug-watchos/WriteWARCManually-p.build/Objects-normal/arm64_32/WriteWARCManually-OutputFileMap.json
WriteAuxiliaryFile /Users/admin/builder/spi-builder-workspace/.derivedData/Build/Intermediates.noindex/warc-swift.build/Debug-watchos/WriteWARCManually-p.build/Objects-normal/arm64_32/WriteWARCManually_const_extract_protocols.json (in target 'WriteWARCManually-product' from project 'warc-swift')
cd /Users/admin/builder/spi-builder-workspace
write-file /Users/admin/builder/spi-builder-workspace/.derivedData/Build/Intermediates.noindex/warc-swift.build/Debug-watchos/WriteWARCManually-p.build/Objects-normal/arm64_32/WriteWARCManually_const_extract_protocols.json
WriteAuxiliaryFile /Users/admin/builder/spi-builder-workspace/.derivedData/Build/Intermediates.noindex/warc-swift.build/Debug-watchos/warc-swift_warc-swift-b.build/empty-warc-swift_warc-swift.plist (in target 'warc-swift_warc-swift' from project 'warc-swift')
cd /Users/admin/builder/spi-builder-workspace
write-file /Users/admin/builder/spi-builder-workspace/.derivedData/Build/Intermediates.noindex/warc-swift.build/Debug-watchos/warc-swift_warc-swift-b.build/empty-warc-swift_warc-swift.plist
WriteAuxiliaryFile /Users/admin/builder/spi-builder-workspace/.derivedData/Build/Intermediates.noindex/warc-swift.build/Debug-watchos/warc-swift-t.build/warc-swift.DependencyStaticMetadataFileList (in target 'warc-swift' from project 'warc-swift')
cd /Users/admin/builder/spi-builder-workspace
write-file /Users/admin/builder/spi-builder-workspace/.derivedData/Build/Intermediates.noindex/warc-swift.build/Debug-watchos/warc-swift-t.build/warc-swift.DependencyStaticMetadataFileList
WriteAuxiliaryFile /Users/admin/builder/spi-builder-workspace/.derivedData/Build/Intermediates.noindex/warc-swift.build/Debug-watchos/warc-swift-t.build/warc-swift.DependencyMetadataFileList (in target 'warc-swift' from project 'warc-swift')
cd /Users/admin/builder/spi-builder-workspace
write-file /Users/admin/builder/spi-builder-workspace/.derivedData/Build/Intermediates.noindex/warc-swift.build/Debug-watchos/warc-swift-t.build/warc-swift.DependencyMetadataFileList
WriteAuxiliaryFile /Users/admin/builder/spi-builder-workspace/.derivedData/Build/Intermediates.noindex/warc-swift.build/Debug-watchos/warc-swift-t.build/warc-swift.modulemap (in target 'warc-swift' from project 'warc-swift')
cd /Users/admin/builder/spi-builder-workspace
write-file /Users/admin/builder/spi-builder-workspace/.derivedData/Build/Intermediates.noindex/warc-swift.build/Debug-watchos/warc-swift-t.build/warc-swift.modulemap
WriteAuxiliaryFile /Users/admin/builder/spi-builder-workspace/.derivedData/Build/Intermediates.noindex/warc-swift.build/Debug-watchos/warc-swift-t.build/Objects-normal/arm64_32/warc-swift_const_extract_protocols.json (in target 'warc-swift' from project 'warc-swift')
cd /Users/admin/builder/spi-builder-workspace
write-file /Users/admin/builder/spi-builder-workspace/.derivedData/Build/Intermediates.noindex/warc-swift.build/Debug-watchos/warc-swift-t.build/Objects-normal/arm64_32/warc-swift_const_extract_protocols.json
WriteAuxiliaryFile /Users/admin/builder/spi-builder-workspace/.derivedData/Build/Intermediates.noindex/warc-swift.build/Debug-watchos/warc-swift-t.build/Objects-normal/arm64_32/warc-swift.SwiftFileList (in target 'warc-swift' from project 'warc-swift')
cd /Users/admin/builder/spi-builder-workspace
write-file /Users/admin/builder/spi-builder-workspace/.derivedData/Build/Intermediates.noindex/warc-swift.build/Debug-watchos/warc-swift-t.build/Objects-normal/arm64_32/warc-swift.SwiftFileList
WriteAuxiliaryFile /Users/admin/builder/spi-builder-workspace/.derivedData/Build/Intermediates.noindex/warc-swift.build/Debug-watchos/warc-swift-t.build/Objects-normal/arm64_32/warc-swift.SwiftConstValuesFileList (in target 'warc-swift' from project 'warc-swift')
cd /Users/admin/builder/spi-builder-workspace
write-file /Users/admin/builder/spi-builder-workspace/.derivedData/Build/Intermediates.noindex/warc-swift.build/Debug-watchos/warc-swift-t.build/Objects-normal/arm64_32/warc-swift.SwiftConstValuesFileList
WriteAuxiliaryFile /Users/admin/builder/spi-builder-workspace/.derivedData/Build/Intermediates.noindex/warc-swift.build/Debug-watchos/warc-swift-t.build/Objects-normal/arm64_32/warc-swift.LinkFileList (in target 'warc-swift' from project 'warc-swift')
cd /Users/admin/builder/spi-builder-workspace
write-file /Users/admin/builder/spi-builder-workspace/.derivedData/Build/Intermediates.noindex/warc-swift.build/Debug-watchos/warc-swift-t.build/Objects-normal/arm64_32/warc-swift.LinkFileList
WriteAuxiliaryFile /Users/admin/builder/spi-builder-workspace/.derivedData/Build/Intermediates.noindex/warc-swift.build/Debug-watchos/warc-swift-t.build/Objects-normal/arm64_32/warc-swift-OutputFileMap.json (in target 'warc-swift' from project 'warc-swift')
cd /Users/admin/builder/spi-builder-workspace
write-file /Users/admin/builder/spi-builder-workspace/.derivedData/Build/Intermediates.noindex/warc-swift.build/Debug-watchos/warc-swift-t.build/Objects-normal/arm64_32/warc-swift-OutputFileMap.json
WriteAuxiliaryFile /Users/admin/builder/spi-builder-workspace/.derivedData/Build/Intermediates.noindex/warc-swift.build/Debug-watchos/warc-swift-t.build/Objects-normal/arm64/warc-swift_const_extract_protocols.json (in target 'warc-swift' from project 'warc-swift')
cd /Users/admin/builder/spi-builder-workspace
write-file /Users/admin/builder/spi-builder-workspace/.derivedData/Build/Intermediates.noindex/warc-swift.build/Debug-watchos/warc-swift-t.build/Objects-normal/arm64/warc-swift_const_extract_protocols.json
WriteAuxiliaryFile /Users/admin/builder/spi-builder-workspace/.derivedData/Build/Intermediates.noindex/warc-swift.build/Debug-watchos/warc-swift-t.build/Objects-normal/arm64/warc-swift.SwiftFileList (in target 'warc-swift' from project 'warc-swift')
cd /Users/admin/builder/spi-builder-workspace
write-file /Users/admin/builder/spi-builder-workspace/.derivedData/Build/Intermediates.noindex/warc-swift.build/Debug-watchos/warc-swift-t.build/Objects-normal/arm64/warc-swift.SwiftFileList
WriteAuxiliaryFile /Users/admin/builder/spi-builder-workspace/.derivedData/Build/Intermediates.noindex/warc-swift.build/Debug-watchos/warc-swift-t.build/Objects-normal/arm64/warc-swift.SwiftConstValuesFileList (in target 'warc-swift' from project 'warc-swift')
cd /Users/admin/builder/spi-builder-workspace
write-file /Users/admin/builder/spi-builder-workspace/.derivedData/Build/Intermediates.noindex/warc-swift.build/Debug-watchos/warc-swift-t.build/Objects-normal/arm64/warc-swift.SwiftConstValuesFileList
WriteAuxiliaryFile /Users/admin/builder/spi-builder-workspace/.derivedData/Build/Intermediates.noindex/warc-swift.build/Debug-watchos/warc-swift-t.build/Objects-normal/arm64/warc-swift.LinkFileList (in target 'warc-swift' from project 'warc-swift')
cd /Users/admin/builder/spi-builder-workspace
write-file /Users/admin/builder/spi-builder-workspace/.derivedData/Build/Intermediates.noindex/warc-swift.build/Debug-watchos/warc-swift-t.build/Objects-normal/arm64/warc-swift.LinkFileList
WriteAuxiliaryFile /Users/admin/builder/spi-builder-workspace/.derivedData/Build/Intermediates.noindex/warc-swift.build/Debug-watchos/warc-swift-t.build/Objects-normal/arm64/warc-swift-OutputFileMap.json (in target 'warc-swift' from project 'warc-swift')
cd /Users/admin/builder/spi-builder-workspace
write-file /Users/admin/builder/spi-builder-workspace/.derivedData/Build/Intermediates.noindex/warc-swift.build/Debug-watchos/warc-swift-t.build/Objects-normal/arm64/warc-swift-OutputFileMap.json
WriteAuxiliaryFile /Users/admin/builder/spi-builder-workspace/.derivedData/Build/Intermediates.noindex/warc-swift.build/Debug-watchos/WriteWARCManually-p.build/Objects-normal/arm64/WriteWARCManually_const_extract_protocols.json (in target 'WriteWARCManually-product' from project 'warc-swift')
cd /Users/admin/builder/spi-builder-workspace
write-file /Users/admin/builder/spi-builder-workspace/.derivedData/Build/Intermediates.noindex/warc-swift.build/Debug-watchos/WriteWARCManually-p.build/Objects-normal/arm64/WriteWARCManually_const_extract_protocols.json
Copy /Users/admin/builder/spi-builder-workspace/.derivedData/Build/Intermediates.noindex/GeneratedModuleMaps-watchos/warc-swift.modulemap /Users/admin/builder/spi-builder-workspace/.derivedData/Build/Intermediates.noindex/warc-swift.build/Debug-watchos/warc-swift-t.build/warc-swift.modulemap (in target 'warc-swift' from project 'warc-swift')
cd /Users/admin/builder/spi-builder-workspace
builtin-copy -exclude .DS_Store -exclude CVS -exclude .svn -exclude .git -exclude .hg -resolve-src-symlinks /Users/admin/builder/spi-builder-workspace/.derivedData/Build/Intermediates.noindex/warc-swift.build/Debug-watchos/warc-swift-t.build/warc-swift.modulemap /Users/admin/builder/spi-builder-workspace/.derivedData/Build/Intermediates.noindex/GeneratedModuleMaps-watchos
WriteAuxiliaryFile /Users/admin/builder/spi-builder-workspace/.derivedData/Build/Intermediates.noindex/warc-swift.build/Debug-watchos/warc-swift-t.build/DerivedSources/resource_bundle_accessor.swift (in target 'warc-swift' from project 'warc-swift')
cd /Users/admin/builder/spi-builder-workspace
write-file /Users/admin/builder/spi-builder-workspace/.derivedData/Build/Intermediates.noindex/warc-swift.build/Debug-watchos/warc-swift-t.build/DerivedSources/resource_bundle_accessor.swift
WriteAuxiliaryFile /Users/admin/builder/spi-builder-workspace/.derivedData/Build/Intermediates.noindex/warc-swift.build/Debug-watchos/WriteWARCManually-p.build/Objects-normal/arm64/WriteWARCManually.SwiftFileList (in target 'WriteWARCManually-product' from project 'warc-swift')
cd /Users/admin/builder/spi-builder-workspace
write-file /Users/admin/builder/spi-builder-workspace/.derivedData/Build/Intermediates.noindex/warc-swift.build/Debug-watchos/WriteWARCManually-p.build/Objects-normal/arm64/WriteWARCManually.SwiftFileList
WriteAuxiliaryFile /Users/admin/builder/spi-builder-workspace/.derivedData/Build/Intermediates.noindex/warc-swift.build/Debug-watchos/WriteWARCManually-p.build/Objects-normal/arm64/WriteWARCManually.LinkFileList (in target 'WriteWARCManually-product' from project 'warc-swift')
cd /Users/admin/builder/spi-builder-workspace
write-file /Users/admin/builder/spi-builder-workspace/.derivedData/Build/Intermediates.noindex/warc-swift.build/Debug-watchos/WriteWARCManually-p.build/Objects-normal/arm64/WriteWARCManually.LinkFileList
WriteAuxiliaryFile /Users/admin/builder/spi-builder-workspace/.derivedData/Build/Intermediates.noindex/warc-swift.build/Debug-watchos/WriteWARCManually-p.build/Objects-normal/arm64/WriteWARCManually-OutputFileMap.json (in target 'WriteWARCManually-product' from project 'warc-swift')
cd /Users/admin/builder/spi-builder-workspace
write-file /Users/admin/builder/spi-builder-workspace/.derivedData/Build/Intermediates.noindex/warc-swift.build/Debug-watchos/WriteWARCManually-p.build/Objects-normal/arm64/WriteWARCManually-OutputFileMap.json
WriteAuxiliaryFile /Users/admin/builder/spi-builder-workspace/.derivedData/Build/Intermediates.noindex/warc-swift.build/Debug-watchos/SinglePageArchive-p.build/SinglePageArchive.DependencyStaticMetadataFileList (in target 'SinglePageArchive-product' from project 'warc-swift')
cd /Users/admin/builder/spi-builder-workspace
write-file /Users/admin/builder/spi-builder-workspace/.derivedData/Build/Intermediates.noindex/warc-swift.build/Debug-watchos/SinglePageArchive-p.build/SinglePageArchive.DependencyStaticMetadataFileList
WriteAuxiliaryFile /Users/admin/builder/spi-builder-workspace/.derivedData/Build/Intermediates.noindex/warc-swift.build/Debug-watchos/SinglePageArchive-p.build/SinglePageArchive.DependencyMetadataFileList (in target 'SinglePageArchive-product' from project 'warc-swift')
cd /Users/admin/builder/spi-builder-workspace
write-file /Users/admin/builder/spi-builder-workspace/.derivedData/Build/Intermediates.noindex/warc-swift.build/Debug-watchos/SinglePageArchive-p.build/SinglePageArchive.DependencyMetadataFileList
WriteAuxiliaryFile /Users/admin/builder/spi-builder-workspace/.derivedData/Build/Intermediates.noindex/warc-swift.build/Debug-watchos/SinglePageArchive-p.build/Objects-normal/arm64_32/SinglePageArchive_const_extract_protocols.json (in target 'SinglePageArchive-product' from project 'warc-swift')
cd /Users/admin/builder/spi-builder-workspace
write-file /Users/admin/builder/spi-builder-workspace/.derivedData/Build/Intermediates.noindex/warc-swift.build/Debug-watchos/SinglePageArchive-p.build/Objects-normal/arm64_32/SinglePageArchive_const_extract_protocols.json
WriteAuxiliaryFile /Users/admin/builder/spi-builder-workspace/.derivedData/Build/Intermediates.noindex/warc-swift.build/Debug-watchos/SinglePageArchive-p.build/Objects-normal/arm64_32/SinglePageArchive.SwiftFileList (in target 'SinglePageArchive-product' from project 'warc-swift')
cd /Users/admin/builder/spi-builder-workspace
write-file /Users/admin/builder/spi-builder-workspace/.derivedData/Build/Intermediates.noindex/warc-swift.build/Debug-watchos/SinglePageArchive-p.build/Objects-normal/arm64_32/SinglePageArchive.SwiftFileList
WriteAuxiliaryFile /Users/admin/builder/spi-builder-workspace/.derivedData/Build/Intermediates.noindex/warc-swift.build/Debug-watchos/SinglePageArchive-p.build/Objects-normal/arm64_32/SinglePageArchive.LinkFileList (in target 'SinglePageArchive-product' from project 'warc-swift')
cd /Users/admin/builder/spi-builder-workspace
write-file /Users/admin/builder/spi-builder-workspace/.derivedData/Build/Intermediates.noindex/warc-swift.build/Debug-watchos/SinglePageArchive-p.build/Objects-normal/arm64_32/SinglePageArchive.LinkFileList
WriteAuxiliaryFile /Users/admin/builder/spi-builder-workspace/.derivedData/Build/Intermediates.noindex/warc-swift.build/Debug-watchos/SinglePageArchive-p.build/Objects-normal/arm64_32/SinglePageArchive-OutputFileMap.json (in target 'SinglePageArchive-product' from project 'warc-swift')
cd /Users/admin/builder/spi-builder-workspace
write-file /Users/admin/builder/spi-builder-workspace/.derivedData/Build/Intermediates.noindex/warc-swift.build/Debug-watchos/SinglePageArchive-p.build/Objects-normal/arm64_32/SinglePageArchive-OutputFileMap.json
WriteAuxiliaryFile /Users/admin/builder/spi-builder-workspace/.derivedData/Build/Intermediates.noindex/warc-swift.build/Debug-watchos/SinglePageArchive-p.build/Objects-normal/arm64/SinglePageArchive_const_extract_protocols.json (in target 'SinglePageArchive-product' from project 'warc-swift')
cd /Users/admin/builder/spi-builder-workspace
write-file /Users/admin/builder/spi-builder-workspace/.derivedData/Build/Intermediates.noindex/warc-swift.build/Debug-watchos/SinglePageArchive-p.build/Objects-normal/arm64/SinglePageArchive_const_extract_protocols.json
WriteAuxiliaryFile /Users/admin/builder/spi-builder-workspace/.derivedData/Build/Intermediates.noindex/warc-swift.build/Debug-watchos/SinglePageArchive-p.build/Objects-normal/arm64/SinglePageArchive.SwiftFileList (in target 'SinglePageArchive-product' from project 'warc-swift')
cd /Users/admin/builder/spi-builder-workspace
write-file /Users/admin/builder/spi-builder-workspace/.derivedData/Build/Intermediates.noindex/warc-swift.build/Debug-watchos/SinglePageArchive-p.build/Objects-normal/arm64/SinglePageArchive.SwiftFileList
WriteAuxiliaryFile /Users/admin/builder/spi-builder-workspace/.derivedData/Build/Intermediates.noindex/warc-swift.build/Debug-watchos/SinglePageArchive-p.build/Objects-normal/arm64/SinglePageArchive.LinkFileList (in target 'SinglePageArchive-product' from project 'warc-swift')
cd /Users/admin/builder/spi-builder-workspace
write-file /Users/admin/builder/spi-builder-workspace/.derivedData/Build/Intermediates.noindex/warc-swift.build/Debug-watchos/SinglePageArchive-p.build/Objects-normal/arm64/SinglePageArchive.LinkFileList
WriteAuxiliaryFile /Users/admin/builder/spi-builder-workspace/.derivedData/Build/Intermediates.noindex/warc-swift.build/Debug-watchos/SinglePageArchive-p.build/Objects-normal/arm64/SinglePageArchive-OutputFileMap.json (in target 'SinglePageArchive-product' from project 'warc-swift')
cd /Users/admin/builder/spi-builder-workspace
write-file /Users/admin/builder/spi-builder-workspace/.derivedData/Build/Intermediates.noindex/warc-swift.build/Debug-watchos/SinglePageArchive-p.build/Objects-normal/arm64/SinglePageArchive-OutputFileMap.json
WriteAuxiliaryFile /Users/admin/builder/spi-builder-workspace/.derivedData/Build/Intermediates.noindex/warc-swift.build/Debug-watchos/RecursiveCrawl-p.build/RecursiveCrawl.DependencyStaticMetadataFileList (in target 'RecursiveCrawl-product' from project 'warc-swift')
cd /Users/admin/builder/spi-builder-workspace
write-file /Users/admin/builder/spi-builder-workspace/.derivedData/Build/Intermediates.noindex/warc-swift.build/Debug-watchos/RecursiveCrawl-p.build/RecursiveCrawl.DependencyStaticMetadataFileList
WriteAuxiliaryFile /Users/admin/builder/spi-builder-workspace/.derivedData/Build/Intermediates.noindex/warc-swift.build/Debug-watchos/RecursiveCrawl-p.build/RecursiveCrawl.DependencyMetadataFileList (in target 'RecursiveCrawl-product' from project 'warc-swift')
cd /Users/admin/builder/spi-builder-workspace
write-file /Users/admin/builder/spi-builder-workspace/.derivedData/Build/Intermediates.noindex/warc-swift.build/Debug-watchos/RecursiveCrawl-p.build/RecursiveCrawl.DependencyMetadataFileList
WriteAuxiliaryFile /Users/admin/builder/spi-builder-workspace/.derivedData/Build/Intermediates.noindex/warc-swift.build/Debug-watchos/RecursiveCrawl-p.build/Objects-normal/arm64_32/RecursiveCrawl_const_extract_protocols.json (in target 'RecursiveCrawl-product' from project 'warc-swift')
cd /Users/admin/builder/spi-builder-workspace
write-file /Users/admin/builder/spi-builder-workspace/.derivedData/Build/Intermediates.noindex/warc-swift.build/Debug-watchos/RecursiveCrawl-p.build/Objects-normal/arm64_32/RecursiveCrawl_const_extract_protocols.json
WriteAuxiliaryFile /Users/admin/builder/spi-builder-workspace/.derivedData/Build/Intermediates.noindex/warc-swift.build/Debug-watchos/RecursiveCrawl-p.build/Objects-normal/arm64_32/RecursiveCrawl.SwiftFileList (in target 'RecursiveCrawl-product' from project 'warc-swift')
cd /Users/admin/builder/spi-builder-workspace
write-file /Users/admin/builder/spi-builder-workspace/.derivedData/Build/Intermediates.noindex/warc-swift.build/Debug-watchos/RecursiveCrawl-p.build/Objects-normal/arm64_32/RecursiveCrawl.SwiftFileList
WriteAuxiliaryFile /Users/admin/builder/spi-builder-workspace/.derivedData/Build/Intermediates.noindex/warc-swift.build/Debug-watchos/RecursiveCrawl-p.build/Objects-normal/arm64_32/RecursiveCrawl.LinkFileList (in target 'RecursiveCrawl-product' from project 'warc-swift')
cd /Users/admin/builder/spi-builder-workspace
write-file /Users/admin/builder/spi-builder-workspace/.derivedData/Build/Intermediates.noindex/warc-swift.build/Debug-watchos/RecursiveCrawl-p.build/Objects-normal/arm64_32/RecursiveCrawl.LinkFileList
WriteAuxiliaryFile /Users/admin/builder/spi-builder-workspace/.derivedData/Build/Intermediates.noindex/warc-swift.build/Debug-watchos/RecursiveCrawl-p.build/Objects-normal/arm64_32/RecursiveCrawl-OutputFileMap.json (in target 'RecursiveCrawl-product' from project 'warc-swift')
cd /Users/admin/builder/spi-builder-workspace
write-file /Users/admin/builder/spi-builder-workspace/.derivedData/Build/Intermediates.noindex/warc-swift.build/Debug-watchos/RecursiveCrawl-p.build/Objects-normal/arm64_32/RecursiveCrawl-OutputFileMap.json
WriteAuxiliaryFile /Users/admin/builder/spi-builder-workspace/.derivedData/Build/Intermediates.noindex/warc-swift.build/Debug-watchos/RecursiveCrawl-p.build/Objects-normal/arm64/RecursiveCrawl.SwiftFileList (in target 'RecursiveCrawl-product' from project 'warc-swift')
cd /Users/admin/builder/spi-builder-workspace
write-file /Users/admin/builder/spi-builder-workspace/.derivedData/Build/Intermediates.noindex/warc-swift.build/Debug-watchos/RecursiveCrawl-p.build/Objects-normal/arm64/RecursiveCrawl.SwiftFileList
WriteAuxiliaryFile /Users/admin/builder/spi-builder-workspace/.derivedData/Build/Intermediates.noindex/warc-swift.build/Debug-watchos/RecursiveCrawl-p.build/Objects-normal/arm64/RecursiveCrawl_const_extract_protocols.json (in target 'RecursiveCrawl-product' from project 'warc-swift')
cd /Users/admin/builder/spi-builder-workspace
write-file /Users/admin/builder/spi-builder-workspace/.derivedData/Build/Intermediates.noindex/warc-swift.build/Debug-watchos/RecursiveCrawl-p.build/Objects-normal/arm64/RecursiveCrawl_const_extract_protocols.json
WriteAuxiliaryFile /Users/admin/builder/spi-builder-workspace/.derivedData/Build/Intermediates.noindex/warc-swift.build/Debug-watchos/RecursiveCrawl-p.build/Objects-normal/arm64/RecursiveCrawl.LinkFileList (in target 'RecursiveCrawl-product' from project 'warc-swift')
cd /Users/admin/builder/spi-builder-workspace
write-file /Users/admin/builder/spi-builder-workspace/.derivedData/Build/Intermediates.noindex/warc-swift.build/Debug-watchos/RecursiveCrawl-p.build/Objects-normal/arm64/RecursiveCrawl.LinkFileList
WriteAuxiliaryFile /Users/admin/builder/spi-builder-workspace/.derivedData/Build/Intermediates.noindex/warc-swift.build/Debug-watchos/RecursiveCrawl-p.build/Objects-normal/arm64/RecursiveCrawl-OutputFileMap.json (in target 'RecursiveCrawl-product' from project 'warc-swift')
cd /Users/admin/builder/spi-builder-workspace
write-file /Users/admin/builder/spi-builder-workspace/.derivedData/Build/Intermediates.noindex/warc-swift.build/Debug-watchos/RecursiveCrawl-p.build/Objects-normal/arm64/RecursiveCrawl-OutputFileMap.json
WriteAuxiliaryFile /Users/admin/builder/spi-builder-workspace/.derivedData/Build/Intermediates.noindex/warc-swift.build/Debug-watchos/ReadWARC-p.build/ReadWARC.DependencyStaticMetadataFileList (in target 'ReadWARC-product' from project 'warc-swift')
cd /Users/admin/builder/spi-builder-workspace
write-file /Users/admin/builder/spi-builder-workspace/.derivedData/Build/Intermediates.noindex/warc-swift.build/Debug-watchos/ReadWARC-p.build/ReadWARC.DependencyStaticMetadataFileList
WriteAuxiliaryFile /Users/admin/builder/spi-builder-workspace/.derivedData/Build/Intermediates.noindex/warc-swift.build/Debug-watchos/ReadWARC-p.build/ReadWARC.DependencyMetadataFileList (in target 'ReadWARC-product' from project 'warc-swift')
cd /Users/admin/builder/spi-builder-workspace
write-file /Users/admin/builder/spi-builder-workspace/.derivedData/Build/Intermediates.noindex/warc-swift.build/Debug-watchos/ReadWARC-p.build/ReadWARC.DependencyMetadataFileList
WriteAuxiliaryFile /Users/admin/builder/spi-builder-workspace/.derivedData/Build/Intermediates.noindex/warc-swift.build/Debug-watchos/ReadWARC-p.build/Objects-normal/arm64_32/ReadWARC_const_extract_protocols.json (in target 'ReadWARC-product' from project 'warc-swift')
cd /Users/admin/builder/spi-builder-workspace
write-file /Users/admin/builder/spi-builder-workspace/.derivedData/Build/Intermediates.noindex/warc-swift.build/Debug-watchos/ReadWARC-p.build/Objects-normal/arm64_32/ReadWARC_const_extract_protocols.json
WriteAuxiliaryFile /Users/admin/builder/spi-builder-workspace/.derivedData/Build/Intermediates.noindex/warc-swift.build/Debug-watchos/ReadWARC-p.build/Objects-normal/arm64_32/ReadWARC.SwiftFileList (in target 'ReadWARC-product' from project 'warc-swift')
cd /Users/admin/builder/spi-builder-workspace
write-file /Users/admin/builder/spi-builder-workspace/.derivedData/Build/Intermediates.noindex/warc-swift.build/Debug-watchos/ReadWARC-p.build/Objects-normal/arm64_32/ReadWARC.SwiftFileList
WriteAuxiliaryFile /Users/admin/builder/spi-builder-workspace/.derivedData/Build/Intermediates.noindex/warc-swift.build/Debug-watchos/ReadWARC-p.build/Objects-normal/arm64_32/ReadWARC.LinkFileList (in target 'ReadWARC-product' from project 'warc-swift')
cd /Users/admin/builder/spi-builder-workspace
write-file /Users/admin/builder/spi-builder-workspace/.derivedData/Build/Intermediates.noindex/warc-swift.build/Debug-watchos/ReadWARC-p.build/Objects-normal/arm64_32/ReadWARC.LinkFileList
WriteAuxiliaryFile /Users/admin/builder/spi-builder-workspace/.derivedData/Build/Intermediates.noindex/warc-swift.build/Debug-watchos/ReadWARC-p.build/Objects-normal/arm64_32/ReadWARC-OutputFileMap.json (in target 'ReadWARC-product' from project 'warc-swift')
cd /Users/admin/builder/spi-builder-workspace
write-file /Users/admin/builder/spi-builder-workspace/.derivedData/Build/Intermediates.noindex/warc-swift.build/Debug-watchos/ReadWARC-p.build/Objects-normal/arm64_32/ReadWARC-OutputFileMap.json
WriteAuxiliaryFile /Users/admin/builder/spi-builder-workspace/.derivedData/Build/Intermediates.noindex/warc-swift.build/Debug-watchos/ReadWARC-p.build/Objects-normal/arm64/ReadWARC_const_extract_protocols.json (in target 'ReadWARC-product' from project 'warc-swift')
cd /Users/admin/builder/spi-builder-workspace
write-file /Users/admin/builder/spi-builder-workspace/.derivedData/Build/Intermediates.noindex/warc-swift.build/Debug-watchos/ReadWARC-p.build/Objects-normal/arm64/ReadWARC_const_extract_protocols.json
WriteAuxiliaryFile /Users/admin/builder/spi-builder-workspace/.derivedData/Build/Intermediates.noindex/warc-swift.build/Debug-watchos/ReadWARC-p.build/Objects-normal/arm64/ReadWARC.SwiftFileList (in target 'ReadWARC-product' from project 'warc-swift')
cd /Users/admin/builder/spi-builder-workspace
write-file /Users/admin/builder/spi-builder-workspace/.derivedData/Build/Intermediates.noindex/warc-swift.build/Debug-watchos/ReadWARC-p.build/Objects-normal/arm64/ReadWARC.SwiftFileList
WriteAuxiliaryFile /Users/admin/builder/spi-builder-workspace/.derivedData/Build/Intermediates.noindex/warc-swift.build/Debug-watchos/ReadWARC-p.build/Objects-normal/arm64/ReadWARC.LinkFileList (in target 'ReadWARC-product' from project 'warc-swift')
cd /Users/admin/builder/spi-builder-workspace
write-file /Users/admin/builder/spi-builder-workspace/.derivedData/Build/Intermediates.noindex/warc-swift.build/Debug-watchos/ReadWARC-p.build/Objects-normal/arm64/ReadWARC.LinkFileList
WriteAuxiliaryFile /Users/admin/builder/spi-builder-workspace/.derivedData/Build/Intermediates.noindex/warc-swift.build/Debug-watchos/ReadWARC-p.build/Objects-normal/arm64/ReadWARC-OutputFileMap.json (in target 'ReadWARC-product' from project 'warc-swift')
cd /Users/admin/builder/spi-builder-workspace
write-file /Users/admin/builder/spi-builder-workspace/.derivedData/Build/Intermediates.noindex/warc-swift.build/Debug-watchos/ReadWARC-p.build/Objects-normal/arm64/ReadWARC-OutputFileMap.json
WriteAuxiliaryFile /Users/admin/builder/spi-builder-workspace/.derivedData/Build/Intermediates.noindex/warc-swift.build/Debug-watchos/ErrorHandling-p.build/Objects-normal/arm64_32/ErrorHandling_const_extract_protocols.json (in target 'ErrorHandling-product' from project 'warc-swift')
cd /Users/admin/builder/spi-builder-workspace
write-file /Users/admin/builder/spi-builder-workspace/.derivedData/Build/Intermediates.noindex/warc-swift.build/Debug-watchos/ErrorHandling-p.build/Objects-normal/arm64_32/ErrorHandling_const_extract_protocols.json
WriteAuxiliaryFile /Users/admin/builder/spi-builder-workspace/.derivedData/Build/Intermediates.noindex/warc-swift.build/Debug-watchos/ErrorHandling-p.build/Objects-normal/arm64_32/ErrorHandling.SwiftFileList (in target 'ErrorHandling-product' from project 'warc-swift')
cd /Users/admin/builder/spi-builder-workspace
write-file /Users/admin/builder/spi-builder-workspace/.derivedData/Build/Intermediates.noindex/warc-swift.build/Debug-watchos/ErrorHandling-p.build/Objects-normal/arm64_32/ErrorHandling.SwiftFileList
WriteAuxiliaryFile /Users/admin/builder/spi-builder-workspace/.derivedData/Build/Intermediates.noindex/warc-swift.build/Debug-watchos/ErrorHandling-p.build/Objects-normal/arm64_32/ErrorHandling.LinkFileList (in target 'ErrorHandling-product' from project 'warc-swift')
cd /Users/admin/builder/spi-builder-workspace
write-file /Users/admin/builder/spi-builder-workspace/.derivedData/Build/Intermediates.noindex/warc-swift.build/Debug-watchos/ErrorHandling-p.build/Objects-normal/arm64_32/ErrorHandling.LinkFileList
WriteAuxiliaryFile /Users/admin/builder/spi-builder-workspace/.derivedData/Build/Intermediates.noindex/warc-swift.build/Debug-watchos/ErrorHandling-p.build/Objects-normal/arm64_32/ErrorHandling-OutputFileMap.json (in target 'ErrorHandling-product' from project 'warc-swift')
cd /Users/admin/builder/spi-builder-workspace
write-file /Users/admin/builder/spi-builder-workspace/.derivedData/Build/Intermediates.noindex/warc-swift.build/Debug-watchos/ErrorHandling-p.build/Objects-normal/arm64_32/ErrorHandling-OutputFileMap.json
WriteAuxiliaryFile /Users/admin/builder/spi-builder-workspace/.derivedData/Build/Intermediates.noindex/warc-swift.build/Debug-watchos/ErrorHandling-p.build/Objects-normal/arm64/ErrorHandling_const_extract_protocols.json (in target 'ErrorHandling-product' from project 'warc-swift')
cd /Users/admin/builder/spi-builder-workspace
write-file /Users/admin/builder/spi-builder-workspace/.derivedData/Build/Intermediates.noindex/warc-swift.build/Debug-watchos/ErrorHandling-p.build/Objects-normal/arm64/ErrorHandling_const_extract_protocols.json
WriteAuxiliaryFile /Users/admin/builder/spi-builder-workspace/.derivedData/Build/Intermediates.noindex/warc-swift.build/Debug-watchos/ErrorHandling-p.build/Objects-normal/arm64/ErrorHandling.SwiftFileList (in target 'ErrorHandling-product' from project 'warc-swift')
cd /Users/admin/builder/spi-builder-workspace
write-file /Users/admin/builder/spi-builder-workspace/.derivedData/Build/Intermediates.noindex/warc-swift.build/Debug-watchos/ErrorHandling-p.build/Objects-normal/arm64/ErrorHandling.SwiftFileList
WriteAuxiliaryFile /Users/admin/builder/spi-builder-workspace/.derivedData/Build/Intermediates.noindex/warc-swift.build/Debug-watchos/ErrorHandling-p.build/Objects-normal/arm64/ErrorHandling.LinkFileList (in target 'ErrorHandling-product' from project 'warc-swift')
cd /Users/admin/builder/spi-builder-workspace
write-file /Users/admin/builder/spi-builder-workspace/.derivedData/Build/Intermediates.noindex/warc-swift.build/Debug-watchos/ErrorHandling-p.build/Objects-normal/arm64/ErrorHandling.LinkFileList
WriteAuxiliaryFile /Users/admin/builder/spi-builder-workspace/.derivedData/Build/Intermediates.noindex/warc-swift.build/Debug-watchos/ErrorHandling-p.build/Objects-normal/arm64/ErrorHandling-OutputFileMap.json (in target 'ErrorHandling-product' from project 'warc-swift')
cd /Users/admin/builder/spi-builder-workspace
write-file /Users/admin/builder/spi-builder-workspace/.derivedData/Build/Intermediates.noindex/warc-swift.build/Debug-watchos/ErrorHandling-p.build/Objects-normal/arm64/ErrorHandling-OutputFileMap.json
WriteAuxiliaryFile /Users/admin/builder/spi-builder-workspace/.derivedData/Build/Intermediates.noindex/warc-swift.build/Debug-watchos/ErrorHandling-p.build/ErrorHandling.DependencyStaticMetadataFileList (in target 'ErrorHandling-product' from project 'warc-swift')
cd /Users/admin/builder/spi-builder-workspace
write-file /Users/admin/builder/spi-builder-workspace/.derivedData/Build/Intermediates.noindex/warc-swift.build/Debug-watchos/ErrorHandling-p.build/ErrorHandling.DependencyStaticMetadataFileList
WriteAuxiliaryFile /Users/admin/builder/spi-builder-workspace/.derivedData/Build/Intermediates.noindex/warc-swift.build/Debug-watchos/ErrorHandling-p.build/ErrorHandling.DependencyMetadataFileList (in target 'ErrorHandling-product' from project 'warc-swift')
cd /Users/admin/builder/spi-builder-workspace
write-file /Users/admin/builder/spi-builder-workspace/.derivedData/Build/Intermediates.noindex/warc-swift.build/Debug-watchos/ErrorHandling-p.build/ErrorHandling.DependencyMetadataFileList
WriteAuxiliaryFile /Users/admin/builder/spi-builder-workspace/.derivedData/Build/Intermediates.noindex/warc-swift.build/Debug-watchos/CustomBinaryAndLua-p.build/Objects-normal/arm64_32/CustomBinaryAndLua_const_extract_protocols.json (in target 'CustomBinaryAndLua-product' from project 'warc-swift')
cd /Users/admin/builder/spi-builder-workspace
write-file /Users/admin/builder/spi-builder-workspace/.derivedData/Build/Intermediates.noindex/warc-swift.build/Debug-watchos/CustomBinaryAndLua-p.build/Objects-normal/arm64_32/CustomBinaryAndLua_const_extract_protocols.json
WriteAuxiliaryFile /Users/admin/builder/spi-builder-workspace/.derivedData/Build/Intermediates.noindex/warc-swift.build/Debug-watchos/CustomBinaryAndLua-p.build/Objects-normal/arm64_32/CustomBinaryAndLua.SwiftFileList (in target 'CustomBinaryAndLua-product' from project 'warc-swift')
cd /Users/admin/builder/spi-builder-workspace
write-file /Users/admin/builder/spi-builder-workspace/.derivedData/Build/Intermediates.noindex/warc-swift.build/Debug-watchos/CustomBinaryAndLua-p.build/Objects-normal/arm64_32/CustomBinaryAndLua.SwiftFileList
WriteAuxiliaryFile /Users/admin/builder/spi-builder-workspace/.derivedData/Build/Intermediates.noindex/warc-swift.build/Debug-watchos/CustomBinaryAndLua-p.build/Objects-normal/arm64_32/CustomBinaryAndLua.LinkFileList (in target 'CustomBinaryAndLua-product' from project 'warc-swift')
cd /Users/admin/builder/spi-builder-workspace
write-file /Users/admin/builder/spi-builder-workspace/.derivedData/Build/Intermediates.noindex/warc-swift.build/Debug-watchos/CustomBinaryAndLua-p.build/Objects-normal/arm64_32/CustomBinaryAndLua.LinkFileList
WriteAuxiliaryFile /Users/admin/builder/spi-builder-workspace/.derivedData/Build/Intermediates.noindex/warc-swift.build/Debug-watchos/CustomBinaryAndLua-p.build/Objects-normal/arm64_32/CustomBinaryAndLua-OutputFileMap.json (in target 'CustomBinaryAndLua-product' from project 'warc-swift')
cd /Users/admin/builder/spi-builder-workspace
write-file /Users/admin/builder/spi-builder-workspace/.derivedData/Build/Intermediates.noindex/warc-swift.build/Debug-watchos/CustomBinaryAndLua-p.build/Objects-normal/arm64_32/CustomBinaryAndLua-OutputFileMap.json
WriteAuxiliaryFile /Users/admin/builder/spi-builder-workspace/.derivedData/Build/Intermediates.noindex/warc-swift.build/Debug-watchos/CustomBinaryAndLua-p.build/Objects-normal/arm64/CustomBinaryAndLua_const_extract_protocols.json (in target 'CustomBinaryAndLua-product' from project 'warc-swift')
cd /Users/admin/builder/spi-builder-workspace
write-file /Users/admin/builder/spi-builder-workspace/.derivedData/Build/Intermediates.noindex/warc-swift.build/Debug-watchos/CustomBinaryAndLua-p.build/Objects-normal/arm64/CustomBinaryAndLua_const_extract_protocols.json
WriteAuxiliaryFile /Users/admin/builder/spi-builder-workspace/.derivedData/Build/Intermediates.noindex/warc-swift.build/Debug-watchos/CustomBinaryAndLua-p.build/Objects-normal/arm64/CustomBinaryAndLua.SwiftFileList (in target 'CustomBinaryAndLua-product' from project 'warc-swift')
cd /Users/admin/builder/spi-builder-workspace
write-file /Users/admin/builder/spi-builder-workspace/.derivedData/Build/Intermediates.noindex/warc-swift.build/Debug-watchos/CustomBinaryAndLua-p.build/Objects-normal/arm64/CustomBinaryAndLua.SwiftFileList
WriteAuxiliaryFile /Users/admin/builder/spi-builder-workspace/.derivedData/Build/Intermediates.noindex/warc-swift.build/Debug-watchos/CustomBinaryAndLua-p.build/Objects-normal/arm64/CustomBinaryAndLua.LinkFileList (in target 'CustomBinaryAndLua-product' from project 'warc-swift')
cd /Users/admin/builder/spi-builder-workspace
write-file /Users/admin/builder/spi-builder-workspace/.derivedData/Build/Intermediates.noindex/warc-swift.build/Debug-watchos/CustomBinaryAndLua-p.build/Objects-normal/arm64/CustomBinaryAndLua.LinkFileList
WriteAuxiliaryFile /Users/admin/builder/spi-builder-workspace/.derivedData/Build/Intermediates.noindex/warc-swift.build/Debug-watchos/CustomBinaryAndLua-p.build/Objects-normal/arm64/CustomBinaryAndLua-OutputFileMap.json (in target 'CustomBinaryAndLua-product' from project 'warc-swift')
cd /Users/admin/builder/spi-builder-workspace
write-file /Users/admin/builder/spi-builder-workspace/.derivedData/Build/Intermediates.noindex/warc-swift.build/Debug-watchos/CustomBinaryAndLua-p.build/Objects-normal/arm64/CustomBinaryAndLua-OutputFileMap.json
WriteAuxiliaryFile /Users/admin/builder/spi-builder-workspace/.derivedData/Build/Intermediates.noindex/warc-swift.build/Debug-watchos/CustomBinaryAndLua-p.build/CustomBinaryAndLua.DependencyStaticMetadataFileList (in target 'CustomBinaryAndLua-product' from project 'warc-swift')
cd /Users/admin/builder/spi-builder-workspace
write-file /Users/admin/builder/spi-builder-workspace/.derivedData/Build/Intermediates.noindex/warc-swift.build/Debug-watchos/CustomBinaryAndLua-p.build/CustomBinaryAndLua.DependencyStaticMetadataFileList
WriteAuxiliaryFile /Users/admin/builder/spi-builder-workspace/.derivedData/Build/Intermediates.noindex/warc-swift.build/Debug-watchos/CustomBinaryAndLua-p.build/CustomBinaryAndLua.DependencyMetadataFileList (in target 'CustomBinaryAndLua-product' from project 'warc-swift')
cd /Users/admin/builder/spi-builder-workspace
write-file /Users/admin/builder/spi-builder-workspace/.derivedData/Build/Intermediates.noindex/warc-swift.build/Debug-watchos/CustomBinaryAndLua-p.build/CustomBinaryAndLua.DependencyMetadataFileList
WriteAuxiliaryFile /Users/admin/builder/spi-builder-workspace/.derivedData/Build/Intermediates.noindex/warc-swift.build/Debug-watchos/AuthAndHeaders-p.build/Objects-normal/arm64_32/AuthAndHeaders_const_extract_protocols.json (in target 'AuthAndHeaders-product' from project 'warc-swift')
cd /Users/admin/builder/spi-builder-workspace
write-file /Users/admin/builder/spi-builder-workspace/.derivedData/Build/Intermediates.noindex/warc-swift.build/Debug-watchos/AuthAndHeaders-p.build/Objects-normal/arm64_32/AuthAndHeaders_const_extract_protocols.json
WriteAuxiliaryFile /Users/admin/builder/spi-builder-workspace/.derivedData/Build/Intermediates.noindex/warc-swift.build/Debug-watchos/AuthAndHeaders-p.build/Objects-normal/arm64_32/AuthAndHeaders.LinkFileList (in target 'AuthAndHeaders-product' from project 'warc-swift')
cd /Users/admin/builder/spi-builder-workspace
write-file /Users/admin/builder/spi-builder-workspace/.derivedData/Build/Intermediates.noindex/warc-swift.build/Debug-watchos/AuthAndHeaders-p.build/Objects-normal/arm64_32/AuthAndHeaders.LinkFileList
WriteAuxiliaryFile /Users/admin/builder/spi-builder-workspace/.derivedData/Build/Intermediates.noindex/warc-swift.build/Debug-watchos/AuthAndHeaders-p.build/Objects-normal/arm64_32/AuthAndHeaders.SwiftFileList (in target 'AuthAndHeaders-product' from project 'warc-swift')
cd /Users/admin/builder/spi-builder-workspace
write-file /Users/admin/builder/spi-builder-workspace/.derivedData/Build/Intermediates.noindex/warc-swift.build/Debug-watchos/AuthAndHeaders-p.build/Objects-normal/arm64_32/AuthAndHeaders.SwiftFileList
WriteAuxiliaryFile /Users/admin/builder/spi-builder-workspace/.derivedData/Build/Intermediates.noindex/warc-swift.build/Debug-watchos/AuthAndHeaders-p.build/Objects-normal/arm64_32/AuthAndHeaders-OutputFileMap.json (in target 'AuthAndHeaders-product' from project 'warc-swift')
cd /Users/admin/builder/spi-builder-workspace
write-file /Users/admin/builder/spi-builder-workspace/.derivedData/Build/Intermediates.noindex/warc-swift.build/Debug-watchos/AuthAndHeaders-p.build/Objects-normal/arm64_32/AuthAndHeaders-OutputFileMap.json
WriteAuxiliaryFile /Users/admin/builder/spi-builder-workspace/.derivedData/Build/Intermediates.noindex/warc-swift.build/Debug-watchos/AuthAndHeaders-p.build/Objects-normal/arm64/AuthAndHeaders_const_extract_protocols.json (in target 'AuthAndHeaders-product' from project 'warc-swift')
cd /Users/admin/builder/spi-builder-workspace
write-file /Users/admin/builder/spi-builder-workspace/.derivedData/Build/Intermediates.noindex/warc-swift.build/Debug-watchos/AuthAndHeaders-p.build/Objects-normal/arm64/AuthAndHeaders_const_extract_protocols.json
WriteAuxiliaryFile /Users/admin/builder/spi-builder-workspace/.derivedData/Build/Intermediates.noindex/warc-swift.build/Debug-watchos/AuthAndHeaders-p.build/Objects-normal/arm64/AuthAndHeaders.SwiftFileList (in target 'AuthAndHeaders-product' from project 'warc-swift')
cd /Users/admin/builder/spi-builder-workspace
write-file /Users/admin/builder/spi-builder-workspace/.derivedData/Build/Intermediates.noindex/warc-swift.build/Debug-watchos/AuthAndHeaders-p.build/Objects-normal/arm64/AuthAndHeaders.SwiftFileList
WriteAuxiliaryFile /Users/admin/builder/spi-builder-workspace/.derivedData/Build/Intermediates.noindex/warc-swift.build/Debug-watchos/AuthAndHeaders-p.build/Objects-normal/arm64/AuthAndHeaders.LinkFileList (in target 'AuthAndHeaders-product' from project 'warc-swift')
cd /Users/admin/builder/spi-builder-workspace
write-file /Users/admin/builder/spi-builder-workspace/.derivedData/Build/Intermediates.noindex/warc-swift.build/Debug-watchos/AuthAndHeaders-p.build/Objects-normal/arm64/AuthAndHeaders.LinkFileList
WriteAuxiliaryFile /Users/admin/builder/spi-builder-workspace/.derivedData/Build/Intermediates.noindex/warc-swift.build/Debug-watchos/AuthAndHeaders-p.build/Objects-normal/arm64/AuthAndHeaders-OutputFileMap.json (in target 'AuthAndHeaders-product' from project 'warc-swift')
cd /Users/admin/builder/spi-builder-workspace
write-file /Users/admin/builder/spi-builder-workspace/.derivedData/Build/Intermediates.noindex/warc-swift.build/Debug-watchos/AuthAndHeaders-p.build/Objects-normal/arm64/AuthAndHeaders-OutputFileMap.json
WriteAuxiliaryFile /Users/admin/builder/spi-builder-workspace/.derivedData/Build/Intermediates.noindex/warc-swift.build/Debug-watchos/AuthAndHeaders-p.build/AuthAndHeaders.DependencyStaticMetadataFileList (in target 'AuthAndHeaders-product' from project 'warc-swift')
cd /Users/admin/builder/spi-builder-workspace
write-file /Users/admin/builder/spi-builder-workspace/.derivedData/Build/Intermediates.noindex/warc-swift.build/Debug-watchos/AuthAndHeaders-p.build/AuthAndHeaders.DependencyStaticMetadataFileList
WriteAuxiliaryFile /Users/admin/builder/spi-builder-workspace/.derivedData/Build/Intermediates.noindex/warc-swift.build/Debug-watchos/AuthAndHeaders-p.build/AuthAndHeaders.DependencyMetadataFileList (in target 'AuthAndHeaders-product' from project 'warc-swift')
cd /Users/admin/builder/spi-builder-workspace
write-file /Users/admin/builder/spi-builder-workspace/.derivedData/Build/Intermediates.noindex/warc-swift.build/Debug-watchos/AuthAndHeaders-p.build/AuthAndHeaders.DependencyMetadataFileList
MkDir /Users/admin/builder/spi-builder-workspace/.derivedData/Build/Products/Debug-watchos/warc-swift_warc-swift.bundle (in target 'warc-swift_warc-swift' from project 'warc-swift')
cd /Users/admin/builder/spi-builder-workspace
/bin/mkdir -p /Users/admin/builder/spi-builder-workspace/.derivedData/Build/Products/Debug-watchos/warc-swift_warc-swift.bundle
ProcessInfoPlistFile /Users/admin/builder/spi-builder-workspace/.derivedData/Build/Products/Debug-watchos/warc-swift_warc-swift.bundle/Info.plist /Users/admin/builder/spi-builder-workspace/.derivedData/Build/Intermediates.noindex/warc-swift.build/Debug-watchos/warc-swift_warc-swift-b.build/empty-warc-swift_warc-swift.plist (in target 'warc-swift_warc-swift' from project 'warc-swift')
cd /Users/admin/builder/spi-builder-workspace
builtin-infoPlistUtility /Users/admin/builder/spi-builder-workspace/.derivedData/Build/Intermediates.noindex/warc-swift.build/Debug-watchos/warc-swift_warc-swift-b.build/empty-warc-swift_warc-swift.plist -producttype com.apple.product-type.bundle -expandbuildsettings -format binary -platform watchos -o /Users/admin/builder/spi-builder-workspace/.derivedData/Build/Products/Debug-watchos/warc-swift_warc-swift.bundle/Info.plist
CpResource /Users/admin/builder/spi-builder-workspace/.derivedData/Build/Products/Debug-watchos/warc-swift_warc-swift.bundle/Binaries /Users/admin/builder/spi-builder-workspace/Sources/warc-swift/Resources/Binaries (in target 'warc-swift_warc-swift' from project 'warc-swift')
cd /Users/admin/builder/spi-builder-workspace
builtin-copy -exclude .DS_Store -exclude CVS -exclude .svn -exclude .git -exclude .hg -resolve-src-symlinks /Users/admin/builder/spi-builder-workspace/Sources/warc-swift/Resources/Binaries /Users/admin/builder/spi-builder-workspace/.derivedData/Build/Products/Debug-watchos/warc-swift_warc-swift.bundle
RegisterExecutionPolicyException /Users/admin/builder/spi-builder-workspace/.derivedData/Build/Products/Debug-watchos/warc-swift_warc-swift.bundle (in target 'warc-swift_warc-swift' from project 'warc-swift')
cd /Users/admin/builder/spi-builder-workspace
builtin-RegisterExecutionPolicyException /Users/admin/builder/spi-builder-workspace/.derivedData/Build/Products/Debug-watchos/warc-swift_warc-swift.bundle
Touch /Users/admin/builder/spi-builder-workspace/.derivedData/Build/Products/Debug-watchos/warc-swift_warc-swift.bundle (in target 'warc-swift_warc-swift' from project 'warc-swift')
cd /Users/admin/builder/spi-builder-workspace
/usr/bin/touch -c /Users/admin/builder/spi-builder-workspace/.derivedData/Build/Products/Debug-watchos/warc-swift_warc-swift.bundle
SwiftDriver warc-swift normal arm64_32 com.apple.xcode.tools.swift.compiler (in target 'warc-swift' from project 'warc-swift')
cd /Users/admin/builder/spi-builder-workspace/.swiftpm/xcode
builtin-SwiftDriver -- /Applications/Xcode-27.0.0-Release.Candidate.app/Contents/Developer/Toolchains/XcodeDefault.xctoolchain/usr/bin/swiftc -parse-as-library -module-name warc_swift -Onone @/Users/admin/builder/spi-builder-workspace/.derivedData/Build/Intermediates.noindex/warc-swift.build/Debug-watchos/warc-swift-t.build/Objects-normal/arm64_32/warc-swift.SwiftFileList -DSWIFT_PACKAGE -DDEBUG -DSWIFT_MODULE_RESOURCE_BUNDLE_AVAILABLE -Xcc -fmodule-map-file\=/Users/admin/builder/spi-builder-workspace/Sources/CZlib/module.modulemap -DXcode -plugin-path /Applications/Xcode-27.0.0-Release.Candidate.app/Contents/Developer/Toolchains/XcodeDefault.xctoolchain/usr/lib/swift/host/plugins/testing -enable-experimental-feature DebugDescriptionMacro -sdk /Applications/Xcode-27.0.0-Release.Candidate.app/Contents/Developer/Platforms/WatchOS.platform/Developer/SDKs/WatchOS27.0.sdk -target arm64_32-apple-watchos9.0 -g -module-cache-path /Users/admin/builder/spi-builder-workspace/.derivedData/ModuleCache.noindex -Xfrontend -serialize-debugging-options -profile-coverage-mapping -profile-generate -enable-testing -index-store-path /Users/admin/builder/spi-builder-workspace/.derivedData/Index.noindex/DataStore -Xcc -D_LIBCPP_HARDENING_MODE\=_LIBCPP_HARDENING_MODE_DEBUG -swift-version 6 -I /Users/admin/builder/spi-builder-workspace/.derivedData/Build/Products/Debug-watchos -Isystem /Applications/Xcode-27.0.0-Release.Candidate.app/Contents/Developer/Platforms/WatchOS.platform/Developer/usr/lib -F /Users/admin/builder/spi-builder-workspace/.derivedData/Build/Products/Debug-watchos -F /Applications/Xcode-27.0.0-Release.Candidate.app/Contents/Developer/Platforms/WatchOS.platform/Developer/Library/Frameworks -F /Applications/Xcode-27.0.0-Release.Candidate.app/Contents/Developer/Platforms/WatchOS.platform/Developer/SDKs/WatchOS27.0.sdk/Developer/Library/Frameworks -c -j10 -enable-batch-mode -incremental -Xcc -ivfsstatcache -Xcc /Users/admin/builder/spi-builder-workspace/.derivedData/SDKStatCaches.noindex/watchos27.0-24R360-e829b21a6f8c9b70876ba0858053c04477534ef55a1706bf4c1112bbb242f0a2.sdkstatcache -output-file-map /Users/admin/builder/spi-builder-workspace/.derivedData/Build/Intermediates.noindex/warc-swift.build/Debug-watchos/warc-swift-t.build/Objects-normal/arm64_32/warc-swift-OutputFileMap.json -save-temps -no-color-diagnostics -explicit-module-build -module-cache-path /Users/admin/builder/spi-builder-workspace/.derivedData/Build/Intermediates.noindex/SwiftExplicitPrecompiledModules -clang-scanner-module-cache-path /Users/admin/builder/spi-builder-workspace/.derivedData/ModuleCache.noindex -sdk-module-cache-path /Users/admin/builder/spi-builder-workspace/.derivedData/SDKExplicitPrecompiledModules -emit-dependencies -emit-module -emit-module-path /Users/admin/builder/spi-builder-workspace/.derivedData/Build/Intermediates.noindex/warc-swift.build/Debug-watchos/warc-swift-t.build/Objects-normal/arm64_32/warc_swift.swiftmodule -serialize-diagnostics -dependency-scan-serialize-diagnostics-path /Users/admin/builder/spi-builder-workspace/.derivedData/Build/Intermediates.noindex/warc-swift.build/Debug-watchos/warc-swift-t.build/Objects-normal/arm64_32/warc_swift-dependency-scan.dia -validate-clang-modules-once -clang-build-session-file /Users/admin/builder/spi-builder-workspace/.derivedData/ModuleCache.noindex/Session.modulevalidation -Xcc -fmodules-prune-interval\=86400 -Xcc -fmodules-prune-after\=345600 -package-name spi_builder_workspace -emit-const-values -const-gather-protocols-list /Users/admin/builder/spi-builder-workspace/.derivedData/Build/Intermediates.noindex/warc-swift.build/Debug-watchos/warc-swift-t.build/Objects-normal/arm64_32/warc-swift_const_extract_protocols.json -Xcc -I/Users/admin/builder/spi-builder-workspace/.derivedData/Build/Products/Debug-watchos/include -Xcc -I/Users/admin/builder/spi-builder-workspace/.derivedData/Build/Intermediates.noindex/warc-swift.build/Debug-watchos/warc-swift-t.build/DerivedSources-normal/arm64_32 -Xcc -I/Users/admin/builder/spi-builder-workspace/.derivedData/Build/Intermediates.noindex/warc-swift.build/Debug-watchos/warc-swift-t.build/DerivedSources/arm64_32 -Xcc -I/Users/admin/builder/spi-builder-workspace/.derivedData/Build/Intermediates.noindex/warc-swift.build/Debug-watchos/warc-swift-t.build/DerivedSources -Xcc -DSWIFT_PACKAGE -Xcc -DDEBUG\=1 -emit-objc-header -emit-objc-header-path /Users/admin/builder/spi-builder-workspace/.derivedData/Build/Intermediates.noindex/warc-swift.build/Debug-watchos/warc-swift-t.build/Objects-normal/arm64_32/warc-swift-Swift.h -working-directory /Users/admin/builder/spi-builder-workspace/.swiftpm/xcode -experimental-emit-module-separately -disable-cmo
SwiftDriver warc-swift normal arm64 com.apple.xcode.tools.swift.compiler (in target 'warc-swift' from project 'warc-swift')
cd /Users/admin/builder/spi-builder-workspace/.swiftpm/xcode
builtin-SwiftDriver -- /Applications/Xcode-27.0.0-Release.Candidate.app/Contents/Developer/Toolchains/XcodeDefault.xctoolchain/usr/bin/swiftc -parse-as-library -module-name warc_swift -Onone @/Users/admin/builder/spi-builder-workspace/.derivedData/Build/Intermediates.noindex/warc-swift.build/Debug-watchos/warc-swift-t.build/Objects-normal/arm64/warc-swift.SwiftFileList -DSWIFT_PACKAGE -DDEBUG -DSWIFT_MODULE_RESOURCE_BUNDLE_AVAILABLE -Xcc -fmodule-map-file\=/Users/admin/builder/spi-builder-workspace/Sources/CZlib/module.modulemap -DXcode -plugin-path /Applications/Xcode-27.0.0-Release.Candidate.app/Contents/Developer/Toolchains/XcodeDefault.xctoolchain/usr/lib/swift/host/plugins/testing -enable-experimental-feature DebugDescriptionMacro -sdk /Applications/Xcode-27.0.0-Release.Candidate.app/Contents/Developer/Platforms/WatchOS.platform/Developer/SDKs/WatchOS27.0.sdk -target arm64-apple-watchos9.0 -g -module-cache-path /Users/admin/builder/spi-builder-workspace/.derivedData/ModuleCache.noindex -Xfrontend -serialize-debugging-options -profile-coverage-mapping -profile-generate -enable-testing -index-store-path /Users/admin/builder/spi-builder-workspace/.derivedData/Index.noindex/DataStore -Xcc -D_LIBCPP_HARDENING_MODE\=_LIBCPP_HARDENING_MODE_DEBUG -swift-version 6 -I /Users/admin/builder/spi-builder-workspace/.derivedData/Build/Products/Debug-watchos -Isystem /Applications/Xcode-27.0.0-Release.Candidate.app/Contents/Developer/Platforms/WatchOS.platform/Developer/usr/lib -F /Users/admin/builder/spi-builder-workspace/.derivedData/Build/Products/Debug-watchos -F /Applications/Xcode-27.0.0-Release.Candidate.app/Contents/Developer/Platforms/WatchOS.platform/Developer/Library/Frameworks -F /Applications/Xcode-27.0.0-Release.Candidate.app/Contents/Developer/Platforms/WatchOS.platform/Developer/SDKs/WatchOS27.0.sdk/Developer/Library/Frameworks -c -j10 -enable-batch-mode -incremental -Xcc -ivfsstatcache -Xcc /Users/admin/builder/spi-builder-workspace/.derivedData/SDKStatCaches.noindex/watchos27.0-24R360-e829b21a6f8c9b70876ba0858053c04477534ef55a1706bf4c1112bbb242f0a2.sdkstatcache -output-file-map /Users/admin/builder/spi-builder-workspace/.derivedData/Build/Intermediates.noindex/warc-swift.build/Debug-watchos/warc-swift-t.build/Objects-normal/arm64/warc-swift-OutputFileMap.json -save-temps -no-color-diagnostics -explicit-module-build -module-cache-path /Users/admin/builder/spi-builder-workspace/.derivedData/Build/Intermediates.noindex/SwiftExplicitPrecompiledModules -clang-scanner-module-cache-path /Users/admin/builder/spi-builder-workspace/.derivedData/ModuleCache.noindex -sdk-module-cache-path /Users/admin/builder/spi-builder-workspace/.derivedData/SDKExplicitPrecompiledModules -emit-dependencies -emit-module -emit-module-path /Users/admin/builder/spi-builder-workspace/.derivedData/Build/Intermediates.noindex/warc-swift.build/Debug-watchos/warc-swift-t.build/Objects-normal/arm64/warc_swift.swiftmodule -serialize-diagnostics -dependency-scan-serialize-diagnostics-path /Users/admin/builder/spi-builder-workspace/.derivedData/Build/Intermediates.noindex/warc-swift.build/Debug-watchos/warc-swift-t.build/Objects-normal/arm64/warc_swift-dependency-scan.dia -validate-clang-modules-once -clang-build-session-file /Users/admin/builder/spi-builder-workspace/.derivedData/ModuleCache.noindex/Session.modulevalidation -Xcc -fmodules-prune-interval\=86400 -Xcc -fmodules-prune-after\=345600 -package-name spi_builder_workspace -emit-const-values -const-gather-protocols-list /Users/admin/builder/spi-builder-workspace/.derivedData/Build/Intermediates.noindex/warc-swift.build/Debug-watchos/warc-swift-t.build/Objects-normal/arm64/warc-swift_const_extract_protocols.json -Xcc -I/Users/admin/builder/spi-builder-workspace/.derivedData/Build/Products/Debug-watchos/include -Xcc -I/Users/admin/builder/spi-builder-workspace/.derivedData/Build/Intermediates.noindex/warc-swift.build/Debug-watchos/warc-swift-t.build/DerivedSources-normal/arm64 -Xcc -I/Users/admin/builder/spi-builder-workspace/.derivedData/Build/Intermediates.noindex/warc-swift.build/Debug-watchos/warc-swift-t.build/DerivedSources/arm64 -Xcc -I/Users/admin/builder/spi-builder-workspace/.derivedData/Build/Intermediates.noindex/warc-swift.build/Debug-watchos/warc-swift-t.build/DerivedSources -Xcc -DSWIFT_PACKAGE -Xcc -DDEBUG\=1 -emit-objc-header -emit-objc-header-path /Users/admin/builder/spi-builder-workspace/.derivedData/Build/Intermediates.noindex/warc-swift.build/Debug-watchos/warc-swift-t.build/Objects-normal/arm64/warc-swift-Swift.h -working-directory /Users/admin/builder/spi-builder-workspace/.swiftpm/xcode -experimental-emit-module-separately -disable-cmo
SwiftExplicitDependencyGeneratePcm arm64_32 /Users/admin/builder/spi-builder-workspace/.derivedData/SDKExplicitPrecompiledModules/_Builtin_stdarg-EYJP6DFYQL9GJLH1TJ84A8MHV.pcm
SwiftExplicitDependencyGeneratePcm arm64_32 /Users/admin/builder/spi-builder-workspace/.derivedData/SDKExplicitPrecompiledModules/_SwiftConcurrencyShims-58G4ISYSYDV3AT1DDGEE0QCUF.pcm
SwiftExplicitDependencyGeneratePcm arm64_32 /Users/admin/builder/spi-builder-workspace/.derivedData/SDKExplicitPrecompiledModules/_Builtin_stdbool-84ZA1VDW90AGWZ2LF5KOCM8DZ.pcm
SwiftExplicitDependencyGeneratePcm arm64_32 /Users/admin/builder/spi-builder-workspace/.derivedData/SDKExplicitPrecompiledModules/_AvailabilityInternal-22ZP1ILSQW16KHXZS5GBZHOCS.pcm
SwiftExplicitDependencyGeneratePcm arm64_32 /Users/admin/builder/spi-builder-workspace/.derivedData/SDKExplicitPrecompiledModules/ptrcheck-EAZ3I917ZFA9H6ZCL6PGLG4TR.pcm
SwiftExplicitDependencyGeneratePcm arm64_32 /Users/admin/builder/spi-builder-workspace/.derivedData/SDKExplicitPrecompiledModules/_Builtin_float-372PLGDQ1U3B6Z5EA5DJMDORJ.pcm
SwiftExplicitDependencyGeneratePcm arm64_32 /Users/admin/builder/spi-builder-workspace/.derivedData/SDKExplicitPrecompiledModules/SwiftShims-D9VBB138U50XYYGW2C2V21N3L.pcm
SwiftExplicitDependencyGeneratePcm arm64_32 /Users/admin/builder/spi-builder-workspace/.derivedData/SDKExplicitPrecompiledModules/ptrauth-EW7YZZ7LEZE1QZF2T8148IPSA.pcm
SwiftExplicitDependencyGeneratePcm arm64_32 /Users/admin/builder/spi-builder-workspace/.derivedData/SDKExplicitPrecompiledModules/_Builtin_stddef-2F9BFIPBQ5EWNSK5G7G7V4EKL.pcm
SwiftExplicitDependencyGeneratePcm arm64 /Users/admin/builder/spi-builder-workspace/.derivedData/SDKExplicitPrecompiledModules/_AvailabilityInternal-42EVAC8Q6P1ZT6G3A168N97G4.pcm
SwiftExplicitDependencyGeneratePcm arm64 /Users/admin/builder/spi-builder-workspace/.derivedData/SDKExplicitPrecompiledModules/SwiftShims-AJ4AZYHQNC33R5RLN7AGEIOMP.pcm
SwiftExplicitDependencyGeneratePcm arm64 /Users/admin/builder/spi-builder-workspace/.derivedData/SDKExplicitPrecompiledModules/_Builtin_stddef-5OH846KKUPSJJT7GCX9XU1TKG.pcm
SwiftExplicitDependencyGeneratePcm arm64 /Users/admin/builder/spi-builder-workspace/.derivedData/SDKExplicitPrecompiledModules/_SwiftConcurrencyShims-CTPSFSTDCBVSSQFHL6I305U72.pcm
SwiftExplicitDependencyGeneratePcm arm64 /Users/admin/builder/spi-builder-workspace/.derivedData/SDKExplicitPrecompiledModules/_Builtin_stdarg-3X4KLXUYEI0UGBILP4X7D0CYW.pcm
SwiftExplicitDependencyGeneratePcm arm64 /Users/admin/builder/spi-builder-workspace/.derivedData/SDKExplicitPrecompiledModules/_Builtin_stdbool-B692L2PMR118794VVYBG37897.pcm
SwiftExplicitDependencyGeneratePcm arm64 /Users/admin/builder/spi-builder-workspace/.derivedData/SDKExplicitPrecompiledModules/ptrcheck-8K07997SIHO7YGY7UQ3LOQ3TJ.pcm
SwiftExplicitDependencyGeneratePcm arm64 /Users/admin/builder/spi-builder-workspace/.derivedData/SDKExplicitPrecompiledModules/_Builtin_float-E4M4A8689VXF1T7P7BV56IKBT.pcm
SwiftExplicitDependencyGeneratePcm arm64_32 /Users/admin/builder/spi-builder-workspace/.derivedData/SDKExplicitPrecompiledModules/_DarwinFoundation1-5SNIO0SFHX9KJZTLQGIPAPXUZ.pcm
SwiftExplicitDependencyGeneratePcm arm64 /Users/admin/builder/spi-builder-workspace/.derivedData/SDKExplicitPrecompiledModules/ptrauth-C7VQASAJ967Q4Q6SRD4I3CFWZ.pcm
SwiftExplicitDependencyGeneratePcm arm64 /Users/admin/builder/spi-builder-workspace/.derivedData/SDKExplicitPrecompiledModules/_DarwinFoundation1-7YQ9TVI7XTOGQU9OADRXP33D1.pcm
SwiftExplicitDependencyGeneratePcm arm64_32 /Users/admin/builder/spi-builder-workspace/.derivedData/SDKExplicitPrecompiledModules/_DarwinFoundation2-FP2Q8F1Q2HR151SBYKTU6Q8B.pcm
SwiftExplicitDependencyGeneratePcm arm64_32 /Users/admin/builder/spi-builder-workspace/.derivedData/SDKExplicitPrecompiledModules/_Builtin_limits-AQMEC9CLG0FZQN6TLGDQ6WF78.pcm
SwiftExplicitDependencyGeneratePcm arm64 /Users/admin/builder/spi-builder-workspace/.derivedData/SDKExplicitPrecompiledModules/_Builtin_limits-75TRA1C7IHYOFCG3KJXQVTHJ4.pcm
SwiftExplicitDependencyGeneratePcm arm64 /Users/admin/builder/spi-builder-workspace/.derivedData/SDKExplicitPrecompiledModules/_DarwinFoundation2-CUPL4FH2SA95GMALQP4M6O8UA.pcm
SwiftExplicitDependencyGeneratePcm arm64_32 /Users/admin/builder/spi-builder-workspace/.derivedData/SDKExplicitPrecompiledModules/string_h-8QY7P4ZQXQAF14WVDITTM4R70.pcm
SwiftExplicitDependencyGeneratePcm arm64_32 /Users/admin/builder/spi-builder-workspace/.derivedData/SDKExplicitPrecompiledModules/_Builtin_stdint-6IWJLTRH2WB6RCG4THPA65RDS.pcm
SwiftExplicitDependencyGeneratePcm arm64_32 /Users/admin/builder/spi-builder-workspace/.derivedData/SDKExplicitPrecompiledModules/sys_types-65NN51P1G7GN2GUAUPC53JJ7N.pcm
SwiftExplicitDependencyGeneratePcm arm64 /Users/admin/builder/spi-builder-workspace/.derivedData/SDKExplicitPrecompiledModules/string_h-4N9Z22C0HUO8GV7GFPCLZRZA2.pcm
SwiftExplicitDependencyGeneratePcm arm64 /Users/admin/builder/spi-builder-workspace/.derivedData/SDKExplicitPrecompiledModules/_Builtin_stdint-6TUACK4YPMARFT56PLIO388SJ.pcm
SwiftExplicitDependencyGeneratePcm arm64 /Users/admin/builder/spi-builder-workspace/.derivedData/SDKExplicitPrecompiledModules/sys_types-9KPVYINL86WUSHF45TU8PWZZ1.pcm
SwiftExplicitDependencyGeneratePcm arm64_32 /Users/admin/builder/spi-builder-workspace/.derivedData/SDKExplicitPrecompiledModules/_DarwinFoundation3-3YOBOPIW2MF1LRNQH7JBUBY4G.pcm
SwiftExplicitDependencyGeneratePcm arm64 /Users/admin/builder/spi-builder-workspace/.derivedData/SDKExplicitPrecompiledModules/_DarwinFoundation3-EJXZKD8LN9EYM9OWP9VLJ49PK.pcm
SwiftExplicitDependencyGeneratePcm arm64_32 /Users/admin/builder/spi-builder-workspace/.derivedData/SDKExplicitPrecompiledModules/_Builtin_inttypes-BPZJ68HW1IMYWSHROAZ0IMUJP.pcm
SwiftExplicitDependencyGeneratePcm arm64_32 /Users/admin/builder/spi-builder-workspace/.derivedData/SDKExplicitPrecompiledModules/zlib-8C2QY8GL3Z3KBBLDYVAVHJRIC.pcm
SwiftExplicitDependencyGeneratePcm arm64 /Users/admin/builder/spi-builder-workspace/.derivedData/SDKExplicitPrecompiledModules/_Builtin_inttypes-86YTNV5YADPJXFMJ82N3R4GWQ.pcm
SwiftExplicitDependencyGeneratePcm arm64 /Users/admin/builder/spi-builder-workspace/.derivedData/SDKExplicitPrecompiledModules/zlib-5LU3AH9CUU6WM5UOHPENPVMTJ.pcm
SwiftExplicitDependencyGeneratePcm arm64_32 /Users/admin/builder/spi-builder-workspace/.derivedData/SDKExplicitPrecompiledModules/Darwin-10D35ZJWCWG7LJAF579U7I5V7.pcm
SwiftExplicitDependencyGeneratePcm arm64_32 /Users/admin/builder/spi-builder-workspace/.derivedData/Build/Intermediates.noindex/SwiftExplicitPrecompiledModules/CZlib-BMQLHGO1BFG373KWVE5HTB0WA.pcm
SwiftExplicitDependencyGeneratePcm arm64 /Users/admin/builder/spi-builder-workspace/.derivedData/SDKExplicitPrecompiledModules/Darwin-CSB8C43KELVSFIQVR0803IZPN.pcm
SwiftExplicitDependencyGeneratePcm arm64 /Users/admin/builder/spi-builder-workspace/.derivedData/Build/Intermediates.noindex/SwiftExplicitPrecompiledModules/CZlib-E658QRWHR5AY56ZKXA70X9DS0.pcm
SwiftExplicitDependencyGeneratePcm arm64_32 /Users/admin/builder/spi-builder-workspace/.derivedData/SDKExplicitPrecompiledModules/ObjectiveC-71AGZNHLBMR2QK817EJNUN54E.pcm
SwiftExplicitDependencyGeneratePcm arm64 /Users/admin/builder/spi-builder-workspace/.derivedData/SDKExplicitPrecompiledModules/ObjectiveC-22CZPC4WYQC9G8T393WT2KKLW.pcm
SwiftExplicitDependencyGeneratePcm arm64_32 /Users/admin/builder/spi-builder-workspace/.derivedData/SDKExplicitPrecompiledModules/os_object-CTXVQBCWDOH6JHUXIFDUOWFRL.pcm
SwiftExplicitDependencyGeneratePcm arm64 /Users/admin/builder/spi-builder-workspace/.derivedData/SDKExplicitPrecompiledModules/os_object-6KYGGZ4DPVZ3BBAZ6QICZN8LI.pcm
SwiftExplicitDependencyGeneratePcm arm64_32 /Users/admin/builder/spi-builder-workspace/.derivedData/SDKExplicitPrecompiledModules/os_workgroup-9L9R05BT5LTFRZ2NM68BZTVV2.pcm
SwiftExplicitDependencyGeneratePcm arm64 /Users/admin/builder/spi-builder-workspace/.derivedData/SDKExplicitPrecompiledModules/os_workgroup-AHE7ULDQBKER38CYPIKDTZF4M.pcm
SwiftExplicitDependencyGeneratePcm arm64_32 /Users/admin/builder/spi-builder-workspace/.derivedData/SDKExplicitPrecompiledModules/Dispatch-CGIMI9KQKHNRQHR2IECIPRG14.pcm
SwiftExplicitDependencyGeneratePcm arm64 /Users/admin/builder/spi-builder-workspace/.derivedData/SDKExplicitPrecompiledModules/Dispatch-39VR0G01IUJ09PQKMFGOHXZ4L.pcm
SwiftExplicitDependencyGeneratePcm arm64_32 /Users/admin/builder/spi-builder-workspace/.derivedData/SDKExplicitPrecompiledModules/CoreFoundation-76B9WJP9MDYT33HZQVSNNZQZD.pcm
SwiftExplicitDependencyGeneratePcm arm64_32 /Users/admin/builder/spi-builder-workspace/.derivedData/SDKExplicitPrecompiledModules/XPC-7SLKI45KYLKXH9QET2WYS3UZ4.pcm
SwiftExplicitDependencyGeneratePcm arm64 /Users/admin/builder/spi-builder-workspace/.derivedData/SDKExplicitPrecompiledModules/CoreFoundation-59XKO8YNRGGYNC5U5LK8B4EM.pcm
SwiftExplicitDependencyGeneratePcm arm64 /Users/admin/builder/spi-builder-workspace/.derivedData/SDKExplicitPrecompiledModules/XPC-650JAZBTM6I0OMHYO6CKM0CWJ.pcm
SwiftExplicitDependencyGeneratePcm arm64_32 /Users/admin/builder/spi-builder-workspace/.derivedData/SDKExplicitPrecompiledModules/Security-1W411BS4UH2UNMNII2341429S.pcm
SwiftExplicitDependencyGeneratePcm arm64 /Users/admin/builder/spi-builder-workspace/.derivedData/SDKExplicitPrecompiledModules/Security-69WNGEAVQP55EDBQHP3BLE8QU.pcm
SwiftExplicitDependencyGeneratePcm arm64_32 /Users/admin/builder/spi-builder-workspace/.derivedData/SDKExplicitPrecompiledModules/Foundation-AIQ30TCDC2B0LBUU6FPQZ0HWI.pcm
SwiftExplicitDependencyGeneratePcm arm64 /Users/admin/builder/spi-builder-workspace/.derivedData/SDKExplicitPrecompiledModules/Foundation-B3IXODHI7VO4VRX2RWRXLVJZT.pcm
SwiftExplicitDependencyGeneratePcm arm64_32 /Users/admin/builder/spi-builder-workspace/.derivedData/SDKExplicitPrecompiledModules/LocalAuthentication-1XZC5548OHHHWETB1RPNV8QDG.pcm
SwiftExplicitDependencyGeneratePcm arm64 /Users/admin/builder/spi-builder-workspace/.derivedData/SDKExplicitPrecompiledModules/LocalAuthentication-B2TFMTPZVFFVZ7Y4SFJ4HJEBL.pcm
SwiftCompile normal arm64_32 Compiling\ WARCArchiverError.swift /Users/admin/builder/spi-builder-workspace/Sources/warc-swift/WARCArchiverError.swift (in target 'warc-swift' from project 'warc-swift')
SwiftCompile normal arm64_32 /Users/admin/builder/spi-builder-workspace/Sources/warc-swift/WARCArchiverError.swift (in target 'warc-swift' from project 'warc-swift')
cd /Users/admin/builder/spi-builder-workspace/.swiftpm/xcode
builtin-SwiftPerFileCompile WARCArchiverError.swift
SwiftCompile normal arm64_32 Compiling\ WARCRecordType.swift,\ WARCTruncatedReason.swift /Users/admin/builder/spi-builder-workspace/Sources/warc-swift/Model/WARCRecordType.swift /Users/admin/builder/spi-builder-workspace/Sources/warc-swift/Model/WARCTruncatedReason.swift (in target 'warc-swift' from project 'warc-swift')
SwiftCompile normal arm64_32 /Users/admin/builder/spi-builder-workspace/Sources/warc-swift/Model/WARCRecordType.swift (in target 'warc-swift' from project 'warc-swift')
cd /Users/admin/builder/spi-builder-workspace/.swiftpm/xcode
builtin-SwiftPerFileCompile WARCRecordType.swift
SwiftCompile normal arm64_32 /Users/admin/builder/spi-builder-workspace/Sources/warc-swift/Model/WARCTruncatedReason.swift (in target 'warc-swift' from project 'warc-swift')
cd /Users/admin/builder/spi-builder-workspace/.swiftpm/xcode
builtin-SwiftPerFileCompile WARCTruncatedReason.swift
SwiftCompile normal arm64_32 Compiling\ WARCArchiver.swift /Users/admin/builder/spi-builder-workspace/Sources/warc-swift/WARCArchiver.swift (in target 'warc-swift' from project 'warc-swift')
SwiftCompile normal arm64_32 /Users/admin/builder/spi-builder-workspace/Sources/warc-swift/WARCArchiver.swift (in target 'warc-swift' from project 'warc-swift')
cd /Users/admin/builder/spi-builder-workspace/.swiftpm/xcode
builtin-SwiftPerFileCompile WARCArchiver.swift
SwiftCompile normal arm64_32 Compiling\ WARCDate.swift,\ WARCRecord.swift /Users/admin/builder/spi-builder-workspace/Sources/warc-swift/Model/WARCDate.swift /Users/admin/builder/spi-builder-workspace/Sources/warc-swift/Model/WARCRecord.swift (in target 'warc-swift' from project 'warc-swift')
SwiftCompile normal arm64_32 /Users/admin/builder/spi-builder-workspace/Sources/warc-swift/Model/WARCDate.swift (in target 'warc-swift' from project 'warc-swift')
cd /Users/admin/builder/spi-builder-workspace/.swiftpm/xcode
builtin-SwiftPerFileCompile WARCDate.swift
SwiftCompile normal arm64_32 /Users/admin/builder/spi-builder-workspace/Sources/warc-swift/Model/WARCRecord.swift (in target 'warc-swift' from project 'warc-swift')
cd /Users/admin/builder/spi-builder-workspace/.swiftpm/xcode
builtin-SwiftPerFileCompile WARCRecord.swift
SwiftCompile normal arm64_32 Compiling\ WARCWriter.swift,\ Digest.swift /Users/admin/builder/spi-builder-workspace/Sources/warc-swift/IO/WARCWriter.swift /Users/admin/builder/spi-builder-workspace/Sources/warc-swift/Model/Digest.swift (in target 'warc-swift' from project 'warc-swift')
SwiftCompile normal arm64_32 /Users/admin/builder/spi-builder-workspace/Sources/warc-swift/IO/WARCWriter.swift (in target 'warc-swift' from project 'warc-swift')
cd /Users/admin/builder/spi-builder-workspace/.swiftpm/xcode
builtin-SwiftPerFileCompile WARCWriter.swift
SwiftCompile normal arm64_32 /Users/admin/builder/spi-builder-workspace/Sources/warc-swift/Model/Digest.swift (in target 'warc-swift' from project 'warc-swift')
cd /Users/admin/builder/spi-builder-workspace/.swiftpm/xcode
builtin-SwiftPerFileCompile Digest.swift
SwiftCompile normal arm64_32 Compiling\ Gzip.swift,\ WARCReader.swift /Users/admin/builder/spi-builder-workspace/Sources/warc-swift/IO/Gzip.swift /Users/admin/builder/spi-builder-workspace/Sources/warc-swift/IO/WARCReader.swift (in target 'warc-swift' from project 'warc-swift')
SwiftCompile normal arm64_32 /Users/admin/builder/spi-builder-workspace/Sources/warc-swift/IO/Gzip.swift (in target 'warc-swift' from project 'warc-swift')
cd /Users/admin/builder/spi-builder-workspace/.swiftpm/xcode
builtin-SwiftPerFileCompile Gzip.swift
SwiftCompile normal arm64_32 /Users/admin/builder/spi-builder-workspace/Sources/warc-swift/IO/WARCReader.swift (in target 'warc-swift' from project 'warc-swift')
cd /Users/admin/builder/spi-builder-workspace/.swiftpm/xcode
builtin-SwiftPerFileCompile WARCReader.swift
SwiftCompile normal arm64_32 Compiling\ WgetAtRunner.swift /Users/admin/builder/spi-builder-workspace/Sources/warc-swift/WgetAt/WgetAtRunner.swift (in target 'warc-swift' from project 'warc-swift')
/Users/admin/builder/spi-builder-workspace/Sources/warc-swift/WgetAt/WgetAtRunner.swift:20:27: error: cannot find 'Process' in scope
18 | ) async throws -> Int32 {
19 | try await withCheckedThrowingContinuation { continuation in
20 | let process = Process()
| `- error: cannot find 'Process' in scope
21 | process.executableURL = binaryURL
22 | process.arguments = arguments
Failed frontend command:
/Applications/Xcode-27.0.0-Release.Candidate.app/Contents/Developer/Toolchains/XcodeDefault.xctoolchain/usr/bin/swift-frontend -frontend -c /Users/admin/builder/spi-builder-workspace/.derivedData/Build/Intermediates.noindex/warc-swift.build/Debug-watchos/warc-swift-t.build/DerivedSources/resource_bundle_accessor.swift /Users/admin/builder/spi-builder-workspace/Sources/warc-swift/ArchiveOptions.swift /Users/admin/builder/spi-builder-workspace/Sources/warc-swift/IO/Gzip.swift /Users/admin/builder/spi-builder-workspace/Sources/warc-swift/IO/WARCReader.swift /Users/admin/builder/spi-builder-workspace/Sources/warc-swift/IO/WARCWriter.swift /Users/admin/builder/spi-builder-workspace/Sources/warc-swift/Model/Digest.swift /Users/admin/builder/spi-builder-workspace/Sources/warc-swift/Model/WARCDate.swift /Users/admin/builder/spi-builder-workspace/Sources/warc-swift/Model/WARCRecord.swift /Users/admin/builder/spi-builder-workspace/Sources/warc-swift/Model/WARCRecordType.swift /Users/admin/builder/spi-builder-workspace/Sources/warc-swift/Model/WARCTruncatedReason.swift /Users/admin/builder/spi-builder-workspace/Sources/warc-swift/WARCArchiver.swift /Users/admin/builder/spi-builder-workspace/Sources/warc-swift/WARCArchiverError.swift /Users/admin/builder/spi-builder-workspace/Sources/warc-swift/WgetAt/BinaryLocator.swift /Users/admin/builder/spi-builder-workspace/Sources/warc-swift/WgetAt/WgetAtOptions.swift -primary-file /Users/admin/builder/spi-builder-workspace/Sources/warc-swift/WgetAt/WgetAtRunner.swift -emit-dependencies-path /Users/admin/builder/spi-builder-workspace/.derivedData/Build/Intermediates.noindex/warc-swift.build/Debug-watchos/warc-swift-t.build/Objects-normal/arm64_32/WgetAtRunner.d -emit-const-values-path /Users/admin/builder/spi-builder-workspace/.derivedData/Build/Intermediates.noindex/warc-swift.build/Debug-watchos/warc-swift-t.build/Objects-normal/arm64_32/WgetAtRunner.swiftconstvalues -emit-reference-dependencies-path /Users/admin/builder/spi-builder-workspace/.derivedData/Build/Intermediates.noindex/warc-swift.build/Debug-watchos/warc-swift-t.build/Objects-normal/arm64_32/WgetAtRunner.swiftdeps -serialize-diagnostics-path /Users/admin/builder/spi-builder-workspace/.derivedData/Build/Intermediates.noindex/warc-swift.build/Debug-watchos/warc-swift-t.build/Objects-normal/arm64_32/WgetAtRunner.dia -target arm64_32-apple-watchos9.0 -disable-cross-import-overlay-search -load-resolved-plugin /Applications/Xcode-27.0.0-Release.Candidate.app/Contents/Developer/Platforms/WatchOS.platform/Developer/usr/lib/swift/host/plugins/libFoundationMacros.dylib\#/Applications/Xcode-27.0.0-Release.Candidate.app/Contents/Developer/Platforms/WatchOS.platform/Developer/usr/bin/swift-plugin-server\#FoundationMacros -load-resolved-plugin /Applications/Xcode-27.0.0-Release.Candidate.app/Contents/Developer/Platforms/WatchOS.platform/Developer/usr/lib/swift/host/plugins/libObservationMacros.dylib\#/Applications/Xcode-27.0.0-Release.Candidate.app/Contents/Developer/Platforms/WatchOS.platform/Developer/usr/bin/swift-plugin-server\#ObservationMacros -load-resolved-plugin /Applications/Xcode-27.0.0-Release.Candidate.app/Contents/Developer/Platforms/WatchOS.platform/Developer/usr/lib/swift/host/plugins/libSwiftMacros.dylib\#/Applications/Xcode-27.0.0-Release.Candidate.app/Contents/Developer/Platforms/WatchOS.platform/Developer/usr/bin/swift-plugin-server\#SwiftMacros -disable-implicit-swift-modules -Xcc -fno-implicit-modules -Xcc -fno-implicit-module-maps -explicit-swift-module-map-file /Users/admin/builder/spi-builder-workspace/.derivedData/Build/Intermediates.noindex/warc-swift.build/Debug-watchos/warc-swift-t.build/Objects-normal/arm64_32/warc_swift-dependencies-2.json -enable-objc-interop -sdk /Applications/Xcode-27.0.0-Release.Candidate.app/Contents/Developer/Platforms/WatchOS.platform/Developer/SDKs/WatchOS27.0.sdk -I /Users/admin/builder/spi-builder-workspace/.derivedData/Build/Products/Debug-watchos -Isystem /Applications/Xcode-27.0.0-Release.Candidate.app/Contents/Developer/Platforms/WatchOS.platform/Developer/usr/lib -F /Users/admin/builder/spi-builder-workspace/.derivedData/Build/Products/Debug-watchos -F /Applications/Xcode-27.0.0-Release.Candidate.app/Contents/Developer/Platforms/WatchOS.platform/Developer/Library/Frameworks -F /Applications/Xcode-27.0.0-Release.Candidate.app/Contents/Developer/Platforms/WatchOS.platform/Developer/SDKs/WatchOS27.0.sdk/Developer/Library/Frameworks -module-cache-path /Users/admin/builder/spi-builder-workspace/.derivedData/Build/Intermediates.noindex/SwiftExplicitPrecompiledModules -no-color-diagnostics -Xcc -fno-color-diagnostics -enable-testing -g -debug-info-format\=dwarf -dwarf-version\=4 -profile-generate -profile-coverage-mapping -swift-version 6 -Onone -D SWIFT_PACKAGE -D DEBUG -D SWIFT_MODULE_RESOURCE_BUNDLE_AVAILABLE -D Xcode -serialize-debugging-options -enable-experimental-feature DebugDescriptionMacro -empty-abi-descriptor -validate-clang-modules-once -clang-build-session-file /Users/admin/builder/spi-builder-workspace/.derivedData/ModuleCache.noindex/Session.modulevalidation -Xcc -working-directory -Xcc /Users/admin/builder/spi-builder-workspace/.swiftpm/xcode -enable-anonymous-context-mangled-names -file-compilation-dir /Users/admin/builder/spi-builder-workspace/.swiftpm/xcode -Xcc -fmodule-map-file\=/Users/admin/builder/spi-builder-workspace/Sources/CZlib/module.modulemap -Xcc -D_LIBCPP_HARDENING_MODE\=_LIBCPP_HARDENING_MODE_DEBUG -Xcc -ivfsstatcache -Xcc /Users/admin/builder/spi-builder-workspace/.derivedData/SDKStatCaches.noindex/watchos27.0-24R360-e829b21a6f8c9b70876ba0858053c04477534ef55a1706bf4c1112bbb242f0a2.sdkstatcache -Xcc -fmodules-prune-interval\=86400 -Xcc -fmodules-prune-after\=345600 -Xcc -I/Users/admin/builder/spi-builder-workspace/.derivedData/Build/Products/Debug-watchos/include -Xcc -I/Users/admin/builder/spi-builder-workspace/.derivedData/Build/Intermediates.noindex/warc-swift.build/Debug-watchos/warc-swift-t.build/DerivedSources-normal/arm64_32 -Xcc -I/Users/admin/builder/spi-builder-workspace/.derivedData/Build/Intermediates.noindex/warc-swift.build/Debug-watchos/warc-swift-t.build/DerivedSources/arm64_32 -Xcc -I/Users/admin/builder/spi-builder-workspace/.derivedData/Build/Intermediates.noindex/warc-swift.build/Debug-watchos/warc-swift-t.build/DerivedSources -Xcc -DSWIFT_PACKAGE -Xcc -DDEBUG\=1 -no-auto-bridging-header-chaining -module-name warc_swift -package-name spi_builder_workspace -const-gather-protocols-file /Users/admin/builder/spi-builder-workspace/.derivedData/Build/Intermediates.noindex/warc-swift.build/Debug-watchos/warc-swift-t.build/Objects-normal/arm64_32/warc-swift_const_extract_protocols.json -disable-clang-spi -clang-target arm64_32-apple-watchos27.0 -target-sdk-version 27.0 -target-sdk-name watchos27.0 -in-process-plugin-server-path /Applications/Xcode-27.0.0-Release.Candidate.app/Contents/Developer/Toolchains/XcodeDefault.xctoolchain/usr/lib/swift/host/libSwiftInProcPluginServer.dylib -parse-as-library -o /Users/admin/builder/spi-builder-workspace/.derivedData/Build/Intermediates.noindex/warc-swift.build/Debug-watchos/warc-swift-t.build/Objects-normal/arm64_32/WgetAtRunner.o -debug-module-path /Users/admin/builder/spi-builder-workspace/.derivedData/Build/Intermediates.noindex/warc-swift.build/Debug-watchos/warc-swift-t.build/Objects-normal/arm64_32/warc_swift.swiftmodule -index-unit-output-path /warc-swift.build/Debug-watchos/warc-swift-t.build/Objects-normal/arm64_32/WgetAtRunner.o -index-store-path /Users/admin/builder/spi-builder-workspace/.derivedData/Index.noindex/DataStore -index-system-modules
SwiftCompile normal arm64_32 /Users/admin/builder/spi-builder-workspace/Sources/warc-swift/WgetAt/WgetAtRunner.swift (in target 'warc-swift' from project 'warc-swift')
cd /Users/admin/builder/spi-builder-workspace/.swiftpm/xcode
builtin-SwiftPerFileCompile WgetAtRunner.swift
SwiftEmitModule normal arm64_32 Emitting\ module\ for\ warc_swift (in target 'warc-swift' from project 'warc-swift')
SwiftCompile normal arm64_32 (in target 'warc-swift' from project 'warc-swift')
cd /Users/admin/builder/spi-builder-workspace/.swiftpm/xcode
SwiftCompile normal arm64_32 Compiling\ BinaryLocator.swift /Users/admin/builder/spi-builder-workspace/Sources/warc-swift/WgetAt/BinaryLocator.swift (in target 'warc-swift' from project 'warc-swift')
SwiftCompile normal arm64_32 /Users/admin/builder/spi-builder-workspace/Sources/warc-swift/WgetAt/BinaryLocator.swift (in target 'warc-swift' from project 'warc-swift')
cd /Users/admin/builder/spi-builder-workspace/.swiftpm/xcode
builtin-SwiftPerFileCompile BinaryLocator.swift
SwiftCompile normal arm64_32 Compiling\ resource_bundle_accessor.swift,\ ArchiveOptions.swift /Users/admin/builder/spi-builder-workspace/.derivedData/Build/Intermediates.noindex/warc-swift.build/Debug-watchos/warc-swift-t.build/DerivedSources/resource_bundle_accessor.swift /Users/admin/builder/spi-builder-workspace/Sources/warc-swift/ArchiveOptions.swift (in target 'warc-swift' from project 'warc-swift')
SwiftCompile normal arm64_32 /Users/admin/builder/spi-builder-workspace/.derivedData/Build/Intermediates.noindex/warc-swift.build/Debug-watchos/warc-swift-t.build/DerivedSources/resource_bundle_accessor.swift (in target 'warc-swift' from project 'warc-swift')
cd /Users/admin/builder/spi-builder-workspace/.swiftpm/xcode
builtin-SwiftPerFileCompile resource_bundle_accessor.swift
SwiftCompile normal arm64_32 /Users/admin/builder/spi-builder-workspace/Sources/warc-swift/ArchiveOptions.swift (in target 'warc-swift' from project 'warc-swift')
cd /Users/admin/builder/spi-builder-workspace/.swiftpm/xcode
builtin-SwiftPerFileCompile ArchiveOptions.swift
SwiftEmitModule normal arm64 Emitting\ module\ for\ warc_swift (in target 'warc-swift' from project 'warc-swift')
SwiftCompile normal arm64 (in target 'warc-swift' from project 'warc-swift')
cd /Users/admin/builder/spi-builder-workspace/.swiftpm/xcode
SwiftDriverJobDiscovery normal arm64_32 Emitting module for warc_swift (in target 'warc-swift' from project 'warc-swift')
SwiftDriver\ Compilation\ Requirements warc-swift normal arm64_32 com.apple.xcode.tools.swift.compiler (in target 'warc-swift' from project 'warc-swift')
cd /Users/admin/builder/spi-builder-workspace/.swiftpm/xcode
builtin-Swift-Compilation-Requirements -- /Applications/Xcode-27.0.0-Release.Candidate.app/Contents/Developer/Toolchains/XcodeDefault.xctoolchain/usr/bin/swiftc -parse-as-library -module-name warc_swift -Onone @/Users/admin/builder/spi-builder-workspace/.derivedData/Build/Intermediates.noindex/warc-swift.build/Debug-watchos/warc-swift-t.build/Objects-normal/arm64_32/warc-swift.SwiftFileList -DSWIFT_PACKAGE -DDEBUG -DSWIFT_MODULE_RESOURCE_BUNDLE_AVAILABLE -Xcc -fmodule-map-file\=/Users/admin/builder/spi-builder-workspace/Sources/CZlib/module.modulemap -DXcode -plugin-path /Applications/Xcode-27.0.0-Release.Candidate.app/Contents/Developer/Toolchains/XcodeDefault.xctoolchain/usr/lib/swift/host/plugins/testing -enable-experimental-feature DebugDescriptionMacro -sdk /Applications/Xcode-27.0.0-Release.Candidate.app/Contents/Developer/Platforms/WatchOS.platform/Developer/SDKs/WatchOS27.0.sdk -target arm64_32-apple-watchos9.0 -g -module-cache-path /Users/admin/builder/spi-builder-workspace/.derivedData/ModuleCache.noindex -Xfrontend -serialize-debugging-options -profile-coverage-mapping -profile-generate -enable-testing -index-store-path /Users/admin/builder/spi-builder-workspace/.derivedData/Index.noindex/DataStore -Xcc -D_LIBCPP_HARDENING_MODE\=_LIBCPP_HARDENING_MODE_DEBUG -swift-version 6 -I /Users/admin/builder/spi-builder-workspace/.derivedData/Build/Products/Debug-watchos -Isystem /Applications/Xcode-27.0.0-Release.Candidate.app/Contents/Developer/Platforms/WatchOS.platform/Developer/usr/lib -F /Users/admin/builder/spi-builder-workspace/.derivedData/Build/Products/Debug-watchos -F /Applications/Xcode-27.0.0-Release.Candidate.app/Contents/Developer/Platforms/WatchOS.platform/Developer/Library/Frameworks -F /Applications/Xcode-27.0.0-Release.Candidate.app/Contents/Developer/Platforms/WatchOS.platform/Developer/SDKs/WatchOS27.0.sdk/Developer/Library/Frameworks -c -j10 -enable-batch-mode -incremental -Xcc -ivfsstatcache -Xcc /Users/admin/builder/spi-builder-workspace/.derivedData/SDKStatCaches.noindex/watchos27.0-24R360-e829b21a6f8c9b70876ba0858053c04477534ef55a1706bf4c1112bbb242f0a2.sdkstatcache -output-file-map /Users/admin/builder/spi-builder-workspace/.derivedData/Build/Intermediates.noindex/warc-swift.build/Debug-watchos/warc-swift-t.build/Objects-normal/arm64_32/warc-swift-OutputFileMap.json -save-temps -no-color-diagnostics -explicit-module-build -module-cache-path /Users/admin/builder/spi-builder-workspace/.derivedData/Build/Intermediates.noindex/SwiftExplicitPrecompiledModules -clang-scanner-module-cache-path /Users/admin/builder/spi-builder-workspace/.derivedData/ModuleCache.noindex -sdk-module-cache-path /Users/admin/builder/spi-builder-workspace/.derivedData/SDKExplicitPrecompiledModules -emit-dependencies -emit-module -emit-module-path /Users/admin/builder/spi-builder-workspace/.derivedData/Build/Intermediates.noindex/warc-swift.build/Debug-watchos/warc-swift-t.build/Objects-normal/arm64_32/warc_swift.swiftmodule -serialize-diagnostics -dependency-scan-serialize-diagnostics-path /Users/admin/builder/spi-builder-workspace/.derivedData/Build/Intermediates.noindex/warc-swift.build/Debug-watchos/warc-swift-t.build/Objects-normal/arm64_32/warc_swift-dependency-scan.dia -validate-clang-modules-once -clang-build-session-file /Users/admin/builder/spi-builder-workspace/.derivedData/ModuleCache.noindex/Session.modulevalidation -Xcc -fmodules-prune-interval\=86400 -Xcc -fmodules-prune-after\=345600 -package-name spi_builder_workspace -emit-const-values -const-gather-protocols-list /Users/admin/builder/spi-builder-workspace/.derivedData/Build/Intermediates.noindex/warc-swift.build/Debug-watchos/warc-swift-t.build/Objects-normal/arm64_32/warc-swift_const_extract_protocols.json -Xcc -I/Users/admin/builder/spi-builder-workspace/.derivedData/Build/Products/Debug-watchos/include -Xcc -I/Users/admin/builder/spi-builder-workspace/.derivedData/Build/Intermediates.noindex/warc-swift.build/Debug-watchos/warc-swift-t.build/DerivedSources-normal/arm64_32 -Xcc -I/Users/admin/builder/spi-builder-workspace/.derivedData/Build/Intermediates.noindex/warc-swift.build/Debug-watchos/warc-swift-t.build/DerivedSources/arm64_32 -Xcc -I/Users/admin/builder/spi-builder-workspace/.derivedData/Build/Intermediates.noindex/warc-swift.build/Debug-watchos/warc-swift-t.build/DerivedSources -Xcc -DSWIFT_PACKAGE -Xcc -DDEBUG\=1 -emit-objc-header -emit-objc-header-path /Users/admin/builder/spi-builder-workspace/.derivedData/Build/Intermediates.noindex/warc-swift.build/Debug-watchos/warc-swift-t.build/Objects-normal/arm64_32/warc-swift-Swift.h -working-directory /Users/admin/builder/spi-builder-workspace/.swiftpm/xcode -experimental-emit-module-separately -disable-cmo
SwiftDriverJobDiscovery normal arm64 Emitting module for warc_swift (in target 'warc-swift' from project 'warc-swift')
SwiftDriver\ Compilation\ Requirements warc-swift normal arm64 com.apple.xcode.tools.swift.compiler (in target 'warc-swift' from project 'warc-swift')
cd /Users/admin/builder/spi-builder-workspace/.swiftpm/xcode
builtin-Swift-Compilation-Requirements -- /Applications/Xcode-27.0.0-Release.Candidate.app/Contents/Developer/Toolchains/XcodeDefault.xctoolchain/usr/bin/swiftc -parse-as-library -module-name warc_swift -Onone @/Users/admin/builder/spi-builder-workspace/.derivedData/Build/Intermediates.noindex/warc-swift.build/Debug-watchos/warc-swift-t.build/Objects-normal/arm64/warc-swift.SwiftFileList -DSWIFT_PACKAGE -DDEBUG -DSWIFT_MODULE_RESOURCE_BUNDLE_AVAILABLE -Xcc -fmodule-map-file\=/Users/admin/builder/spi-builder-workspace/Sources/CZlib/module.modulemap -DXcode -plugin-path /Applications/Xcode-27.0.0-Release.Candidate.app/Contents/Developer/Toolchains/XcodeDefault.xctoolchain/usr/lib/swift/host/plugins/testing -enable-experimental-feature DebugDescriptionMacro -sdk /Applications/Xcode-27.0.0-Release.Candidate.app/Contents/Developer/Platforms/WatchOS.platform/Developer/SDKs/WatchOS27.0.sdk -target arm64-apple-watchos9.0 -g -module-cache-path /Users/admin/builder/spi-builder-workspace/.derivedData/ModuleCache.noindex -Xfrontend -serialize-debugging-options -profile-coverage-mapping -profile-generate -enable-testing -index-store-path /Users/admin/builder/spi-builder-workspace/.derivedData/Index.noindex/DataStore -Xcc -D_LIBCPP_HARDENING_MODE\=_LIBCPP_HARDENING_MODE_DEBUG -swift-version 6 -I /Users/admin/builder/spi-builder-workspace/.derivedData/Build/Products/Debug-watchos -Isystem /Applications/Xcode-27.0.0-Release.Candidate.app/Contents/Developer/Platforms/WatchOS.platform/Developer/usr/lib -F /Users/admin/builder/spi-builder-workspace/.derivedData/Build/Products/Debug-watchos -F /Applications/Xcode-27.0.0-Release.Candidate.app/Contents/Developer/Platforms/WatchOS.platform/Developer/Library/Frameworks -F /Applications/Xcode-27.0.0-Release.Candidate.app/Contents/Developer/Platforms/WatchOS.platform/Developer/SDKs/WatchOS27.0.sdk/Developer/Library/Frameworks -c -j10 -enable-batch-mode -incremental -Xcc -ivfsstatcache -Xcc /Users/admin/builder/spi-builder-workspace/.derivedData/SDKStatCaches.noindex/watchos27.0-24R360-e829b21a6f8c9b70876ba0858053c04477534ef55a1706bf4c1112bbb242f0a2.sdkstatcache -output-file-map /Users/admin/builder/spi-builder-workspace/.derivedData/Build/Intermediates.noindex/warc-swift.build/Debug-watchos/warc-swift-t.build/Objects-normal/arm64/warc-swift-OutputFileMap.json -save-temps -no-color-diagnostics -explicit-module-build -module-cache-path /Users/admin/builder/spi-builder-workspace/.derivedData/Build/Intermediates.noindex/SwiftExplicitPrecompiledModules -clang-scanner-module-cache-path /Users/admin/builder/spi-builder-workspace/.derivedData/ModuleCache.noindex -sdk-module-cache-path /Users/admin/builder/spi-builder-workspace/.derivedData/SDKExplicitPrecompiledModules -emit-dependencies -emit-module -emit-module-path /Users/admin/builder/spi-builder-workspace/.derivedData/Build/Intermediates.noindex/warc-swift.build/Debug-watchos/warc-swift-t.build/Objects-normal/arm64/warc_swift.swiftmodule -serialize-diagnostics -dependency-scan-serialize-diagnostics-path /Users/admin/builder/spi-builder-workspace/.derivedData/Build/Intermediates.noindex/warc-swift.build/Debug-watchos/warc-swift-t.build/Objects-normal/arm64/warc_swift-dependency-scan.dia -validate-clang-modules-once -clang-build-session-file /Users/admin/builder/spi-builder-workspace/.derivedData/ModuleCache.noindex/Session.modulevalidation -Xcc -fmodules-prune-interval\=86400 -Xcc -fmodules-prune-after\=345600 -package-name spi_builder_workspace -emit-const-values -const-gather-protocols-list /Users/admin/builder/spi-builder-workspace/.derivedData/Build/Intermediates.noindex/warc-swift.build/Debug-watchos/warc-swift-t.build/Objects-normal/arm64/warc-swift_const_extract_protocols.json -Xcc -I/Users/admin/builder/spi-builder-workspace/.derivedData/Build/Products/Debug-watchos/include -Xcc -I/Users/admin/builder/spi-builder-workspace/.derivedData/Build/Intermediates.noindex/warc-swift.build/Debug-watchos/warc-swift-t.build/DerivedSources-normal/arm64 -Xcc -I/Users/admin/builder/spi-builder-workspace/.derivedData/Build/Intermediates.noindex/warc-swift.build/Debug-watchos/warc-swift-t.build/DerivedSources/arm64 -Xcc -I/Users/admin/builder/spi-builder-workspace/.derivedData/Build/Intermediates.noindex/warc-swift.build/Debug-watchos/warc-swift-t.build/DerivedSources -Xcc -DSWIFT_PACKAGE -Xcc -DDEBUG\=1 -emit-objc-header -emit-objc-header-path /Users/admin/builder/spi-builder-workspace/.derivedData/Build/Intermediates.noindex/warc-swift.build/Debug-watchos/warc-swift-t.build/Objects-normal/arm64/warc-swift-Swift.h -working-directory /Users/admin/builder/spi-builder-workspace/.swiftpm/xcode -experimental-emit-module-separately -disable-cmo
Copy /Users/admin/builder/spi-builder-workspace/.derivedData/Build/Products/Debug-watchos/warc_swift.swiftmodule/arm64_32-apple-watchos.swiftmodule /Users/admin/builder/spi-builder-workspace/.derivedData/Build/Intermediates.noindex/warc-swift.build/Debug-watchos/warc-swift-t.build/Objects-normal/arm64_32/warc_swift.swiftmodule (in target 'warc-swift' from project 'warc-swift')
cd /Users/admin/builder/spi-builder-workspace
builtin-copy -exclude .DS_Store -exclude CVS -exclude .svn -exclude .git -exclude .hg -resolve-src-symlinks -rename /Users/admin/builder/spi-builder-workspace/.derivedData/Build/Intermediates.noindex/warc-swift.build/Debug-watchos/warc-swift-t.build/Objects-normal/arm64_32/warc_swift.swiftmodule /Users/admin/builder/spi-builder-workspace/.derivedData/Build/Products/Debug-watchos/warc_swift.swiftmodule/arm64_32-apple-watchos.swiftmodule
SwiftMergeGeneratedHeaders /Users/admin/builder/spi-builder-workspace/.derivedData/Build/Intermediates.noindex/GeneratedModuleMaps-watchos/warc-swift-Swift.h /Users/admin/builder/spi-builder-workspace/.derivedData/Build/Intermediates.noindex/warc-swift.build/Debug-watchos/warc-swift-t.build/Objects-normal/arm64/warc-swift-Swift.h /Users/admin/builder/spi-builder-workspace/.derivedData/Build/Intermediates.noindex/warc-swift.build/Debug-watchos/warc-swift-t.build/Objects-normal/arm64_32/warc-swift-Swift.h (in target 'warc-swift' from project 'warc-swift')
cd /Users/admin/builder/spi-builder-workspace
builtin-swiftHeaderTool -arch arm64 /Users/admin/builder/spi-builder-workspace/.derivedData/Build/Intermediates.noindex/warc-swift.build/Debug-watchos/warc-swift-t.build/Objects-normal/arm64/warc-swift-Swift.h -arch arm64_32 /Users/admin/builder/spi-builder-workspace/.derivedData/Build/Intermediates.noindex/warc-swift.build/Debug-watchos/warc-swift-t.build/Objects-normal/arm64_32/warc-swift-Swift.h -o /Users/admin/builder/spi-builder-workspace/.derivedData/Build/Intermediates.noindex/GeneratedModuleMaps-watchos/warc-swift-Swift.h
Copy /Users/admin/builder/spi-builder-workspace/.derivedData/Build/Products/Debug-watchos/warc_swift.swiftmodule/arm64_32-apple-watchos.swiftdoc /Users/admin/builder/spi-builder-workspace/.derivedData/Build/Intermediates.noindex/warc-swift.build/Debug-watchos/warc-swift-t.build/Objects-normal/arm64_32/warc_swift.swiftdoc (in target 'warc-swift' from project 'warc-swift')
cd /Users/admin/builder/spi-builder-workspace
builtin-copy -exclude .DS_Store -exclude CVS -exclude .svn -exclude .git -exclude .hg -resolve-src-symlinks -rename /Users/admin/builder/spi-builder-workspace/.derivedData/Build/Intermediates.noindex/warc-swift.build/Debug-watchos/warc-swift-t.build/Objects-normal/arm64_32/warc_swift.swiftdoc /Users/admin/builder/spi-builder-workspace/.derivedData/Build/Products/Debug-watchos/warc_swift.swiftmodule/arm64_32-apple-watchos.swiftdoc
Copy /Users/admin/builder/spi-builder-workspace/.derivedData/Build/Products/Debug-watchos/warc_swift.swiftmodule/arm64_32-apple-watchos.abi.json /Users/admin/builder/spi-builder-workspace/.derivedData/Build/Intermediates.noindex/warc-swift.build/Debug-watchos/warc-swift-t.build/Objects-normal/arm64_32/warc_swift.abi.json (in target 'warc-swift' from project 'warc-swift')
cd /Users/admin/builder/spi-builder-workspace
builtin-copy -exclude .DS_Store -exclude CVS -exclude .svn -exclude .git -exclude .hg -resolve-src-symlinks -rename /Users/admin/builder/spi-builder-workspace/.derivedData/Build/Intermediates.noindex/warc-swift.build/Debug-watchos/warc-swift-t.build/Objects-normal/arm64_32/warc_swift.abi.json /Users/admin/builder/spi-builder-workspace/.derivedData/Build/Products/Debug-watchos/warc_swift.swiftmodule/arm64_32-apple-watchos.abi.json
Copy /Users/admin/builder/spi-builder-workspace/.derivedData/Build/Products/Debug-watchos/warc_swift.swiftmodule/arm64-apple-watchos.swiftmodule /Users/admin/builder/spi-builder-workspace/.derivedData/Build/Intermediates.noindex/warc-swift.build/Debug-watchos/warc-swift-t.build/Objects-normal/arm64/warc_swift.swiftmodule (in target 'warc-swift' from project 'warc-swift')
cd /Users/admin/builder/spi-builder-workspace
builtin-copy -exclude .DS_Store -exclude CVS -exclude .svn -exclude .git -exclude .hg -resolve-src-symlinks -rename /Users/admin/builder/spi-builder-workspace/.derivedData/Build/Intermediates.noindex/warc-swift.build/Debug-watchos/warc-swift-t.build/Objects-normal/arm64/warc_swift.swiftmodule /Users/admin/builder/spi-builder-workspace/.derivedData/Build/Products/Debug-watchos/warc_swift.swiftmodule/arm64-apple-watchos.swiftmodule
Copy /Users/admin/builder/spi-builder-workspace/.derivedData/Build/Products/Debug-watchos/warc_swift.swiftmodule/arm64-apple-watchos.swiftdoc /Users/admin/builder/spi-builder-workspace/.derivedData/Build/Intermediates.noindex/warc-swift.build/Debug-watchos/warc-swift-t.build/Objects-normal/arm64/warc_swift.swiftdoc (in target 'warc-swift' from project 'warc-swift')
cd /Users/admin/builder/spi-builder-workspace
builtin-copy -exclude .DS_Store -exclude CVS -exclude .svn -exclude .git -exclude .hg -resolve-src-symlinks -rename /Users/admin/builder/spi-builder-workspace/.derivedData/Build/Intermediates.noindex/warc-swift.build/Debug-watchos/warc-swift-t.build/Objects-normal/arm64/warc_swift.swiftdoc /Users/admin/builder/spi-builder-workspace/.derivedData/Build/Products/Debug-watchos/warc_swift.swiftmodule/arm64-apple-watchos.swiftdoc
Copy /Users/admin/builder/spi-builder-workspace/.derivedData/Build/Products/Debug-watchos/warc_swift.swiftmodule/arm64-apple-watchos.abi.json /Users/admin/builder/spi-builder-workspace/.derivedData/Build/Intermediates.noindex/warc-swift.build/Debug-watchos/warc-swift-t.build/Objects-normal/arm64/warc_swift.abi.json (in target 'warc-swift' from project 'warc-swift')
cd /Users/admin/builder/spi-builder-workspace
builtin-copy -exclude .DS_Store -exclude CVS -exclude .svn -exclude .git -exclude .hg -resolve-src-symlinks -rename /Users/admin/builder/spi-builder-workspace/.derivedData/Build/Intermediates.noindex/warc-swift.build/Debug-watchos/warc-swift-t.build/Objects-normal/arm64/warc_swift.abi.json /Users/admin/builder/spi-builder-workspace/.derivedData/Build/Products/Debug-watchos/warc_swift.swiftmodule/arm64-apple-watchos.abi.json
Copy /Users/admin/builder/spi-builder-workspace/.derivedData/Build/Products/Debug-watchos/warc_swift.swiftmodule/Project/arm64_32-apple-watchos.swiftsourceinfo /Users/admin/builder/spi-builder-workspace/.derivedData/Build/Intermediates.noindex/warc-swift.build/Debug-watchos/warc-swift-t.build/Objects-normal/arm64_32/warc_swift.swiftsourceinfo (in target 'warc-swift' from project 'warc-swift')
cd /Users/admin/builder/spi-builder-workspace
builtin-copy -exclude .DS_Store -exclude CVS -exclude .svn -exclude .git -exclude .hg -resolve-src-symlinks -rename /Users/admin/builder/spi-builder-workspace/.derivedData/Build/Intermediates.noindex/warc-swift.build/Debug-watchos/warc-swift-t.build/Objects-normal/arm64_32/warc_swift.swiftsourceinfo /Users/admin/builder/spi-builder-workspace/.derivedData/Build/Products/Debug-watchos/warc_swift.swiftmodule/Project/arm64_32-apple-watchos.swiftsourceinfo
Copy /Users/admin/builder/spi-builder-workspace/.derivedData/Build/Products/Debug-watchos/warc_swift.swiftmodule/Project/arm64-apple-watchos.swiftsourceinfo /Users/admin/builder/spi-builder-workspace/.derivedData/Build/Intermediates.noindex/warc-swift.build/Debug-watchos/warc-swift-t.build/Objects-normal/arm64/warc_swift.swiftsourceinfo (in target 'warc-swift' from project 'warc-swift')
cd /Users/admin/builder/spi-builder-workspace
builtin-copy -exclude .DS_Store -exclude CVS -exclude .svn -exclude .git -exclude .hg -resolve-src-symlinks -rename /Users/admin/builder/spi-builder-workspace/.derivedData/Build/Intermediates.noindex/warc-swift.build/Debug-watchos/warc-swift-t.build/Objects-normal/arm64/warc_swift.swiftsourceinfo /Users/admin/builder/spi-builder-workspace/.derivedData/Build/Products/Debug-watchos/warc_swift.swiftmodule/Project/arm64-apple-watchos.swiftsourceinfo
SwiftCompile normal arm64 Compiling\ Gzip.swift,\ WARCReader.swift /Users/admin/builder/spi-builder-workspace/Sources/warc-swift/IO/Gzip.swift /Users/admin/builder/spi-builder-workspace/Sources/warc-swift/IO/WARCReader.swift (in target 'warc-swift' from project 'warc-swift')
SwiftCompile normal arm64 /Users/admin/builder/spi-builder-workspace/Sources/warc-swift/IO/Gzip.swift (in target 'warc-swift' from project 'warc-swift')
cd /Users/admin/builder/spi-builder-workspace/.swiftpm/xcode
builtin-SwiftPerFileCompile Gzip.swift
SwiftCompile normal arm64 /Users/admin/builder/spi-builder-workspace/Sources/warc-swift/IO/WARCReader.swift (in target 'warc-swift' from project 'warc-swift')
cd /Users/admin/builder/spi-builder-workspace/.swiftpm/xcode
builtin-SwiftPerFileCompile WARCReader.swift
SwiftDriverJobDiscovery normal arm64_32 Compiling WARCRecordType.swift, WARCTruncatedReason.swift (in target 'warc-swift' from project 'warc-swift')
SwiftCompile normal arm64 Compiling\ WgetAtOptions.swift /Users/admin/builder/spi-builder-workspace/Sources/warc-swift/WgetAt/WgetAtOptions.swift (in target 'warc-swift' from project 'warc-swift')
SwiftCompile normal arm64 /Users/admin/builder/spi-builder-workspace/Sources/warc-swift/WgetAt/WgetAtOptions.swift (in target 'warc-swift' from project 'warc-swift')
cd /Users/admin/builder/spi-builder-workspace/.swiftpm/xcode
builtin-SwiftPerFileCompile WgetAtOptions.swift
SwiftCompile normal arm64 Compiling\ WARCArchiverError.swift /Users/admin/builder/spi-builder-workspace/Sources/warc-swift/WARCArchiverError.swift (in target 'warc-swift' from project 'warc-swift')
SwiftCompile normal arm64 /Users/admin/builder/spi-builder-workspace/Sources/warc-swift/WARCArchiverError.swift (in target 'warc-swift' from project 'warc-swift')
cd /Users/admin/builder/spi-builder-workspace/.swiftpm/xcode
builtin-SwiftPerFileCompile WARCArchiverError.swift
PruneExplicitPrecompiledModules /Users/admin/builder/spi-builder-workspace/.derivedData/Build/Intermediates.noindex/ExplicitPrecompiledModules
PruneExplicitPrecompiledModules /Users/admin/builder/spi-builder-workspace/.derivedData/Build/Intermediates.noindex/SwiftExplicitPrecompiledModules
PruneExplicitPrecompiledModules /Users/admin/builder/spi-builder-workspace/.derivedData/SDKExplicitPrecompiledModules
2026-09-24 06:03:31.077 xcodebuild[644:3928] [MT] IDERunDestination: Supported platforms for the buildables in the current scheme is empty.
** BUILD FAILED **
The following build commands failed:
SwiftCompile normal arm64_32 Compiling\ WgetAtRunner.swift /Users/admin/builder/spi-builder-workspace/Sources/warc-swift/WgetAt/WgetAtRunner.swift (in target 'warc-swift' from project 'warc-swift')
SwiftCompile normal arm64_32 /Users/admin/builder/spi-builder-workspace/Sources/warc-swift/WgetAt/WgetAtRunner.swift (in target 'warc-swift' from project 'warc-swift')
Building workspace warc-swift with scheme warc-swift-Package
(3 failures)
Command line invocation:
/Applications/Xcode-27.0.0-Release.Candidate.app/Contents/Developer/usr/bin/xcodebuild -IDEClonedSourcePackagesDirPathOverride=/Users/admin/builder/spi-builder-workspace/.dependencies -resolvePackageDependencies
Resolve Package Graph
failed to retrieve search paths with pkg-config; maybe pkg-config is not installedyou may be able to install zlib using your system-packager:
brew install zlib
Resolved source packages:
warc-swift: /Users/admin/builder/spi-builder-workspace
resolved source packages: warc-swift
2026-09-24 06:03:38.927 xcodebuild[759:4505] [MT] IDERunDestination: Supported platforms for the buildables in the current scheme is empty.
{
"dependencies" : [
],
"manifest_display_name" : "warc-swift",
"name" : "warc-swift",
"path" : "/Users/admin/builder/spi-builder-workspace",
"platforms" : [
{
"name" : "macos",
"version" : "13.0"
}
],
"products" : [
{
"name" : "warc-swift",
"targets" : [
"warc-swift"
],
"type" : {
"library" : [
"automatic"
]
}
},
{
"name" : "WriteWARCManually",
"targets" : [
"WriteWARCManually"
],
"type" : {
"executable" : null
}
},
{
"name" : "SinglePageArchive",
"targets" : [
"SinglePageArchive"
],
"type" : {
"executable" : null
}
},
{
"name" : "RecursiveCrawl",
"targets" : [
"RecursiveCrawl"
],
"type" : {
"executable" : null
}
},
{
"name" : "ReadWARC",
"targets" : [
"ReadWARC"
],
"type" : {
"executable" : null
}
},
{
"name" : "ErrorHandling",
"targets" : [
"ErrorHandling"
],
"type" : {
"executable" : null
}
},
{
"name" : "CustomBinaryAndLua",
"targets" : [
"CustomBinaryAndLua"
],
"type" : {
"executable" : null
}
},
{
"name" : "AuthAndHeaders",
"targets" : [
"AuthAndHeaders"
],
"type" : {
"executable" : null
}
}
],
"targets" : [
{
"c99name" : "warc_swiftTests",
"module_type" : "SwiftTarget",
"name" : "warc-swiftTests",
"path" : "Tests/warc-swiftTests",
"sources" : [
"ArchiveOptionsTests.swift",
"BinaryLocatorTests.swift",
"DigestTests.swift",
"GzipTests.swift",
"IntegrationTests.swift",
"QAConformanceTests.swift",
"QAEdgeCaseTests.swift",
"WARCArchiverTests.swift",
"WARCModelTests.swift",
"WARCReaderTests.swift",
"WARCRecordTests.swift",
"WARCWriterTests.swift",
"WgetAtOptionsTests.swift",
"WgetAtRunnerTests.swift",
"warc_swiftTests.swift"
],
"target_dependencies" : [
"warc-swift"
],
"type" : "test"
},
{
"c99name" : "warc_swift",
"module_type" : "SwiftTarget",
"name" : "warc-swift",
"path" : "Sources/warc-swift",
"product_memberships" : [
"warc-swift",
"WriteWARCManually",
"SinglePageArchive",
"RecursiveCrawl",
"ReadWARC",
"ErrorHandling",
"CustomBinaryAndLua",
"AuthAndHeaders"
],
"resources" : [
{
"path" : "/Users/admin/builder/spi-builder-workspace/Sources/warc-swift/Resources/Binaries",
"rule" : {
"copy" : {
}
}
}
],
"sources" : [
"ArchiveOptions.swift",
"IO/Gzip.swift",
"IO/WARCReader.swift",
"IO/WARCWriter.swift",
"Model/Digest.swift",
"Model/WARCDate.swift",
"Model/WARCRecord.swift",
"Model/WARCRecordType.swift",
"Model/WARCTruncatedReason.swift",
"WARCArchiver.swift",
"WARCArchiverError.swift",
"WgetAt/BinaryLocator.swift",
"WgetAt/WgetAtOptions.swift",
"WgetAt/WgetAtRunner.swift"
],
"target_dependencies" : [
"CZlib"
],
"type" : "library"
},
{
"c99name" : "WriteWARCManually",
"module_type" : "SwiftTarget",
"name" : "WriteWARCManually",
"path" : "Examples/06-WriteWARCManually",
"product_memberships" : [
"WriteWARCManually"
],
"sources" : [
"main.swift"
],
"target_dependencies" : [
"warc-swift"
],
"type" : "executable"
},
{
"c99name" : "SinglePageArchive",
"module_type" : "SwiftTarget",
"name" : "SinglePageArchive",
"path" : "Examples/01-SinglePageArchive",
"product_memberships" : [
"SinglePageArchive"
],
"sources" : [
"main.swift"
],
"target_dependencies" : [
"warc-swift"
],
"type" : "executable"
},
{
"c99name" : "RecursiveCrawl",
"module_type" : "SwiftTarget",
"name" : "RecursiveCrawl",
"path" : "Examples/02-RecursiveCrawl",
"product_memberships" : [
"RecursiveCrawl"
],
"sources" : [
"main.swift"
],
"target_dependencies" : [
"warc-swift"
],
"type" : "executable"
},
{
"c99name" : "ReadWARC",
"module_type" : "SwiftTarget",
"name" : "ReadWARC",
"path" : "Examples/05-ReadWARC",
"product_memberships" : [
"ReadWARC"
],
"sources" : [
"main.swift"
],
"target_dependencies" : [
"warc-swift"
],
"type" : "executable"
},
{
"c99name" : "ErrorHandling",
"module_type" : "SwiftTarget",
"name" : "ErrorHandling",
"path" : "Examples/07-ErrorHandling",
"product_memberships" : [
"ErrorHandling"
],
"sources" : [
"main.swift"
],
"target_dependencies" : [
"warc-swift"
],
"type" : "executable"
},
{
"c99name" : "CustomBinaryAndLua",
"module_type" : "SwiftTarget",
"name" : "CustomBinaryAndLua",
"path" : "Examples/04-CustomBinaryAndLua",
"product_memberships" : [
"CustomBinaryAndLua"
],
"sources" : [
"main.swift"
],
"target_dependencies" : [
"warc-swift"
],
"type" : "executable"
},
{
"c99name" : "CZlib",
"module_type" : "SystemLibraryTarget",
"name" : "CZlib",
"path" : "Sources/CZlib",
"product_memberships" : [
"warc-swift",
"WriteWARCManually",
"SinglePageArchive",
"RecursiveCrawl",
"ReadWARC",
"ErrorHandling",
"CustomBinaryAndLua",
"AuthAndHeaders"
],
"sources" : [
],
"type" : "system-target"
},
{
"c99name" : "AuthAndHeaders",
"module_type" : "SwiftTarget",
"name" : "AuthAndHeaders",
"path" : "Examples/03-AuthAndHeaders",
"product_memberships" : [
"AuthAndHeaders"
],
"sources" : [
"main.swift"
],
"target_dependencies" : [
"warc-swift"
],
"type" : "executable"
}
],
"tools_version" : "6.2"
}
{
"workspace" : {
"name" : "warc-swift",
"schemes" : [
"AuthAndHeaders",
"CustomBinaryAndLua",
"ErrorHandling",
"ReadWARC",
"RecursiveCrawl",
"SinglePageArchive",
"warc-swift",
"warc-swift-Package",
"WriteWARCManually"
]
}
}
2026-09-24 06:03:40.191 xcodebuild[774:4577] [MT] IDERunDestination: Supported platforms for the buildables in the current scheme is empty.
Running build ...
env DEVELOPER_DIR=/Applications/Xcode-27.0.0-Release.Candidate.app xcrun xcodebuild -IDEClonedSourcePackagesDirPathOverride=$PWD/.dependencies -skipMacroValidation -skipPackagePluginValidation -derivedDataPath $PWD/.derivedData build -scheme warc-swift-Package -destination generic/platform=watchOS
Command line invocation:
/Applications/Xcode-27.0.0-Release.Candidate.app/Contents/Developer/usr/bin/xcodebuild -IDEClonedSourcePackagesDirPathOverride=/Users/admin/builder/spi-builder-workspace/.dependencies -skipMacroValidation -skipPackagePluginValidation -derivedDataPath /Users/admin/builder/spi-builder-workspace/.derivedData build -scheme warc-swift-Package -destination generic/platform=watchOS
Resolve Package Graph
failed to retrieve search paths with pkg-config; maybe pkg-config is not installedyou may be able to install zlib using your system-packager:
brew install zlib
Resolved source packages:
warc-swift: /Users/admin/builder/spi-builder-workspace
ComputePackagePrebuildTargetDependencyGraph
Prepare packages
CreateBuildRequest
SendProjectDescription
CreateBuildOperation
ComputeTargetDependencyGraph
note: Building targets in dependency order
note: Target dependency graph (11 targets)
Target 'AuthAndHeaders-product' in project 'warc-swift'
➜ Explicit dependency on target 'CZlib' in project 'warc-swift'
➜ Explicit dependency on target 'warc-swift' in project 'warc-swift'
Target 'CustomBinaryAndLua-product' in project 'warc-swift'
➜ Explicit dependency on target 'CZlib' in project 'warc-swift'
➜ Explicit dependency on target 'warc-swift' in project 'warc-swift'
Target 'ErrorHandling-product' in project 'warc-swift'
➜ Explicit dependency on target 'CZlib' in project 'warc-swift'
➜ Explicit dependency on target 'warc-swift' in project 'warc-swift'
Target 'ReadWARC-product' in project 'warc-swift'
➜ Explicit dependency on target 'CZlib' in project 'warc-swift'
➜ Explicit dependency on target 'warc-swift' in project 'warc-swift'
Target 'RecursiveCrawl-product' in project 'warc-swift'
➜ Explicit dependency on target 'CZlib' in project 'warc-swift'
➜ Explicit dependency on target 'warc-swift' in project 'warc-swift'
Target 'SinglePageArchive-product' in project 'warc-swift'
➜ Explicit dependency on target 'CZlib' in project 'warc-swift'
➜ Explicit dependency on target 'warc-swift' in project 'warc-swift'
Target 'WriteWARCManually-product' in project 'warc-swift'
➜ Explicit dependency on target 'CZlib' in project 'warc-swift'
➜ Explicit dependency on target 'warc-swift' in project 'warc-swift'
Target 'warc-swift-product' in project 'warc-swift'
➜ Explicit dependency on target 'warc-swift' in project 'warc-swift'
➜ Explicit dependency on target 'warc-swift_warc-swift' in project 'warc-swift'
Target 'warc-swift' in project 'warc-swift'
➜ Explicit dependency on target 'warc-swift_warc-swift' in project 'warc-swift'
➜ Explicit dependency on target 'CZlib' in project 'warc-swift'
Target 'CZlib' in project 'warc-swift' (no dependencies)
Target 'warc-swift_warc-swift' in project 'warc-swift' (no dependencies)
GatherProvisioningInputs
CreateBuildDescription
ClangStatCache /Applications/Xcode-27.0.0-Release.Candidate.app/Contents/Developer/Toolchains/XcodeDefault.xctoolchain/usr/bin/clang-stat-cache /Applications/Xcode-27.0.0-Release.Candidate.app/Contents/Developer/Platforms/WatchOS.platform/Developer/SDKs/WatchOS27.0.sdk /Users/admin/builder/spi-builder-workspace/.derivedData/SDKStatCaches.noindex/watchos27.0-24R360-e829b21a6f8c9b70876ba0858053c04477534ef55a1706bf4c1112bbb242f0a2.sdkstatcache
cd /Users/admin/builder/spi-builder-workspace/.swiftpm/xcode
/Applications/Xcode-27.0.0-Release.Candidate.app/Contents/Developer/Toolchains/XcodeDefault.xctoolchain/usr/bin/clang-stat-cache /Applications/Xcode-27.0.0-Release.Candidate.app/Contents/Developer/Platforms/WatchOS.platform/Developer/SDKs/WatchOS27.0.sdk -o /Users/admin/builder/spi-builder-workspace/.derivedData/SDKStatCaches.noindex/watchos27.0-24R360-e829b21a6f8c9b70876ba0858053c04477534ef55a1706bf4c1112bbb242f0a2.sdkstatcache
SwiftDriver warc-swift normal arm64_32 com.apple.xcode.tools.swift.compiler (in target 'warc-swift' from project 'warc-swift')
cd /Users/admin/builder/spi-builder-workspace/.swiftpm/xcode
builtin-SwiftDriver -- /Applications/Xcode-27.0.0-Release.Candidate.app/Contents/Developer/Toolchains/XcodeDefault.xctoolchain/usr/bin/swiftc -parse-as-library -module-name warc_swift -Onone @/Users/admin/builder/spi-builder-workspace/.derivedData/Build/Intermediates.noindex/warc-swift.build/Debug-watchos/warc-swift-t.build/Objects-normal/arm64_32/warc-swift.SwiftFileList -DSWIFT_PACKAGE -DDEBUG -DSWIFT_MODULE_RESOURCE_BUNDLE_AVAILABLE -Xcc -fmodule-map-file\=/Users/admin/builder/spi-builder-workspace/Sources/CZlib/module.modulemap -DXcode -plugin-path /Applications/Xcode-27.0.0-Release.Candidate.app/Contents/Developer/Toolchains/XcodeDefault.xctoolchain/usr/lib/swift/host/plugins/testing -enable-experimental-feature DebugDescriptionMacro -sdk /Applications/Xcode-27.0.0-Release.Candidate.app/Contents/Developer/Platforms/WatchOS.platform/Developer/SDKs/WatchOS27.0.sdk -target arm64_32-apple-watchos9.0 -g -module-cache-path /Users/admin/builder/spi-builder-workspace/.derivedData/ModuleCache.noindex -Xfrontend -serialize-debugging-options -profile-coverage-mapping -profile-generate -enable-testing -index-store-path /Users/admin/builder/spi-builder-workspace/.derivedData/Index.noindex/DataStore -Xcc -D_LIBCPP_HARDENING_MODE\=_LIBCPP_HARDENING_MODE_DEBUG -swift-version 6 -I /Users/admin/builder/spi-builder-workspace/.derivedData/Build/Products/Debug-watchos -Isystem /Applications/Xcode-27.0.0-Release.Candidate.app/Contents/Developer/Platforms/WatchOS.platform/Developer/usr/lib -F /Users/admin/builder/spi-builder-workspace/.derivedData/Build/Products/Debug-watchos -F /Applications/Xcode-27.0.0-Release.Candidate.app/Contents/Developer/Platforms/WatchOS.platform/Developer/Library/Frameworks -F /Applications/Xcode-27.0.0-Release.Candidate.app/Contents/Developer/Platforms/WatchOS.platform/Developer/SDKs/WatchOS27.0.sdk/Developer/Library/Frameworks -c -j10 -enable-batch-mode -incremental -Xcc -ivfsstatcache -Xcc /Users/admin/builder/spi-builder-workspace/.derivedData/SDKStatCaches.noindex/watchos27.0-24R360-e829b21a6f8c9b70876ba0858053c04477534ef55a1706bf4c1112bbb242f0a2.sdkstatcache -output-file-map /Users/admin/builder/spi-builder-workspace/.derivedData/Build/Intermediates.noindex/warc-swift.build/Debug-watchos/warc-swift-t.build/Objects-normal/arm64_32/warc-swift-OutputFileMap.json -save-temps -no-color-diagnostics -explicit-module-build -module-cache-path /Users/admin/builder/spi-builder-workspace/.derivedData/Build/Intermediates.noindex/SwiftExplicitPrecompiledModules -clang-scanner-module-cache-path /Users/admin/builder/spi-builder-workspace/.derivedData/ModuleCache.noindex -sdk-module-cache-path /Users/admin/builder/spi-builder-workspace/.derivedData/SDKExplicitPrecompiledModules -emit-dependencies -emit-module -emit-module-path /Users/admin/builder/spi-builder-workspace/.derivedData/Build/Intermediates.noindex/warc-swift.build/Debug-watchos/warc-swift-t.build/Objects-normal/arm64_32/warc_swift.swiftmodule -serialize-diagnostics -dependency-scan-serialize-diagnostics-path /Users/admin/builder/spi-builder-workspace/.derivedData/Build/Intermediates.noindex/warc-swift.build/Debug-watchos/warc-swift-t.build/Objects-normal/arm64_32/warc_swift-dependency-scan.dia -validate-clang-modules-once -clang-build-session-file /Users/admin/builder/spi-builder-workspace/.derivedData/ModuleCache.noindex/Session.modulevalidation -Xcc -fmodules-prune-interval\=86400 -Xcc -fmodules-prune-after\=345600 -package-name spi_builder_workspace -emit-const-values -const-gather-protocols-list /Users/admin/builder/spi-builder-workspace/.derivedData/Build/Intermediates.noindex/warc-swift.build/Debug-watchos/warc-swift-t.build/Objects-normal/arm64_32/warc-swift_const_extract_protocols.json -Xcc -I/Users/admin/builder/spi-builder-workspace/.derivedData/Build/Products/Debug-watchos/include -Xcc -I/Users/admin/builder/spi-builder-workspace/.derivedData/Build/Intermediates.noindex/warc-swift.build/Debug-watchos/warc-swift-t.build/DerivedSources-normal/arm64_32 -Xcc -I/Users/admin/builder/spi-builder-workspace/.derivedData/Build/Intermediates.noindex/warc-swift.build/Debug-watchos/warc-swift-t.build/DerivedSources/arm64_32 -Xcc -I/Users/admin/builder/spi-builder-workspace/.derivedData/Build/Intermediates.noindex/warc-swift.build/Debug-watchos/warc-swift-t.build/DerivedSources -Xcc -DSWIFT_PACKAGE -Xcc -DDEBUG\=1 -emit-objc-header -emit-objc-header-path /Users/admin/builder/spi-builder-workspace/.derivedData/Build/Intermediates.noindex/warc-swift.build/Debug-watchos/warc-swift-t.build/Objects-normal/arm64_32/warc-swift-Swift.h -working-directory /Users/admin/builder/spi-builder-workspace/.swiftpm/xcode -experimental-emit-module-separately -disable-cmo
SwiftDriver warc-swift normal arm64 com.apple.xcode.tools.swift.compiler (in target 'warc-swift' from project 'warc-swift')
cd /Users/admin/builder/spi-builder-workspace/.swiftpm/xcode
builtin-SwiftDriver -- /Applications/Xcode-27.0.0-Release.Candidate.app/Contents/Developer/Toolchains/XcodeDefault.xctoolchain/usr/bin/swiftc -parse-as-library -module-name warc_swift -Onone @/Users/admin/builder/spi-builder-workspace/.derivedData/Build/Intermediates.noindex/warc-swift.build/Debug-watchos/warc-swift-t.build/Objects-normal/arm64/warc-swift.SwiftFileList -DSWIFT_PACKAGE -DDEBUG -DSWIFT_MODULE_RESOURCE_BUNDLE_AVAILABLE -Xcc -fmodule-map-file\=/Users/admin/builder/spi-builder-workspace/Sources/CZlib/module.modulemap -DXcode -plugin-path /Applications/Xcode-27.0.0-Release.Candidate.app/Contents/Developer/Toolchains/XcodeDefault.xctoolchain/usr/lib/swift/host/plugins/testing -enable-experimental-feature DebugDescriptionMacro -sdk /Applications/Xcode-27.0.0-Release.Candidate.app/Contents/Developer/Platforms/WatchOS.platform/Developer/SDKs/WatchOS27.0.sdk -target arm64-apple-watchos9.0 -g -module-cache-path /Users/admin/builder/spi-builder-workspace/.derivedData/ModuleCache.noindex -Xfrontend -serialize-debugging-options -profile-coverage-mapping -profile-generate -enable-testing -index-store-path /Users/admin/builder/spi-builder-workspace/.derivedData/Index.noindex/DataStore -Xcc -D_LIBCPP_HARDENING_MODE\=_LIBCPP_HARDENING_MODE_DEBUG -swift-version 6 -I /Users/admin/builder/spi-builder-workspace/.derivedData/Build/Products/Debug-watchos -Isystem /Applications/Xcode-27.0.0-Release.Candidate.app/Contents/Developer/Platforms/WatchOS.platform/Developer/usr/lib -F /Users/admin/builder/spi-builder-workspace/.derivedData/Build/Products/Debug-watchos -F /Applications/Xcode-27.0.0-Release.Candidate.app/Contents/Developer/Platforms/WatchOS.platform/Developer/Library/Frameworks -F /Applications/Xcode-27.0.0-Release.Candidate.app/Contents/Developer/Platforms/WatchOS.platform/Developer/SDKs/WatchOS27.0.sdk/Developer/Library/Frameworks -c -j10 -enable-batch-mode -incremental -Xcc -ivfsstatcache -Xcc /Users/admin/builder/spi-builder-workspace/.derivedData/SDKStatCaches.noindex/watchos27.0-24R360-e829b21a6f8c9b70876ba0858053c04477534ef55a1706bf4c1112bbb242f0a2.sdkstatcache -output-file-map /Users/admin/builder/spi-builder-workspace/.derivedData/Build/Intermediates.noindex/warc-swift.build/Debug-watchos/warc-swift-t.build/Objects-normal/arm64/warc-swift-OutputFileMap.json -save-temps -no-color-diagnostics -explicit-module-build -module-cache-path /Users/admin/builder/spi-builder-workspace/.derivedData/Build/Intermediates.noindex/SwiftExplicitPrecompiledModules -clang-scanner-module-cache-path /Users/admin/builder/spi-builder-workspace/.derivedData/ModuleCache.noindex -sdk-module-cache-path /Users/admin/builder/spi-builder-workspace/.derivedData/SDKExplicitPrecompiledModules -emit-dependencies -emit-module -emit-module-path /Users/admin/builder/spi-builder-workspace/.derivedData/Build/Intermediates.noindex/warc-swift.build/Debug-watchos/warc-swift-t.build/Objects-normal/arm64/warc_swift.swiftmodule -serialize-diagnostics -dependency-scan-serialize-diagnostics-path /Users/admin/builder/spi-builder-workspace/.derivedData/Build/Intermediates.noindex/warc-swift.build/Debug-watchos/warc-swift-t.build/Objects-normal/arm64/warc_swift-dependency-scan.dia -validate-clang-modules-once -clang-build-session-file /Users/admin/builder/spi-builder-workspace/.derivedData/ModuleCache.noindex/Session.modulevalidation -Xcc -fmodules-prune-interval\=86400 -Xcc -fmodules-prune-after\=345600 -package-name spi_builder_workspace -emit-const-values -const-gather-protocols-list /Users/admin/builder/spi-builder-workspace/.derivedData/Build/Intermediates.noindex/warc-swift.build/Debug-watchos/warc-swift-t.build/Objects-normal/arm64/warc-swift_const_extract_protocols.json -Xcc -I/Users/admin/builder/spi-builder-workspace/.derivedData/Build/Products/Debug-watchos/include -Xcc -I/Users/admin/builder/spi-builder-workspace/.derivedData/Build/Intermediates.noindex/warc-swift.build/Debug-watchos/warc-swift-t.build/DerivedSources-normal/arm64 -Xcc -I/Users/admin/builder/spi-builder-workspace/.derivedData/Build/Intermediates.noindex/warc-swift.build/Debug-watchos/warc-swift-t.build/DerivedSources/arm64 -Xcc -I/Users/admin/builder/spi-builder-workspace/.derivedData/Build/Intermediates.noindex/warc-swift.build/Debug-watchos/warc-swift-t.build/DerivedSources -Xcc -DSWIFT_PACKAGE -Xcc -DDEBUG\=1 -emit-objc-header -emit-objc-header-path /Users/admin/builder/spi-builder-workspace/.derivedData/Build/Intermediates.noindex/warc-swift.build/Debug-watchos/warc-swift-t.build/Objects-normal/arm64/warc-swift-Swift.h -working-directory /Users/admin/builder/spi-builder-workspace/.swiftpm/xcode -experimental-emit-module-separately -disable-cmo
SwiftDriver SinglePageArchive normal arm64 com.apple.xcode.tools.swift.compiler (in target 'SinglePageArchive-product' from project 'warc-swift')
cd /Users/admin/builder/spi-builder-workspace/.swiftpm/xcode
builtin-SwiftDriver -- /Applications/Xcode-27.0.0-Release.Candidate.app/Contents/Developer/Toolchains/XcodeDefault.xctoolchain/usr/bin/swiftc -module-name SinglePageArchive -Onone @/Users/admin/builder/spi-builder-workspace/.derivedData/Build/Intermediates.noindex/warc-swift.build/Debug-watchos/SinglePageArchive-p.build/Objects-normal/arm64/SinglePageArchive.SwiftFileList -DSWIFT_PACKAGE -DDEBUG -Xcc -fmodule-map-file\=/Users/admin/builder/spi-builder-workspace/Sources/CZlib/module.modulemap -DXcode -plugin-path /Applications/Xcode-27.0.0-Release.Candidate.app/Contents/Developer/Toolchains/XcodeDefault.xctoolchain/usr/lib/swift/host/plugins/testing -enable-experimental-feature DebugDescriptionMacro -sdk /Applications/Xcode-27.0.0-Release.Candidate.app/Contents/Developer/Platforms/WatchOS.platform/Developer/SDKs/WatchOS27.0.sdk -target arm64-apple-watchos9.0 -g -module-cache-path /Users/admin/builder/spi-builder-workspace/.derivedData/ModuleCache.noindex -Xfrontend -serialize-debugging-options -profile-coverage-mapping -profile-generate -enable-testing -index-store-path /Users/admin/builder/spi-builder-workspace/.derivedData/Index.noindex/DataStore -Xcc -D_LIBCPP_HARDENING_MODE\=_LIBCPP_HARDENING_MODE_DEBUG -swift-version 6 -I /Users/admin/builder/spi-builder-workspace/.derivedData/Build/Products/Debug-watchos -Isystem /Applications/Xcode-27.0.0-Release.Candidate.app/Contents/Developer/Platforms/WatchOS.platform/Developer/usr/lib -F /Users/admin/builder/spi-builder-workspace/.derivedData/Build/Products/Debug-watchos/PackageFrameworks -F /Users/admin/builder/spi-builder-workspace/.derivedData/Build/Products/Debug-watchos -F /Applications/Xcode-27.0.0-Release.Candidate.app/Contents/Developer/Platforms/WatchOS.platform/Developer/Library/Frameworks -F /Applications/Xcode-27.0.0-Release.Candidate.app/Contents/Developer/Platforms/WatchOS.platform/Developer/SDKs/WatchOS27.0.sdk/Developer/Library/Frameworks -c -j10 -enable-batch-mode -incremental -Xcc -ivfsstatcache -Xcc /Users/admin/builder/spi-builder-workspace/.derivedData/SDKStatCaches.noindex/watchos27.0-24R360-e829b21a6f8c9b70876ba0858053c04477534ef55a1706bf4c1112bbb242f0a2.sdkstatcache -output-file-map /Users/admin/builder/spi-builder-workspace/.derivedData/Build/Intermediates.noindex/warc-swift.build/Debug-watchos/SinglePageArchive-p.build/Objects-normal/arm64/SinglePageArchive-OutputFileMap.json -save-temps -no-color-diagnostics -explicit-module-build -module-cache-path /Users/admin/builder/spi-builder-workspace/.derivedData/Build/Intermediates.noindex/SwiftExplicitPrecompiledModules -clang-scanner-module-cache-path /Users/admin/builder/spi-builder-workspace/.derivedData/ModuleCache.noindex -sdk-module-cache-path /Users/admin/builder/spi-builder-workspace/.derivedData/SDKExplicitPrecompiledModules -emit-dependencies -emit-module -emit-module-path /Users/admin/builder/spi-builder-workspace/.derivedData/Build/Intermediates.noindex/warc-swift.build/Debug-watchos/SinglePageArchive-p.build/Objects-normal/arm64/SinglePageArchive.swiftmodule -serialize-diagnostics -dependency-scan-serialize-diagnostics-path /Users/admin/builder/spi-builder-workspace/.derivedData/Build/Intermediates.noindex/warc-swift.build/Debug-watchos/SinglePageArchive-p.build/Objects-normal/arm64/SinglePageArchive-dependency-scan.dia -validate-clang-modules-once -clang-build-session-file /Users/admin/builder/spi-builder-workspace/.derivedData/ModuleCache.noindex/Session.modulevalidation -Xcc -fmodules-prune-interval\=86400 -Xcc -fmodules-prune-after\=345600 -package-name spi_builder_workspace -emit-const-values -const-gather-protocols-list /Users/admin/builder/spi-builder-workspace/.derivedData/Build/Intermediates.noindex/warc-swift.build/Debug-watchos/SinglePageArchive-p.build/Objects-normal/arm64/SinglePageArchive_const_extract_protocols.json -Xcc -I/Users/admin/builder/spi-builder-workspace/.derivedData/Build/Products/Debug-watchos/include -Xcc -I/Users/admin/builder/spi-builder-workspace/.derivedData/Build/Intermediates.noindex/warc-swift.build/Debug-watchos/SinglePageArchive-p.build/DerivedSources-normal/arm64 -Xcc -I/Users/admin/builder/spi-builder-workspace/.derivedData/Build/Intermediates.noindex/warc-swift.build/Debug-watchos/SinglePageArchive-p.build/DerivedSources/arm64 -Xcc -I/Users/admin/builder/spi-builder-workspace/.derivedData/Build/Intermediates.noindex/warc-swift.build/Debug-watchos/SinglePageArchive-p.build/DerivedSources -Xcc -DSWIFT_PACKAGE -Xcc -DDEBUG\=1 -working-directory /Users/admin/builder/spi-builder-workspace/.swiftpm/xcode -experimental-emit-module-separately -disable-cmo
SwiftDriver SinglePageArchive normal arm64_32 com.apple.xcode.tools.swift.compiler (in target 'SinglePageArchive-product' from project 'warc-swift')
cd /Users/admin/builder/spi-builder-workspace/.swiftpm/xcode
builtin-SwiftDriver -- /Applications/Xcode-27.0.0-Release.Candidate.app/Contents/Developer/Toolchains/XcodeDefault.xctoolchain/usr/bin/swiftc -module-name SinglePageArchive -Onone @/Users/admin/builder/spi-builder-workspace/.derivedData/Build/Intermediates.noindex/warc-swift.build/Debug-watchos/SinglePageArchive-p.build/Objects-normal/arm64_32/SinglePageArchive.SwiftFileList -DSWIFT_PACKAGE -DDEBUG -Xcc -fmodule-map-file\=/Users/admin/builder/spi-builder-workspace/Sources/CZlib/module.modulemap -DXcode -plugin-path /Applications/Xcode-27.0.0-Release.Candidate.app/Contents/Developer/Toolchains/XcodeDefault.xctoolchain/usr/lib/swift/host/plugins/testing -enable-experimental-feature DebugDescriptionMacro -sdk /Applications/Xcode-27.0.0-Release.Candidate.app/Contents/Developer/Platforms/WatchOS.platform/Developer/SDKs/WatchOS27.0.sdk -target arm64_32-apple-watchos9.0 -g -module-cache-path /Users/admin/builder/spi-builder-workspace/.derivedData/ModuleCache.noindex -Xfrontend -serialize-debugging-options -profile-coverage-mapping -profile-generate -enable-testing -index-store-path /Users/admin/builder/spi-builder-workspace/.derivedData/Index.noindex/DataStore -Xcc -D_LIBCPP_HARDENING_MODE\=_LIBCPP_HARDENING_MODE_DEBUG -swift-version 6 -I /Users/admin/builder/spi-builder-workspace/.derivedData/Build/Products/Debug-watchos -Isystem /Applications/Xcode-27.0.0-Release.Candidate.app/Contents/Developer/Platforms/WatchOS.platform/Developer/usr/lib -F /Users/admin/builder/spi-builder-workspace/.derivedData/Build/Products/Debug-watchos/PackageFrameworks -F /Users/admin/builder/spi-builder-workspace/.derivedData/Build/Products/Debug-watchos -F /Applications/Xcode-27.0.0-Release.Candidate.app/Contents/Developer/Platforms/WatchOS.platform/Developer/Library/Frameworks -F /Applications/Xcode-27.0.0-Release.Candidate.app/Contents/Developer/Platforms/WatchOS.platform/Developer/SDKs/WatchOS27.0.sdk/Developer/Library/Frameworks -c -j10 -enable-batch-mode -incremental -Xcc -ivfsstatcache -Xcc /Users/admin/builder/spi-builder-workspace/.derivedData/SDKStatCaches.noindex/watchos27.0-24R360-e829b21a6f8c9b70876ba0858053c04477534ef55a1706bf4c1112bbb242f0a2.sdkstatcache -output-file-map /Users/admin/builder/spi-builder-workspace/.derivedData/Build/Intermediates.noindex/warc-swift.build/Debug-watchos/SinglePageArchive-p.build/Objects-normal/arm64_32/SinglePageArchive-OutputFileMap.json -save-temps -no-color-diagnostics -explicit-module-build -module-cache-path /Users/admin/builder/spi-builder-workspace/.derivedData/Build/Intermediates.noindex/SwiftExplicitPrecompiledModules -clang-scanner-module-cache-path /Users/admin/builder/spi-builder-workspace/.derivedData/ModuleCache.noindex -sdk-module-cache-path /Users/admin/builder/spi-builder-workspace/.derivedData/SDKExplicitPrecompiledModules -emit-dependencies -emit-module -emit-module-path /Users/admin/builder/spi-builder-workspace/.derivedData/Build/Intermediates.noindex/warc-swift.build/Debug-watchos/SinglePageArchive-p.build/Objects-normal/arm64_32/SinglePageArchive.swiftmodule -serialize-diagnostics -dependency-scan-serialize-diagnostics-path /Users/admin/builder/spi-builder-workspace/.derivedData/Build/Intermediates.noindex/warc-swift.build/Debug-watchos/SinglePageArchive-p.build/Objects-normal/arm64_32/SinglePageArchive-dependency-scan.dia -validate-clang-modules-once -clang-build-session-file /Users/admin/builder/spi-builder-workspace/.derivedData/ModuleCache.noindex/Session.modulevalidation -Xcc -fmodules-prune-interval\=86400 -Xcc -fmodules-prune-after\=345600 -package-name spi_builder_workspace -emit-const-values -const-gather-protocols-list /Users/admin/builder/spi-builder-workspace/.derivedData/Build/Intermediates.noindex/warc-swift.build/Debug-watchos/SinglePageArchive-p.build/Objects-normal/arm64_32/SinglePageArchive_const_extract_protocols.json -Xcc -I/Users/admin/builder/spi-builder-workspace/.derivedData/Build/Products/Debug-watchos/include -Xcc -I/Users/admin/builder/spi-builder-workspace/.derivedData/Build/Intermediates.noindex/warc-swift.build/Debug-watchos/SinglePageArchive-p.build/DerivedSources-normal/arm64_32 -Xcc -I/Users/admin/builder/spi-builder-workspace/.derivedData/Build/Intermediates.noindex/warc-swift.build/Debug-watchos/SinglePageArchive-p.build/DerivedSources/arm64_32 -Xcc -I/Users/admin/builder/spi-builder-workspace/.derivedData/Build/Intermediates.noindex/warc-swift.build/Debug-watchos/SinglePageArchive-p.build/DerivedSources -Xcc -DSWIFT_PACKAGE -Xcc -DDEBUG\=1 -working-directory /Users/admin/builder/spi-builder-workspace/.swiftpm/xcode -experimental-emit-module-separately -disable-cmo
SwiftDriver WriteWARCManually normal arm64_32 com.apple.xcode.tools.swift.compiler (in target 'WriteWARCManually-product' from project 'warc-swift')
cd /Users/admin/builder/spi-builder-workspace/.swiftpm/xcode
builtin-SwiftDriver -- /Applications/Xcode-27.0.0-Release.Candidate.app/Contents/Developer/Toolchains/XcodeDefault.xctoolchain/usr/bin/swiftc -module-name WriteWARCManually -Onone @/Users/admin/builder/spi-builder-workspace/.derivedData/Build/Intermediates.noindex/warc-swift.build/Debug-watchos/WriteWARCManually-p.build/Objects-normal/arm64_32/WriteWARCManually.SwiftFileList -DSWIFT_PACKAGE -DDEBUG -Xcc -fmodule-map-file\=/Users/admin/builder/spi-builder-workspace/Sources/CZlib/module.modulemap -DXcode -plugin-path /Applications/Xcode-27.0.0-Release.Candidate.app/Contents/Developer/Toolchains/XcodeDefault.xctoolchain/usr/lib/swift/host/plugins/testing -enable-experimental-feature DebugDescriptionMacro -sdk /Applications/Xcode-27.0.0-Release.Candidate.app/Contents/Developer/Platforms/WatchOS.platform/Developer/SDKs/WatchOS27.0.sdk -target arm64_32-apple-watchos9.0 -g -module-cache-path /Users/admin/builder/spi-builder-workspace/.derivedData/ModuleCache.noindex -Xfrontend -serialize-debugging-options -profile-coverage-mapping -profile-generate -enable-testing -index-store-path /Users/admin/builder/spi-builder-workspace/.derivedData/Index.noindex/DataStore -Xcc -D_LIBCPP_HARDENING_MODE\=_LIBCPP_HARDENING_MODE_DEBUG -swift-version 6 -I /Users/admin/builder/spi-builder-workspace/.derivedData/Build/Products/Debug-watchos -Isystem /Applications/Xcode-27.0.0-Release.Candidate.app/Contents/Developer/Platforms/WatchOS.platform/Developer/usr/lib -F /Users/admin/builder/spi-builder-workspace/.derivedData/Build/Products/Debug-watchos/PackageFrameworks -F /Users/admin/builder/spi-builder-workspace/.derivedData/Build/Products/Debug-watchos -F /Applications/Xcode-27.0.0-Release.Candidate.app/Contents/Developer/Platforms/WatchOS.platform/Developer/Library/Frameworks -F /Applications/Xcode-27.0.0-Release.Candidate.app/Contents/Developer/Platforms/WatchOS.platform/Developer/SDKs/WatchOS27.0.sdk/Developer/Library/Frameworks -c -j10 -enable-batch-mode -incremental -Xcc -ivfsstatcache -Xcc /Users/admin/builder/spi-builder-workspace/.derivedData/SDKStatCaches.noindex/watchos27.0-24R360-e829b21a6f8c9b70876ba0858053c04477534ef55a1706bf4c1112bbb242f0a2.sdkstatcache -output-file-map /Users/admin/builder/spi-builder-workspace/.derivedData/Build/Intermediates.noindex/warc-swift.build/Debug-watchos/WriteWARCManually-p.build/Objects-normal/arm64_32/WriteWARCManually-OutputFileMap.json -save-temps -no-color-diagnostics -explicit-module-build -module-cache-path /Users/admin/builder/spi-builder-workspace/.derivedData/Build/Intermediates.noindex/SwiftExplicitPrecompiledModules -clang-scanner-module-cache-path /Users/admin/builder/spi-builder-workspace/.derivedData/ModuleCache.noindex -sdk-module-cache-path /Users/admin/builder/spi-builder-workspace/.derivedData/SDKExplicitPrecompiledModules -emit-dependencies -emit-module -emit-module-path /Users/admin/builder/spi-builder-workspace/.derivedData/Build/Intermediates.noindex/warc-swift.build/Debug-watchos/WriteWARCManually-p.build/Objects-normal/arm64_32/WriteWARCManually.swiftmodule -serialize-diagnostics -dependency-scan-serialize-diagnostics-path /Users/admin/builder/spi-builder-workspace/.derivedData/Build/Intermediates.noindex/warc-swift.build/Debug-watchos/WriteWARCManually-p.build/Objects-normal/arm64_32/WriteWARCManually-dependency-scan.dia -validate-clang-modules-once -clang-build-session-file /Users/admin/builder/spi-builder-workspace/.derivedData/ModuleCache.noindex/Session.modulevalidation -Xcc -fmodules-prune-interval\=86400 -Xcc -fmodules-prune-after\=345600 -package-name spi_builder_workspace -emit-const-values -const-gather-protocols-list /Users/admin/builder/spi-builder-workspace/.derivedData/Build/Intermediates.noindex/warc-swift.build/Debug-watchos/WriteWARCManually-p.build/Objects-normal/arm64_32/WriteWARCManually_const_extract_protocols.json -Xcc -I/Users/admin/builder/spi-builder-workspace/.derivedData/Build/Products/Debug-watchos/include -Xcc -I/Users/admin/builder/spi-builder-workspace/.derivedData/Build/Intermediates.noindex/warc-swift.build/Debug-watchos/WriteWARCManually-p.build/DerivedSources-normal/arm64_32 -Xcc -I/Users/admin/builder/spi-builder-workspace/.derivedData/Build/Intermediates.noindex/warc-swift.build/Debug-watchos/WriteWARCManually-p.build/DerivedSources/arm64_32 -Xcc -I/Users/admin/builder/spi-builder-workspace/.derivedData/Build/Intermediates.noindex/warc-swift.build/Debug-watchos/WriteWARCManually-p.build/DerivedSources -Xcc -DSWIFT_PACKAGE -Xcc -DDEBUG\=1 -working-directory /Users/admin/builder/spi-builder-workspace/.swiftpm/xcode -experimental-emit-module-separately -disable-cmo
SwiftDriver WriteWARCManually normal arm64 com.apple.xcode.tools.swift.compiler (in target 'WriteWARCManually-product' from project 'warc-swift')
cd /Users/admin/builder/spi-builder-workspace/.swiftpm/xcode
builtin-SwiftDriver -- /Applications/Xcode-27.0.0-Release.Candidate.app/Contents/Developer/Toolchains/XcodeDefault.xctoolchain/usr/bin/swiftc -module-name WriteWARCManually -Onone @/Users/admin/builder/spi-builder-workspace/.derivedData/Build/Intermediates.noindex/warc-swift.build/Debug-watchos/WriteWARCManually-p.build/Objects-normal/arm64/WriteWARCManually.SwiftFileList -DSWIFT_PACKAGE -DDEBUG -Xcc -fmodule-map-file\=/Users/admin/builder/spi-builder-workspace/Sources/CZlib/module.modulemap -DXcode -plugin-path /Applications/Xcode-27.0.0-Release.Candidate.app/Contents/Developer/Toolchains/XcodeDefault.xctoolchain/usr/lib/swift/host/plugins/testing -enable-experimental-feature DebugDescriptionMacro -sdk /Applications/Xcode-27.0.0-Release.Candidate.app/Contents/Developer/Platforms/WatchOS.platform/Developer/SDKs/WatchOS27.0.sdk -target arm64-apple-watchos9.0 -g -module-cache-path /Users/admin/builder/spi-builder-workspace/.derivedData/ModuleCache.noindex -Xfrontend -serialize-debugging-options -profile-coverage-mapping -profile-generate -enable-testing -index-store-path /Users/admin/builder/spi-builder-workspace/.derivedData/Index.noindex/DataStore -Xcc -D_LIBCPP_HARDENING_MODE\=_LIBCPP_HARDENING_MODE_DEBUG -swift-version 6 -I /Users/admin/builder/spi-builder-workspace/.derivedData/Build/Products/Debug-watchos -Isystem /Applications/Xcode-27.0.0-Release.Candidate.app/Contents/Developer/Platforms/WatchOS.platform/Developer/usr/lib -F /Users/admin/builder/spi-builder-workspace/.derivedData/Build/Products/Debug-watchos/PackageFrameworks -F /Users/admin/builder/spi-builder-workspace/.derivedData/Build/Products/Debug-watchos -F /Applications/Xcode-27.0.0-Release.Candidate.app/Contents/Developer/Platforms/WatchOS.platform/Developer/Library/Frameworks -F /Applications/Xcode-27.0.0-Release.Candidate.app/Contents/Developer/Platforms/WatchOS.platform/Developer/SDKs/WatchOS27.0.sdk/Developer/Library/Frameworks -c -j10 -enable-batch-mode -incremental -Xcc -ivfsstatcache -Xcc /Users/admin/builder/spi-builder-workspace/.derivedData/SDKStatCaches.noindex/watchos27.0-24R360-e829b21a6f8c9b70876ba0858053c04477534ef55a1706bf4c1112bbb242f0a2.sdkstatcache -output-file-map /Users/admin/builder/spi-builder-workspace/.derivedData/Build/Intermediates.noindex/warc-swift.build/Debug-watchos/WriteWARCManually-p.build/Objects-normal/arm64/WriteWARCManually-OutputFileMap.json -save-temps -no-color-diagnostics -explicit-module-build -module-cache-path /Users/admin/builder/spi-builder-workspace/.derivedData/Build/Intermediates.noindex/SwiftExplicitPrecompiledModules -clang-scanner-module-cache-path /Users/admin/builder/spi-builder-workspace/.derivedData/ModuleCache.noindex -sdk-module-cache-path /Users/admin/builder/spi-builder-workspace/.derivedData/SDKExplicitPrecompiledModules -emit-dependencies -emit-module -emit-module-path /Users/admin/builder/spi-builder-workspace/.derivedData/Build/Intermediates.noindex/warc-swift.build/Debug-watchos/WriteWARCManually-p.build/Objects-normal/arm64/WriteWARCManually.swiftmodule -serialize-diagnostics -dependency-scan-serialize-diagnostics-path /Users/admin/builder/spi-builder-workspace/.derivedData/Build/Intermediates.noindex/warc-swift.build/Debug-watchos/WriteWARCManually-p.build/Objects-normal/arm64/WriteWARCManually-dependency-scan.dia -validate-clang-modules-once -clang-build-session-file /Users/admin/builder/spi-builder-workspace/.derivedData/ModuleCache.noindex/Session.modulevalidation -Xcc -fmodules-prune-interval\=86400 -Xcc -fmodules-prune-after\=345600 -package-name spi_builder_workspace -emit-const-values -const-gather-protocols-list /Users/admin/builder/spi-builder-workspace/.derivedData/Build/Intermediates.noindex/warc-swift.build/Debug-watchos/WriteWARCManually-p.build/Objects-normal/arm64/WriteWARCManually_const_extract_protocols.json -Xcc -I/Users/admin/builder/spi-builder-workspace/.derivedData/Build/Products/Debug-watchos/include -Xcc -I/Users/admin/builder/spi-builder-workspace/.derivedData/Build/Intermediates.noindex/warc-swift.build/Debug-watchos/WriteWARCManually-p.build/DerivedSources-normal/arm64 -Xcc -I/Users/admin/builder/spi-builder-workspace/.derivedData/Build/Intermediates.noindex/warc-swift.build/Debug-watchos/WriteWARCManually-p.build/DerivedSources/arm64 -Xcc -I/Users/admin/builder/spi-builder-workspace/.derivedData/Build/Intermediates.noindex/warc-swift.build/Debug-watchos/WriteWARCManually-p.build/DerivedSources -Xcc -DSWIFT_PACKAGE -Xcc -DDEBUG\=1 -working-directory /Users/admin/builder/spi-builder-workspace/.swiftpm/xcode -experimental-emit-module-separately -disable-cmo
SwiftDriver RecursiveCrawl normal arm64 com.apple.xcode.tools.swift.compiler (in target 'RecursiveCrawl-product' from project 'warc-swift')
cd /Users/admin/builder/spi-builder-workspace/.swiftpm/xcode
builtin-SwiftDriver -- /Applications/Xcode-27.0.0-Release.Candidate.app/Contents/Developer/Toolchains/XcodeDefault.xctoolchain/usr/bin/swiftc -module-name RecursiveCrawl -Onone @/Users/admin/builder/spi-builder-workspace/.derivedData/Build/Intermediates.noindex/warc-swift.build/Debug-watchos/RecursiveCrawl-p.build/Objects-normal/arm64/RecursiveCrawl.SwiftFileList -DSWIFT_PACKAGE -DDEBUG -Xcc -fmodule-map-file\=/Users/admin/builder/spi-builder-workspace/Sources/CZlib/module.modulemap -DXcode -plugin-path /Applications/Xcode-27.0.0-Release.Candidate.app/Contents/Developer/Toolchains/XcodeDefault.xctoolchain/usr/lib/swift/host/plugins/testing -enable-experimental-feature DebugDescriptionMacro -sdk /Applications/Xcode-27.0.0-Release.Candidate.app/Contents/Developer/Platforms/WatchOS.platform/Developer/SDKs/WatchOS27.0.sdk -target arm64-apple-watchos9.0 -g -module-cache-path /Users/admin/builder/spi-builder-workspace/.derivedData/ModuleCache.noindex -Xfrontend -serialize-debugging-options -profile-coverage-mapping -profile-generate -enable-testing -index-store-path /Users/admin/builder/spi-builder-workspace/.derivedData/Index.noindex/DataStore -Xcc -D_LIBCPP_HARDENING_MODE\=_LIBCPP_HARDENING_MODE_DEBUG -swift-version 6 -I /Users/admin/builder/spi-builder-workspace/.derivedData/Build/Products/Debug-watchos -Isystem /Applications/Xcode-27.0.0-Release.Candidate.app/Contents/Developer/Platforms/WatchOS.platform/Developer/usr/lib -F /Users/admin/builder/spi-builder-workspace/.derivedData/Build/Products/Debug-watchos/PackageFrameworks -F /Users/admin/builder/spi-builder-workspace/.derivedData/Build/Products/Debug-watchos -F /Applications/Xcode-27.0.0-Release.Candidate.app/Contents/Developer/Platforms/WatchOS.platform/Developer/Library/Frameworks -F /Applications/Xcode-27.0.0-Release.Candidate.app/Contents/Developer/Platforms/WatchOS.platform/Developer/SDKs/WatchOS27.0.sdk/Developer/Library/Frameworks -c -j10 -enable-batch-mode -incremental -Xcc -ivfsstatcache -Xcc /Users/admin/builder/spi-builder-workspace/.derivedData/SDKStatCaches.noindex/watchos27.0-24R360-e829b21a6f8c9b70876ba0858053c04477534ef55a1706bf4c1112bbb242f0a2.sdkstatcache -output-file-map /Users/admin/builder/spi-builder-workspace/.derivedData/Build/Intermediates.noindex/warc-swift.build/Debug-watchos/RecursiveCrawl-p.build/Objects-normal/arm64/RecursiveCrawl-OutputFileMap.json -save-temps -no-color-diagnostics -explicit-module-build -module-cache-path /Users/admin/builder/spi-builder-workspace/.derivedData/Build/Intermediates.noindex/SwiftExplicitPrecompiledModules -clang-scanner-module-cache-path /Users/admin/builder/spi-builder-workspace/.derivedData/ModuleCache.noindex -sdk-module-cache-path /Users/admin/builder/spi-builder-workspace/.derivedData/SDKExplicitPrecompiledModules -emit-dependencies -emit-module -emit-module-path /Users/admin/builder/spi-builder-workspace/.derivedData/Build/Intermediates.noindex/warc-swift.build/Debug-watchos/RecursiveCrawl-p.build/Objects-normal/arm64/RecursiveCrawl.swiftmodule -serialize-diagnostics -dependency-scan-serialize-diagnostics-path /Users/admin/builder/spi-builder-workspace/.derivedData/Build/Intermediates.noindex/warc-swift.build/Debug-watchos/RecursiveCrawl-p.build/Objects-normal/arm64/RecursiveCrawl-dependency-scan.dia -validate-clang-modules-once -clang-build-session-file /Users/admin/builder/spi-builder-workspace/.derivedData/ModuleCache.noindex/Session.modulevalidation -Xcc -fmodules-prune-interval\=86400 -Xcc -fmodules-prune-after\=345600 -package-name spi_builder_workspace -emit-const-values -const-gather-protocols-list /Users/admin/builder/spi-builder-workspace/.derivedData/Build/Intermediates.noindex/warc-swift.build/Debug-watchos/RecursiveCrawl-p.build/Objects-normal/arm64/RecursiveCrawl_const_extract_protocols.json -Xcc -I/Users/admin/builder/spi-builder-workspace/.derivedData/Build/Products/Debug-watchos/include -Xcc -I/Users/admin/builder/spi-builder-workspace/.derivedData/Build/Intermediates.noindex/warc-swift.build/Debug-watchos/RecursiveCrawl-p.build/DerivedSources-normal/arm64 -Xcc -I/Users/admin/builder/spi-builder-workspace/.derivedData/Build/Intermediates.noindex/warc-swift.build/Debug-watchos/RecursiveCrawl-p.build/DerivedSources/arm64 -Xcc -I/Users/admin/builder/spi-builder-workspace/.derivedData/Build/Intermediates.noindex/warc-swift.build/Debug-watchos/RecursiveCrawl-p.build/DerivedSources -Xcc -DSWIFT_PACKAGE -Xcc -DDEBUG\=1 -working-directory /Users/admin/builder/spi-builder-workspace/.swiftpm/xcode -experimental-emit-module-separately -disable-cmo
SwiftDriver RecursiveCrawl normal arm64_32 com.apple.xcode.tools.swift.compiler (in target 'RecursiveCrawl-product' from project 'warc-swift')
cd /Users/admin/builder/spi-builder-workspace/.swiftpm/xcode
builtin-SwiftDriver -- /Applications/Xcode-27.0.0-Release.Candidate.app/Contents/Developer/Toolchains/XcodeDefault.xctoolchain/usr/bin/swiftc -module-name RecursiveCrawl -Onone @/Users/admin/builder/spi-builder-workspace/.derivedData/Build/Intermediates.noindex/warc-swift.build/Debug-watchos/RecursiveCrawl-p.build/Objects-normal/arm64_32/RecursiveCrawl.SwiftFileList -DSWIFT_PACKAGE -DDEBUG -Xcc -fmodule-map-file\=/Users/admin/builder/spi-builder-workspace/Sources/CZlib/module.modulemap -DXcode -plugin-path /Applications/Xcode-27.0.0-Release.Candidate.app/Contents/Developer/Toolchains/XcodeDefault.xctoolchain/usr/lib/swift/host/plugins/testing -enable-experimental-feature DebugDescriptionMacro -sdk /Applications/Xcode-27.0.0-Release.Candidate.app/Contents/Developer/Platforms/WatchOS.platform/Developer/SDKs/WatchOS27.0.sdk -target arm64_32-apple-watchos9.0 -g -module-cache-path /Users/admin/builder/spi-builder-workspace/.derivedData/ModuleCache.noindex -Xfrontend -serialize-debugging-options -profile-coverage-mapping -profile-generate -enable-testing -index-store-path /Users/admin/builder/spi-builder-workspace/.derivedData/Index.noindex/DataStore -Xcc -D_LIBCPP_HARDENING_MODE\=_LIBCPP_HARDENING_MODE_DEBUG -swift-version 6 -I /Users/admin/builder/spi-builder-workspace/.derivedData/Build/Products/Debug-watchos -Isystem /Applications/Xcode-27.0.0-Release.Candidate.app/Contents/Developer/Platforms/WatchOS.platform/Developer/usr/lib -F /Users/admin/builder/spi-builder-workspace/.derivedData/Build/Products/Debug-watchos/PackageFrameworks -F /Users/admin/builder/spi-builder-workspace/.derivedData/Build/Products/Debug-watchos -F /Applications/Xcode-27.0.0-Release.Candidate.app/Contents/Developer/Platforms/WatchOS.platform/Developer/Library/Frameworks -F /Applications/Xcode-27.0.0-Release.Candidate.app/Contents/Developer/Platforms/WatchOS.platform/Developer/SDKs/WatchOS27.0.sdk/Developer/Library/Frameworks -c -j10 -enable-batch-mode -incremental -Xcc -ivfsstatcache -Xcc /Users/admin/builder/spi-builder-workspace/.derivedData/SDKStatCaches.noindex/watchos27.0-24R360-e829b21a6f8c9b70876ba0858053c04477534ef55a1706bf4c1112bbb242f0a2.sdkstatcache -output-file-map /Users/admin/builder/spi-builder-workspace/.derivedData/Build/Intermediates.noindex/warc-swift.build/Debug-watchos/RecursiveCrawl-p.build/Objects-normal/arm64_32/RecursiveCrawl-OutputFileMap.json -save-temps -no-color-diagnostics -explicit-module-build -module-cache-path /Users/admin/builder/spi-builder-workspace/.derivedData/Build/Intermediates.noindex/SwiftExplicitPrecompiledModules -clang-scanner-module-cache-path /Users/admin/builder/spi-builder-workspace/.derivedData/ModuleCache.noindex -sdk-module-cache-path /Users/admin/builder/spi-builder-workspace/.derivedData/SDKExplicitPrecompiledModules -emit-dependencies -emit-module -emit-module-path /Users/admin/builder/spi-builder-workspace/.derivedData/Build/Intermediates.noindex/warc-swift.build/Debug-watchos/RecursiveCrawl-p.build/Objects-normal/arm64_32/RecursiveCrawl.swiftmodule -serialize-diagnostics -dependency-scan-serialize-diagnostics-path /Users/admin/builder/spi-builder-workspace/.derivedData/Build/Intermediates.noindex/warc-swift.build/Debug-watchos/RecursiveCrawl-p.build/Objects-normal/arm64_32/RecursiveCrawl-dependency-scan.dia -validate-clang-modules-once -clang-build-session-file /Users/admin/builder/spi-builder-workspace/.derivedData/ModuleCache.noindex/Session.modulevalidation -Xcc -fmodules-prune-interval\=86400 -Xcc -fmodules-prune-after\=345600 -package-name spi_builder_workspace -emit-const-values -const-gather-protocols-list /Users/admin/builder/spi-builder-workspace/.derivedData/Build/Intermediates.noindex/warc-swift.build/Debug-watchos/RecursiveCrawl-p.build/Objects-normal/arm64_32/RecursiveCrawl_const_extract_protocols.json -Xcc -I/Users/admin/builder/spi-builder-workspace/.derivedData/Build/Products/Debug-watchos/include -Xcc -I/Users/admin/builder/spi-builder-workspace/.derivedData/Build/Intermediates.noindex/warc-swift.build/Debug-watchos/RecursiveCrawl-p.build/DerivedSources-normal/arm64_32 -Xcc -I/Users/admin/builder/spi-builder-workspace/.derivedData/Build/Intermediates.noindex/warc-swift.build/Debug-watchos/RecursiveCrawl-p.build/DerivedSources/arm64_32 -Xcc -I/Users/admin/builder/spi-builder-workspace/.derivedData/Build/Intermediates.noindex/warc-swift.build/Debug-watchos/RecursiveCrawl-p.build/DerivedSources -Xcc -DSWIFT_PACKAGE -Xcc -DDEBUG\=1 -working-directory /Users/admin/builder/spi-builder-workspace/.swiftpm/xcode -experimental-emit-module-separately -disable-cmo
SwiftDriver ReadWARC normal arm64 com.apple.xcode.tools.swift.compiler (in target 'ReadWARC-product' from project 'warc-swift')
cd /Users/admin/builder/spi-builder-workspace/.swiftpm/xcode
builtin-SwiftDriver -- /Applications/Xcode-27.0.0-Release.Candidate.app/Contents/Developer/Toolchains/XcodeDefault.xctoolchain/usr/bin/swiftc -module-name ReadWARC -Onone @/Users/admin/builder/spi-builder-workspace/.derivedData/Build/Intermediates.noindex/warc-swift.build/Debug-watchos/ReadWARC-p.build/Objects-normal/arm64/ReadWARC.SwiftFileList -DSWIFT_PACKAGE -DDEBUG -Xcc -fmodule-map-file\=/Users/admin/builder/spi-builder-workspace/Sources/CZlib/module.modulemap -DXcode -plugin-path /Applications/Xcode-27.0.0-Release.Candidate.app/Contents/Developer/Toolchains/XcodeDefault.xctoolchain/usr/lib/swift/host/plugins/testing -enable-experimental-feature DebugDescriptionMacro -sdk /Applications/Xcode-27.0.0-Release.Candidate.app/Contents/Developer/Platforms/WatchOS.platform/Developer/SDKs/WatchOS27.0.sdk -target arm64-apple-watchos9.0 -g -module-cache-path /Users/admin/builder/spi-builder-workspace/.derivedData/ModuleCache.noindex -Xfrontend -serialize-debugging-options -profile-coverage-mapping -profile-generate -enable-testing -index-store-path /Users/admin/builder/spi-builder-workspace/.derivedData/Index.noindex/DataStore -Xcc -D_LIBCPP_HARDENING_MODE\=_LIBCPP_HARDENING_MODE_DEBUG -swift-version 6 -I /Users/admin/builder/spi-builder-workspace/.derivedData/Build/Products/Debug-watchos -Isystem /Applications/Xcode-27.0.0-Release.Candidate.app/Contents/Developer/Platforms/WatchOS.platform/Developer/usr/lib -F /Users/admin/builder/spi-builder-workspace/.derivedData/Build/Products/Debug-watchos/PackageFrameworks -F /Users/admin/builder/spi-builder-workspace/.derivedData/Build/Products/Debug-watchos -F /Applications/Xcode-27.0.0-Release.Candidate.app/Contents/Developer/Platforms/WatchOS.platform/Developer/Library/Frameworks -F /Applications/Xcode-27.0.0-Release.Candidate.app/Contents/Developer/Platforms/WatchOS.platform/Developer/SDKs/WatchOS27.0.sdk/Developer/Library/Frameworks -c -j10 -enable-batch-mode -incremental -Xcc -ivfsstatcache -Xcc /Users/admin/builder/spi-builder-workspace/.derivedData/SDKStatCaches.noindex/watchos27.0-24R360-e829b21a6f8c9b70876ba0858053c04477534ef55a1706bf4c1112bbb242f0a2.sdkstatcache -output-file-map /Users/admin/builder/spi-builder-workspace/.derivedData/Build/Intermediates.noindex/warc-swift.build/Debug-watchos/ReadWARC-p.build/Objects-normal/arm64/ReadWARC-OutputFileMap.json -save-temps -no-color-diagnostics -explicit-module-build -module-cache-path /Users/admin/builder/spi-builder-workspace/.derivedData/Build/Intermediates.noindex/SwiftExplicitPrecompiledModules -clang-scanner-module-cache-path /Users/admin/builder/spi-builder-workspace/.derivedData/ModuleCache.noindex -sdk-module-cache-path /Users/admin/builder/spi-builder-workspace/.derivedData/SDKExplicitPrecompiledModules -emit-dependencies -emit-module -emit-module-path /Users/admin/builder/spi-builder-workspace/.derivedData/Build/Intermediates.noindex/warc-swift.build/Debug-watchos/ReadWARC-p.build/Objects-normal/arm64/ReadWARC.swiftmodule -serialize-diagnostics -dependency-scan-serialize-diagnostics-path /Users/admin/builder/spi-builder-workspace/.derivedData/Build/Intermediates.noindex/warc-swift.build/Debug-watchos/ReadWARC-p.build/Objects-normal/arm64/ReadWARC-dependency-scan.dia -validate-clang-modules-once -clang-build-session-file /Users/admin/builder/spi-builder-workspace/.derivedData/ModuleCache.noindex/Session.modulevalidation -Xcc -fmodules-prune-interval\=86400 -Xcc -fmodules-prune-after\=345600 -package-name spi_builder_workspace -emit-const-values -const-gather-protocols-list /Users/admin/builder/spi-builder-workspace/.derivedData/Build/Intermediates.noindex/warc-swift.build/Debug-watchos/ReadWARC-p.build/Objects-normal/arm64/ReadWARC_const_extract_protocols.json -Xcc -I/Users/admin/builder/spi-builder-workspace/.derivedData/Build/Products/Debug-watchos/include -Xcc -I/Users/admin/builder/spi-builder-workspace/.derivedData/Build/Intermediates.noindex/warc-swift.build/Debug-watchos/ReadWARC-p.build/DerivedSources-normal/arm64 -Xcc -I/Users/admin/builder/spi-builder-workspace/.derivedData/Build/Intermediates.noindex/warc-swift.build/Debug-watchos/ReadWARC-p.build/DerivedSources/arm64 -Xcc -I/Users/admin/builder/spi-builder-workspace/.derivedData/Build/Intermediates.noindex/warc-swift.build/Debug-watchos/ReadWARC-p.build/DerivedSources -Xcc -DSWIFT_PACKAGE -Xcc -DDEBUG\=1 -working-directory /Users/admin/builder/spi-builder-workspace/.swiftpm/xcode -experimental-emit-module-separately -disable-cmo
SwiftDriver ReadWARC normal arm64_32 com.apple.xcode.tools.swift.compiler (in target 'ReadWARC-product' from project 'warc-swift')
cd /Users/admin/builder/spi-builder-workspace/.swiftpm/xcode
builtin-SwiftDriver -- /Applications/Xcode-27.0.0-Release.Candidate.app/Contents/Developer/Toolchains/XcodeDefault.xctoolchain/usr/bin/swiftc -module-name ReadWARC -Onone @/Users/admin/builder/spi-builder-workspace/.derivedData/Build/Intermediates.noindex/warc-swift.build/Debug-watchos/ReadWARC-p.build/Objects-normal/arm64_32/ReadWARC.SwiftFileList -DSWIFT_PACKAGE -DDEBUG -Xcc -fmodule-map-file\=/Users/admin/builder/spi-builder-workspace/Sources/CZlib/module.modulemap -DXcode -plugin-path /Applications/Xcode-27.0.0-Release.Candidate.app/Contents/Developer/Toolchains/XcodeDefault.xctoolchain/usr/lib/swift/host/plugins/testing -enable-experimental-feature DebugDescriptionMacro -sdk /Applications/Xcode-27.0.0-Release.Candidate.app/Contents/Developer/Platforms/WatchOS.platform/Developer/SDKs/WatchOS27.0.sdk -target arm64_32-apple-watchos9.0 -g -module-cache-path /Users/admin/builder/spi-builder-workspace/.derivedData/ModuleCache.noindex -Xfrontend -serialize-debugging-options -profile-coverage-mapping -profile-generate -enable-testing -index-store-path /Users/admin/builder/spi-builder-workspace/.derivedData/Index.noindex/DataStore -Xcc -D_LIBCPP_HARDENING_MODE\=_LIBCPP_HARDENING_MODE_DEBUG -swift-version 6 -I /Users/admin/builder/spi-builder-workspace/.derivedData/Build/Products/Debug-watchos -Isystem /Applications/Xcode-27.0.0-Release.Candidate.app/Contents/Developer/Platforms/WatchOS.platform/Developer/usr/lib -F /Users/admin/builder/spi-builder-workspace/.derivedData/Build/Products/Debug-watchos/PackageFrameworks -F /Users/admin/builder/spi-builder-workspace/.derivedData/Build/Products/Debug-watchos -F /Applications/Xcode-27.0.0-Release.Candidate.app/Contents/Developer/Platforms/WatchOS.platform/Developer/Library/Frameworks -F /Applications/Xcode-27.0.0-Release.Candidate.app/Contents/Developer/Platforms/WatchOS.platform/Developer/SDKs/WatchOS27.0.sdk/Developer/Library/Frameworks -c -j10 -enable-batch-mode -incremental -Xcc -ivfsstatcache -Xcc /Users/admin/builder/spi-builder-workspace/.derivedData/SDKStatCaches.noindex/watchos27.0-24R360-e829b21a6f8c9b70876ba0858053c04477534ef55a1706bf4c1112bbb242f0a2.sdkstatcache -output-file-map /Users/admin/builder/spi-builder-workspace/.derivedData/Build/Intermediates.noindex/warc-swift.build/Debug-watchos/ReadWARC-p.build/Objects-normal/arm64_32/ReadWARC-OutputFileMap.json -save-temps -no-color-diagnostics -explicit-module-build -module-cache-path /Users/admin/builder/spi-builder-workspace/.derivedData/Build/Intermediates.noindex/SwiftExplicitPrecompiledModules -clang-scanner-module-cache-path /Users/admin/builder/spi-builder-workspace/.derivedData/ModuleCache.noindex -sdk-module-cache-path /Users/admin/builder/spi-builder-workspace/.derivedData/SDKExplicitPrecompiledModules -emit-dependencies -emit-module -emit-module-path /Users/admin/builder/spi-builder-workspace/.derivedData/Build/Intermediates.noindex/warc-swift.build/Debug-watchos/ReadWARC-p.build/Objects-normal/arm64_32/ReadWARC.swiftmodule -serialize-diagnostics -dependency-scan-serialize-diagnostics-path /Users/admin/builder/spi-builder-workspace/.derivedData/Build/Intermediates.noindex/warc-swift.build/Debug-watchos/ReadWARC-p.build/Objects-normal/arm64_32/ReadWARC-dependency-scan.dia -validate-clang-modules-once -clang-build-session-file /Users/admin/builder/spi-builder-workspace/.derivedData/ModuleCache.noindex/Session.modulevalidation -Xcc -fmodules-prune-interval\=86400 -Xcc -fmodules-prune-after\=345600 -package-name spi_builder_workspace -emit-const-values -const-gather-protocols-list /Users/admin/builder/spi-builder-workspace/.derivedData/Build/Intermediates.noindex/warc-swift.build/Debug-watchos/ReadWARC-p.build/Objects-normal/arm64_32/ReadWARC_const_extract_protocols.json -Xcc -I/Users/admin/builder/spi-builder-workspace/.derivedData/Build/Products/Debug-watchos/include -Xcc -I/Users/admin/builder/spi-builder-workspace/.derivedData/Build/Intermediates.noindex/warc-swift.build/Debug-watchos/ReadWARC-p.build/DerivedSources-normal/arm64_32 -Xcc -I/Users/admin/builder/spi-builder-workspace/.derivedData/Build/Intermediates.noindex/warc-swift.build/Debug-watchos/ReadWARC-p.build/DerivedSources/arm64_32 -Xcc -I/Users/admin/builder/spi-builder-workspace/.derivedData/Build/Intermediates.noindex/warc-swift.build/Debug-watchos/ReadWARC-p.build/DerivedSources -Xcc -DSWIFT_PACKAGE -Xcc -DDEBUG\=1 -working-directory /Users/admin/builder/spi-builder-workspace/.swiftpm/xcode -experimental-emit-module-separately -disable-cmo
SwiftEmitModule normal arm64 Emitting\ module\ for\ warc_swift (in target 'warc-swift' from project 'warc-swift')
SwiftCompile normal arm64 (in target 'warc-swift' from project 'warc-swift')
cd /Users/admin/builder/spi-builder-workspace/.swiftpm/xcode
SwiftDriver ErrorHandling normal arm64_32 com.apple.xcode.tools.swift.compiler (in target 'ErrorHandling-product' from project 'warc-swift')
cd /Users/admin/builder/spi-builder-workspace/.swiftpm/xcode
builtin-SwiftDriver -- /Applications/Xcode-27.0.0-Release.Candidate.app/Contents/Developer/Toolchains/XcodeDefault.xctoolchain/usr/bin/swiftc -module-name ErrorHandling -Onone @/Users/admin/builder/spi-builder-workspace/.derivedData/Build/Intermediates.noindex/warc-swift.build/Debug-watchos/ErrorHandling-p.build/Objects-normal/arm64_32/ErrorHandling.SwiftFileList -DSWIFT_PACKAGE -DDEBUG -Xcc -fmodule-map-file\=/Users/admin/builder/spi-builder-workspace/Sources/CZlib/module.modulemap -DXcode -plugin-path /Applications/Xcode-27.0.0-Release.Candidate.app/Contents/Developer/Toolchains/XcodeDefault.xctoolchain/usr/lib/swift/host/plugins/testing -enable-experimental-feature DebugDescriptionMacro -sdk /Applications/Xcode-27.0.0-Release.Candidate.app/Contents/Developer/Platforms/WatchOS.platform/Developer/SDKs/WatchOS27.0.sdk -target arm64_32-apple-watchos9.0 -g -module-cache-path /Users/admin/builder/spi-builder-workspace/.derivedData/ModuleCache.noindex -Xfrontend -serialize-debugging-options -profile-coverage-mapping -profile-generate -enable-testing -index-store-path /Users/admin/builder/spi-builder-workspace/.derivedData/Index.noindex/DataStore -Xcc -D_LIBCPP_HARDENING_MODE\=_LIBCPP_HARDENING_MODE_DEBUG -swift-version 6 -I /Users/admin/builder/spi-builder-workspace/.derivedData/Build/Products/Debug-watchos -Isystem /Applications/Xcode-27.0.0-Release.Candidate.app/Contents/Developer/Platforms/WatchOS.platform/Developer/usr/lib -F /Users/admin/builder/spi-builder-workspace/.derivedData/Build/Products/Debug-watchos/PackageFrameworks -F /Users/admin/builder/spi-builder-workspace/.derivedData/Build/Products/Debug-watchos -F /Applications/Xcode-27.0.0-Release.Candidate.app/Contents/Developer/Platforms/WatchOS.platform/Developer/Library/Frameworks -F /Applications/Xcode-27.0.0-Release.Candidate.app/Contents/Developer/Platforms/WatchOS.platform/Developer/SDKs/WatchOS27.0.sdk/Developer/Library/Frameworks -c -j10 -enable-batch-mode -incremental -Xcc -ivfsstatcache -Xcc /Users/admin/builder/spi-builder-workspace/.derivedData/SDKStatCaches.noindex/watchos27.0-24R360-e829b21a6f8c9b70876ba0858053c04477534ef55a1706bf4c1112bbb242f0a2.sdkstatcache -output-file-map /Users/admin/builder/spi-builder-workspace/.derivedData/Build/Intermediates.noindex/warc-swift.build/Debug-watchos/ErrorHandling-p.build/Objects-normal/arm64_32/ErrorHandling-OutputFileMap.json -save-temps -no-color-diagnostics -explicit-module-build -module-cache-path /Users/admin/builder/spi-builder-workspace/.derivedData/Build/Intermediates.noindex/SwiftExplicitPrecompiledModules -clang-scanner-module-cache-path /Users/admin/builder/spi-builder-workspace/.derivedData/ModuleCache.noindex -sdk-module-cache-path /Users/admin/builder/spi-builder-workspace/.derivedData/SDKExplicitPrecompiledModules -emit-dependencies -emit-module -emit-module-path /Users/admin/builder/spi-builder-workspace/.derivedData/Build/Intermediates.noindex/warc-swift.build/Debug-watchos/ErrorHandling-p.build/Objects-normal/arm64_32/ErrorHandling.swiftmodule -serialize-diagnostics -dependency-scan-serialize-diagnostics-path /Users/admin/builder/spi-builder-workspace/.derivedData/Build/Intermediates.noindex/warc-swift.build/Debug-watchos/ErrorHandling-p.build/Objects-normal/arm64_32/ErrorHandling-dependency-scan.dia -validate-clang-modules-once -clang-build-session-file /Users/admin/builder/spi-builder-workspace/.derivedData/ModuleCache.noindex/Session.modulevalidation -Xcc -fmodules-prune-interval\=86400 -Xcc -fmodules-prune-after\=345600 -package-name spi_builder_workspace -emit-const-values -const-gather-protocols-list /Users/admin/builder/spi-builder-workspace/.derivedData/Build/Intermediates.noindex/warc-swift.build/Debug-watchos/ErrorHandling-p.build/Objects-normal/arm64_32/ErrorHandling_const_extract_protocols.json -Xcc -I/Users/admin/builder/spi-builder-workspace/.derivedData/Build/Products/Debug-watchos/include -Xcc -I/Users/admin/builder/spi-builder-workspace/.derivedData/Build/Intermediates.noindex/warc-swift.build/Debug-watchos/ErrorHandling-p.build/DerivedSources-normal/arm64_32 -Xcc -I/Users/admin/builder/spi-builder-workspace/.derivedData/Build/Intermediates.noindex/warc-swift.build/Debug-watchos/ErrorHandling-p.build/DerivedSources/arm64_32 -Xcc -I/Users/admin/builder/spi-builder-workspace/.derivedData/Build/Intermediates.noindex/warc-swift.build/Debug-watchos/ErrorHandling-p.build/DerivedSources -Xcc -DSWIFT_PACKAGE -Xcc -DDEBUG\=1 -working-directory /Users/admin/builder/spi-builder-workspace/.swiftpm/xcode -experimental-emit-module-separately -disable-cmo
SwiftEmitModule normal arm64 Emitting\ module\ for\ SinglePageArchive (in target 'SinglePageArchive-product' from project 'warc-swift')
SwiftCompile normal arm64 (in target 'SinglePageArchive-product' from project 'warc-swift')
cd /Users/admin/builder/spi-builder-workspace/.swiftpm/xcode
SwiftEmitModule normal arm64_32 Emitting\ module\ for\ warc_swift (in target 'warc-swift' from project 'warc-swift')
SwiftCompile normal arm64_32 (in target 'warc-swift' from project 'warc-swift')
cd /Users/admin/builder/spi-builder-workspace/.swiftpm/xcode
SwiftDriverJobDiscovery normal arm64 Emitting module for SinglePageArchive (in target 'SinglePageArchive-product' from project 'warc-swift')
SwiftDriver\ Compilation\ Requirements SinglePageArchive normal arm64 com.apple.xcode.tools.swift.compiler (in target 'SinglePageArchive-product' from project 'warc-swift')
cd /Users/admin/builder/spi-builder-workspace/.swiftpm/xcode
builtin-Swift-Compilation-Requirements -- /Applications/Xcode-27.0.0-Release.Candidate.app/Contents/Developer/Toolchains/XcodeDefault.xctoolchain/usr/bin/swiftc -module-name SinglePageArchive -Onone @/Users/admin/builder/spi-builder-workspace/.derivedData/Build/Intermediates.noindex/warc-swift.build/Debug-watchos/SinglePageArchive-p.build/Objects-normal/arm64/SinglePageArchive.SwiftFileList -DSWIFT_PACKAGE -DDEBUG -Xcc -fmodule-map-file\=/Users/admin/builder/spi-builder-workspace/Sources/CZlib/module.modulemap -DXcode -plugin-path /Applications/Xcode-27.0.0-Release.Candidate.app/Contents/Developer/Toolchains/XcodeDefault.xctoolchain/usr/lib/swift/host/plugins/testing -enable-experimental-feature DebugDescriptionMacro -sdk /Applications/Xcode-27.0.0-Release.Candidate.app/Contents/Developer/Platforms/WatchOS.platform/Developer/SDKs/WatchOS27.0.sdk -target arm64-apple-watchos9.0 -g -module-cache-path /Users/admin/builder/spi-builder-workspace/.derivedData/ModuleCache.noindex -Xfrontend -serialize-debugging-options -profile-coverage-mapping -profile-generate -enable-testing -index-store-path /Users/admin/builder/spi-builder-workspace/.derivedData/Index.noindex/DataStore -Xcc -D_LIBCPP_HARDENING_MODE\=_LIBCPP_HARDENING_MODE_DEBUG -swift-version 6 -I /Users/admin/builder/spi-builder-workspace/.derivedData/Build/Products/Debug-watchos -Isystem /Applications/Xcode-27.0.0-Release.Candidate.app/Contents/Developer/Platforms/WatchOS.platform/Developer/usr/lib -F /Users/admin/builder/spi-builder-workspace/.derivedData/Build/Products/Debug-watchos/PackageFrameworks -F /Users/admin/builder/spi-builder-workspace/.derivedData/Build/Products/Debug-watchos -F /Applications/Xcode-27.0.0-Release.Candidate.app/Contents/Developer/Platforms/WatchOS.platform/Developer/Library/Frameworks -F /Applications/Xcode-27.0.0-Release.Candidate.app/Contents/Developer/Platforms/WatchOS.platform/Developer/SDKs/WatchOS27.0.sdk/Developer/Library/Frameworks -c -j10 -enable-batch-mode -incremental -Xcc -ivfsstatcache -Xcc /Users/admin/builder/spi-builder-workspace/.derivedData/SDKStatCaches.noindex/watchos27.0-24R360-e829b21a6f8c9b70876ba0858053c04477534ef55a1706bf4c1112bbb242f0a2.sdkstatcache -output-file-map /Users/admin/builder/spi-builder-workspace/.derivedData/Build/Intermediates.noindex/warc-swift.build/Debug-watchos/SinglePageArchive-p.build/Objects-normal/arm64/SinglePageArchive-OutputFileMap.json -save-temps -no-color-diagnostics -explicit-module-build -module-cache-path /Users/admin/builder/spi-builder-workspace/.derivedData/Build/Intermediates.noindex/SwiftExplicitPrecompiledModules -clang-scanner-module-cache-path /Users/admin/builder/spi-builder-workspace/.derivedData/ModuleCache.noindex -sdk-module-cache-path /Users/admin/builder/spi-builder-workspace/.derivedData/SDKExplicitPrecompiledModules -emit-dependencies -emit-module -emit-module-path /Users/admin/builder/spi-builder-workspace/.derivedData/Build/Intermediates.noindex/warc-swift.build/Debug-watchos/SinglePageArchive-p.build/Objects-normal/arm64/SinglePageArchive.swiftmodule -serialize-diagnostics -dependency-scan-serialize-diagnostics-path /Users/admin/builder/spi-builder-workspace/.derivedData/Build/Intermediates.noindex/warc-swift.build/Debug-watchos/SinglePageArchive-p.build/Objects-normal/arm64/SinglePageArchive-dependency-scan.dia -validate-clang-modules-once -clang-build-session-file /Users/admin/builder/spi-builder-workspace/.derivedData/ModuleCache.noindex/Session.modulevalidation -Xcc -fmodules-prune-interval\=86400 -Xcc -fmodules-prune-after\=345600 -package-name spi_builder_workspace -emit-const-values -const-gather-protocols-list /Users/admin/builder/spi-builder-workspace/.derivedData/Build/Intermediates.noindex/warc-swift.build/Debug-watchos/SinglePageArchive-p.build/Objects-normal/arm64/SinglePageArchive_const_extract_protocols.json -Xcc -I/Users/admin/builder/spi-builder-workspace/.derivedData/Build/Products/Debug-watchos/include -Xcc -I/Users/admin/builder/spi-builder-workspace/.derivedData/Build/Intermediates.noindex/warc-swift.build/Debug-watchos/SinglePageArchive-p.build/DerivedSources-normal/arm64 -Xcc -I/Users/admin/builder/spi-builder-workspace/.derivedData/Build/Intermediates.noindex/warc-swift.build/Debug-watchos/SinglePageArchive-p.build/DerivedSources/arm64 -Xcc -I/Users/admin/builder/spi-builder-workspace/.derivedData/Build/Intermediates.noindex/warc-swift.build/Debug-watchos/SinglePageArchive-p.build/DerivedSources -Xcc -DSWIFT_PACKAGE -Xcc -DDEBUG\=1 -working-directory /Users/admin/builder/spi-builder-workspace/.swiftpm/xcode -experimental-emit-module-separately -disable-cmo
SwiftDriver ErrorHandling normal arm64 com.apple.xcode.tools.swift.compiler (in target 'ErrorHandling-product' from project 'warc-swift')
cd /Users/admin/builder/spi-builder-workspace/.swiftpm/xcode
builtin-SwiftDriver -- /Applications/Xcode-27.0.0-Release.Candidate.app/Contents/Developer/Toolchains/XcodeDefault.xctoolchain/usr/bin/swiftc -module-name ErrorHandling -Onone @/Users/admin/builder/spi-builder-workspace/.derivedData/Build/Intermediates.noindex/warc-swift.build/Debug-watchos/ErrorHandling-p.build/Objects-normal/arm64/ErrorHandling.SwiftFileList -DSWIFT_PACKAGE -DDEBUG -Xcc -fmodule-map-file\=/Users/admin/builder/spi-builder-workspace/Sources/CZlib/module.modulemap -DXcode -plugin-path /Applications/Xcode-27.0.0-Release.Candidate.app/Contents/Developer/Toolchains/XcodeDefault.xctoolchain/usr/lib/swift/host/plugins/testing -enable-experimental-feature DebugDescriptionMacro -sdk /Applications/Xcode-27.0.0-Release.Candidate.app/Contents/Developer/Platforms/WatchOS.platform/Developer/SDKs/WatchOS27.0.sdk -target arm64-apple-watchos9.0 -g -module-cache-path /Users/admin/builder/spi-builder-workspace/.derivedData/ModuleCache.noindex -Xfrontend -serialize-debugging-options -profile-coverage-mapping -profile-generate -enable-testing -index-store-path /Users/admin/builder/spi-builder-workspace/.derivedData/Index.noindex/DataStore -Xcc -D_LIBCPP_HARDENING_MODE\=_LIBCPP_HARDENING_MODE_DEBUG -swift-version 6 -I /Users/admin/builder/spi-builder-workspace/.derivedData/Build/Products/Debug-watchos -Isystem /Applications/Xcode-27.0.0-Release.Candidate.app/Contents/Developer/Platforms/WatchOS.platform/Developer/usr/lib -F /Users/admin/builder/spi-builder-workspace/.derivedData/Build/Products/Debug-watchos/PackageFrameworks -F /Users/admin/builder/spi-builder-workspace/.derivedData/Build/Products/Debug-watchos -F /Applications/Xcode-27.0.0-Release.Candidate.app/Contents/Developer/Platforms/WatchOS.platform/Developer/Library/Frameworks -F /Applications/Xcode-27.0.0-Release.Candidate.app/Contents/Developer/Platforms/WatchOS.platform/Developer/SDKs/WatchOS27.0.sdk/Developer/Library/Frameworks -c -j10 -enable-batch-mode -incremental -Xcc -ivfsstatcache -Xcc /Users/admin/builder/spi-builder-workspace/.derivedData/SDKStatCaches.noindex/watchos27.0-24R360-e829b21a6f8c9b70876ba0858053c04477534ef55a1706bf4c1112bbb242f0a2.sdkstatcache -output-file-map /Users/admin/builder/spi-builder-workspace/.derivedData/Build/Intermediates.noindex/warc-swift.build/Debug-watchos/ErrorHandling-p.build/Objects-normal/arm64/ErrorHandling-OutputFileMap.json -save-temps -no-color-diagnostics -explicit-module-build -module-cache-path /Users/admin/builder/spi-builder-workspace/.derivedData/Build/Intermediates.noindex/SwiftExplicitPrecompiledModules -clang-scanner-module-cache-path /Users/admin/builder/spi-builder-workspace/.derivedData/ModuleCache.noindex -sdk-module-cache-path /Users/admin/builder/spi-builder-workspace/.derivedData/SDKExplicitPrecompiledModules -emit-dependencies -emit-module -emit-module-path /Users/admin/builder/spi-builder-workspace/.derivedData/Build/Intermediates.noindex/warc-swift.build/Debug-watchos/ErrorHandling-p.build/Objects-normal/arm64/ErrorHandling.swiftmodule -serialize-diagnostics -dependency-scan-serialize-diagnostics-path /Users/admin/builder/spi-builder-workspace/.derivedData/Build/Intermediates.noindex/warc-swift.build/Debug-watchos/ErrorHandling-p.build/Objects-normal/arm64/ErrorHandling-dependency-scan.dia -validate-clang-modules-once -clang-build-session-file /Users/admin/builder/spi-builder-workspace/.derivedData/ModuleCache.noindex/Session.modulevalidation -Xcc -fmodules-prune-interval\=86400 -Xcc -fmodules-prune-after\=345600 -package-name spi_builder_workspace -emit-const-values -const-gather-protocols-list /Users/admin/builder/spi-builder-workspace/.derivedData/Build/Intermediates.noindex/warc-swift.build/Debug-watchos/ErrorHandling-p.build/Objects-normal/arm64/ErrorHandling_const_extract_protocols.json -Xcc -I/Users/admin/builder/spi-builder-workspace/.derivedData/Build/Products/Debug-watchos/include -Xcc -I/Users/admin/builder/spi-builder-workspace/.derivedData/Build/Intermediates.noindex/warc-swift.build/Debug-watchos/ErrorHandling-p.build/DerivedSources-normal/arm64 -Xcc -I/Users/admin/builder/spi-builder-workspace/.derivedData/Build/Intermediates.noindex/warc-swift.build/Debug-watchos/ErrorHandling-p.build/DerivedSources/arm64 -Xcc -I/Users/admin/builder/spi-builder-workspace/.derivedData/Build/Intermediates.noindex/warc-swift.build/Debug-watchos/ErrorHandling-p.build/DerivedSources -Xcc -DSWIFT_PACKAGE -Xcc -DDEBUG\=1 -working-directory /Users/admin/builder/spi-builder-workspace/.swiftpm/xcode -experimental-emit-module-separately -disable-cmo
SwiftDriver CustomBinaryAndLua normal arm64 com.apple.xcode.tools.swift.compiler (in target 'CustomBinaryAndLua-product' from project 'warc-swift')
cd /Users/admin/builder/spi-builder-workspace/.swiftpm/xcode
builtin-SwiftDriver -- /Applications/Xcode-27.0.0-Release.Candidate.app/Contents/Developer/Toolchains/XcodeDefault.xctoolchain/usr/bin/swiftc -module-name CustomBinaryAndLua -Onone @/Users/admin/builder/spi-builder-workspace/.derivedData/Build/Intermediates.noindex/warc-swift.build/Debug-watchos/CustomBinaryAndLua-p.build/Objects-normal/arm64/CustomBinaryAndLua.SwiftFileList -DSWIFT_PACKAGE -DDEBUG -Xcc -fmodule-map-file\=/Users/admin/builder/spi-builder-workspace/Sources/CZlib/module.modulemap -DXcode -plugin-path /Applications/Xcode-27.0.0-Release.Candidate.app/Contents/Developer/Toolchains/XcodeDefault.xctoolchain/usr/lib/swift/host/plugins/testing -enable-experimental-feature DebugDescriptionMacro -sdk /Applications/Xcode-27.0.0-Release.Candidate.app/Contents/Developer/Platforms/WatchOS.platform/Developer/SDKs/WatchOS27.0.sdk -target arm64-apple-watchos9.0 -g -module-cache-path /Users/admin/builder/spi-builder-workspace/.derivedData/ModuleCache.noindex -Xfrontend -serialize-debugging-options -profile-coverage-mapping -profile-generate -enable-testing -index-store-path /Users/admin/builder/spi-builder-workspace/.derivedData/Index.noindex/DataStore -Xcc -D_LIBCPP_HARDENING_MODE\=_LIBCPP_HARDENING_MODE_DEBUG -swift-version 6 -I /Users/admin/builder/spi-builder-workspace/.derivedData/Build/Products/Debug-watchos -Isystem /Applications/Xcode-27.0.0-Release.Candidate.app/Contents/Developer/Platforms/WatchOS.platform/Developer/usr/lib -F /Users/admin/builder/spi-builder-workspace/.derivedData/Build/Products/Debug-watchos/PackageFrameworks -F /Users/admin/builder/spi-builder-workspace/.derivedData/Build/Products/Debug-watchos -F /Applications/Xcode-27.0.0-Release.Candidate.app/Contents/Developer/Platforms/WatchOS.platform/Developer/Library/Frameworks -F /Applications/Xcode-27.0.0-Release.Candidate.app/Contents/Developer/Platforms/WatchOS.platform/Developer/SDKs/WatchOS27.0.sdk/Developer/Library/Frameworks -c -j10 -enable-batch-mode -incremental -Xcc -ivfsstatcache -Xcc /Users/admin/builder/spi-builder-workspace/.derivedData/SDKStatCaches.noindex/watchos27.0-24R360-e829b21a6f8c9b70876ba0858053c04477534ef55a1706bf4c1112bbb242f0a2.sdkstatcache -output-file-map /Users/admin/builder/spi-builder-workspace/.derivedData/Build/Intermediates.noindex/warc-swift.build/Debug-watchos/CustomBinaryAndLua-p.build/Objects-normal/arm64/CustomBinaryAndLua-OutputFileMap.json -save-temps -no-color-diagnostics -explicit-module-build -module-cache-path /Users/admin/builder/spi-builder-workspace/.derivedData/Build/Intermediates.noindex/SwiftExplicitPrecompiledModules -clang-scanner-module-cache-path /Users/admin/builder/spi-builder-workspace/.derivedData/ModuleCache.noindex -sdk-module-cache-path /Users/admin/builder/spi-builder-workspace/.derivedData/SDKExplicitPrecompiledModules -emit-dependencies -emit-module -emit-module-path /Users/admin/builder/spi-builder-workspace/.derivedData/Build/Intermediates.noindex/warc-swift.build/Debug-watchos/CustomBinaryAndLua-p.build/Objects-normal/arm64/CustomBinaryAndLua.swiftmodule -serialize-diagnostics -dependency-scan-serialize-diagnostics-path /Users/admin/builder/spi-builder-workspace/.derivedData/Build/Intermediates.noindex/warc-swift.build/Debug-watchos/CustomBinaryAndLua-p.build/Objects-normal/arm64/CustomBinaryAndLua-dependency-scan.dia -validate-clang-modules-once -clang-build-session-file /Users/admin/builder/spi-builder-workspace/.derivedData/ModuleCache.noindex/Session.modulevalidation -Xcc -fmodules-prune-interval\=86400 -Xcc -fmodules-prune-after\=345600 -package-name spi_builder_workspace -emit-const-values -const-gather-protocols-list /Users/admin/builder/spi-builder-workspace/.derivedData/Build/Intermediates.noindex/warc-swift.build/Debug-watchos/CustomBinaryAndLua-p.build/Objects-normal/arm64/CustomBinaryAndLua_const_extract_protocols.json -Xcc -I/Users/admin/builder/spi-builder-workspace/.derivedData/Build/Products/Debug-watchos/include -Xcc -I/Users/admin/builder/spi-builder-workspace/.derivedData/Build/Intermediates.noindex/warc-swift.build/Debug-watchos/CustomBinaryAndLua-p.build/DerivedSources-normal/arm64 -Xcc -I/Users/admin/builder/spi-builder-workspace/.derivedData/Build/Intermediates.noindex/warc-swift.build/Debug-watchos/CustomBinaryAndLua-p.build/DerivedSources/arm64 -Xcc -I/Users/admin/builder/spi-builder-workspace/.derivedData/Build/Intermediates.noindex/warc-swift.build/Debug-watchos/CustomBinaryAndLua-p.build/DerivedSources -Xcc -DSWIFT_PACKAGE -Xcc -DDEBUG\=1 -working-directory /Users/admin/builder/spi-builder-workspace/.swiftpm/xcode -experimental-emit-module-separately -disable-cmo
SwiftEmitModule normal arm64 Emitting\ module\ for\ RecursiveCrawl (in target 'RecursiveCrawl-product' from project 'warc-swift')
SwiftCompile normal arm64 (in target 'RecursiveCrawl-product' from project 'warc-swift')
cd /Users/admin/builder/spi-builder-workspace/.swiftpm/xcode
SwiftEmitModule normal arm64_32 Emitting\ module\ for\ WriteWARCManually (in target 'WriteWARCManually-product' from project 'warc-swift')
SwiftCompile normal arm64_32 (in target 'WriteWARCManually-product' from project 'warc-swift')
cd /Users/admin/builder/spi-builder-workspace/.swiftpm/xcode
SwiftDriver CustomBinaryAndLua normal arm64_32 com.apple.xcode.tools.swift.compiler (in target 'CustomBinaryAndLua-product' from project 'warc-swift')
cd /Users/admin/builder/spi-builder-workspace/.swiftpm/xcode
builtin-SwiftDriver -- /Applications/Xcode-27.0.0-Release.Candidate.app/Contents/Developer/Toolchains/XcodeDefault.xctoolchain/usr/bin/swiftc -module-name CustomBinaryAndLua -Onone @/Users/admin/builder/spi-builder-workspace/.derivedData/Build/Intermediates.noindex/warc-swift.build/Debug-watchos/CustomBinaryAndLua-p.build/Objects-normal/arm64_32/CustomBinaryAndLua.SwiftFileList -DSWIFT_PACKAGE -DDEBUG -Xcc -fmodule-map-file\=/Users/admin/builder/spi-builder-workspace/Sources/CZlib/module.modulemap -DXcode -plugin-path /Applications/Xcode-27.0.0-Release.Candidate.app/Contents/Developer/Toolchains/XcodeDefault.xctoolchain/usr/lib/swift/host/plugins/testing -enable-experimental-feature DebugDescriptionMacro -sdk /Applications/Xcode-27.0.0-Release.Candidate.app/Contents/Developer/Platforms/WatchOS.platform/Developer/SDKs/WatchOS27.0.sdk -target arm64_32-apple-watchos9.0 -g -module-cache-path /Users/admin/builder/spi-builder-workspace/.derivedData/ModuleCache.noindex -Xfrontend -serialize-debugging-options -profile-coverage-mapping -profile-generate -enable-testing -index-store-path /Users/admin/builder/spi-builder-workspace/.derivedData/Index.noindex/DataStore -Xcc -D_LIBCPP_HARDENING_MODE\=_LIBCPP_HARDENING_MODE_DEBUG -swift-version 6 -I /Users/admin/builder/spi-builder-workspace/.derivedData/Build/Products/Debug-watchos -Isystem /Applications/Xcode-27.0.0-Release.Candidate.app/Contents/Developer/Platforms/WatchOS.platform/Developer/usr/lib -F /Users/admin/builder/spi-builder-workspace/.derivedData/Build/Products/Debug-watchos/PackageFrameworks -F /Users/admin/builder/spi-builder-workspace/.derivedData/Build/Products/Debug-watchos -F /Applications/Xcode-27.0.0-Release.Candidate.app/Contents/Developer/Platforms/WatchOS.platform/Developer/Library/Frameworks -F /Applications/Xcode-27.0.0-Release.Candidate.app/Contents/Developer/Platforms/WatchOS.platform/Developer/SDKs/WatchOS27.0.sdk/Developer/Library/Frameworks -c -j10 -enable-batch-mode -incremental -Xcc -ivfsstatcache -Xcc /Users/admin/builder/spi-builder-workspace/.derivedData/SDKStatCaches.noindex/watchos27.0-24R360-e829b21a6f8c9b70876ba0858053c04477534ef55a1706bf4c1112bbb242f0a2.sdkstatcache -output-file-map /Users/admin/builder/spi-builder-workspace/.derivedData/Build/Intermediates.noindex/warc-swift.build/Debug-watchos/CustomBinaryAndLua-p.build/Objects-normal/arm64_32/CustomBinaryAndLua-OutputFileMap.json -save-temps -no-color-diagnostics -explicit-module-build -module-cache-path /Users/admin/builder/spi-builder-workspace/.derivedData/Build/Intermediates.noindex/SwiftExplicitPrecompiledModules -clang-scanner-module-cache-path /Users/admin/builder/spi-builder-workspace/.derivedData/ModuleCache.noindex -sdk-module-cache-path /Users/admin/builder/spi-builder-workspace/.derivedData/SDKExplicitPrecompiledModules -emit-dependencies -emit-module -emit-module-path /Users/admin/builder/spi-builder-workspace/.derivedData/Build/Intermediates.noindex/warc-swift.build/Debug-watchos/CustomBinaryAndLua-p.build/Objects-normal/arm64_32/CustomBinaryAndLua.swiftmodule -serialize-diagnostics -dependency-scan-serialize-diagnostics-path /Users/admin/builder/spi-builder-workspace/.derivedData/Build/Intermediates.noindex/warc-swift.build/Debug-watchos/CustomBinaryAndLua-p.build/Objects-normal/arm64_32/CustomBinaryAndLua-dependency-scan.dia -validate-clang-modules-once -clang-build-session-file /Users/admin/builder/spi-builder-workspace/.derivedData/ModuleCache.noindex/Session.modulevalidation -Xcc -fmodules-prune-interval\=86400 -Xcc -fmodules-prune-after\=345600 -package-name spi_builder_workspace -emit-const-values -const-gather-protocols-list /Users/admin/builder/spi-builder-workspace/.derivedData/Build/Intermediates.noindex/warc-swift.build/Debug-watchos/CustomBinaryAndLua-p.build/Objects-normal/arm64_32/CustomBinaryAndLua_const_extract_protocols.json -Xcc -I/Users/admin/builder/spi-builder-workspace/.derivedData/Build/Products/Debug-watchos/include -Xcc -I/Users/admin/builder/spi-builder-workspace/.derivedData/Build/Intermediates.noindex/warc-swift.build/Debug-watchos/CustomBinaryAndLua-p.build/DerivedSources-normal/arm64_32 -Xcc -I/Users/admin/builder/spi-builder-workspace/.derivedData/Build/Intermediates.noindex/warc-swift.build/Debug-watchos/CustomBinaryAndLua-p.build/DerivedSources/arm64_32 -Xcc -I/Users/admin/builder/spi-builder-workspace/.derivedData/Build/Intermediates.noindex/warc-swift.build/Debug-watchos/CustomBinaryAndLua-p.build/DerivedSources -Xcc -DSWIFT_PACKAGE -Xcc -DDEBUG\=1 -working-directory /Users/admin/builder/spi-builder-workspace/.swiftpm/xcode -experimental-emit-module-separately -disable-cmo
SwiftCompile normal arm64 Compiling\ resource_bundle_accessor.swift,\ ArchiveOptions.swift /Users/admin/builder/spi-builder-workspace/.derivedData/Build/Intermediates.noindex/warc-swift.build/Debug-watchos/warc-swift-t.build/DerivedSources/resource_bundle_accessor.swift /Users/admin/builder/spi-builder-workspace/Sources/warc-swift/ArchiveOptions.swift (in target 'warc-swift' from project 'warc-swift')
SwiftCompile normal arm64 /Users/admin/builder/spi-builder-workspace/.derivedData/Build/Intermediates.noindex/warc-swift.build/Debug-watchos/warc-swift-t.build/DerivedSources/resource_bundle_accessor.swift (in target 'warc-swift' from project 'warc-swift')
cd /Users/admin/builder/spi-builder-workspace/.swiftpm/xcode
builtin-SwiftPerFileCompile resource_bundle_accessor.swift
SwiftCompile normal arm64 /Users/admin/builder/spi-builder-workspace/Sources/warc-swift/ArchiveOptions.swift (in target 'warc-swift' from project 'warc-swift')
cd /Users/admin/builder/spi-builder-workspace/.swiftpm/xcode
builtin-SwiftPerFileCompile ArchiveOptions.swift
SwiftCompile normal arm64 Compiling\ WgetAtRunner.swift /Users/admin/builder/spi-builder-workspace/Sources/warc-swift/WgetAt/WgetAtRunner.swift (in target 'warc-swift' from project 'warc-swift')
/Users/admin/builder/spi-builder-workspace/Sources/warc-swift/WgetAt/WgetAtRunner.swift:20:27: error: cannot find 'Process' in scope
18 | ) async throws -> Int32 {
19 | try await withCheckedThrowingContinuation { continuation in
20 | let process = Process()
| `- error: cannot find 'Process' in scope
21 | process.executableURL = binaryURL
22 | process.arguments = arguments
Failed frontend command:
/Applications/Xcode-27.0.0-Release.Candidate.app/Contents/Developer/Toolchains/XcodeDefault.xctoolchain/usr/bin/swift-frontend -frontend -c /Users/admin/builder/spi-builder-workspace/.derivedData/Build/Intermediates.noindex/warc-swift.build/Debug-watchos/warc-swift-t.build/DerivedSources/resource_bundle_accessor.swift /Users/admin/builder/spi-builder-workspace/Sources/warc-swift/ArchiveOptions.swift /Users/admin/builder/spi-builder-workspace/Sources/warc-swift/IO/Gzip.swift /Users/admin/builder/spi-builder-workspace/Sources/warc-swift/IO/WARCReader.swift /Users/admin/builder/spi-builder-workspace/Sources/warc-swift/IO/WARCWriter.swift /Users/admin/builder/spi-builder-workspace/Sources/warc-swift/Model/Digest.swift /Users/admin/builder/spi-builder-workspace/Sources/warc-swift/Model/WARCDate.swift /Users/admin/builder/spi-builder-workspace/Sources/warc-swift/Model/WARCRecord.swift /Users/admin/builder/spi-builder-workspace/Sources/warc-swift/Model/WARCRecordType.swift /Users/admin/builder/spi-builder-workspace/Sources/warc-swift/Model/WARCTruncatedReason.swift /Users/admin/builder/spi-builder-workspace/Sources/warc-swift/WARCArchiver.swift /Users/admin/builder/spi-builder-workspace/Sources/warc-swift/WARCArchiverError.swift /Users/admin/builder/spi-builder-workspace/Sources/warc-swift/WgetAt/BinaryLocator.swift /Users/admin/builder/spi-builder-workspace/Sources/warc-swift/WgetAt/WgetAtOptions.swift -primary-file /Users/admin/builder/spi-builder-workspace/Sources/warc-swift/WgetAt/WgetAtRunner.swift -emit-dependencies-path /Users/admin/builder/spi-builder-workspace/.derivedData/Build/Intermediates.noindex/warc-swift.build/Debug-watchos/warc-swift-t.build/Objects-normal/arm64/WgetAtRunner.d -emit-const-values-path /Users/admin/builder/spi-builder-workspace/.derivedData/Build/Intermediates.noindex/warc-swift.build/Debug-watchos/warc-swift-t.build/Objects-normal/arm64/WgetAtRunner.swiftconstvalues -emit-reference-dependencies-path /Users/admin/builder/spi-builder-workspace/.derivedData/Build/Intermediates.noindex/warc-swift.build/Debug-watchos/warc-swift-t.build/Objects-normal/arm64/WgetAtRunner.swiftdeps -serialize-diagnostics-path /Users/admin/builder/spi-builder-workspace/.derivedData/Build/Intermediates.noindex/warc-swift.build/Debug-watchos/warc-swift-t.build/Objects-normal/arm64/WgetAtRunner.dia -target arm64-apple-watchos9.0 -disable-cross-import-overlay-search -load-resolved-plugin /Applications/Xcode-27.0.0-Release.Candidate.app/Contents/Developer/Platforms/WatchOS.platform/Developer/usr/lib/swift/host/plugins/libFoundationMacros.dylib\#/Applications/Xcode-27.0.0-Release.Candidate.app/Contents/Developer/Platforms/WatchOS.platform/Developer/usr/bin/swift-plugin-server\#FoundationMacros -load-resolved-plugin /Applications/Xcode-27.0.0-Release.Candidate.app/Contents/Developer/Platforms/WatchOS.platform/Developer/usr/lib/swift/host/plugins/libObservationMacros.dylib\#/Applications/Xcode-27.0.0-Release.Candidate.app/Contents/Developer/Platforms/WatchOS.platform/Developer/usr/bin/swift-plugin-server\#ObservationMacros -load-resolved-plugin /Applications/Xcode-27.0.0-Release.Candidate.app/Contents/Developer/Platforms/WatchOS.platform/Developer/usr/lib/swift/host/plugins/libSwiftMacros.dylib\#/Applications/Xcode-27.0.0-Release.Candidate.app/Contents/Developer/Platforms/WatchOS.platform/Developer/usr/bin/swift-plugin-server\#SwiftMacros -disable-implicit-swift-modules -Xcc -fno-implicit-modules -Xcc -fno-implicit-module-maps -explicit-swift-module-map-file /Users/admin/builder/spi-builder-workspace/.derivedData/Build/Intermediates.noindex/warc-swift.build/Debug-watchos/warc-swift-t.build/Objects-normal/arm64/warc_swift-dependencies-2.json -Xllvm -aarch64-use-tbi -enable-objc-interop -stack-check -sdk /Applications/Xcode-27.0.0-Release.Candidate.app/Contents/Developer/Platforms/WatchOS.platform/Developer/SDKs/WatchOS27.0.sdk -I /Users/admin/builder/spi-builder-workspace/.derivedData/Build/Products/Debug-watchos -Isystem /Applications/Xcode-27.0.0-Release.Candidate.app/Contents/Developer/Platforms/WatchOS.platform/Developer/usr/lib -F /Users/admin/builder/spi-builder-workspace/.derivedData/Build/Products/Debug-watchos -F /Applications/Xcode-27.0.0-Release.Candidate.app/Contents/Developer/Platforms/WatchOS.platform/Developer/Library/Frameworks -F /Applications/Xcode-27.0.0-Release.Candidate.app/Contents/Developer/Platforms/WatchOS.platform/Developer/SDKs/WatchOS27.0.sdk/Developer/Library/Frameworks -module-cache-path /Users/admin/builder/spi-builder-workspace/.derivedData/Build/Intermediates.noindex/SwiftExplicitPrecompiledModules -no-color-diagnostics -Xcc -fno-color-diagnostics -enable-testing -g -debug-info-format\=dwarf -dwarf-version\=4 -profile-generate -profile-coverage-mapping -swift-version 6 -Onone -D SWIFT_PACKAGE -D DEBUG -D SWIFT_MODULE_RESOURCE_BUNDLE_AVAILABLE -D Xcode -serialize-debugging-options -enable-experimental-feature DebugDescriptionMacro -empty-abi-descriptor -validate-clang-modules-once -clang-build-session-file /Users/admin/builder/spi-builder-workspace/.derivedData/ModuleCache.noindex/Session.modulevalidation -Xcc -working-directory -Xcc /Users/admin/builder/spi-builder-workspace/.swiftpm/xcode -enable-anonymous-context-mangled-names -file-compilation-dir /Users/admin/builder/spi-builder-workspace/.swiftpm/xcode -Xcc -fmodule-map-file\=/Users/admin/builder/spi-builder-workspace/Sources/CZlib/module.modulemap -Xcc -D_LIBCPP_HARDENING_MODE\=_LIBCPP_HARDENING_MODE_DEBUG -Xcc -ivfsstatcache -Xcc /Users/admin/builder/spi-builder-workspace/.derivedData/SDKStatCaches.noindex/watchos27.0-24R360-e829b21a6f8c9b70876ba0858053c04477534ef55a1706bf4c1112bbb242f0a2.sdkstatcache -Xcc -fmodules-prune-interval\=86400 -Xcc -fmodules-prune-after\=345600 -Xcc -I/Users/admin/builder/spi-builder-workspace/.derivedData/Build/Products/Debug-watchos/include -Xcc -I/Users/admin/builder/spi-builder-workspace/.derivedData/Build/Intermediates.noindex/warc-swift.build/Debug-watchos/warc-swift-t.build/DerivedSources-normal/arm64 -Xcc -I/Users/admin/builder/spi-builder-workspace/.derivedData/Build/Intermediates.noindex/warc-swift.build/Debug-watchos/warc-swift-t.build/DerivedSources/arm64 -Xcc -I/Users/admin/builder/spi-builder-workspace/.derivedData/Build/Intermediates.noindex/warc-swift.build/Debug-watchos/warc-swift-t.build/DerivedSources -Xcc -DSWIFT_PACKAGE -Xcc -DDEBUG\=1 -no-auto-bridging-header-chaining -module-name warc_swift -package-name spi_builder_workspace -const-gather-protocols-file /Users/admin/builder/spi-builder-workspace/.derivedData/Build/Intermediates.noindex/warc-swift.build/Debug-watchos/warc-swift-t.build/Objects-normal/arm64/warc-swift_const_extract_protocols.json -disable-clang-spi -clang-target arm64-apple-watchos27.0 -target-sdk-version 27.0 -target-sdk-name watchos27.0 -in-process-plugin-server-path /Applications/Xcode-27.0.0-Release.Candidate.app/Contents/Developer/Toolchains/XcodeDefault.xctoolchain/usr/lib/swift/host/libSwiftInProcPluginServer.dylib -parse-as-library -o /Users/admin/builder/spi-builder-workspace/.derivedData/Build/Intermediates.noindex/warc-swift.build/Debug-watchos/warc-swift-t.build/Objects-normal/arm64/WgetAtRunner.o -debug-module-path /Users/admin/builder/spi-builder-workspace/.derivedData/Build/Intermediates.noindex/warc-swift.build/Debug-watchos/warc-swift-t.build/Objects-normal/arm64/warc_swift.swiftmodule -index-unit-output-path /warc-swift.build/Debug-watchos/warc-swift-t.build/Objects-normal/arm64/WgetAtRunner.o -index-store-path /Users/admin/builder/spi-builder-workspace/.derivedData/Index.noindex/DataStore -index-system-modules
SwiftCompile normal arm64 /Users/admin/builder/spi-builder-workspace/Sources/warc-swift/WgetAt/WgetAtRunner.swift (in target 'warc-swift' from project 'warc-swift')
cd /Users/admin/builder/spi-builder-workspace/.swiftpm/xcode
builtin-SwiftPerFileCompile WgetAtRunner.swift
SwiftEmitModule normal arm64 Emitting\ module\ for\ WriteWARCManually (in target 'WriteWARCManually-product' from project 'warc-swift')
SwiftCompile normal arm64 (in target 'WriteWARCManually-product' from project 'warc-swift')
cd /Users/admin/builder/spi-builder-workspace/.swiftpm/xcode
SwiftEmitModule normal arm64_32 Emitting\ module\ for\ SinglePageArchive (in target 'SinglePageArchive-product' from project 'warc-swift')
SwiftCompile normal arm64_32 (in target 'SinglePageArchive-product' from project 'warc-swift')
cd /Users/admin/builder/spi-builder-workspace/.swiftpm/xcode
PruneExplicitPrecompiledModules /Users/admin/builder/spi-builder-workspace/.derivedData/Build/Intermediates.noindex/ExplicitPrecompiledModules
PruneExplicitPrecompiledModules /Users/admin/builder/spi-builder-workspace/.derivedData/Build/Intermediates.noindex/SwiftExplicitPrecompiledModules
PruneExplicitPrecompiledModules /Users/admin/builder/spi-builder-workspace/.derivedData/SDKExplicitPrecompiledModules
2026-09-24 06:03:41.193 xcodebuild[782:4609] [MT] IDERunDestination: Supported platforms for the buildables in the current scheme is empty.
** BUILD FAILED **
The following build commands failed:
SwiftCompile normal arm64 Compiling\ WgetAtRunner.swift /Users/admin/builder/spi-builder-workspace/Sources/warc-swift/WgetAt/WgetAtRunner.swift (in target 'warc-swift' from project 'warc-swift')
SwiftCompile normal arm64 /Users/admin/builder/spi-builder-workspace/Sources/warc-swift/WgetAt/WgetAtRunner.swift (in target 'warc-swift' from project 'warc-swift')
Building workspace warc-swift with scheme warc-swift-Package
(3 failures)
BUILD FAILURE 6.4 watchOS