Build Information
Failed to build CameraKage, reference main (75343b), with Swift 6.4 for watchOS using Xcode 27.0 on 19 Sep 2026 08:56:32 UTC.
Build Command
env DEVELOPER_DIR=/Applications/Xcode-27.0.0-Release.Candidate.app xcrun xcodebuild -IDEClonedSourcePackagesDirPathOverride=$PWD/.dependencies -skipMacroValidation -skipPackagePluginValidation -derivedDataPath $PWD/.derivedData build -scheme CameraKage -destination generic/platform=watchOSBuild Log
========================================
RunAll
========================================
Builder version: 5.1.0
Interrupt handler set up.
========================================
Checkout
========================================
Clone URL: https://github.com/andreilob/CameraKage.git
Reference: main
Initialized empty Git repository in /Users/admin/builder/spi-builder-workspace/.git/
From https://github.com/andreilob/CameraKage
* branch main -> FETCH_HEAD
* [new branch] main -> origin/main
HEAD is now at 75343b2 Track loading for older versions
Cloned https://github.com/andreilob/CameraKage.git
Revision (git rev-parse @):
75343b23b4e082a232be970940788ab018bded63
SUCCESS checkout https://github.com/andreilob/CameraKage.git at main
========================================
Build
========================================
Selected platform: watchOS
Swift version: 6.4
Building package at path: $PWD
https://github.com/andreilob/CameraKage.git
Command line invocation:
/Applications/Xcode-27.0.0-Release.Candidate.app/Contents/Developer/usr/bin/xcodebuild -IDEClonedSourcePackagesDirPathOverride=/Users/admin/builder/spi-builder-workspace/.dependencies -resolvePackageDependencies
Resolve Package Graph
Resolve Package Graph
Resolved source packages:
CameraKage: /Users/admin/builder/spi-builder-workspace
resolved source packages: CameraKage
2026-09-19 04:55:43.569 xcodebuild[525:3012] [MT] IDERunDestination: Supported platforms for the buildables in the current scheme is empty.
{
"dependencies" : [
],
"manifest_display_name" : "CameraKage",
"name" : "CameraKage",
"path" : "/Users/admin/builder/spi-builder-workspace",
"platforms" : [
{
"name" : "ios",
"version" : "15.0"
}
],
"products" : [
{
"name" : "CameraKage",
"targets" : [
"CameraKage"
],
"type" : {
"library" : [
"automatic"
]
}
}
],
"targets" : [
{
"c99name" : "CameraKageTests",
"module_type" : "SwiftTarget",
"name" : "CameraKageTests",
"path" : "Tests/CameraKageTests",
"sources" : [
"ARCameraViewTests.swift",
"CameraKageTests.swift",
"InteractableCameraViewTests.swift",
"MetadataCameraViewTests.swift",
"Mocks/ARAssetWriterMock.swift",
"Mocks/ARPreviewViewMock.swift",
"Mocks/CaptureSessionMock.swift",
"Mocks/DelegatesManagerMock.swift",
"Mocks/MetadataOutputMock.swift",
"Mocks/MovieOutputMock.swift",
"Mocks/PermissionManagerMock.swift",
"Mocks/SessionCameraDelegateStub.swift",
"Mocks/VideoInputMock.swift",
"Mocks/VideoLayerMock.swift",
"SessionCameraViewTests.swift",
"Utils/XCTestCase+TrackMemoryLeak.swift",
"VideoCameraViewTests.swift"
],
"target_dependencies" : [
"CameraKage"
],
"type" : "test"
},
{
"c99name" : "CameraKage",
"module_type" : "SwiftTarget",
"name" : "CameraKage",
"path" : "Sources",
"product_memberships" : [
"CameraKage"
],
"sources" : [
"CameraKage/CameraKage.swift",
"CameraKage/Devices/ARPreviewView/ARPreviewView.swift",
"CameraKage/Devices/ARPreviewView/ARPreviewer.swift",
"CameraKage/Devices/AssetWriter/ARAssetWriter.swift",
"CameraKage/Devices/AssetWriter/AssetWriterInterface.swift",
"CameraKage/Devices/Inputs/Audio/AudioCaptureDevice.swift",
"CameraKage/Devices/Inputs/Audio/AudioInput.swift",
"CameraKage/Devices/Inputs/Video/VideoCaptureDevice.swift",
"CameraKage/Devices/Inputs/Video/VideoInput.swift",
"CameraKage/Devices/Layers/Video/PreviewLayer.swift",
"CameraKage/Devices/Layers/Video/VideoLayer.swift",
"CameraKage/Devices/Outputs/Metadata/MetadataCapturer.swift",
"CameraKage/Devices/Outputs/Metadata/MetadataOutput.swift",
"CameraKage/Devices/Outputs/Metadata/MetadataScanOutput.swift",
"CameraKage/Devices/Outputs/Movie/MovieCapturer.swift",
"CameraKage/Devices/Outputs/Movie/MovieOutput.swift",
"CameraKage/Devices/Outputs/Photo/PhotoCapturer.swift",
"CameraKage/Devices/Outputs/Photo/PhotoOutput.swift",
"CameraKage/Devices/Session/AVSession/CaptureSession.swift",
"CameraKage/Devices/Session/AVSession/Session.swift",
"CameraKage/Extensions/AVAsset/AVAsset+TrackLoading.swift",
"CameraKage/Extensions/AVFoundation/CameraDevice+AVFoundation.swift",
"CameraKage/Extensions/AVFoundation/ExposureMode+AVFoundation.swift",
"CameraKage/Extensions/AVFoundation/FlashMode+AVFoundation.swift",
"CameraKage/Extensions/AVFoundation/FocusMode+AVFoundation.swift",
"CameraKage/Extensions/AVFoundation/LayerVideoGravity+AVFoundation.swift",
"CameraKage/Extensions/AVFoundation/MediaType+AVFoundation.swift",
"CameraKage/Extensions/AVFoundation/MetadataType+AVFoundation.swift",
"CameraKage/Extensions/AVFoundation/PhotoQualityPrioritizationMode+AVFoundation.swift",
"CameraKage/Extensions/AVFoundation/VideoOrientationMode+AVFoundation.swift",
"CameraKage/Extensions/AVFoundation/VideoStabilizationMode+AVFoundation.swift",
"CameraKage/Extensions/CGSize/CGSize+Scale.swift",
"CameraKage/Extensions/TimeInterval/TimeInterval+CMTime.swift",
"CameraKage/Extensions/UIImage/UIImage+PixelBuffer.swift",
"CameraKage/Extensions/UIImage/UIImage+Resize.swift",
"CameraKage/Extensions/UIView/UIView+LayoutToFill.swift",
"CameraKage/Extensions/URL/URL+TemporaryURL.swift",
"CameraKage/General/ARCameraError.swift",
"CameraKage/General/CameraError.swift",
"CameraKage/General/CameraViews/ARCameraView.swift",
"CameraKage/General/CameraViews/CameraView.swift",
"CameraKage/General/CameraViews/InteractableCameraView.swift",
"CameraKage/General/CameraViews/MetadataCameraView.swift",
"CameraKage/General/CameraViews/PhotoCameraView.swift",
"CameraKage/General/CameraViews/SessionCameraView.swift",
"CameraKage/General/CameraViews/VideoCameraView.swift",
"CameraKage/General/Cameras/ARCamera/ARCamera.swift",
"CameraKage/General/Cameras/ARCamera/ARCameraInterface.swift",
"CameraKage/General/Cameras/Camera/Camera.swift",
"CameraKage/General/Cameras/Camera/CameraInterface.swift",
"CameraKage/General/Cameras/InteractableCamera/InteractableCamera.swift",
"CameraKage/General/Cameras/InteractableCamera/InteractableCameraInterface.swift",
"CameraKage/General/Cameras/MetadataCamera/MetadataCamera.swift",
"CameraKage/General/Cameras/MetadataCamera/MetadataCameraInterface.swift",
"CameraKage/General/Cameras/PhotoCamera/PhotoCamera.swift",
"CameraKage/General/Cameras/PhotoCamera/PhotoCameraInterface.swift",
"CameraKage/General/Cameras/SessionCamera/SessionCamera.swift",
"CameraKage/General/Cameras/SessionCamera/SessionCameraInterface.swift",
"CameraKage/General/Cameras/VideoCamera/VideoCamera.swift",
"CameraKage/General/Cameras/VideoCamera/VideoCameraInterface.swift",
"CameraKage/General/Compression/BitRate.swift",
"CameraKage/General/Compression/CompressionAssetsManager.swift",
"CameraKage/General/Compression/CompressionAssetsManagerBuilder.swift",
"CameraKage/General/Compression/CompressionManager.swift",
"CameraKage/General/Compression/ImageQuality.swift",
"CameraKage/General/Compression/Resolution.swift",
"CameraKage/General/CompressionError.swift",
"CameraKage/General/Delegates/DelegatesManager.swift",
"CameraKage/General/Delegates/Internal/ARAssetWriterDelegate.swift",
"CameraKage/General/Delegates/Internal/ARCameraDelegate.swift",
"CameraKage/General/Delegates/Internal/ARSessionDelegate.swift",
"CameraKage/General/Delegates/Internal/SessionDelegate.swift",
"CameraKage/General/Delegates/Public/ARCameraViewDelegate.swift",
"CameraKage/General/Delegates/Public/CameraDelegate.swift",
"CameraKage/General/Delegates/Public/InteractableCameraDelegate.swift",
"CameraKage/General/Delegates/Public/MetadataCameraDelegate.swift",
"CameraKage/General/Delegates/Public/PhotoCameraDelegate.swift",
"CameraKage/General/Delegates/Public/SessionCameraDelegate.swift",
"CameraKage/General/Delegates/Public/VideoCameraDelegate.swift",
"CameraKage/General/Permissions/PermissionStatus.swift",
"CameraKage/General/Permissions/PermissionsManager.swift",
"CameraKage/General/Permissions/PermissionsManagerProtocol.swift",
"CameraKage/General/Session/SessionComposer.swift",
"CameraKage/General/Session/SessionInterruptionReason.swift",
"CameraKage/General/Settings/ARCameraComponentOptions.swift",
"CameraKage/General/Settings/CameraComponentOptions.swift",
"CameraKage/General/Settings/CameraDevice.swift",
"CameraKage/General/Settings/ExposureMode.swift",
"CameraKage/General/Settings/FlashMode.swift",
"CameraKage/General/Settings/FocusMode.swift",
"CameraKage/General/Settings/LayerVideoGravity.swift",
"CameraKage/General/Settings/MediaType.swift",
"CameraKage/General/Settings/MetadataType.swift",
"CameraKage/General/Settings/OutputType.swift",
"CameraKage/General/Settings/PhotoQualityPrioritizationMode.swift",
"CameraKage/General/Settings/VideoOrientationMode.swift",
"CameraKage/General/Settings/VideoStabilizationMode.swift"
],
"type" : "library"
}
],
"tools_version" : "5.5"
}
{
"workspace" : {
"name" : "CameraKage",
"schemes" : [
"CameraKage"
]
}
}
2026-09-19 04:56:24.677 xcodebuild[625:3976] [MT] IDERunDestination: Supported platforms for the buildables in the current scheme is empty.
Running build ...
env DEVELOPER_DIR=/Applications/Xcode-27.0.0-Release.Candidate.app xcrun xcodebuild -IDEClonedSourcePackagesDirPathOverride=$PWD/.dependencies -skipMacroValidation -skipPackagePluginValidation -derivedDataPath $PWD/.derivedData build -scheme CameraKage -destination generic/platform=watchOS
Command line invocation:
/Applications/Xcode-27.0.0-Release.Candidate.app/Contents/Developer/usr/bin/xcodebuild -IDEClonedSourcePackagesDirPathOverride=/Users/admin/builder/spi-builder-workspace/.dependencies -skipMacroValidation -skipPackagePluginValidation -derivedDataPath /Users/admin/builder/spi-builder-workspace/.derivedData build -scheme CameraKage -destination generic/platform=watchOS
Resolve Package Graph
Resolved source packages:
CameraKage: /Users/admin/builder/spi-builder-workspace
ComputePackagePrebuildTargetDependencyGraph
Prepare packages
CreateBuildRequest
SendProjectDescription
CreateBuildOperation
ComputeTargetDependencyGraph
note: Building targets in dependency order
note: Target dependency graph (2 targets)
Target 'CameraKage-product' in project 'CameraKage'
➜ Explicit dependency on target 'CameraKage' in project 'CameraKage'
Target 'CameraKage' in project 'CameraKage' (no dependencies)
GatherProvisioningInputs
CreateBuildDescription
ExecuteExternalTool /Applications/Xcode-27.0.0-Release.Candidate.app/Contents/Developer/Toolchains/XcodeDefault.xctoolchain/usr/bin/clang -v -E -dM -isysroot /Applications/Xcode-27.0.0-Release.Candidate.app/Contents/Developer/Platforms/WatchOS.platform/Developer/SDKs/WatchOS27.0.sdk -x c -c /dev/null
ExecuteExternalTool /Applications/Xcode-27.0.0-Release.Candidate.app/Contents/Developer/Toolchains/XcodeDefault.xctoolchain/usr/bin/swiftc --version
ExecuteExternalTool /Applications/Xcode-27.0.0-Release.Candidate.app/Contents/Developer/Toolchains/XcodeDefault.xctoolchain/usr/bin/ld -version_details
Build description signature: 73a7e4aec738d66a38bdcf52afc99c66
Build description path: /Users/admin/builder/spi-builder-workspace/.derivedData/Build/Intermediates.noindex/XCBuildData/73a7e4aec738d66a38bdcf52afc99c66.xcbuilddata
CreateBuildDirectory /Users/admin/builder/spi-builder-workspace/.derivedData/ModuleCache.noindex
cd /Users/admin/builder/spi-builder-workspace/.swiftpm/xcode
builtin-create-build-directory /Users/admin/builder/spi-builder-workspace/.derivedData/ModuleCache.noindex
CreateBuildDirectory /Users/admin/builder/spi-builder-workspace/.derivedData/CompilationCache.noindex
cd /Users/admin/builder/spi-builder-workspace/.swiftpm/xcode
builtin-create-build-directory /Users/admin/builder/spi-builder-workspace/.derivedData/CompilationCache.noindex
CreateBuildDirectory /Users/admin/builder/spi-builder-workspace/.derivedData/SDKExplicitPrecompiledModules
cd /Users/admin/builder/spi-builder-workspace/.swiftpm/xcode
builtin-create-build-directory /Users/admin/builder/spi-builder-workspace/.derivedData/SDKExplicitPrecompiledModules
ClangStatCache /Applications/Xcode-27.0.0-Release.Candidate.app/Contents/Developer/Toolchains/XcodeDefault.xctoolchain/usr/bin/clang-stat-cache /Applications/Xcode-27.0.0-Release.Candidate.app/Contents/Developer/Platforms/WatchOS.platform/Developer/SDKs/WatchOS27.0.sdk /Users/admin/builder/spi-builder-workspace/.derivedData/SDKStatCaches.noindex/watchos27.0-24R360-e829b21a6f8c9b70876ba0858053c04477534ef55a1706bf4c1112bbb242f0a2.sdkstatcache
cd /Users/admin/builder/spi-builder-workspace/.swiftpm/xcode
/Applications/Xcode-27.0.0-Release.Candidate.app/Contents/Developer/Toolchains/XcodeDefault.xctoolchain/usr/bin/clang-stat-cache /Applications/Xcode-27.0.0-Release.Candidate.app/Contents/Developer/Platforms/WatchOS.platform/Developer/SDKs/WatchOS27.0.sdk -o /Users/admin/builder/spi-builder-workspace/.derivedData/SDKStatCaches.noindex/watchos27.0-24R360-e829b21a6f8c9b70876ba0858053c04477534ef55a1706bf4c1112bbb242f0a2.sdkstatcache
CreateBuildDirectory /Users/admin/builder/spi-builder-workspace/.derivedData/Build/Products
cd /Users/admin/builder/spi-builder-workspace/.swiftpm/xcode
builtin-create-build-directory /Users/admin/builder/spi-builder-workspace/.derivedData/Build/Products
CreateBuildDirectory /Users/admin/builder/spi-builder-workspace/.derivedData/Build/Intermediates.noindex
cd /Users/admin/builder/spi-builder-workspace/.swiftpm/xcode
builtin-create-build-directory /Users/admin/builder/spi-builder-workspace/.derivedData/Build/Intermediates.noindex
CreateBuildDirectory /Users/admin/builder/spi-builder-workspace/.derivedData/Build/Products/Debug-watchos
cd /Users/admin/builder/spi-builder-workspace/.swiftpm/xcode
builtin-create-build-directory /Users/admin/builder/spi-builder-workspace/.derivedData/Build/Products/Debug-watchos
CreateBuildDirectory /Users/admin/builder/spi-builder-workspace/.derivedData/Build/Intermediates.noindex/SwiftExplicitPrecompiledModules
cd /Users/admin/builder/spi-builder-workspace/.swiftpm/xcode
builtin-create-build-directory /Users/admin/builder/spi-builder-workspace/.derivedData/Build/Intermediates.noindex/SwiftExplicitPrecompiledModules
CreateBuildDirectory /Users/admin/builder/spi-builder-workspace/.derivedData/Build/Intermediates.noindex/PrecompiledHeaders
cd /Users/admin/builder/spi-builder-workspace/.swiftpm/xcode
builtin-create-build-directory /Users/admin/builder/spi-builder-workspace/.derivedData/Build/Intermediates.noindex/PrecompiledHeaders
CreateBuildDirectory /Users/admin/builder/spi-builder-workspace/.derivedData/Build/Intermediates.noindex/ExplicitPrecompiledModules
cd /Users/admin/builder/spi-builder-workspace/.swiftpm/xcode
builtin-create-build-directory /Users/admin/builder/spi-builder-workspace/.derivedData/Build/Intermediates.noindex/ExplicitPrecompiledModules
CreateBuildDirectory /Users/admin/builder/spi-builder-workspace/.derivedData/Build/Intermediates.noindex/EagerLinkingTBDs/Debug-watchos
cd /Users/admin/builder/spi-builder-workspace/.swiftpm/xcode
builtin-create-build-directory /Users/admin/builder/spi-builder-workspace/.derivedData/Build/Intermediates.noindex/EagerLinkingTBDs/Debug-watchos
CreateBuildDirectory /Users/admin/builder/spi-builder-workspace/.derivedData/Build/Products/Debug-watchos/PackageFrameworks
cd /Users/admin/builder/spi-builder-workspace/.swiftpm/xcode
builtin-create-build-directory /Users/admin/builder/spi-builder-workspace/.derivedData/Build/Products/Debug-watchos/PackageFrameworks
WriteAuxiliaryFile /Users/admin/builder/spi-builder-workspace/.derivedData/Build/Intermediates.noindex/CameraKage.build/Debug-watchos/CameraKage-t.build/Objects-normal/arm64/CameraKage-OutputFileMap.json (in target 'CameraKage' from project 'CameraKage')
cd /Users/admin/builder/spi-builder-workspace
write-file /Users/admin/builder/spi-builder-workspace/.derivedData/Build/Intermediates.noindex/CameraKage.build/Debug-watchos/CameraKage-t.build/Objects-normal/arm64/CameraKage-OutputFileMap.json
WriteAuxiliaryFile /Users/admin/builder/spi-builder-workspace/.derivedData/Build/Intermediates.noindex/CameraKage.build/Debug-watchos/CameraKage-t.build/Objects-normal/arm64/CameraKage.SwiftConstValuesFileList (in target 'CameraKage' from project 'CameraKage')
cd /Users/admin/builder/spi-builder-workspace
write-file /Users/admin/builder/spi-builder-workspace/.derivedData/Build/Intermediates.noindex/CameraKage.build/Debug-watchos/CameraKage-t.build/Objects-normal/arm64/CameraKage.SwiftConstValuesFileList
WriteAuxiliaryFile /Users/admin/builder/spi-builder-workspace/.derivedData/Build/Intermediates.noindex/CameraKage.build/Debug-watchos/CameraKage-t.build/Objects-normal/arm64_32/CameraKage-OutputFileMap.json (in target 'CameraKage' from project 'CameraKage')
cd /Users/admin/builder/spi-builder-workspace
write-file /Users/admin/builder/spi-builder-workspace/.derivedData/Build/Intermediates.noindex/CameraKage.build/Debug-watchos/CameraKage-t.build/Objects-normal/arm64_32/CameraKage-OutputFileMap.json
WriteAuxiliaryFile /Users/admin/builder/spi-builder-workspace/.derivedData/Build/Intermediates.noindex/CameraKage.build/Debug-watchos/CameraKage-t.build/Objects-normal/arm64_32/CameraKage_const_extract_protocols.json (in target 'CameraKage' from project 'CameraKage')
cd /Users/admin/builder/spi-builder-workspace
write-file /Users/admin/builder/spi-builder-workspace/.derivedData/Build/Intermediates.noindex/CameraKage.build/Debug-watchos/CameraKage-t.build/Objects-normal/arm64_32/CameraKage_const_extract_protocols.json
WriteAuxiliaryFile /Users/admin/builder/spi-builder-workspace/.derivedData/Build/Intermediates.noindex/CameraKage.build/Debug-watchos/CameraKage-t.build/Objects-normal/arm64_32/CameraKage.LinkFileList (in target 'CameraKage' from project 'CameraKage')
cd /Users/admin/builder/spi-builder-workspace
write-file /Users/admin/builder/spi-builder-workspace/.derivedData/Build/Intermediates.noindex/CameraKage.build/Debug-watchos/CameraKage-t.build/Objects-normal/arm64_32/CameraKage.LinkFileList
WriteAuxiliaryFile /Users/admin/builder/spi-builder-workspace/.derivedData/Build/Intermediates.noindex/CameraKage.build/Debug-watchos/CameraKage-t.build/Objects-normal/arm64/CameraKage_const_extract_protocols.json (in target 'CameraKage' from project 'CameraKage')
cd /Users/admin/builder/spi-builder-workspace
write-file /Users/admin/builder/spi-builder-workspace/.derivedData/Build/Intermediates.noindex/CameraKage.build/Debug-watchos/CameraKage-t.build/Objects-normal/arm64/CameraKage_const_extract_protocols.json
WriteAuxiliaryFile /Users/admin/builder/spi-builder-workspace/.derivedData/Build/Intermediates.noindex/CameraKage.build/Debug-watchos/CameraKage-t.build/Objects-normal/arm64_32/CameraKage.SwiftConstValuesFileList (in target 'CameraKage' from project 'CameraKage')
cd /Users/admin/builder/spi-builder-workspace
write-file /Users/admin/builder/spi-builder-workspace/.derivedData/Build/Intermediates.noindex/CameraKage.build/Debug-watchos/CameraKage-t.build/Objects-normal/arm64_32/CameraKage.SwiftConstValuesFileList
WriteAuxiliaryFile /Users/admin/builder/spi-builder-workspace/.derivedData/Build/Intermediates.noindex/CameraKage.build/Debug-watchos/CameraKage-t.build/Objects-normal/arm64/CameraKage.SwiftFileList (in target 'CameraKage' from project 'CameraKage')
cd /Users/admin/builder/spi-builder-workspace
write-file /Users/admin/builder/spi-builder-workspace/.derivedData/Build/Intermediates.noindex/CameraKage.build/Debug-watchos/CameraKage-t.build/Objects-normal/arm64/CameraKage.SwiftFileList
WriteAuxiliaryFile /Users/admin/builder/spi-builder-workspace/.derivedData/Build/Intermediates.noindex/CameraKage.build/Debug-watchos/CameraKage-t.build/Objects-normal/arm64_32/CameraKage.SwiftFileList (in target 'CameraKage' from project 'CameraKage')
cd /Users/admin/builder/spi-builder-workspace
write-file /Users/admin/builder/spi-builder-workspace/.derivedData/Build/Intermediates.noindex/CameraKage.build/Debug-watchos/CameraKage-t.build/Objects-normal/arm64_32/CameraKage.SwiftFileList
WriteAuxiliaryFile /Users/admin/builder/spi-builder-workspace/.derivedData/Build/Intermediates.noindex/CameraKage.build/Debug-watchos/CameraKage-t.build/CameraKage.modulemap (in target 'CameraKage' from project 'CameraKage')
cd /Users/admin/builder/spi-builder-workspace
write-file /Users/admin/builder/spi-builder-workspace/.derivedData/Build/Intermediates.noindex/CameraKage.build/Debug-watchos/CameraKage-t.build/CameraKage.modulemap
WriteAuxiliaryFile /Users/admin/builder/spi-builder-workspace/.derivedData/Build/Intermediates.noindex/CameraKage.build/Debug-watchos/CameraKage-t.build/Objects-normal/arm64/CameraKage.LinkFileList (in target 'CameraKage' from project 'CameraKage')
cd /Users/admin/builder/spi-builder-workspace
write-file /Users/admin/builder/spi-builder-workspace/.derivedData/Build/Intermediates.noindex/CameraKage.build/Debug-watchos/CameraKage-t.build/Objects-normal/arm64/CameraKage.LinkFileList
WriteAuxiliaryFile /Users/admin/builder/spi-builder-workspace/.derivedData/Build/Intermediates.noindex/CameraKage.build/Debug-watchos/CameraKage-t.build/CameraKage.DependencyStaticMetadataFileList (in target 'CameraKage' from project 'CameraKage')
cd /Users/admin/builder/spi-builder-workspace
write-file /Users/admin/builder/spi-builder-workspace/.derivedData/Build/Intermediates.noindex/CameraKage.build/Debug-watchos/CameraKage-t.build/CameraKage.DependencyStaticMetadataFileList
WriteAuxiliaryFile /Users/admin/builder/spi-builder-workspace/.derivedData/Build/Intermediates.noindex/CameraKage.build/Debug-watchos/CameraKage-t.build/CameraKage.DependencyMetadataFileList (in target 'CameraKage' from project 'CameraKage')
cd /Users/admin/builder/spi-builder-workspace
write-file /Users/admin/builder/spi-builder-workspace/.derivedData/Build/Intermediates.noindex/CameraKage.build/Debug-watchos/CameraKage-t.build/CameraKage.DependencyMetadataFileList
Copy /Users/admin/builder/spi-builder-workspace/.derivedData/Build/Intermediates.noindex/GeneratedModuleMaps-watchos/CameraKage.modulemap /Users/admin/builder/spi-builder-workspace/.derivedData/Build/Intermediates.noindex/CameraKage.build/Debug-watchos/CameraKage-t.build/CameraKage.modulemap (in target 'CameraKage' from project 'CameraKage')
cd /Users/admin/builder/spi-builder-workspace
builtin-copy -exclude .DS_Store -exclude CVS -exclude .svn -exclude .git -exclude .hg -resolve-src-symlinks /Users/admin/builder/spi-builder-workspace/.derivedData/Build/Intermediates.noindex/CameraKage.build/Debug-watchos/CameraKage-t.build/CameraKage.modulemap /Users/admin/builder/spi-builder-workspace/.derivedData/Build/Intermediates.noindex/GeneratedModuleMaps-watchos
SwiftDriver CameraKage normal arm64_32 com.apple.xcode.tools.swift.compiler (in target 'CameraKage' from project 'CameraKage')
cd /Users/admin/builder/spi-builder-workspace/.swiftpm/xcode
builtin-SwiftDriver -- /Applications/Xcode-27.0.0-Release.Candidate.app/Contents/Developer/Toolchains/XcodeDefault.xctoolchain/usr/bin/swiftc -parse-as-library -module-name CameraKage -Onone @/Users/admin/builder/spi-builder-workspace/.derivedData/Build/Intermediates.noindex/CameraKage.build/Debug-watchos/CameraKage-t.build/Objects-normal/arm64_32/CameraKage.SwiftFileList -DSWIFT_PACKAGE -DDEBUG -DSWIFT_MODULE_RESOURCE_BUNDLE_UNAVAILABLE -DXcode -plugin-path /Applications/Xcode-27.0.0-Release.Candidate.app/Contents/Developer/Toolchains/XcodeDefault.xctoolchain/usr/lib/swift/host/plugins/testing -enable-experimental-feature DebugDescriptionMacro -sdk /Applications/Xcode-27.0.0-Release.Candidate.app/Contents/Developer/Platforms/WatchOS.platform/Developer/SDKs/WatchOS27.0.sdk -target arm64_32-apple-watchos9.0 -g -module-cache-path /Users/admin/builder/spi-builder-workspace/.derivedData/ModuleCache.noindex -Xfrontend -serialize-debugging-options -profile-coverage-mapping -profile-generate -enable-testing -index-store-path /Users/admin/builder/spi-builder-workspace/.derivedData/Index.noindex/DataStore -Xcc -D_LIBCPP_HARDENING_MODE\=_LIBCPP_HARDENING_MODE_DEBUG -swift-version 5 -I /Users/admin/builder/spi-builder-workspace/.derivedData/Build/Products/Debug-watchos -Isystem /Applications/Xcode-27.0.0-Release.Candidate.app/Contents/Developer/Platforms/WatchOS.platform/Developer/usr/lib -F /Users/admin/builder/spi-builder-workspace/.derivedData/Build/Products/Debug-watchos -F /Applications/Xcode-27.0.0-Release.Candidate.app/Contents/Developer/Platforms/WatchOS.platform/Developer/Library/Frameworks -F /Applications/Xcode-27.0.0-Release.Candidate.app/Contents/Developer/Platforms/WatchOS.platform/Developer/SDKs/WatchOS27.0.sdk/Developer/Library/Frameworks -c -j10 -enable-batch-mode -incremental -Xcc -ivfsstatcache -Xcc /Users/admin/builder/spi-builder-workspace/.derivedData/SDKStatCaches.noindex/watchos27.0-24R360-e829b21a6f8c9b70876ba0858053c04477534ef55a1706bf4c1112bbb242f0a2.sdkstatcache -output-file-map /Users/admin/builder/spi-builder-workspace/.derivedData/Build/Intermediates.noindex/CameraKage.build/Debug-watchos/CameraKage-t.build/Objects-normal/arm64_32/CameraKage-OutputFileMap.json -save-temps -no-color-diagnostics -explicit-module-build -module-cache-path /Users/admin/builder/spi-builder-workspace/.derivedData/Build/Intermediates.noindex/SwiftExplicitPrecompiledModules -clang-scanner-module-cache-path /Users/admin/builder/spi-builder-workspace/.derivedData/ModuleCache.noindex -sdk-module-cache-path /Users/admin/builder/spi-builder-workspace/.derivedData/SDKExplicitPrecompiledModules -emit-dependencies -emit-module -emit-module-path /Users/admin/builder/spi-builder-workspace/.derivedData/Build/Intermediates.noindex/CameraKage.build/Debug-watchos/CameraKage-t.build/Objects-normal/arm64_32/CameraKage.swiftmodule -serialize-diagnostics -dependency-scan-serialize-diagnostics-path /Users/admin/builder/spi-builder-workspace/.derivedData/Build/Intermediates.noindex/CameraKage.build/Debug-watchos/CameraKage-t.build/Objects-normal/arm64_32/CameraKage-dependency-scan.dia -validate-clang-modules-once -clang-build-session-file /Users/admin/builder/spi-builder-workspace/.derivedData/ModuleCache.noindex/Session.modulevalidation -Xcc -fmodules-prune-interval\=86400 -Xcc -fmodules-prune-after\=345600 -emit-const-values -const-gather-protocols-list /Users/admin/builder/spi-builder-workspace/.derivedData/Build/Intermediates.noindex/CameraKage.build/Debug-watchos/CameraKage-t.build/Objects-normal/arm64_32/CameraKage_const_extract_protocols.json -Xcc -I/Users/admin/builder/spi-builder-workspace/.derivedData/Build/Products/Debug-watchos/include -Xcc -I/Users/admin/builder/spi-builder-workspace/.derivedData/Build/Intermediates.noindex/CameraKage.build/Debug-watchos/CameraKage-t.build/DerivedSources-normal/arm64_32 -Xcc -I/Users/admin/builder/spi-builder-workspace/.derivedData/Build/Intermediates.noindex/CameraKage.build/Debug-watchos/CameraKage-t.build/DerivedSources/arm64_32 -Xcc -I/Users/admin/builder/spi-builder-workspace/.derivedData/Build/Intermediates.noindex/CameraKage.build/Debug-watchos/CameraKage-t.build/DerivedSources -Xcc -DSWIFT_PACKAGE -Xcc -DDEBUG\=1 -emit-objc-header -emit-objc-header-path /Users/admin/builder/spi-builder-workspace/.derivedData/Build/Intermediates.noindex/CameraKage.build/Debug-watchos/CameraKage-t.build/Objects-normal/arm64_32/CameraKage-Swift.h -working-directory /Users/admin/builder/spi-builder-workspace/.swiftpm/xcode -experimental-emit-module-separately -disable-cmo
/Users/admin/builder/spi-builder-workspace/Sources/CameraKage/Devices/ARPreviewView/ARPreviewView.swift:8:8: error: Unable to resolve module dependency: 'ARKit' (in target 'CameraKage' from project 'CameraKage')
note: A dependency of main module 'CameraKage'
/Users/admin/builder/spi-builder-workspace/Sources/CameraKage/Devices/ARPreviewView/ARPreviewView.swift:8:8: note: A dependency of main module 'CameraKage'
import ARKit
^ (in target 'CameraKage' from project 'CameraKage')
SwiftDriver CameraKage normal arm64 com.apple.xcode.tools.swift.compiler (in target 'CameraKage' from project 'CameraKage')
cd /Users/admin/builder/spi-builder-workspace/.swiftpm/xcode
builtin-SwiftDriver -- /Applications/Xcode-27.0.0-Release.Candidate.app/Contents/Developer/Toolchains/XcodeDefault.xctoolchain/usr/bin/swiftc -parse-as-library -module-name CameraKage -Onone @/Users/admin/builder/spi-builder-workspace/.derivedData/Build/Intermediates.noindex/CameraKage.build/Debug-watchos/CameraKage-t.build/Objects-normal/arm64/CameraKage.SwiftFileList -DSWIFT_PACKAGE -DDEBUG -DSWIFT_MODULE_RESOURCE_BUNDLE_UNAVAILABLE -DXcode -plugin-path /Applications/Xcode-27.0.0-Release.Candidate.app/Contents/Developer/Toolchains/XcodeDefault.xctoolchain/usr/lib/swift/host/plugins/testing -enable-experimental-feature DebugDescriptionMacro -sdk /Applications/Xcode-27.0.0-Release.Candidate.app/Contents/Developer/Platforms/WatchOS.platform/Developer/SDKs/WatchOS27.0.sdk -target arm64-apple-watchos9.0 -g -module-cache-path /Users/admin/builder/spi-builder-workspace/.derivedData/ModuleCache.noindex -Xfrontend -serialize-debugging-options -profile-coverage-mapping -profile-generate -enable-testing -index-store-path /Users/admin/builder/spi-builder-workspace/.derivedData/Index.noindex/DataStore -Xcc -D_LIBCPP_HARDENING_MODE\=_LIBCPP_HARDENING_MODE_DEBUG -swift-version 5 -I /Users/admin/builder/spi-builder-workspace/.derivedData/Build/Products/Debug-watchos -Isystem /Applications/Xcode-27.0.0-Release.Candidate.app/Contents/Developer/Platforms/WatchOS.platform/Developer/usr/lib -F /Users/admin/builder/spi-builder-workspace/.derivedData/Build/Products/Debug-watchos -F /Applications/Xcode-27.0.0-Release.Candidate.app/Contents/Developer/Platforms/WatchOS.platform/Developer/Library/Frameworks -F /Applications/Xcode-27.0.0-Release.Candidate.app/Contents/Developer/Platforms/WatchOS.platform/Developer/SDKs/WatchOS27.0.sdk/Developer/Library/Frameworks -c -j10 -enable-batch-mode -incremental -Xcc -ivfsstatcache -Xcc /Users/admin/builder/spi-builder-workspace/.derivedData/SDKStatCaches.noindex/watchos27.0-24R360-e829b21a6f8c9b70876ba0858053c04477534ef55a1706bf4c1112bbb242f0a2.sdkstatcache -output-file-map /Users/admin/builder/spi-builder-workspace/.derivedData/Build/Intermediates.noindex/CameraKage.build/Debug-watchos/CameraKage-t.build/Objects-normal/arm64/CameraKage-OutputFileMap.json -save-temps -no-color-diagnostics -explicit-module-build -module-cache-path /Users/admin/builder/spi-builder-workspace/.derivedData/Build/Intermediates.noindex/SwiftExplicitPrecompiledModules -clang-scanner-module-cache-path /Users/admin/builder/spi-builder-workspace/.derivedData/ModuleCache.noindex -sdk-module-cache-path /Users/admin/builder/spi-builder-workspace/.derivedData/SDKExplicitPrecompiledModules -emit-dependencies -emit-module -emit-module-path /Users/admin/builder/spi-builder-workspace/.derivedData/Build/Intermediates.noindex/CameraKage.build/Debug-watchos/CameraKage-t.build/Objects-normal/arm64/CameraKage.swiftmodule -serialize-diagnostics -dependency-scan-serialize-diagnostics-path /Users/admin/builder/spi-builder-workspace/.derivedData/Build/Intermediates.noindex/CameraKage.build/Debug-watchos/CameraKage-t.build/Objects-normal/arm64/CameraKage-dependency-scan.dia -validate-clang-modules-once -clang-build-session-file /Users/admin/builder/spi-builder-workspace/.derivedData/ModuleCache.noindex/Session.modulevalidation -Xcc -fmodules-prune-interval\=86400 -Xcc -fmodules-prune-after\=345600 -emit-const-values -const-gather-protocols-list /Users/admin/builder/spi-builder-workspace/.derivedData/Build/Intermediates.noindex/CameraKage.build/Debug-watchos/CameraKage-t.build/Objects-normal/arm64/CameraKage_const_extract_protocols.json -Xcc -I/Users/admin/builder/spi-builder-workspace/.derivedData/Build/Products/Debug-watchos/include -Xcc -I/Users/admin/builder/spi-builder-workspace/.derivedData/Build/Intermediates.noindex/CameraKage.build/Debug-watchos/CameraKage-t.build/DerivedSources-normal/arm64 -Xcc -I/Users/admin/builder/spi-builder-workspace/.derivedData/Build/Intermediates.noindex/CameraKage.build/Debug-watchos/CameraKage-t.build/DerivedSources/arm64 -Xcc -I/Users/admin/builder/spi-builder-workspace/.derivedData/Build/Intermediates.noindex/CameraKage.build/Debug-watchos/CameraKage-t.build/DerivedSources -Xcc -DSWIFT_PACKAGE -Xcc -DDEBUG\=1 -emit-objc-header -emit-objc-header-path /Users/admin/builder/spi-builder-workspace/.derivedData/Build/Intermediates.noindex/CameraKage.build/Debug-watchos/CameraKage-t.build/Objects-normal/arm64/CameraKage-Swift.h -working-directory /Users/admin/builder/spi-builder-workspace/.swiftpm/xcode -experimental-emit-module-separately -disable-cmo
/Users/admin/builder/spi-builder-workspace/Sources/CameraKage/Devices/ARPreviewView/ARPreviewView.swift:8:8: error: Unable to resolve module dependency: 'ARKit' (in target 'CameraKage' from project 'CameraKage')
note: A dependency of main module 'CameraKage'
/Users/admin/builder/spi-builder-workspace/Sources/CameraKage/Devices/ARPreviewView/ARPreviewView.swift:8:8: note: A dependency of main module 'CameraKage'
import ARKit
^ (in target 'CameraKage' from project 'CameraKage')
PruneExplicitPrecompiledModules /Users/admin/builder/spi-builder-workspace/.derivedData/SDKExplicitPrecompiledModules
PruneExplicitPrecompiledModules /Users/admin/builder/spi-builder-workspace/.derivedData/Build/Intermediates.noindex/ExplicitPrecompiledModules
PruneExplicitPrecompiledModules /Users/admin/builder/spi-builder-workspace/.derivedData/Build/Intermediates.noindex/SwiftExplicitPrecompiledModules
2026-09-19 04:56:26.265 xcodebuild[647:4180] [MT] IDERunDestination: Supported platforms for the buildables in the current scheme is empty.
** BUILD FAILED **
The following build commands failed:
SwiftDriver CameraKage normal arm64_32 com.apple.xcode.tools.swift.compiler (in target 'CameraKage' from project 'CameraKage')
SwiftDriver CameraKage normal arm64 com.apple.xcode.tools.swift.compiler (in target 'CameraKage' from project 'CameraKage')
Building workspace CameraKage with scheme CameraKage
(3 failures)
Command line invocation:
/Applications/Xcode-27.0.0-Release.Candidate.app/Contents/Developer/usr/bin/xcodebuild -IDEClonedSourcePackagesDirPathOverride=/Users/admin/builder/spi-builder-workspace/.dependencies -resolvePackageDependencies
Resolve Package Graph
Resolved source packages:
CameraKage: /Users/admin/builder/spi-builder-workspace
resolved source packages: CameraKage
2026-09-19 04:56:29.618 xcodebuild[662:4430] [MT] IDERunDestination: Supported platforms for the buildables in the current scheme is empty.
{
"dependencies" : [
],
"manifest_display_name" : "CameraKage",
"name" : "CameraKage",
"path" : "/Users/admin/builder/spi-builder-workspace",
"platforms" : [
{
"name" : "ios",
"version" : "15.0"
}
],
"products" : [
{
"name" : "CameraKage",
"targets" : [
"CameraKage"
],
"type" : {
"library" : [
"automatic"
]
}
}
],
"targets" : [
{
"c99name" : "CameraKageTests",
"module_type" : "SwiftTarget",
"name" : "CameraKageTests",
"path" : "Tests/CameraKageTests",
"sources" : [
"ARCameraViewTests.swift",
"CameraKageTests.swift",
"InteractableCameraViewTests.swift",
"MetadataCameraViewTests.swift",
"Mocks/ARAssetWriterMock.swift",
"Mocks/ARPreviewViewMock.swift",
"Mocks/CaptureSessionMock.swift",
"Mocks/DelegatesManagerMock.swift",
"Mocks/MetadataOutputMock.swift",
"Mocks/MovieOutputMock.swift",
"Mocks/PermissionManagerMock.swift",
"Mocks/SessionCameraDelegateStub.swift",
"Mocks/VideoInputMock.swift",
"Mocks/VideoLayerMock.swift",
"SessionCameraViewTests.swift",
"Utils/XCTestCase+TrackMemoryLeak.swift",
"VideoCameraViewTests.swift"
],
"target_dependencies" : [
"CameraKage"
],
"type" : "test"
},
{
"c99name" : "CameraKage",
"module_type" : "SwiftTarget",
"name" : "CameraKage",
"path" : "Sources",
"product_memberships" : [
"CameraKage"
],
"sources" : [
"CameraKage/CameraKage.swift",
"CameraKage/Devices/ARPreviewView/ARPreviewView.swift",
"CameraKage/Devices/ARPreviewView/ARPreviewer.swift",
"CameraKage/Devices/AssetWriter/ARAssetWriter.swift",
"CameraKage/Devices/AssetWriter/AssetWriterInterface.swift",
"CameraKage/Devices/Inputs/Audio/AudioCaptureDevice.swift",
"CameraKage/Devices/Inputs/Audio/AudioInput.swift",
"CameraKage/Devices/Inputs/Video/VideoCaptureDevice.swift",
"CameraKage/Devices/Inputs/Video/VideoInput.swift",
"CameraKage/Devices/Layers/Video/PreviewLayer.swift",
"CameraKage/Devices/Layers/Video/VideoLayer.swift",
"CameraKage/Devices/Outputs/Metadata/MetadataCapturer.swift",
"CameraKage/Devices/Outputs/Metadata/MetadataOutput.swift",
"CameraKage/Devices/Outputs/Metadata/MetadataScanOutput.swift",
"CameraKage/Devices/Outputs/Movie/MovieCapturer.swift",
"CameraKage/Devices/Outputs/Movie/MovieOutput.swift",
"CameraKage/Devices/Outputs/Photo/PhotoCapturer.swift",
"CameraKage/Devices/Outputs/Photo/PhotoOutput.swift",
"CameraKage/Devices/Session/AVSession/CaptureSession.swift",
"CameraKage/Devices/Session/AVSession/Session.swift",
"CameraKage/Extensions/AVAsset/AVAsset+TrackLoading.swift",
"CameraKage/Extensions/AVFoundation/CameraDevice+AVFoundation.swift",
"CameraKage/Extensions/AVFoundation/ExposureMode+AVFoundation.swift",
"CameraKage/Extensions/AVFoundation/FlashMode+AVFoundation.swift",
"CameraKage/Extensions/AVFoundation/FocusMode+AVFoundation.swift",
"CameraKage/Extensions/AVFoundation/LayerVideoGravity+AVFoundation.swift",
"CameraKage/Extensions/AVFoundation/MediaType+AVFoundation.swift",
"CameraKage/Extensions/AVFoundation/MetadataType+AVFoundation.swift",
"CameraKage/Extensions/AVFoundation/PhotoQualityPrioritizationMode+AVFoundation.swift",
"CameraKage/Extensions/AVFoundation/VideoOrientationMode+AVFoundation.swift",
"CameraKage/Extensions/AVFoundation/VideoStabilizationMode+AVFoundation.swift",
"CameraKage/Extensions/CGSize/CGSize+Scale.swift",
"CameraKage/Extensions/TimeInterval/TimeInterval+CMTime.swift",
"CameraKage/Extensions/UIImage/UIImage+PixelBuffer.swift",
"CameraKage/Extensions/UIImage/UIImage+Resize.swift",
"CameraKage/Extensions/UIView/UIView+LayoutToFill.swift",
"CameraKage/Extensions/URL/URL+TemporaryURL.swift",
"CameraKage/General/ARCameraError.swift",
"CameraKage/General/CameraError.swift",
"CameraKage/General/CameraViews/ARCameraView.swift",
"CameraKage/General/CameraViews/CameraView.swift",
"CameraKage/General/CameraViews/InteractableCameraView.swift",
"CameraKage/General/CameraViews/MetadataCameraView.swift",
"CameraKage/General/CameraViews/PhotoCameraView.swift",
"CameraKage/General/CameraViews/SessionCameraView.swift",
"CameraKage/General/CameraViews/VideoCameraView.swift",
"CameraKage/General/Cameras/ARCamera/ARCamera.swift",
"CameraKage/General/Cameras/ARCamera/ARCameraInterface.swift",
"CameraKage/General/Cameras/Camera/Camera.swift",
"CameraKage/General/Cameras/Camera/CameraInterface.swift",
"CameraKage/General/Cameras/InteractableCamera/InteractableCamera.swift",
"CameraKage/General/Cameras/InteractableCamera/InteractableCameraInterface.swift",
"CameraKage/General/Cameras/MetadataCamera/MetadataCamera.swift",
"CameraKage/General/Cameras/MetadataCamera/MetadataCameraInterface.swift",
"CameraKage/General/Cameras/PhotoCamera/PhotoCamera.swift",
"CameraKage/General/Cameras/PhotoCamera/PhotoCameraInterface.swift",
"CameraKage/General/Cameras/SessionCamera/SessionCamera.swift",
"CameraKage/General/Cameras/SessionCamera/SessionCameraInterface.swift",
"CameraKage/General/Cameras/VideoCamera/VideoCamera.swift",
"CameraKage/General/Cameras/VideoCamera/VideoCameraInterface.swift",
"CameraKage/General/Compression/BitRate.swift",
"CameraKage/General/Compression/CompressionAssetsManager.swift",
"CameraKage/General/Compression/CompressionAssetsManagerBuilder.swift",
"CameraKage/General/Compression/CompressionManager.swift",
"CameraKage/General/Compression/ImageQuality.swift",
"CameraKage/General/Compression/Resolution.swift",
"CameraKage/General/CompressionError.swift",
"CameraKage/General/Delegates/DelegatesManager.swift",
"CameraKage/General/Delegates/Internal/ARAssetWriterDelegate.swift",
"CameraKage/General/Delegates/Internal/ARCameraDelegate.swift",
"CameraKage/General/Delegates/Internal/ARSessionDelegate.swift",
"CameraKage/General/Delegates/Internal/SessionDelegate.swift",
"CameraKage/General/Delegates/Public/ARCameraViewDelegate.swift",
"CameraKage/General/Delegates/Public/CameraDelegate.swift",
"CameraKage/General/Delegates/Public/InteractableCameraDelegate.swift",
"CameraKage/General/Delegates/Public/MetadataCameraDelegate.swift",
"CameraKage/General/Delegates/Public/PhotoCameraDelegate.swift",
"CameraKage/General/Delegates/Public/SessionCameraDelegate.swift",
"CameraKage/General/Delegates/Public/VideoCameraDelegate.swift",
"CameraKage/General/Permissions/PermissionStatus.swift",
"CameraKage/General/Permissions/PermissionsManager.swift",
"CameraKage/General/Permissions/PermissionsManagerProtocol.swift",
"CameraKage/General/Session/SessionComposer.swift",
"CameraKage/General/Session/SessionInterruptionReason.swift",
"CameraKage/General/Settings/ARCameraComponentOptions.swift",
"CameraKage/General/Settings/CameraComponentOptions.swift",
"CameraKage/General/Settings/CameraDevice.swift",
"CameraKage/General/Settings/ExposureMode.swift",
"CameraKage/General/Settings/FlashMode.swift",
"CameraKage/General/Settings/FocusMode.swift",
"CameraKage/General/Settings/LayerVideoGravity.swift",
"CameraKage/General/Settings/MediaType.swift",
"CameraKage/General/Settings/MetadataType.swift",
"CameraKage/General/Settings/OutputType.swift",
"CameraKage/General/Settings/PhotoQualityPrioritizationMode.swift",
"CameraKage/General/Settings/VideoOrientationMode.swift",
"CameraKage/General/Settings/VideoStabilizationMode.swift"
],
"type" : "library"
}
],
"tools_version" : "5.5"
}
{
"workspace" : {
"name" : "CameraKage",
"schemes" : [
"CameraKage"
]
}
}
2026-09-19 04:56:30.816 xcodebuild[670:4488] [MT] IDERunDestination: Supported platforms for the buildables in the current scheme is empty.
Running build ...
env DEVELOPER_DIR=/Applications/Xcode-27.0.0-Release.Candidate.app xcrun xcodebuild -IDEClonedSourcePackagesDirPathOverride=$PWD/.dependencies -skipMacroValidation -skipPackagePluginValidation -derivedDataPath $PWD/.derivedData build -scheme CameraKage -destination generic/platform=watchOS
Command line invocation:
/Applications/Xcode-27.0.0-Release.Candidate.app/Contents/Developer/usr/bin/xcodebuild -IDEClonedSourcePackagesDirPathOverride=/Users/admin/builder/spi-builder-workspace/.dependencies -skipMacroValidation -skipPackagePluginValidation -derivedDataPath /Users/admin/builder/spi-builder-workspace/.derivedData build -scheme CameraKage -destination generic/platform=watchOS
Resolve Package Graph
Resolved source packages:
CameraKage: /Users/admin/builder/spi-builder-workspace
ComputePackagePrebuildTargetDependencyGraph
Prepare packages
CreateBuildRequest
SendProjectDescription
CreateBuildOperation
ComputeTargetDependencyGraph
note: Building targets in dependency order
note: Target dependency graph (2 targets)
Target 'CameraKage-product' in project 'CameraKage'
➜ Explicit dependency on target 'CameraKage' in project 'CameraKage'
Target 'CameraKage' in project 'CameraKage' (no dependencies)
GatherProvisioningInputs
CreateBuildDescription
ClangStatCache /Applications/Xcode-27.0.0-Release.Candidate.app/Contents/Developer/Toolchains/XcodeDefault.xctoolchain/usr/bin/clang-stat-cache /Applications/Xcode-27.0.0-Release.Candidate.app/Contents/Developer/Platforms/WatchOS.platform/Developer/SDKs/WatchOS27.0.sdk /Users/admin/builder/spi-builder-workspace/.derivedData/SDKStatCaches.noindex/watchos27.0-24R360-e829b21a6f8c9b70876ba0858053c04477534ef55a1706bf4c1112bbb242f0a2.sdkstatcache
cd /Users/admin/builder/spi-builder-workspace/.swiftpm/xcode
/Applications/Xcode-27.0.0-Release.Candidate.app/Contents/Developer/Toolchains/XcodeDefault.xctoolchain/usr/bin/clang-stat-cache /Applications/Xcode-27.0.0-Release.Candidate.app/Contents/Developer/Platforms/WatchOS.platform/Developer/SDKs/WatchOS27.0.sdk -o /Users/admin/builder/spi-builder-workspace/.derivedData/SDKStatCaches.noindex/watchos27.0-24R360-e829b21a6f8c9b70876ba0858053c04477534ef55a1706bf4c1112bbb242f0a2.sdkstatcache
SwiftDriver CameraKage normal arm64_32 com.apple.xcode.tools.swift.compiler (in target 'CameraKage' from project 'CameraKage')
cd /Users/admin/builder/spi-builder-workspace/.swiftpm/xcode
builtin-SwiftDriver -- /Applications/Xcode-27.0.0-Release.Candidate.app/Contents/Developer/Toolchains/XcodeDefault.xctoolchain/usr/bin/swiftc -parse-as-library -module-name CameraKage -Onone @/Users/admin/builder/spi-builder-workspace/.derivedData/Build/Intermediates.noindex/CameraKage.build/Debug-watchos/CameraKage-t.build/Objects-normal/arm64_32/CameraKage.SwiftFileList -DSWIFT_PACKAGE -DDEBUG -DSWIFT_MODULE_RESOURCE_BUNDLE_UNAVAILABLE -DXcode -plugin-path /Applications/Xcode-27.0.0-Release.Candidate.app/Contents/Developer/Toolchains/XcodeDefault.xctoolchain/usr/lib/swift/host/plugins/testing -enable-experimental-feature DebugDescriptionMacro -sdk /Applications/Xcode-27.0.0-Release.Candidate.app/Contents/Developer/Platforms/WatchOS.platform/Developer/SDKs/WatchOS27.0.sdk -target arm64_32-apple-watchos9.0 -g -module-cache-path /Users/admin/builder/spi-builder-workspace/.derivedData/ModuleCache.noindex -Xfrontend -serialize-debugging-options -profile-coverage-mapping -profile-generate -enable-testing -index-store-path /Users/admin/builder/spi-builder-workspace/.derivedData/Index.noindex/DataStore -Xcc -D_LIBCPP_HARDENING_MODE\=_LIBCPP_HARDENING_MODE_DEBUG -swift-version 5 -I /Users/admin/builder/spi-builder-workspace/.derivedData/Build/Products/Debug-watchos -Isystem /Applications/Xcode-27.0.0-Release.Candidate.app/Contents/Developer/Platforms/WatchOS.platform/Developer/usr/lib -F /Users/admin/builder/spi-builder-workspace/.derivedData/Build/Products/Debug-watchos -F /Applications/Xcode-27.0.0-Release.Candidate.app/Contents/Developer/Platforms/WatchOS.platform/Developer/Library/Frameworks -F /Applications/Xcode-27.0.0-Release.Candidate.app/Contents/Developer/Platforms/WatchOS.platform/Developer/SDKs/WatchOS27.0.sdk/Developer/Library/Frameworks -c -j10 -enable-batch-mode -incremental -Xcc -ivfsstatcache -Xcc /Users/admin/builder/spi-builder-workspace/.derivedData/SDKStatCaches.noindex/watchos27.0-24R360-e829b21a6f8c9b70876ba0858053c04477534ef55a1706bf4c1112bbb242f0a2.sdkstatcache -output-file-map /Users/admin/builder/spi-builder-workspace/.derivedData/Build/Intermediates.noindex/CameraKage.build/Debug-watchos/CameraKage-t.build/Objects-normal/arm64_32/CameraKage-OutputFileMap.json -save-temps -no-color-diagnostics -explicit-module-build -module-cache-path /Users/admin/builder/spi-builder-workspace/.derivedData/Build/Intermediates.noindex/SwiftExplicitPrecompiledModules -clang-scanner-module-cache-path /Users/admin/builder/spi-builder-workspace/.derivedData/ModuleCache.noindex -sdk-module-cache-path /Users/admin/builder/spi-builder-workspace/.derivedData/SDKExplicitPrecompiledModules -emit-dependencies -emit-module -emit-module-path /Users/admin/builder/spi-builder-workspace/.derivedData/Build/Intermediates.noindex/CameraKage.build/Debug-watchos/CameraKage-t.build/Objects-normal/arm64_32/CameraKage.swiftmodule -serialize-diagnostics -dependency-scan-serialize-diagnostics-path /Users/admin/builder/spi-builder-workspace/.derivedData/Build/Intermediates.noindex/CameraKage.build/Debug-watchos/CameraKage-t.build/Objects-normal/arm64_32/CameraKage-dependency-scan.dia -validate-clang-modules-once -clang-build-session-file /Users/admin/builder/spi-builder-workspace/.derivedData/ModuleCache.noindex/Session.modulevalidation -Xcc -fmodules-prune-interval\=86400 -Xcc -fmodules-prune-after\=345600 -emit-const-values -const-gather-protocols-list /Users/admin/builder/spi-builder-workspace/.derivedData/Build/Intermediates.noindex/CameraKage.build/Debug-watchos/CameraKage-t.build/Objects-normal/arm64_32/CameraKage_const_extract_protocols.json -Xcc -I/Users/admin/builder/spi-builder-workspace/.derivedData/Build/Products/Debug-watchos/include -Xcc -I/Users/admin/builder/spi-builder-workspace/.derivedData/Build/Intermediates.noindex/CameraKage.build/Debug-watchos/CameraKage-t.build/DerivedSources-normal/arm64_32 -Xcc -I/Users/admin/builder/spi-builder-workspace/.derivedData/Build/Intermediates.noindex/CameraKage.build/Debug-watchos/CameraKage-t.build/DerivedSources/arm64_32 -Xcc -I/Users/admin/builder/spi-builder-workspace/.derivedData/Build/Intermediates.noindex/CameraKage.build/Debug-watchos/CameraKage-t.build/DerivedSources -Xcc -DSWIFT_PACKAGE -Xcc -DDEBUG\=1 -emit-objc-header -emit-objc-header-path /Users/admin/builder/spi-builder-workspace/.derivedData/Build/Intermediates.noindex/CameraKage.build/Debug-watchos/CameraKage-t.build/Objects-normal/arm64_32/CameraKage-Swift.h -working-directory /Users/admin/builder/spi-builder-workspace/.swiftpm/xcode -experimental-emit-module-separately -disable-cmo
/Users/admin/builder/spi-builder-workspace/Sources/CameraKage/Devices/ARPreviewView/ARPreviewView.swift:8:8: error: Unable to resolve module dependency: 'ARKit' (in target 'CameraKage' from project 'CameraKage')
note: A dependency of main module 'CameraKage'
/Users/admin/builder/spi-builder-workspace/Sources/CameraKage/Devices/ARPreviewView/ARPreviewView.swift:8:8: note: A dependency of main module 'CameraKage'
import ARKit
^ (in target 'CameraKage' from project 'CameraKage')
SwiftDriver CameraKage normal arm64 com.apple.xcode.tools.swift.compiler (in target 'CameraKage' from project 'CameraKage')
cd /Users/admin/builder/spi-builder-workspace/.swiftpm/xcode
builtin-SwiftDriver -- /Applications/Xcode-27.0.0-Release.Candidate.app/Contents/Developer/Toolchains/XcodeDefault.xctoolchain/usr/bin/swiftc -parse-as-library -module-name CameraKage -Onone @/Users/admin/builder/spi-builder-workspace/.derivedData/Build/Intermediates.noindex/CameraKage.build/Debug-watchos/CameraKage-t.build/Objects-normal/arm64/CameraKage.SwiftFileList -DSWIFT_PACKAGE -DDEBUG -DSWIFT_MODULE_RESOURCE_BUNDLE_UNAVAILABLE -DXcode -plugin-path /Applications/Xcode-27.0.0-Release.Candidate.app/Contents/Developer/Toolchains/XcodeDefault.xctoolchain/usr/lib/swift/host/plugins/testing -enable-experimental-feature DebugDescriptionMacro -sdk /Applications/Xcode-27.0.0-Release.Candidate.app/Contents/Developer/Platforms/WatchOS.platform/Developer/SDKs/WatchOS27.0.sdk -target arm64-apple-watchos9.0 -g -module-cache-path /Users/admin/builder/spi-builder-workspace/.derivedData/ModuleCache.noindex -Xfrontend -serialize-debugging-options -profile-coverage-mapping -profile-generate -enable-testing -index-store-path /Users/admin/builder/spi-builder-workspace/.derivedData/Index.noindex/DataStore -Xcc -D_LIBCPP_HARDENING_MODE\=_LIBCPP_HARDENING_MODE_DEBUG -swift-version 5 -I /Users/admin/builder/spi-builder-workspace/.derivedData/Build/Products/Debug-watchos -Isystem /Applications/Xcode-27.0.0-Release.Candidate.app/Contents/Developer/Platforms/WatchOS.platform/Developer/usr/lib -F /Users/admin/builder/spi-builder-workspace/.derivedData/Build/Products/Debug-watchos -F /Applications/Xcode-27.0.0-Release.Candidate.app/Contents/Developer/Platforms/WatchOS.platform/Developer/Library/Frameworks -F /Applications/Xcode-27.0.0-Release.Candidate.app/Contents/Developer/Platforms/WatchOS.platform/Developer/SDKs/WatchOS27.0.sdk/Developer/Library/Frameworks -c -j10 -enable-batch-mode -incremental -Xcc -ivfsstatcache -Xcc /Users/admin/builder/spi-builder-workspace/.derivedData/SDKStatCaches.noindex/watchos27.0-24R360-e829b21a6f8c9b70876ba0858053c04477534ef55a1706bf4c1112bbb242f0a2.sdkstatcache -output-file-map /Users/admin/builder/spi-builder-workspace/.derivedData/Build/Intermediates.noindex/CameraKage.build/Debug-watchos/CameraKage-t.build/Objects-normal/arm64/CameraKage-OutputFileMap.json -save-temps -no-color-diagnostics -explicit-module-build -module-cache-path /Users/admin/builder/spi-builder-workspace/.derivedData/Build/Intermediates.noindex/SwiftExplicitPrecompiledModules -clang-scanner-module-cache-path /Users/admin/builder/spi-builder-workspace/.derivedData/ModuleCache.noindex -sdk-module-cache-path /Users/admin/builder/spi-builder-workspace/.derivedData/SDKExplicitPrecompiledModules -emit-dependencies -emit-module -emit-module-path /Users/admin/builder/spi-builder-workspace/.derivedData/Build/Intermediates.noindex/CameraKage.build/Debug-watchos/CameraKage-t.build/Objects-normal/arm64/CameraKage.swiftmodule -serialize-diagnostics -dependency-scan-serialize-diagnostics-path /Users/admin/builder/spi-builder-workspace/.derivedData/Build/Intermediates.noindex/CameraKage.build/Debug-watchos/CameraKage-t.build/Objects-normal/arm64/CameraKage-dependency-scan.dia -validate-clang-modules-once -clang-build-session-file /Users/admin/builder/spi-builder-workspace/.derivedData/ModuleCache.noindex/Session.modulevalidation -Xcc -fmodules-prune-interval\=86400 -Xcc -fmodules-prune-after\=345600 -emit-const-values -const-gather-protocols-list /Users/admin/builder/spi-builder-workspace/.derivedData/Build/Intermediates.noindex/CameraKage.build/Debug-watchos/CameraKage-t.build/Objects-normal/arm64/CameraKage_const_extract_protocols.json -Xcc -I/Users/admin/builder/spi-builder-workspace/.derivedData/Build/Products/Debug-watchos/include -Xcc -I/Users/admin/builder/spi-builder-workspace/.derivedData/Build/Intermediates.noindex/CameraKage.build/Debug-watchos/CameraKage-t.build/DerivedSources-normal/arm64 -Xcc -I/Users/admin/builder/spi-builder-workspace/.derivedData/Build/Intermediates.noindex/CameraKage.build/Debug-watchos/CameraKage-t.build/DerivedSources/arm64 -Xcc -I/Users/admin/builder/spi-builder-workspace/.derivedData/Build/Intermediates.noindex/CameraKage.build/Debug-watchos/CameraKage-t.build/DerivedSources -Xcc -DSWIFT_PACKAGE -Xcc -DDEBUG\=1 -emit-objc-header -emit-objc-header-path /Users/admin/builder/spi-builder-workspace/.derivedData/Build/Intermediates.noindex/CameraKage.build/Debug-watchos/CameraKage-t.build/Objects-normal/arm64/CameraKage-Swift.h -working-directory /Users/admin/builder/spi-builder-workspace/.swiftpm/xcode -experimental-emit-module-separately -disable-cmo
/Users/admin/builder/spi-builder-workspace/Sources/CameraKage/Devices/ARPreviewView/ARPreviewView.swift:8:8: error: Unable to resolve module dependency: 'ARKit' (in target 'CameraKage' from project 'CameraKage')
note: A dependency of main module 'CameraKage'
/Users/admin/builder/spi-builder-workspace/Sources/CameraKage/Devices/ARPreviewView/ARPreviewView.swift:8:8: note: A dependency of main module 'CameraKage'
import ARKit
^ (in target 'CameraKage' from project 'CameraKage')
PruneExplicitPrecompiledModules /Users/admin/builder/spi-builder-workspace/.derivedData/Build/Intermediates.noindex/SwiftExplicitPrecompiledModules
PruneExplicitPrecompiledModules /Users/admin/builder/spi-builder-workspace/.derivedData/Build/Intermediates.noindex/ExplicitPrecompiledModules
PruneExplicitPrecompiledModules /Users/admin/builder/spi-builder-workspace/.derivedData/SDKExplicitPrecompiledModules
2026-09-19 04:56:31.750 xcodebuild[671:4511] [MT] IDERunDestination: Supported platforms for the buildables in the current scheme is empty.
** BUILD FAILED **
The following build commands failed:
SwiftDriver CameraKage normal arm64_32 com.apple.xcode.tools.swift.compiler (in target 'CameraKage' from project 'CameraKage')
SwiftDriver CameraKage normal arm64 com.apple.xcode.tools.swift.compiler (in target 'CameraKage' from project 'CameraKage')
Building workspace CameraKage with scheme CameraKage
(3 failures)
BUILD FAILURE 6.4 watchOS