Build Information
Failed to build SFSymbol, reference main (5f32f2), with Swift 6.2 for Wasm on 28 Jun 2026 12:40:55 UTC.
Build Command
bash -c docker run --pull=always --rm -v "checkouts-53886768-0":/host -w "$PWD" -e JAVA_HOME="/root/.sdkman/candidates/java/current" -e SPI_BUILD="1" -e SPI_PROCESSING="1" registry.gitlab.com/saguaro1/spi-images:wasm-6.2-latest swift build --swift-sdk swift-6.2-RELEASE_wasm 2>&1Build Log
========================================
RunAll
========================================
Builder version: 0e64495ecc1688c3b3e031a5ef1348b5c05091ae
Interrupt handler set up.
========================================
Checkout
========================================
Clone URL: https://github.com/LuckeyLogic/SFSymbol.git
Reference: main
Initialized empty Git repository in /host/spi-builder-workspace/.git/
hint: Using 'master' as the name for the initial branch. This default branch name
hint: is subject to change. To configure the initial branch name to use in all
hint: of your new repositories, which will suppress this warning, call:
hint:
hint: git config --global init.defaultBranch <name>
hint:
hint: Names commonly chosen instead of 'master' are 'main', 'trunk' and
hint: 'development'. The just-created branch can be renamed via this command:
hint:
hint: git branch -m <name>
From https://github.com/LuckeyLogic/SFSymbol
* branch main -> FETCH_HEAD
* [new branch] main -> origin/main
HEAD is now at 5f32f2f docs: document release tagging convention (no v-prefix) (#3)
Cloned https://github.com/LuckeyLogic/SFSymbol.git
Revision (git rev-parse @):
5f32f2f690a7c37acd91b7f634f12195d860660e
SUCCESS checkout https://github.com/LuckeyLogic/SFSymbol.git at main
========================================
Build
========================================
Selected platform: wasm
Swift version: 6.2
Building package at path: $PWD
https://github.com/LuckeyLogic/SFSymbol.git
Running build ...
bash -c docker run --pull=always --rm -v "checkouts-53886768-0":/host -w "$PWD" -e JAVA_HOME="/root/.sdkman/candidates/java/current" -e SPI_BUILD="1" -e SPI_PROCESSING="1" registry.gitlab.com/saguaro1/spi-images:wasm-6.2-latest swift build --swift-sdk swift-6.2-RELEASE_wasm 2>&1
wasm-6.2-latest: Pulling from saguaro1/spi-images
Digest: sha256:dc8dffc38f1d92eca7ee5312617822470123661393ed20672e77964f9dcaaffb
Status: Image is up to date for registry.gitlab.com/saguaro1/spi-images:wasm-6.2-latest
Building for debugging...
[0/3] Write sources
[2/3] Write swift-version-24593BA9C3E375BF.txt
error: emit-module command failed with exit code 1 (use -v to see invocation)
[4/31] Emitting module SFSymbol
/host/spi-builder-workspace/Sources/SFSymbol/SFSymbol.swift:24:8: error: no such module 'SwiftUI'
22 | // See SFSymbolKit for the type-safe dot-notation API.
23 |
24 | import SwiftUI
| `- error: no such module 'SwiftUI'
25 |
26 | @available(iOS 13.0, macOS 11.0, watchOS 6.0, tvOS 13.0, *)
[5/31] Compiling SFSymbol SFSymbol.swift
/host/spi-builder-workspace/Sources/SFSymbol/SFSymbol.swift:24:8: error: no such module 'SwiftUI'
22 | // See SFSymbolKit for the type-safe dot-notation API.
23 |
24 | import SwiftUI
| `- error: no such module 'SwiftUI'
25 |
26 | @available(iOS 13.0, macOS 11.0, watchOS 6.0, tvOS 13.0, *)
error: emit-module command failed with exit code 1 (use -v to see invocation)
[6/31] Emitting module SFSymbolKit
/host/spi-builder-workspace/Sources/SFSymbolKit/Generated/SFSymbol+_digits.swift:5:8: error: no such module 'SwiftUI'
3 | // File: symbols beginning with `_digits`
4 |
5 | import SwiftUI
| `- error: no such module 'SwiftUI'
6 |
7 |
BUILD FAILURE 6.2 wasm