The Swift Package Index logo.Swift Package Index

Build Information

Failed to build BinaryParseKit, reference 0.0.6 (06e4e4), with Swift 6.1 for watchOS using Xcode 16.3 on 10 Oct 2026 04:02:29 UTC.

Build Command

No build command. This typically means the build failed at an early stage where we determine the build command.

Build Log

========================================
RunAll
========================================
Builder version: 5.1.1
Interrupt handler set up.
========================================
Checkout
========================================
Clone URL: https://github.com/FlickerSoul/BinaryParseKit.git
Reference: 0.0.6
Initialized empty Git repository in /Users/admin/builder/spi-builder-workspace/.git/
From https://github.com/FlickerSoul/BinaryParseKit
 * tag               0.0.6      -> FETCH_HEAD
HEAD is now at 06e4e44 Update dependency version (#33)
Cloned https://github.com/FlickerSoul/BinaryParseKit.git
Revision (git rev-parse @):
06e4e44d2bc23d6cfd988c09e3c1e8a1bec0d330
SPI manifest file found: $PWD/.spi.yml
SUCCESS checkout https://github.com/FlickerSoul/BinaryParseKit.git at 0.0.6
========================================
Build
========================================
Selected platform:         watchOS
Swift version:             6.1
Building package at path:  $PWD
https://github.com/FlickerSoul/BinaryParseKit.git
https://github.com/FlickerSoul/BinaryParseKit.git
error: 'spi-builder-workspace': package 'spi-builder-workspace' is using Swift tools version 6.2.0 but the installed version is 6.1.0
error: fatalError
Command line invocation:
    /Applications/Xcode-16.3.0.app/Contents/Developer/usr/bin/xcodebuild -IDEClonedSourcePackagesDirPathOverride=/Users/admin/builder/spi-builder-workspace/.dependencies -resolvePackageDependencies
Resolve Package Graph
package 'spi-builder-workspace' is using Swift tools version 6.2.0 but the installed version is 6.1.0
Resolved source packages:
  spi-builder-workspace: (null)
2026-10-09 21:02:28.687 xcodebuild[504:2926] Writing error result bundle to /var/folders/5k/5yc19ymj0jqd5v0zvgfqz0xw0000gn/T/ResultBundle_2026-09-10_21-02-0028.xcresult
xcodebuild: error: Could not resolve package dependencies:
  package 'spi-builder-workspace' is using Swift tools version 6.2.0 but the installed version is 6.1.0
Command line invocation:
    /Applications/Xcode-16.3.0.app/Contents/Developer/usr/bin/xcodebuild -IDEClonedSourcePackagesDirPathOverride=/Users/admin/builder/spi-builder-workspace/.dependencies -resolvePackageDependencies
Resolve Package Graph
package 'spi-builder-workspace' is using Swift tools version 6.2.0 but the installed version is 6.1.0
Resolved source packages:
  spi-builder-workspace: (null)
2026-10-09 21:02:29.402 xcodebuild[513:3025] Writing error result bundle to /var/folders/5k/5yc19ymj0jqd5v0zvgfqz0xw0000gn/T/ResultBundle_2026-09-10_21-02-0029.xcresult
xcodebuild: error: Could not resolve package dependencies:
  package 'spi-builder-workspace' is using Swift tools version 6.2.0 but the installed version is 6.1.0
BUILD FAILURE 6.1 watchOS