Build Information
Failed to build Terse, reference 0.1.1 (67cba6), with Swift 6.4 for visionOS using Xcode 27.0 on 16 Sep 2026 12:24:41 UTC.
Build Command
env DEVELOPER_DIR=/Applications/Xcode-27.0.0-Release.Candidate.app xcrun xcodebuild -IDEClonedSourcePackagesDirPathOverride=$PWD/.dependencies -skipMacroValidation -skipPackagePluginValidation -derivedDataPath $PWD/.derivedData build -scheme Terse -destination generic/platform=xrOSBuild Log
========================================
RunAll
========================================
Builder version: 5.1.0
Interrupt handler set up.
========================================
Checkout
========================================
Clone URL: https://github.com/john-connolly/terse.git
Reference: 0.1.1
Initialized empty Git repository in /Users/admin/builder/spi-builder-workspace/.git/
From https://github.com/john-connolly/terse
* tag 0.1.1 -> FETCH_HEAD
HEAD is now at 67cba62 package
Cloned https://github.com/john-connolly/terse.git
Revision (git rev-parse @):
67cba62259ebeb3c908a01a565be618902c70fb3
SUCCESS checkout https://github.com/john-connolly/terse.git at 0.1.1
========================================
Build
========================================
Selected platform: visionOS
Swift version: 6.4
Building package at path: $PWD
https://github.com/john-connolly/terse.git
Command line invocation:
/Applications/Xcode-27.0.0-Release.Candidate.app/Contents/Developer/usr/bin/xcodebuild -IDEClonedSourcePackagesDirPathOverride=/Users/admin/builder/spi-builder-workspace/.dependencies -resolvePackageDependencies
Resolve Package Graph
Fetching from https://github.com/vapor/async.git
Creating working copy of package ‘async’
Checking out 1.0.0-rc.1.1 of package ‘async’
the target name Terse has different case on the filesystem and the Package.swift manifest filethe target name TerseTests has different case on the filesystem and the Package.swift manifest fileResolve Package Graph
the target name Terse has different case on the filesystem and the Package.swift manifest filethe target name TerseTests has different case on the filesystem and the Package.swift manifest file
Resolved source packages:
Terse: /Users/admin/builder/spi-builder-workspace
Async: https://github.com/vapor/async.git @ 1.0.0-rc.1.1
resolved source packages: Terse, Async
2026-09-16 08:23:49.736 xcodebuild[525:3009] [MT] IDERunDestination: Supported platforms for the buildables in the current scheme is empty.
{
"dependencies" : [
{
"identity" : "async",
"requirement" : {
"range" : [
{
"lower_bound" : "1.0.0-rc",
"upper_bound" : "2.0.0"
}
]
},
"type" : "sourceControl",
"url" : "https://github.com/vapor/async.git"
}
],
"manifest_display_name" : "Terse",
"name" : "Terse",
"path" : "/Users/admin/builder/spi-builder-workspace",
"platforms" : [
],
"products" : [
{
"name" : "Terse",
"targets" : [
"Terse"
],
"type" : {
"library" : [
"automatic"
]
}
}
],
"targets" : [
{
"c99name" : "TerseTests",
"module_type" : "SwiftTarget",
"name" : "TerseTests",
"path" : "Tests/TerseTests",
"sources" : [
"terseTests.swift"
],
"target_dependencies" : [
"Terse"
],
"type" : "test"
},
{
"c99name" : "Terse",
"module_type" : "SwiftTarget",
"name" : "Terse",
"path" : "Sources/Terse",
"product_dependencies" : [
"Async"
],
"product_memberships" : [
"Terse"
],
"sources" : [
"Curry.swift",
"Future + Functor.swift",
"Future + Monad.swift",
"PrecedenceGroups.swift"
],
"type" : "library"
}
],
"tools_version" : "4.1"
}
warning: 'spi-builder-workspace': the target name Terse has different case on the filesystem and the Package.swift manifest file
warning: 'spi-builder-workspace': the target name TerseTests has different case on the filesystem and the Package.swift manifest file
{
"workspace" : {
"name" : "Terse",
"schemes" : [
"Terse"
]
}
}
2026-09-16 08:24:31.106 xcodebuild[681:4265] [MT] IDERunDestination: Supported platforms for the buildables in the current scheme is empty.
Running build ...
env DEVELOPER_DIR=/Applications/Xcode-27.0.0-Release.Candidate.app xcrun xcodebuild -IDEClonedSourcePackagesDirPathOverride=$PWD/.dependencies -skipMacroValidation -skipPackagePluginValidation -derivedDataPath $PWD/.derivedData build -scheme Terse -destination generic/platform=xrOS
Command line invocation:
/Applications/Xcode-27.0.0-Release.Candidate.app/Contents/Developer/usr/bin/xcodebuild -IDEClonedSourcePackagesDirPathOverride=/Users/admin/builder/spi-builder-workspace/.dependencies -skipMacroValidation -skipPackagePluginValidation -derivedDataPath /Users/admin/builder/spi-builder-workspace/.derivedData build -scheme Terse -destination generic/platform=xrOS
Resolve Package Graph
the target name Terse has different case on the filesystem and the Package.swift manifest filethe target name TerseTests has different case on the filesystem and the Package.swift manifest file
Resolve Package Graph
the target name Terse has different case on the filesystem and the Package.swift manifest filethe target name TerseTests has different case on the filesystem and the Package.swift manifest file
Resolved source packages:
Async: https://github.com/vapor/async.git @ 1.0.0-rc.1.1
Terse: /Users/admin/builder/spi-builder-workspace
ComputePackagePrebuildTargetDependencyGraph
Prepare packages
CreateBuildRequest
SendProjectDescription
CreateBuildOperation
ComputeTargetDependencyGraph
note: Building targets in dependency order
note: Target dependency graph (4 targets)
Target 'Terse-product' in project 'Terse'
➜ Explicit dependency on target 'Terse' in project 'Terse'
➜ Explicit dependency on target 'Async-product' in project 'Async'
Target 'Terse' in project 'Terse'
➜ Explicit dependency on target 'Async-product' in project 'Async'
Target 'Async-product' in project 'Async'
➜ Explicit dependency on target 'Async' in project 'Async'
Target 'Async' in project 'Async' (no dependencies)
GatherProvisioningInputs
CreateBuildDescription
ExecuteExternalTool /Applications/Xcode-27.0.0-Release.Candidate.app/Contents/Developer/Toolchains/XcodeDefault.xctoolchain/usr/bin/clang -v -E -dM -isysroot /Applications/Xcode-27.0.0-Release.Candidate.app/Contents/Developer/Platforms/XROS.platform/Developer/SDKs/XROS27.0.sdk -x c -c /dev/null
ExecuteExternalTool /Applications/Xcode-27.0.0-Release.Candidate.app/Contents/Developer/Toolchains/XcodeDefault.xctoolchain/usr/bin/swiftc --version
ExecuteExternalTool /Applications/Xcode-27.0.0-Release.Candidate.app/Contents/Developer/Toolchains/XcodeDefault.xctoolchain/usr/bin/ld -version_details
Build description signature: 47e9ef85b99738949ba2b60cd97abfca
Build description path: /Users/admin/builder/spi-builder-workspace/.derivedData/Build/Intermediates.noindex/XCBuildData/47e9ef85b99738949ba2b60cd97abfca.xcbuilddata
CreateBuildDirectory /Users/admin/builder/spi-builder-workspace/.derivedData/SDKExplicitPrecompiledModules
cd /Users/admin/builder/spi-builder-workspace/.swiftpm/xcode
builtin-create-build-directory /Users/admin/builder/spi-builder-workspace/.derivedData/SDKExplicitPrecompiledModules
CreateBuildDirectory /Users/admin/builder/spi-builder-workspace/.derivedData/ModuleCache.noindex
cd /Users/admin/builder/spi-builder-workspace/.swiftpm/xcode
builtin-create-build-directory /Users/admin/builder/spi-builder-workspace/.derivedData/ModuleCache.noindex
CreateBuildDirectory /Users/admin/builder/spi-builder-workspace/.derivedData/CompilationCache.noindex
cd /Users/admin/builder/spi-builder-workspace/.swiftpm/xcode
builtin-create-build-directory /Users/admin/builder/spi-builder-workspace/.derivedData/CompilationCache.noindex
ClangStatCache /Applications/Xcode-27.0.0-Release.Candidate.app/Contents/Developer/Toolchains/XcodeDefault.xctoolchain/usr/bin/clang-stat-cache /Applications/Xcode-27.0.0-Release.Candidate.app/Contents/Developer/Platforms/XROS.platform/Developer/SDKs/XROS27.0.sdk /Users/admin/builder/spi-builder-workspace/.derivedData/SDKStatCaches.noindex/xros27.0-24M361-e829b21a6f8c9b70876ba0858053c044735bd543db762f57723cac368afd1ce4.sdkstatcache
cd /Users/admin/builder/spi-builder-workspace/.swiftpm/xcode
/Applications/Xcode-27.0.0-Release.Candidate.app/Contents/Developer/Toolchains/XcodeDefault.xctoolchain/usr/bin/clang-stat-cache /Applications/Xcode-27.0.0-Release.Candidate.app/Contents/Developer/Platforms/XROS.platform/Developer/SDKs/XROS27.0.sdk -o /Users/admin/builder/spi-builder-workspace/.derivedData/SDKStatCaches.noindex/xros27.0-24M361-e829b21a6f8c9b70876ba0858053c044735bd543db762f57723cac368afd1ce4.sdkstatcache
CreateBuildDirectory /Users/admin/builder/spi-builder-workspace/.derivedData/Build/Intermediates.noindex
cd /Users/admin/builder/spi-builder-workspace/.swiftpm/xcode
builtin-create-build-directory /Users/admin/builder/spi-builder-workspace/.derivedData/Build/Intermediates.noindex
CreateBuildDirectory /Users/admin/builder/spi-builder-workspace/.derivedData/Build/Products
cd /Users/admin/builder/spi-builder-workspace/.swiftpm/xcode
builtin-create-build-directory /Users/admin/builder/spi-builder-workspace/.derivedData/Build/Products
CreateBuildDirectory /Users/admin/builder/spi-builder-workspace/.derivedData/Build/Intermediates.noindex/PrecompiledHeaders
cd /Users/admin/builder/spi-builder-workspace/.swiftpm/xcode
builtin-create-build-directory /Users/admin/builder/spi-builder-workspace/.derivedData/Build/Intermediates.noindex/PrecompiledHeaders
CreateBuildDirectory /Users/admin/builder/spi-builder-workspace/.derivedData/Build/Intermediates.noindex/ExplicitPrecompiledModules
cd /Users/admin/builder/spi-builder-workspace/.swiftpm/xcode
builtin-create-build-directory /Users/admin/builder/spi-builder-workspace/.derivedData/Build/Intermediates.noindex/ExplicitPrecompiledModules
CreateBuildDirectory /Users/admin/builder/spi-builder-workspace/.derivedData/Build/Intermediates.noindex/SwiftExplicitPrecompiledModules
cd /Users/admin/builder/spi-builder-workspace/.swiftpm/xcode
builtin-create-build-directory /Users/admin/builder/spi-builder-workspace/.derivedData/Build/Intermediates.noindex/SwiftExplicitPrecompiledModules
CreateBuildDirectory /Users/admin/builder/spi-builder-workspace/.derivedData/Build/Intermediates.noindex/EagerLinkingTBDs/Debug-xros
cd /Users/admin/builder/spi-builder-workspace/.swiftpm/xcode
builtin-create-build-directory /Users/admin/builder/spi-builder-workspace/.derivedData/Build/Intermediates.noindex/EagerLinkingTBDs/Debug-xros
CreateBuildDirectory /Users/admin/builder/spi-builder-workspace/.derivedData/Build/Products/Debug-xros
cd /Users/admin/builder/spi-builder-workspace/.swiftpm/xcode
builtin-create-build-directory /Users/admin/builder/spi-builder-workspace/.derivedData/Build/Products/Debug-xros
CreateBuildDirectory /Users/admin/builder/spi-builder-workspace/.derivedData/Build/Products/Debug-xros/PackageFrameworks
cd /Users/admin/builder/spi-builder-workspace/.swiftpm/xcode
builtin-create-build-directory /Users/admin/builder/spi-builder-workspace/.derivedData/Build/Products/Debug-xros/PackageFrameworks
WriteAuxiliaryFile /Users/admin/builder/spi-builder-workspace/.derivedData/Build/Intermediates.noindex/Terse.build/Debug-xros/Terse-t.build/Terse.DependencyStaticMetadataFileList (in target 'Terse' from project 'Terse')
cd /Users/admin/builder/spi-builder-workspace
write-file /Users/admin/builder/spi-builder-workspace/.derivedData/Build/Intermediates.noindex/Terse.build/Debug-xros/Terse-t.build/Terse.DependencyStaticMetadataFileList
WriteAuxiliaryFile /Users/admin/builder/spi-builder-workspace/.derivedData/Build/Intermediates.noindex/Terse.build/Debug-xros/Terse-t.build/Terse.modulemap (in target 'Terse' from project 'Terse')
cd /Users/admin/builder/spi-builder-workspace
write-file /Users/admin/builder/spi-builder-workspace/.derivedData/Build/Intermediates.noindex/Terse.build/Debug-xros/Terse-t.build/Terse.modulemap
WriteAuxiliaryFile /Users/admin/builder/spi-builder-workspace/.derivedData/Build/Intermediates.noindex/Terse.build/Debug-xros/Terse-t.build/Terse.DependencyMetadataFileList (in target 'Terse' from project 'Terse')
cd /Users/admin/builder/spi-builder-workspace
write-file /Users/admin/builder/spi-builder-workspace/.derivedData/Build/Intermediates.noindex/Terse.build/Debug-xros/Terse-t.build/Terse.DependencyMetadataFileList
WriteAuxiliaryFile /Users/admin/builder/spi-builder-workspace/.derivedData/Build/Intermediates.noindex/Terse.build/Debug-xros/Terse-t.build/Objects-normal/arm64/Terse_const_extract_protocols.json (in target 'Terse' from project 'Terse')
cd /Users/admin/builder/spi-builder-workspace
write-file /Users/admin/builder/spi-builder-workspace/.derivedData/Build/Intermediates.noindex/Terse.build/Debug-xros/Terse-t.build/Objects-normal/arm64/Terse_const_extract_protocols.json
WriteAuxiliaryFile /Users/admin/builder/spi-builder-workspace/.derivedData/Build/Intermediates.noindex/Terse.build/Debug-xros/Terse-t.build/Objects-normal/arm64/Terse.SwiftFileList (in target 'Terse' from project 'Terse')
cd /Users/admin/builder/spi-builder-workspace
write-file /Users/admin/builder/spi-builder-workspace/.derivedData/Build/Intermediates.noindex/Terse.build/Debug-xros/Terse-t.build/Objects-normal/arm64/Terse.SwiftFileList
WriteAuxiliaryFile /Users/admin/builder/spi-builder-workspace/.derivedData/Build/Intermediates.noindex/Terse.build/Debug-xros/Terse-t.build/Objects-normal/arm64/Terse.SwiftConstValuesFileList (in target 'Terse' from project 'Terse')
cd /Users/admin/builder/spi-builder-workspace
write-file /Users/admin/builder/spi-builder-workspace/.derivedData/Build/Intermediates.noindex/Terse.build/Debug-xros/Terse-t.build/Objects-normal/arm64/Terse.SwiftConstValuesFileList
WriteAuxiliaryFile /Users/admin/builder/spi-builder-workspace/.derivedData/Build/Intermediates.noindex/Terse.build/Debug-xros/Terse-t.build/Objects-normal/arm64/Terse.LinkFileList (in target 'Terse' from project 'Terse')
cd /Users/admin/builder/spi-builder-workspace
write-file /Users/admin/builder/spi-builder-workspace/.derivedData/Build/Intermediates.noindex/Terse.build/Debug-xros/Terse-t.build/Objects-normal/arm64/Terse.LinkFileList
WriteAuxiliaryFile /Users/admin/builder/spi-builder-workspace/.derivedData/Build/Intermediates.noindex/Terse.build/Debug-xros/Terse-t.build/Objects-normal/arm64/Terse-OutputFileMap.json (in target 'Terse' from project 'Terse')
cd /Users/admin/builder/spi-builder-workspace
write-file /Users/admin/builder/spi-builder-workspace/.derivedData/Build/Intermediates.noindex/Terse.build/Debug-xros/Terse-t.build/Objects-normal/arm64/Terse-OutputFileMap.json
WriteAuxiliaryFile /Users/admin/builder/spi-builder-workspace/.derivedData/Build/Intermediates.noindex/Async.build/Debug-xros/Async-t.build/Objects-normal/arm64/Async_const_extract_protocols.json (in target 'Async' from project 'Async')
cd /Users/admin/builder/spi-builder-workspace/.dependencies/checkouts/async
write-file /Users/admin/builder/spi-builder-workspace/.derivedData/Build/Intermediates.noindex/Async.build/Debug-xros/Async-t.build/Objects-normal/arm64/Async_const_extract_protocols.json
WriteAuxiliaryFile /Users/admin/builder/spi-builder-workspace/.derivedData/Build/Intermediates.noindex/Async.build/Debug-xros/Async-t.build/Objects-normal/arm64/Async.SwiftFileList (in target 'Async' from project 'Async')
cd /Users/admin/builder/spi-builder-workspace/.dependencies/checkouts/async
write-file /Users/admin/builder/spi-builder-workspace/.derivedData/Build/Intermediates.noindex/Async.build/Debug-xros/Async-t.build/Objects-normal/arm64/Async.SwiftFileList
WriteAuxiliaryFile /Users/admin/builder/spi-builder-workspace/.derivedData/Build/Intermediates.noindex/Async.build/Debug-xros/Async-t.build/Objects-normal/arm64/Async.SwiftConstValuesFileList (in target 'Async' from project 'Async')
cd /Users/admin/builder/spi-builder-workspace/.dependencies/checkouts/async
write-file /Users/admin/builder/spi-builder-workspace/.derivedData/Build/Intermediates.noindex/Async.build/Debug-xros/Async-t.build/Objects-normal/arm64/Async.SwiftConstValuesFileList
WriteAuxiliaryFile /Users/admin/builder/spi-builder-workspace/.derivedData/Build/Intermediates.noindex/Async.build/Debug-xros/Async-t.build/Objects-normal/arm64/Async.LinkFileList (in target 'Async' from project 'Async')
cd /Users/admin/builder/spi-builder-workspace/.dependencies/checkouts/async
write-file /Users/admin/builder/spi-builder-workspace/.derivedData/Build/Intermediates.noindex/Async.build/Debug-xros/Async-t.build/Objects-normal/arm64/Async.LinkFileList
Copy /Users/admin/builder/spi-builder-workspace/.derivedData/Build/Intermediates.noindex/GeneratedModuleMaps-xros/Terse.modulemap /Users/admin/builder/spi-builder-workspace/.derivedData/Build/Intermediates.noindex/Terse.build/Debug-xros/Terse-t.build/Terse.modulemap (in target 'Terse' from project 'Terse')
cd /Users/admin/builder/spi-builder-workspace
builtin-copy -exclude .DS_Store -exclude CVS -exclude .svn -exclude .git -exclude .hg -resolve-src-symlinks /Users/admin/builder/spi-builder-workspace/.derivedData/Build/Intermediates.noindex/Terse.build/Debug-xros/Terse-t.build/Terse.modulemap /Users/admin/builder/spi-builder-workspace/.derivedData/Build/Intermediates.noindex/GeneratedModuleMaps-xros
WriteAuxiliaryFile /Users/admin/builder/spi-builder-workspace/.derivedData/Build/Intermediates.noindex/Async.build/Debug-xros/Async-t.build/Objects-normal/arm64/Async-OutputFileMap.json (in target 'Async' from project 'Async')
cd /Users/admin/builder/spi-builder-workspace/.dependencies/checkouts/async
write-file /Users/admin/builder/spi-builder-workspace/.derivedData/Build/Intermediates.noindex/Async.build/Debug-xros/Async-t.build/Objects-normal/arm64/Async-OutputFileMap.json
WriteAuxiliaryFile /Users/admin/builder/spi-builder-workspace/.derivedData/Build/Intermediates.noindex/Async.build/Debug-xros/Async-t.build/Async.modulemap (in target 'Async' from project 'Async')
cd /Users/admin/builder/spi-builder-workspace/.dependencies/checkouts/async
write-file /Users/admin/builder/spi-builder-workspace/.derivedData/Build/Intermediates.noindex/Async.build/Debug-xros/Async-t.build/Async.modulemap
WriteAuxiliaryFile /Users/admin/builder/spi-builder-workspace/.derivedData/Build/Intermediates.noindex/Async.build/Debug-xros/Async-t.build/Async.DependencyStaticMetadataFileList (in target 'Async' from project 'Async')
cd /Users/admin/builder/spi-builder-workspace/.dependencies/checkouts/async
write-file /Users/admin/builder/spi-builder-workspace/.derivedData/Build/Intermediates.noindex/Async.build/Debug-xros/Async-t.build/Async.DependencyStaticMetadataFileList
WriteAuxiliaryFile /Users/admin/builder/spi-builder-workspace/.derivedData/Build/Intermediates.noindex/Async.build/Debug-xros/Async-t.build/Async.DependencyMetadataFileList (in target 'Async' from project 'Async')
cd /Users/admin/builder/spi-builder-workspace/.dependencies/checkouts/async
write-file /Users/admin/builder/spi-builder-workspace/.derivedData/Build/Intermediates.noindex/Async.build/Debug-xros/Async-t.build/Async.DependencyMetadataFileList
Copy /Users/admin/builder/spi-builder-workspace/.derivedData/Build/Intermediates.noindex/GeneratedModuleMaps-xros/Async.modulemap /Users/admin/builder/spi-builder-workspace/.derivedData/Build/Intermediates.noindex/Async.build/Debug-xros/Async-t.build/Async.modulemap (in target 'Async' from project 'Async')
cd /Users/admin/builder/spi-builder-workspace/.dependencies/checkouts/async
builtin-copy -exclude .DS_Store -exclude CVS -exclude .svn -exclude .git -exclude .hg -resolve-src-symlinks /Users/admin/builder/spi-builder-workspace/.derivedData/Build/Intermediates.noindex/Async.build/Debug-xros/Async-t.build/Async.modulemap /Users/admin/builder/spi-builder-workspace/.derivedData/Build/Intermediates.noindex/GeneratedModuleMaps-xros
SwiftDriver Async normal arm64 com.apple.xcode.tools.swift.compiler (in target 'Async' from project 'Async')
cd /Users/admin/builder/spi-builder-workspace/.swiftpm/xcode
builtin-SwiftDriver -- /Applications/Xcode-27.0.0-Release.Candidate.app/Contents/Developer/Toolchains/XcodeDefault.xctoolchain/usr/bin/swiftc -parse-as-library -module-name Async -Onone @/Users/admin/builder/spi-builder-workspace/.derivedData/Build/Intermediates.noindex/Async.build/Debug-xros/Async-t.build/Objects-normal/arm64/Async.SwiftFileList -DSWIFT_PACKAGE -DDEBUG -DSWIFT_MODULE_RESOURCE_BUNDLE_UNAVAILABLE -DXcode -plugin-path /Applications/Xcode-27.0.0-Release.Candidate.app/Contents/Developer/Toolchains/XcodeDefault.xctoolchain/usr/lib/swift/host/plugins/testing -enable-experimental-feature DebugDescriptionMacro -sdk /Applications/Xcode-27.0.0-Release.Candidate.app/Contents/Developer/Platforms/XROS.platform/Developer/SDKs/XROS27.0.sdk -target arm64-apple-xros1.0 -g -module-cache-path /Users/admin/builder/spi-builder-workspace/.derivedData/ModuleCache.noindex -Xfrontend -serialize-debugging-options -profile-coverage-mapping -profile-generate -enable-testing -suppress-warnings -index-store-path /Users/admin/builder/spi-builder-workspace/.derivedData/Index.noindex/DataStore -Xcc -D_LIBCPP_HARDENING_MODE\=_LIBCPP_HARDENING_MODE_DEBUG -swift-version 4 -I /Users/admin/builder/spi-builder-workspace/.derivedData/Build/Products/Debug-xros -Isystem /Applications/Xcode-27.0.0-Release.Candidate.app/Contents/Developer/Platforms/XROS.platform/Developer/usr/lib -F /Users/admin/builder/spi-builder-workspace/.derivedData/Build/Products/Debug-xros -F /Applications/Xcode-27.0.0-Release.Candidate.app/Contents/Developer/Platforms/XROS.platform/Developer/Library/Frameworks -F /Applications/Xcode-27.0.0-Release.Candidate.app/Contents/Developer/Platforms/XROS.platform/Developer/SDKs/XROS27.0.sdk/Developer/Library/Frameworks -c -j10 -enable-batch-mode -incremental -Xcc -ivfsstatcache -Xcc /Users/admin/builder/spi-builder-workspace/.derivedData/SDKStatCaches.noindex/xros27.0-24M361-e829b21a6f8c9b70876ba0858053c044735bd543db762f57723cac368afd1ce4.sdkstatcache -output-file-map /Users/admin/builder/spi-builder-workspace/.derivedData/Build/Intermediates.noindex/Async.build/Debug-xros/Async-t.build/Objects-normal/arm64/Async-OutputFileMap.json -save-temps -no-color-diagnostics -emit-dependencies -emit-module -emit-module-path /Users/admin/builder/spi-builder-workspace/.derivedData/Build/Intermediates.noindex/Async.build/Debug-xros/Async-t.build/Objects-normal/arm64/Async.swiftmodule -serialize-diagnostics -validate-clang-modules-once -clang-build-session-file /Users/admin/builder/spi-builder-workspace/.derivedData/ModuleCache.noindex/Session.modulevalidation -Xcc -fmodules-prune-interval\=86400 -Xcc -fmodules-prune-after\=345600 -emit-const-values -const-gather-protocols-list /Users/admin/builder/spi-builder-workspace/.derivedData/Build/Intermediates.noindex/Async.build/Debug-xros/Async-t.build/Objects-normal/arm64/Async_const_extract_protocols.json -Xcc -I/Users/admin/builder/spi-builder-workspace/.derivedData/Build/Products/Debug-xros/include -Xcc -I/Users/admin/builder/spi-builder-workspace/.derivedData/Build/Intermediates.noindex/Async.build/Debug-xros/Async-t.build/DerivedSources-normal/arm64 -Xcc -I/Users/admin/builder/spi-builder-workspace/.derivedData/Build/Intermediates.noindex/Async.build/Debug-xros/Async-t.build/DerivedSources/arm64 -Xcc -I/Users/admin/builder/spi-builder-workspace/.derivedData/Build/Intermediates.noindex/Async.build/Debug-xros/Async-t.build/DerivedSources -Xcc -DSWIFT_PACKAGE -Xcc -DDEBUG\=1 -emit-objc-header -emit-objc-header-path /Users/admin/builder/spi-builder-workspace/.derivedData/Build/Intermediates.noindex/Async.build/Debug-xros/Async-t.build/Objects-normal/arm64/Async-Swift.h -working-directory /Users/admin/builder/spi-builder-workspace/.swiftpm/xcode -experimental-emit-module-separately -disable-cmo
SwiftCompile normal arm64 Compiling\ DirectoryConfig.swift,\ File.swift,\ FileCache.swift,\ FileReader.swift,\ Future+BlockingAwait.swift /Users/admin/builder/spi-builder-workspace/.dependencies/checkouts/async/Sources/Async/File/DirectoryConfig.swift /Users/admin/builder/spi-builder-workspace/.dependencies/checkouts/async/Sources/Async/File/File.swift /Users/admin/builder/spi-builder-workspace/.dependencies/checkouts/async/Sources/Async/File/FileCache.swift /Users/admin/builder/spi-builder-workspace/.dependencies/checkouts/async/Sources/Async/File/FileReader.swift /Users/admin/builder/spi-builder-workspace/.dependencies/checkouts/async/Sources/Async/Futures/Future+BlockingAwait.swift (in target 'Async' from project 'Async')
SwiftCompile normal arm64 /Users/admin/builder/spi-builder-workspace/.dependencies/checkouts/async/Sources/Async/File/DirectoryConfig.swift (in target 'Async' from project 'Async')
cd /Users/admin/builder/spi-builder-workspace/.swiftpm/xcode
builtin-SwiftPerFileCompile DirectoryConfig.swift
SwiftCompile normal arm64 /Users/admin/builder/spi-builder-workspace/.dependencies/checkouts/async/Sources/Async/File/File.swift (in target 'Async' from project 'Async')
cd /Users/admin/builder/spi-builder-workspace/.swiftpm/xcode
builtin-SwiftPerFileCompile File.swift
SwiftCompile normal arm64 /Users/admin/builder/spi-builder-workspace/.dependencies/checkouts/async/Sources/Async/File/FileCache.swift (in target 'Async' from project 'Async')
cd /Users/admin/builder/spi-builder-workspace/.swiftpm/xcode
builtin-SwiftPerFileCompile FileCache.swift
SwiftCompile normal arm64 /Users/admin/builder/spi-builder-workspace/.dependencies/checkouts/async/Sources/Async/File/FileReader.swift (in target 'Async' from project 'Async')
cd /Users/admin/builder/spi-builder-workspace/.swiftpm/xcode
builtin-SwiftPerFileCompile FileReader.swift
SwiftCompile normal arm64 /Users/admin/builder/spi-builder-workspace/.dependencies/checkouts/async/Sources/Async/Futures/Future+BlockingAwait.swift (in target 'Async' from project 'Async')
cd /Users/admin/builder/spi-builder-workspace/.swiftpm/xcode
builtin-SwiftPerFileCompile Future+BlockingAwait.swift
SwiftCompile normal arm64 Compiling\ Deprecated.swift,\ EpollEventLoop.swift,\ EpollEventSource.swift,\ EventLoop.swift,\ EventLoopTimeout.swift /Users/admin/builder/spi-builder-workspace/.dependencies/checkouts/async/Sources/Async/Deprecated.swift /Users/admin/builder/spi-builder-workspace/.dependencies/checkouts/async/Sources/Async/EventLoop/Epoll/EpollEventLoop.swift /Users/admin/builder/spi-builder-workspace/.dependencies/checkouts/async/Sources/Async/EventLoop/Epoll/EpollEventSource.swift /Users/admin/builder/spi-builder-workspace/.dependencies/checkouts/async/Sources/Async/EventLoop/EventLoop.swift /Users/admin/builder/spi-builder-workspace/.dependencies/checkouts/async/Sources/Async/EventLoop/EventLoopTimeout.swift (in target 'Async' from project 'Async')
SwiftCompile normal arm64 /Users/admin/builder/spi-builder-workspace/.dependencies/checkouts/async/Sources/Async/Deprecated.swift (in target 'Async' from project 'Async')
cd /Users/admin/builder/spi-builder-workspace/.swiftpm/xcode
builtin-SwiftPerFileCompile Deprecated.swift
SwiftCompile normal arm64 /Users/admin/builder/spi-builder-workspace/.dependencies/checkouts/async/Sources/Async/EventLoop/Epoll/EpollEventLoop.swift (in target 'Async' from project 'Async')
cd /Users/admin/builder/spi-builder-workspace/.swiftpm/xcode
builtin-SwiftPerFileCompile EpollEventLoop.swift
SwiftCompile normal arm64 /Users/admin/builder/spi-builder-workspace/.dependencies/checkouts/async/Sources/Async/EventLoop/Epoll/EpollEventSource.swift (in target 'Async' from project 'Async')
cd /Users/admin/builder/spi-builder-workspace/.swiftpm/xcode
builtin-SwiftPerFileCompile EpollEventSource.swift
SwiftCompile normal arm64 /Users/admin/builder/spi-builder-workspace/.dependencies/checkouts/async/Sources/Async/EventLoop/EventLoop.swift (in target 'Async' from project 'Async')
cd /Users/admin/builder/spi-builder-workspace/.swiftpm/xcode
builtin-SwiftPerFileCompile EventLoop.swift
SwiftCompile normal arm64 /Users/admin/builder/spi-builder-workspace/.dependencies/checkouts/async/Sources/Async/EventLoop/EventLoopTimeout.swift (in target 'Async' from project 'Async')
cd /Users/admin/builder/spi-builder-workspace/.swiftpm/xcode
builtin-SwiftPerFileCompile EventLoopTimeout.swift
SwiftCompile normal arm64 Compiling\ Future+Transform.swift,\ Future+Unwrap.swift,\ Future.swift,\ FutureResult.swift,\ FutureType.swift /Users/admin/builder/spi-builder-workspace/.dependencies/checkouts/async/Sources/Async/Futures/Future+Transform.swift /Users/admin/builder/spi-builder-workspace/.dependencies/checkouts/async/Sources/Async/Futures/Future+Unwrap.swift /Users/admin/builder/spi-builder-workspace/.dependencies/checkouts/async/Sources/Async/Futures/Future.swift /Users/admin/builder/spi-builder-workspace/.dependencies/checkouts/async/Sources/Async/Futures/FutureResult.swift /Users/admin/builder/spi-builder-workspace/.dependencies/checkouts/async/Sources/Async/Futures/FutureType.swift (in target 'Async' from project 'Async')
/Users/admin/builder/spi-builder-workspace/.dependencies/checkouts/async/Sources/Async/Futures/Future.swift:16:24: error: reference to generic type 'Result' requires arguments in <...>
14 |
15 | enum Storage {
16 | case completed(Result)
| `- error: reference to generic type 'Result' requires arguments in <...>
17 | case promise(Promise<T>)
18 | }
Swift.Result:1:21: note: generic enum 'Result' declared here
1 | @frozen public enum Result<Success, Failure> where Failure : Error, Success : ~Copyable, Success : ~Escapable {
| `- note: generic enum 'Result' declared here
2 | case success(Success)
3 | case failure(Failure)
SwiftCompile normal arm64 /Users/admin/builder/spi-builder-workspace/.dependencies/checkouts/async/Sources/Async/Futures/Future+Transform.swift (in target 'Async' from project 'Async')
cd /Users/admin/builder/spi-builder-workspace/.swiftpm/xcode
builtin-SwiftPerFileCompile Future+Transform.swift
SwiftCompile normal arm64 /Users/admin/builder/spi-builder-workspace/.dependencies/checkouts/async/Sources/Async/Futures/Future+Unwrap.swift (in target 'Async' from project 'Async')
cd /Users/admin/builder/spi-builder-workspace/.swiftpm/xcode
builtin-SwiftPerFileCompile Future+Unwrap.swift
SwiftCompile normal arm64 /Users/admin/builder/spi-builder-workspace/.dependencies/checkouts/async/Sources/Async/Futures/Future.swift (in target 'Async' from project 'Async')
cd /Users/admin/builder/spi-builder-workspace/.swiftpm/xcode
builtin-SwiftPerFileCompile Future.swift
SwiftCompile normal arm64 /Users/admin/builder/spi-builder-workspace/.dependencies/checkouts/async/Sources/Async/Futures/FutureResult.swift (in target 'Async' from project 'Async')
cd /Users/admin/builder/spi-builder-workspace/.swiftpm/xcode
builtin-SwiftPerFileCompile FutureResult.swift
SwiftCompile normal arm64 /Users/admin/builder/spi-builder-workspace/.dependencies/checkouts/async/Sources/Async/Futures/FutureType.swift (in target 'Async' from project 'Async')
cd /Users/admin/builder/spi-builder-workspace/.swiftpm/xcode
builtin-SwiftPerFileCompile FutureType.swift
SwiftCompile normal arm64 Compiling\ Future+DoCatch.swift,\ Future+Flatten.swift,\ Future+Global.swift,\ Future+Map.swift,\ Future+Stream.swift /Users/admin/builder/spi-builder-workspace/.dependencies/checkouts/async/Sources/Async/Futures/Future+DoCatch.swift /Users/admin/builder/spi-builder-workspace/.dependencies/checkouts/async/Sources/Async/Futures/Future+Flatten.swift /Users/admin/builder/spi-builder-workspace/.dependencies/checkouts/async/Sources/Async/Futures/Future+Global.swift /Users/admin/builder/spi-builder-workspace/.dependencies/checkouts/async/Sources/Async/Futures/Future+Map.swift /Users/admin/builder/spi-builder-workspace/.dependencies/checkouts/async/Sources/Async/Futures/Future+Stream.swift (in target 'Async' from project 'Async')
SwiftCompile normal arm64 /Users/admin/builder/spi-builder-workspace/.dependencies/checkouts/async/Sources/Async/Futures/Future+DoCatch.swift (in target 'Async' from project 'Async')
cd /Users/admin/builder/spi-builder-workspace/.swiftpm/xcode
builtin-SwiftPerFileCompile Future+DoCatch.swift
SwiftCompile normal arm64 /Users/admin/builder/spi-builder-workspace/.dependencies/checkouts/async/Sources/Async/Futures/Future+Flatten.swift (in target 'Async' from project 'Async')
cd /Users/admin/builder/spi-builder-workspace/.swiftpm/xcode
builtin-SwiftPerFileCompile Future+Flatten.swift
SwiftCompile normal arm64 /Users/admin/builder/spi-builder-workspace/.dependencies/checkouts/async/Sources/Async/Futures/Future+Global.swift (in target 'Async' from project 'Async')
cd /Users/admin/builder/spi-builder-workspace/.swiftpm/xcode
builtin-SwiftPerFileCompile Future+Global.swift
SwiftCompile normal arm64 /Users/admin/builder/spi-builder-workspace/.dependencies/checkouts/async/Sources/Async/Futures/Future+Map.swift (in target 'Async' from project 'Async')
cd /Users/admin/builder/spi-builder-workspace/.swiftpm/xcode
builtin-SwiftPerFileCompile Future+Map.swift
SwiftCompile normal arm64 /Users/admin/builder/spi-builder-workspace/.dependencies/checkouts/async/Sources/Async/Futures/Future+Stream.swift (in target 'Async' from project 'Async')
cd /Users/admin/builder/spi-builder-workspace/.swiftpm/xcode
builtin-SwiftPerFileCompile Future+Stream.swift
SwiftCompile normal arm64 Compiling\ Promise.swift,\ PromiseError.swift,\ Signal.swift,\ Socket.swift /Users/admin/builder/spi-builder-workspace/.dependencies/checkouts/async/Sources/Async/Futures/Promise.swift /Users/admin/builder/spi-builder-workspace/.dependencies/checkouts/async/Sources/Async/Futures/PromiseError.swift /Users/admin/builder/spi-builder-workspace/.dependencies/checkouts/async/Sources/Async/Futures/Signal.swift /Users/admin/builder/spi-builder-workspace/.dependencies/checkouts/async/Sources/Async/Socket/Socket.swift (in target 'Async' from project 'Async')
SwiftCompile normal arm64 /Users/admin/builder/spi-builder-workspace/.dependencies/checkouts/async/Sources/Async/Futures/Promise.swift (in target 'Async' from project 'Async')
cd /Users/admin/builder/spi-builder-workspace/.swiftpm/xcode
builtin-SwiftPerFileCompile Promise.swift
SwiftCompile normal arm64 /Users/admin/builder/spi-builder-workspace/.dependencies/checkouts/async/Sources/Async/Futures/PromiseError.swift (in target 'Async' from project 'Async')
cd /Users/admin/builder/spi-builder-workspace/.swiftpm/xcode
builtin-SwiftPerFileCompile PromiseError.swift
SwiftCompile normal arm64 /Users/admin/builder/spi-builder-workspace/.dependencies/checkouts/async/Sources/Async/Futures/Signal.swift (in target 'Async' from project 'Async')
cd /Users/admin/builder/spi-builder-workspace/.swiftpm/xcode
builtin-SwiftPerFileCompile Signal.swift
SwiftCompile normal arm64 /Users/admin/builder/spi-builder-workspace/.dependencies/checkouts/async/Sources/Async/Socket/Socket.swift (in target 'Async' from project 'Async')
cd /Users/admin/builder/spi-builder-workspace/.swiftpm/xcode
builtin-SwiftPerFileCompile Socket.swift
SwiftCompile normal arm64 Compiling\ EventSource.swift,\ Future+EventLoop.swift,\ KqueueEventLoop.swift,\ KqueueEventSource.swift,\ Worker.swift /Users/admin/builder/spi-builder-workspace/.dependencies/checkouts/async/Sources/Async/EventLoop/EventSource.swift /Users/admin/builder/spi-builder-workspace/.dependencies/checkouts/async/Sources/Async/EventLoop/Future+EventLoop.swift /Users/admin/builder/spi-builder-workspace/.dependencies/checkouts/async/Sources/Async/EventLoop/Kqueue/KqueueEventLoop.swift /Users/admin/builder/spi-builder-workspace/.dependencies/checkouts/async/Sources/Async/EventLoop/Kqueue/KqueueEventSource.swift /Users/admin/builder/spi-builder-workspace/.dependencies/checkouts/async/Sources/Async/EventLoop/Worker.swift (in target 'Async' from project 'Async')
SwiftCompile normal arm64 /Users/admin/builder/spi-builder-workspace/.dependencies/checkouts/async/Sources/Async/EventLoop/EventSource.swift (in target 'Async' from project 'Async')
cd /Users/admin/builder/spi-builder-workspace/.swiftpm/xcode
builtin-SwiftPerFileCompile EventSource.swift
SwiftCompile normal arm64 /Users/admin/builder/spi-builder-workspace/.dependencies/checkouts/async/Sources/Async/EventLoop/Future+EventLoop.swift (in target 'Async' from project 'Async')
cd /Users/admin/builder/spi-builder-workspace/.swiftpm/xcode
builtin-SwiftPerFileCompile Future+EventLoop.swift
SwiftCompile normal arm64 /Users/admin/builder/spi-builder-workspace/.dependencies/checkouts/async/Sources/Async/EventLoop/Kqueue/KqueueEventLoop.swift (in target 'Async' from project 'Async')
cd /Users/admin/builder/spi-builder-workspace/.swiftpm/xcode
builtin-SwiftPerFileCompile KqueueEventLoop.swift
SwiftCompile normal arm64 /Users/admin/builder/spi-builder-workspace/.dependencies/checkouts/async/Sources/Async/EventLoop/Kqueue/KqueueEventSource.swift (in target 'Async' from project 'Async')
cd /Users/admin/builder/spi-builder-workspace/.swiftpm/xcode
builtin-SwiftPerFileCompile KqueueEventSource.swift
SwiftCompile normal arm64 /Users/admin/builder/spi-builder-workspace/.dependencies/checkouts/async/Sources/Async/EventLoop/Worker.swift (in target 'Async' from project 'Async')
cd /Users/admin/builder/spi-builder-workspace/.swiftpm/xcode
builtin-SwiftPerFileCompile Worker.swift
SwiftEmitModule normal arm64 Emitting\ module\ for\ Async (in target 'Async' from project 'Async')
/Users/admin/builder/spi-builder-workspace/.dependencies/checkouts/async/Sources/Async/Futures/Future.swift:16:24: error: reference to generic type 'Result' requires arguments in <...>
14 |
15 | enum Storage {
16 | case completed(Result)
| `- error: reference to generic type 'Result' requires arguments in <...>
17 | case promise(Promise<T>)
18 | }
Swift.Result:1:21: note: generic enum 'Result' declared here
1 | @frozen public enum Result<Success, Failure> where Failure : Error, Success : ~Copyable, Success : ~Escapable {
| `- note: generic enum 'Result' declared here
2 | case success(Success)
3 | case failure(Failure)
Failed frontend command:
/Applications/Xcode-27.0.0-Release.Candidate.app/Contents/Developer/Toolchains/XcodeDefault.xctoolchain/usr/bin/swift-frontend -frontend -emit-module -experimental-skip-non-inlinable-function-bodies-without-types /Users/admin/builder/spi-builder-workspace/.dependencies/checkouts/async/Sources/Async/Deprecated.swift /Users/admin/builder/spi-builder-workspace/.dependencies/checkouts/async/Sources/Async/EventLoop/Epoll/EpollEventLoop.swift /Users/admin/builder/spi-builder-workspace/.dependencies/checkouts/async/Sources/Async/EventLoop/Epoll/EpollEventSource.swift /Users/admin/builder/spi-builder-workspace/.dependencies/checkouts/async/Sources/Async/EventLoop/EventLoop.swift /Users/admin/builder/spi-builder-workspace/.dependencies/checkouts/async/Sources/Async/EventLoop/EventLoopTimeout.swift /Users/admin/builder/spi-builder-workspace/.dependencies/checkouts/async/Sources/Async/EventLoop/EventSource.swift /Users/admin/builder/spi-builder-workspace/.dependencies/checkouts/async/Sources/Async/EventLoop/Future+EventLoop.swift /Users/admin/builder/spi-builder-workspace/.dependencies/checkouts/async/Sources/Async/EventLoop/Kqueue/KqueueEventLoop.swift /Users/admin/builder/spi-builder-workspace/.dependencies/checkouts/async/Sources/Async/EventLoop/Kqueue/KqueueEventSource.swift /Users/admin/builder/spi-builder-workspace/.dependencies/checkouts/async/Sources/Async/EventLoop/Worker.swift /Users/admin/builder/spi-builder-workspace/.dependencies/checkouts/async/Sources/Async/File/DirectoryConfig.swift /Users/admin/builder/spi-builder-workspace/.dependencies/checkouts/async/Sources/Async/File/File.swift /Users/admin/builder/spi-builder-workspace/.dependencies/checkouts/async/Sources/Async/File/FileCache.swift /Users/admin/builder/spi-builder-workspace/.dependencies/checkouts/async/Sources/Async/File/FileReader.swift /Users/admin/builder/spi-builder-workspace/.dependencies/checkouts/async/Sources/Async/Futures/Future+BlockingAwait.swift /Users/admin/builder/spi-builder-workspace/.dependencies/checkouts/async/Sources/Async/Futures/Future+DoCatch.swift /Users/admin/builder/spi-builder-workspace/.dependencies/checkouts/async/Sources/Async/Futures/Future+Flatten.swift /Users/admin/builder/spi-builder-workspace/.dependencies/checkouts/async/Sources/Async/Futures/Future+Global.swift /Users/admin/builder/spi-builder-workspace/.dependencies/checkouts/async/Sources/Async/Futures/Future+Map.swift /Users/admin/builder/spi-builder-workspace/.dependencies/checkouts/async/Sources/Async/Futures/Future+Stream.swift /Users/admin/builder/spi-builder-workspace/.dependencies/checkouts/async/Sources/Async/Futures/Future+Transform.swift /Users/admin/builder/spi-builder-workspace/.dependencies/checkouts/async/Sources/Async/Futures/Future+Unwrap.swift /Users/admin/builder/spi-builder-workspace/.dependencies/checkouts/async/Sources/Async/Futures/Future.swift /Users/admin/builder/spi-builder-workspace/.dependencies/checkouts/async/Sources/Async/Futures/FutureResult.swift /Users/admin/builder/spi-builder-workspace/.dependencies/checkouts/async/Sources/Async/Futures/FutureType.swift /Users/admin/builder/spi-builder-workspace/.dependencies/checkouts/async/Sources/Async/Futures/Promise.swift /Users/admin/builder/spi-builder-workspace/.dependencies/checkouts/async/Sources/Async/Futures/PromiseError.swift /Users/admin/builder/spi-builder-workspace/.dependencies/checkouts/async/Sources/Async/Futures/Signal.swift /Users/admin/builder/spi-builder-workspace/.dependencies/checkouts/async/Sources/Async/Socket/Socket.swift /Users/admin/builder/spi-builder-workspace/.dependencies/checkouts/async/Sources/Async/Socket/SocketSink.swift /Users/admin/builder/spi-builder-workspace/.dependencies/checkouts/async/Sources/Async/Socket/SocketSource.swift /Users/admin/builder/spi-builder-workspace/.dependencies/checkouts/async/Sources/Async/Socket/SocketStream.swift /Users/admin/builder/spi-builder-workspace/.dependencies/checkouts/async/Sources/Async/Streams/ByteParserStream.swift /Users/admin/builder/spi-builder-workspace/.dependencies/checkouts/async/Sources/Async/Streams/ByteSerializerStream.swift /Users/admin/builder/spi-builder-workspace/.dependencies/checkouts/async/Sources/Async/Streams/ConnectingStream.swift /Users/admin/builder/spi-builder-workspace/.dependencies/checkouts/async/Sources/Async/Streams/DeltaStream.swift /Users/admin/builder/spi-builder-workspace/.dependencies/checkouts/async/Sources/Async/Streams/DrainStream.swift /Users/admin/builder/spi-builder-workspace/.dependencies/checkouts/async/Sources/Async/Streams/InputStream.swift /Users/admin/builder/spi-builder-workspace/.dependencies/checkouts/async/Sources/Async/Streams/MapStream.swift /Users/admin/builder/spi-builder-workspace/.dependencies/checkouts/async/Sources/Async/Streams/OutputStream.swift /Users/admin/builder/spi-builder-workspace/.dependencies/checkouts/async/Sources/Async/Streams/PushStream.swift /Users/admin/builder/spi-builder-workspace/.dependencies/checkouts/async/Sources/Async/Streams/QueueStream.swift /Users/admin/builder/spi-builder-workspace/.dependencies/checkouts/async/Sources/Async/Streams/Stream.swift /Users/admin/builder/spi-builder-workspace/.dependencies/checkouts/async/Sources/Async/Streams/TranscribingStream.swift /Users/admin/builder/spi-builder-workspace/.dependencies/checkouts/async/Sources/Async/Streams/TranslatingStream.swift -target arm64-apple-xros1.0 -Xllvm -aarch64-use-tbi -enable-objc-interop -stack-check -sdk /Applications/Xcode-27.0.0-Release.Candidate.app/Contents/Developer/Platforms/XROS.platform/Developer/SDKs/XROS27.0.sdk -I /Users/admin/builder/spi-builder-workspace/.derivedData/Build/Products/Debug-xros -Isystem /Applications/Xcode-27.0.0-Release.Candidate.app/Contents/Developer/Platforms/XROS.platform/Developer/usr/lib -F /Users/admin/builder/spi-builder-workspace/.derivedData/Build/Products/Debug-xros -F /Applications/Xcode-27.0.0-Release.Candidate.app/Contents/Developer/Platforms/XROS.platform/Developer/Library/Frameworks -F /Applications/Xcode-27.0.0-Release.Candidate.app/Contents/Developer/Platforms/XROS.platform/Developer/SDKs/XROS27.0.sdk/Developer/Library/Frameworks -module-cache-path /Users/admin/builder/spi-builder-workspace/.derivedData/ModuleCache.noindex -no-color-diagnostics -Xcc -fno-color-diagnostics -enable-testing -g -debug-info-format\=dwarf -dwarf-version\=4 -suppress-warnings -profile-generate -profile-coverage-mapping -swift-version 4 -Onone -D SWIFT_PACKAGE -D DEBUG -D SWIFT_MODULE_RESOURCE_BUNDLE_UNAVAILABLE -D Xcode -serialize-debugging-options -enable-experimental-feature DebugDescriptionMacro -empty-abi-descriptor -plugin-path /Applications/Xcode-27.0.0-Release.Candidate.app/Contents/Developer/Toolchains/XcodeDefault.xctoolchain/usr/lib/swift/host/plugins/testing -validate-clang-modules-once -clang-build-session-file /Users/admin/builder/spi-builder-workspace/.derivedData/ModuleCache.noindex/Session.modulevalidation -Xcc -working-directory -Xcc /Users/admin/builder/spi-builder-workspace/.swiftpm/xcode -enable-anonymous-context-mangled-names -file-compilation-dir /Users/admin/builder/spi-builder-workspace/.swiftpm/xcode -Xcc -D_LIBCPP_HARDENING_MODE\=_LIBCPP_HARDENING_MODE_DEBUG -Xcc -ivfsstatcache -Xcc /Users/admin/builder/spi-builder-workspace/.derivedData/SDKStatCaches.noindex/xros27.0-24M361-e829b21a6f8c9b70876ba0858053c044735bd543db762f57723cac368afd1ce4.sdkstatcache -Xcc -fmodules-prune-interval\=86400 -Xcc -fmodules-prune-after\=345600 -Xcc -I/Users/admin/builder/spi-builder-workspace/.derivedData/Build/Products/Debug-xros/include -Xcc -I/Users/admin/builder/spi-builder-workspace/.derivedData/Build/Intermediates.noindex/Async.build/Debug-xros/Async-t.build/DerivedSources-normal/arm64 -Xcc -I/Users/admin/builder/spi-builder-workspace/.derivedData/Build/Intermediates.noindex/Async.build/Debug-xros/Async-t.build/DerivedSources/arm64 -Xcc -I/Users/admin/builder/spi-builder-workspace/.derivedData/Build/Intermediates.noindex/Async.build/Debug-xros/Async-t.build/DerivedSources -Xcc -DSWIFT_PACKAGE -Xcc -DDEBUG\=1 -no-auto-bridging-header-chaining -module-name Async -const-gather-protocols-file /Users/admin/builder/spi-builder-workspace/.derivedData/Build/Intermediates.noindex/Async.build/Debug-xros/Async-t.build/Objects-normal/arm64/Async_const_extract_protocols.json -disable-clang-spi -target-sdk-version 27.0 -target-sdk-name xros27.0 -external-plugin-path /Applications/Xcode-27.0.0-Release.Candidate.app/Contents/Developer/Platforms/XROS.platform/Developer/usr/lib/swift/host/plugins\#/Applications/Xcode-27.0.0-Release.Candidate.app/Contents/Developer/Platforms/XROS.platform/Developer/usr/bin/swift-plugin-server -external-plugin-path /Applications/Xcode-27.0.0-Release.Candidate.app/Contents/Developer/Platforms/XROS.platform/Developer/usr/local/lib/swift/host/plugins\#/Applications/Xcode-27.0.0-Release.Candidate.app/Contents/Developer/Platforms/XROS.platform/Developer/usr/bin/swift-plugin-server -in-process-plugin-server-path /Applications/Xcode-27.0.0-Release.Candidate.app/Contents/Developer/Toolchains/XcodeDefault.xctoolchain/usr/lib/swift/host/libSwiftInProcPluginServer.dylib -plugin-path /Applications/Xcode-27.0.0-Release.Candidate.app/Contents/Developer/Toolchains/XcodeDefault.xctoolchain/usr/lib/swift/host/plugins -plugin-path /Applications/Xcode-27.0.0-Release.Candidate.app/Contents/Developer/Toolchains/XcodeDefault.xctoolchain/usr/local/lib/swift/host/plugins -emit-module-doc-path /Users/admin/builder/spi-builder-workspace/.derivedData/Build/Intermediates.noindex/Async.build/Debug-xros/Async-t.build/Objects-normal/arm64/Async.swiftdoc -emit-module-source-info-path /Users/admin/builder/spi-builder-workspace/.derivedData/Build/Intermediates.noindex/Async.build/Debug-xros/Async-t.build/Objects-normal/arm64/Async.swiftsourceinfo -emit-objc-header-path /Users/admin/builder/spi-builder-workspace/.derivedData/Build/Intermediates.noindex/Async.build/Debug-xros/Async-t.build/Objects-normal/arm64/Async-Swift.h -serialize-diagnostics-path /Users/admin/builder/spi-builder-workspace/.derivedData/Build/Intermediates.noindex/Async.build/Debug-xros/Async-t.build/Objects-normal/arm64/Async-primary-emit-module.dia -emit-dependencies-path /Users/admin/builder/spi-builder-workspace/.derivedData/Build/Intermediates.noindex/Async.build/Debug-xros/Async-t.build/Objects-normal/arm64/Async-primary-emit-module.d -parse-as-library -o /Users/admin/builder/spi-builder-workspace/.derivedData/Build/Intermediates.noindex/Async.build/Debug-xros/Async-t.build/Objects-normal/arm64/Async.swiftmodule -emit-abi-descriptor-path /Users/admin/builder/spi-builder-workspace/.derivedData/Build/Intermediates.noindex/Async.build/Debug-xros/Async-t.build/Objects-normal/arm64/Async.abi.json
SwiftCompile normal arm64 (in target 'Async' from project 'Async')
cd /Users/admin/builder/spi-builder-workspace/.swiftpm/xcode
SwiftCompile normal arm64 Compiling\ SocketSink.swift,\ SocketSource.swift,\ SocketStream.swift,\ ByteParserStream.swift /Users/admin/builder/spi-builder-workspace/.dependencies/checkouts/async/Sources/Async/Socket/SocketSink.swift /Users/admin/builder/spi-builder-workspace/.dependencies/checkouts/async/Sources/Async/Socket/SocketSource.swift /Users/admin/builder/spi-builder-workspace/.dependencies/checkouts/async/Sources/Async/Socket/SocketStream.swift /Users/admin/builder/spi-builder-workspace/.dependencies/checkouts/async/Sources/Async/Streams/ByteParserStream.swift (in target 'Async' from project 'Async')
SwiftCompile normal arm64 /Users/admin/builder/spi-builder-workspace/.dependencies/checkouts/async/Sources/Async/Socket/SocketSink.swift (in target 'Async' from project 'Async')
cd /Users/admin/builder/spi-builder-workspace/.swiftpm/xcode
builtin-SwiftPerFileCompile SocketSink.swift
SwiftCompile normal arm64 /Users/admin/builder/spi-builder-workspace/.dependencies/checkouts/async/Sources/Async/Socket/SocketSource.swift (in target 'Async' from project 'Async')
cd /Users/admin/builder/spi-builder-workspace/.swiftpm/xcode
builtin-SwiftPerFileCompile SocketSource.swift
SwiftCompile normal arm64 /Users/admin/builder/spi-builder-workspace/.dependencies/checkouts/async/Sources/Async/Socket/SocketStream.swift (in target 'Async' from project 'Async')
cd /Users/admin/builder/spi-builder-workspace/.swiftpm/xcode
builtin-SwiftPerFileCompile SocketStream.swift
SwiftCompile normal arm64 /Users/admin/builder/spi-builder-workspace/.dependencies/checkouts/async/Sources/Async/Streams/ByteParserStream.swift (in target 'Async' from project 'Async')
cd /Users/admin/builder/spi-builder-workspace/.swiftpm/xcode
builtin-SwiftPerFileCompile ByteParserStream.swift
SwiftCompile normal arm64 Compiling\ QueueStream.swift,\ Stream.swift,\ TranscribingStream.swift,\ TranslatingStream.swift /Users/admin/builder/spi-builder-workspace/.dependencies/checkouts/async/Sources/Async/Streams/QueueStream.swift /Users/admin/builder/spi-builder-workspace/.dependencies/checkouts/async/Sources/Async/Streams/Stream.swift /Users/admin/builder/spi-builder-workspace/.dependencies/checkouts/async/Sources/Async/Streams/TranscribingStream.swift /Users/admin/builder/spi-builder-workspace/.dependencies/checkouts/async/Sources/Async/Streams/TranslatingStream.swift (in target 'Async' from project 'Async')
SwiftCompile normal arm64 /Users/admin/builder/spi-builder-workspace/.dependencies/checkouts/async/Sources/Async/Streams/QueueStream.swift (in target 'Async' from project 'Async')
cd /Users/admin/builder/spi-builder-workspace/.swiftpm/xcode
builtin-SwiftPerFileCompile QueueStream.swift
SwiftCompile normal arm64 /Users/admin/builder/spi-builder-workspace/.dependencies/checkouts/async/Sources/Async/Streams/Stream.swift (in target 'Async' from project 'Async')
cd /Users/admin/builder/spi-builder-workspace/.swiftpm/xcode
builtin-SwiftPerFileCompile Stream.swift
SwiftCompile normal arm64 /Users/admin/builder/spi-builder-workspace/.dependencies/checkouts/async/Sources/Async/Streams/TranscribingStream.swift (in target 'Async' from project 'Async')
cd /Users/admin/builder/spi-builder-workspace/.swiftpm/xcode
builtin-SwiftPerFileCompile TranscribingStream.swift
SwiftCompile normal arm64 /Users/admin/builder/spi-builder-workspace/.dependencies/checkouts/async/Sources/Async/Streams/TranslatingStream.swift (in target 'Async' from project 'Async')
cd /Users/admin/builder/spi-builder-workspace/.swiftpm/xcode
builtin-SwiftPerFileCompile TranslatingStream.swift
SwiftCompile normal arm64 Compiling\ ByteSerializerStream.swift,\ ConnectingStream.swift,\ DeltaStream.swift,\ DrainStream.swift /Users/admin/builder/spi-builder-workspace/.dependencies/checkouts/async/Sources/Async/Streams/ByteSerializerStream.swift /Users/admin/builder/spi-builder-workspace/.dependencies/checkouts/async/Sources/Async/Streams/ConnectingStream.swift /Users/admin/builder/spi-builder-workspace/.dependencies/checkouts/async/Sources/Async/Streams/DeltaStream.swift /Users/admin/builder/spi-builder-workspace/.dependencies/checkouts/async/Sources/Async/Streams/DrainStream.swift (in target 'Async' from project 'Async')
SwiftCompile normal arm64 /Users/admin/builder/spi-builder-workspace/.dependencies/checkouts/async/Sources/Async/Streams/ByteSerializerStream.swift (in target 'Async' from project 'Async')
cd /Users/admin/builder/spi-builder-workspace/.swiftpm/xcode
builtin-SwiftPerFileCompile ByteSerializerStream.swift
SwiftCompile normal arm64 /Users/admin/builder/spi-builder-workspace/.dependencies/checkouts/async/Sources/Async/Streams/ConnectingStream.swift (in target 'Async' from project 'Async')
cd /Users/admin/builder/spi-builder-workspace/.swiftpm/xcode
builtin-SwiftPerFileCompile ConnectingStream.swift
SwiftCompile normal arm64 /Users/admin/builder/spi-builder-workspace/.dependencies/checkouts/async/Sources/Async/Streams/DeltaStream.swift (in target 'Async' from project 'Async')
cd /Users/admin/builder/spi-builder-workspace/.swiftpm/xcode
builtin-SwiftPerFileCompile DeltaStream.swift
SwiftCompile normal arm64 /Users/admin/builder/spi-builder-workspace/.dependencies/checkouts/async/Sources/Async/Streams/DrainStream.swift (in target 'Async' from project 'Async')
cd /Users/admin/builder/spi-builder-workspace/.swiftpm/xcode
builtin-SwiftPerFileCompile DrainStream.swift
SwiftCompile normal arm64 Compiling\ InputStream.swift,\ MapStream.swift,\ OutputStream.swift,\ PushStream.swift /Users/admin/builder/spi-builder-workspace/.dependencies/checkouts/async/Sources/Async/Streams/InputStream.swift /Users/admin/builder/spi-builder-workspace/.dependencies/checkouts/async/Sources/Async/Streams/MapStream.swift /Users/admin/builder/spi-builder-workspace/.dependencies/checkouts/async/Sources/Async/Streams/OutputStream.swift /Users/admin/builder/spi-builder-workspace/.dependencies/checkouts/async/Sources/Async/Streams/PushStream.swift (in target 'Async' from project 'Async')
SwiftCompile normal arm64 /Users/admin/builder/spi-builder-workspace/.dependencies/checkouts/async/Sources/Async/Streams/InputStream.swift (in target 'Async' from project 'Async')
cd /Users/admin/builder/spi-builder-workspace/.swiftpm/xcode
builtin-SwiftPerFileCompile InputStream.swift
SwiftCompile normal arm64 /Users/admin/builder/spi-builder-workspace/.dependencies/checkouts/async/Sources/Async/Streams/MapStream.swift (in target 'Async' from project 'Async')
cd /Users/admin/builder/spi-builder-workspace/.swiftpm/xcode
builtin-SwiftPerFileCompile MapStream.swift
SwiftCompile normal arm64 /Users/admin/builder/spi-builder-workspace/.dependencies/checkouts/async/Sources/Async/Streams/OutputStream.swift (in target 'Async' from project 'Async')
cd /Users/admin/builder/spi-builder-workspace/.swiftpm/xcode
builtin-SwiftPerFileCompile OutputStream.swift
SwiftCompile normal arm64 /Users/admin/builder/spi-builder-workspace/.dependencies/checkouts/async/Sources/Async/Streams/PushStream.swift (in target 'Async' from project 'Async')
cd /Users/admin/builder/spi-builder-workspace/.swiftpm/xcode
builtin-SwiftPerFileCompile PushStream.swift
PruneExplicitPrecompiledModules /Users/admin/builder/spi-builder-workspace/.derivedData/Build/Intermediates.noindex/ExplicitPrecompiledModules
PruneExplicitPrecompiledModules /Users/admin/builder/spi-builder-workspace/.derivedData/SDKExplicitPrecompiledModules
PruneExplicitPrecompiledModules /Users/admin/builder/spi-builder-workspace/.derivedData/Build/Intermediates.noindex/SwiftExplicitPrecompiledModules
2026-09-16 08:24:33.361 xcodebuild[682:4312] [MT] IDERunDestination: Supported platforms for the buildables in the current scheme is empty.
** BUILD FAILED **
The following build commands failed:
SwiftEmitModule normal arm64 Emitting\ module\ for\ Async (in target 'Async' from project 'Async')
SwiftCompile normal arm64 (in target 'Async' from project 'Async')
Building workspace Terse with scheme Terse
(3 failures)
Command line invocation:
/Applications/Xcode-27.0.0-Release.Candidate.app/Contents/Developer/usr/bin/xcodebuild -IDEClonedSourcePackagesDirPathOverride=/Users/admin/builder/spi-builder-workspace/.dependencies -resolvePackageDependencies
Resolve Package Graph
the target name Terse has different case on the filesystem and the Package.swift manifest filethe target name TerseTests has different case on the filesystem and the Package.swift manifest file
Resolved source packages:
Async: https://github.com/vapor/async.git @ 1.0.0-rc.1.1
Terse: /Users/admin/builder/spi-builder-workspace
resolved source packages: Async, Terse
2026-09-16 08:24:38.507 xcodebuild[724:4571] [MT] IDERunDestination: Supported platforms for the buildables in the current scheme is empty.
{
"dependencies" : [
{
"identity" : "async",
"requirement" : {
"range" : [
{
"lower_bound" : "1.0.0-rc",
"upper_bound" : "2.0.0"
}
]
},
"type" : "sourceControl",
"url" : "https://github.com/vapor/async.git"
}
],
"manifest_display_name" : "Terse",
"name" : "Terse",
"path" : "/Users/admin/builder/spi-builder-workspace",
"platforms" : [
],
"products" : [
{
"name" : "Terse",
"targets" : [
"Terse"
],
"type" : {
"library" : [
"automatic"
]
}
}
],
"targets" : [
{
"c99name" : "TerseTests",
"module_type" : "SwiftTarget",
"name" : "TerseTests",
"path" : "Tests/TerseTests",
"sources" : [
"terseTests.swift"
],
"target_dependencies" : [
"Terse"
],
"type" : "test"
},
{
"c99name" : "Terse",
"module_type" : "SwiftTarget",
"name" : "Terse",
"path" : "Sources/Terse",
"product_dependencies" : [
"Async"
],
"product_memberships" : [
"Terse"
],
"sources" : [
"Curry.swift",
"Future + Functor.swift",
"Future + Monad.swift",
"PrecedenceGroups.swift"
],
"type" : "library"
}
],
"tools_version" : "4.1"
}
warning: 'spi-builder-workspace': the target name Terse has different case on the filesystem and the Package.swift manifest file
warning: 'spi-builder-workspace': the target name TerseTests has different case on the filesystem and the Package.swift manifest file
{
"workspace" : {
"name" : "Terse",
"schemes" : [
"Terse"
]
}
}
2026-09-16 08:24:39.783 xcodebuild[732:4638] [MT] IDERunDestination: Supported platforms for the buildables in the current scheme is empty.
Running build ...
env DEVELOPER_DIR=/Applications/Xcode-27.0.0-Release.Candidate.app xcrun xcodebuild -IDEClonedSourcePackagesDirPathOverride=$PWD/.dependencies -skipMacroValidation -skipPackagePluginValidation -derivedDataPath $PWD/.derivedData build -scheme Terse -destination generic/platform=xrOS
Command line invocation:
/Applications/Xcode-27.0.0-Release.Candidate.app/Contents/Developer/usr/bin/xcodebuild -IDEClonedSourcePackagesDirPathOverride=/Users/admin/builder/spi-builder-workspace/.dependencies -skipMacroValidation -skipPackagePluginValidation -derivedDataPath /Users/admin/builder/spi-builder-workspace/.derivedData build -scheme Terse -destination generic/platform=xrOS
Resolve Package Graph
the target name Terse has different case on the filesystem and the Package.swift manifest filethe target name TerseTests has different case on the filesystem and the Package.swift manifest file
Resolved source packages:
Async: https://github.com/vapor/async.git @ 1.0.0-rc.1.1
Terse: /Users/admin/builder/spi-builder-workspace
ComputePackagePrebuildTargetDependencyGraph
Prepare packages
CreateBuildRequest
SendProjectDescription
CreateBuildOperation
ComputeTargetDependencyGraph
note: Building targets in dependency order
note: Target dependency graph (4 targets)
Target 'Terse-product' in project 'Terse'
➜ Explicit dependency on target 'Terse' in project 'Terse'
➜ Explicit dependency on target 'Async-product' in project 'Async'
Target 'Terse' in project 'Terse'
➜ Explicit dependency on target 'Async-product' in project 'Async'
Target 'Async-product' in project 'Async'
➜ Explicit dependency on target 'Async' in project 'Async'
Target 'Async' in project 'Async' (no dependencies)
GatherProvisioningInputs
CreateBuildDescription
ClangStatCache /Applications/Xcode-27.0.0-Release.Candidate.app/Contents/Developer/Toolchains/XcodeDefault.xctoolchain/usr/bin/clang-stat-cache /Applications/Xcode-27.0.0-Release.Candidate.app/Contents/Developer/Platforms/XROS.platform/Developer/SDKs/XROS27.0.sdk /Users/admin/builder/spi-builder-workspace/.derivedData/SDKStatCaches.noindex/xros27.0-24M361-e829b21a6f8c9b70876ba0858053c044735bd543db762f57723cac368afd1ce4.sdkstatcache
cd /Users/admin/builder/spi-builder-workspace/.swiftpm/xcode
/Applications/Xcode-27.0.0-Release.Candidate.app/Contents/Developer/Toolchains/XcodeDefault.xctoolchain/usr/bin/clang-stat-cache /Applications/Xcode-27.0.0-Release.Candidate.app/Contents/Developer/Platforms/XROS.platform/Developer/SDKs/XROS27.0.sdk -o /Users/admin/builder/spi-builder-workspace/.derivedData/SDKStatCaches.noindex/xros27.0-24M361-e829b21a6f8c9b70876ba0858053c044735bd543db762f57723cac368afd1ce4.sdkstatcache
SwiftDriver Async normal arm64 com.apple.xcode.tools.swift.compiler (in target 'Async' from project 'Async')
cd /Users/admin/builder/spi-builder-workspace/.swiftpm/xcode
builtin-SwiftDriver -- /Applications/Xcode-27.0.0-Release.Candidate.app/Contents/Developer/Toolchains/XcodeDefault.xctoolchain/usr/bin/swiftc -parse-as-library -module-name Async -Onone @/Users/admin/builder/spi-builder-workspace/.derivedData/Build/Intermediates.noindex/Async.build/Debug-xros/Async-t.build/Objects-normal/arm64/Async.SwiftFileList -DSWIFT_PACKAGE -DDEBUG -DSWIFT_MODULE_RESOURCE_BUNDLE_UNAVAILABLE -DXcode -plugin-path /Applications/Xcode-27.0.0-Release.Candidate.app/Contents/Developer/Toolchains/XcodeDefault.xctoolchain/usr/lib/swift/host/plugins/testing -enable-experimental-feature DebugDescriptionMacro -sdk /Applications/Xcode-27.0.0-Release.Candidate.app/Contents/Developer/Platforms/XROS.platform/Developer/SDKs/XROS27.0.sdk -target arm64-apple-xros1.0 -g -module-cache-path /Users/admin/builder/spi-builder-workspace/.derivedData/ModuleCache.noindex -Xfrontend -serialize-debugging-options -profile-coverage-mapping -profile-generate -enable-testing -suppress-warnings -index-store-path /Users/admin/builder/spi-builder-workspace/.derivedData/Index.noindex/DataStore -Xcc -D_LIBCPP_HARDENING_MODE\=_LIBCPP_HARDENING_MODE_DEBUG -swift-version 4 -I /Users/admin/builder/spi-builder-workspace/.derivedData/Build/Products/Debug-xros -Isystem /Applications/Xcode-27.0.0-Release.Candidate.app/Contents/Developer/Platforms/XROS.platform/Developer/usr/lib -F /Users/admin/builder/spi-builder-workspace/.derivedData/Build/Products/Debug-xros -F /Applications/Xcode-27.0.0-Release.Candidate.app/Contents/Developer/Platforms/XROS.platform/Developer/Library/Frameworks -F /Applications/Xcode-27.0.0-Release.Candidate.app/Contents/Developer/Platforms/XROS.platform/Developer/SDKs/XROS27.0.sdk/Developer/Library/Frameworks -c -j10 -enable-batch-mode -incremental -Xcc -ivfsstatcache -Xcc /Users/admin/builder/spi-builder-workspace/.derivedData/SDKStatCaches.noindex/xros27.0-24M361-e829b21a6f8c9b70876ba0858053c044735bd543db762f57723cac368afd1ce4.sdkstatcache -output-file-map /Users/admin/builder/spi-builder-workspace/.derivedData/Build/Intermediates.noindex/Async.build/Debug-xros/Async-t.build/Objects-normal/arm64/Async-OutputFileMap.json -save-temps -no-color-diagnostics -emit-dependencies -emit-module -emit-module-path /Users/admin/builder/spi-builder-workspace/.derivedData/Build/Intermediates.noindex/Async.build/Debug-xros/Async-t.build/Objects-normal/arm64/Async.swiftmodule -serialize-diagnostics -validate-clang-modules-once -clang-build-session-file /Users/admin/builder/spi-builder-workspace/.derivedData/ModuleCache.noindex/Session.modulevalidation -Xcc -fmodules-prune-interval\=86400 -Xcc -fmodules-prune-after\=345600 -emit-const-values -const-gather-protocols-list /Users/admin/builder/spi-builder-workspace/.derivedData/Build/Intermediates.noindex/Async.build/Debug-xros/Async-t.build/Objects-normal/arm64/Async_const_extract_protocols.json -Xcc -I/Users/admin/builder/spi-builder-workspace/.derivedData/Build/Products/Debug-xros/include -Xcc -I/Users/admin/builder/spi-builder-workspace/.derivedData/Build/Intermediates.noindex/Async.build/Debug-xros/Async-t.build/DerivedSources-normal/arm64 -Xcc -I/Users/admin/builder/spi-builder-workspace/.derivedData/Build/Intermediates.noindex/Async.build/Debug-xros/Async-t.build/DerivedSources/arm64 -Xcc -I/Users/admin/builder/spi-builder-workspace/.derivedData/Build/Intermediates.noindex/Async.build/Debug-xros/Async-t.build/DerivedSources -Xcc -DSWIFT_PACKAGE -Xcc -DDEBUG\=1 -emit-objc-header -emit-objc-header-path /Users/admin/builder/spi-builder-workspace/.derivedData/Build/Intermediates.noindex/Async.build/Debug-xros/Async-t.build/Objects-normal/arm64/Async-Swift.h -working-directory /Users/admin/builder/spi-builder-workspace/.swiftpm/xcode -experimental-emit-module-separately -disable-cmo
SwiftCompile normal arm64 Compiling\ Deprecated.swift,\ EpollEventLoop.swift,\ EpollEventSource.swift,\ EventLoop.swift,\ EventLoopTimeout.swift /Users/admin/builder/spi-builder-workspace/.dependencies/checkouts/async/Sources/Async/Deprecated.swift /Users/admin/builder/spi-builder-workspace/.dependencies/checkouts/async/Sources/Async/EventLoop/Epoll/EpollEventLoop.swift /Users/admin/builder/spi-builder-workspace/.dependencies/checkouts/async/Sources/Async/EventLoop/Epoll/EpollEventSource.swift /Users/admin/builder/spi-builder-workspace/.dependencies/checkouts/async/Sources/Async/EventLoop/EventLoop.swift /Users/admin/builder/spi-builder-workspace/.dependencies/checkouts/async/Sources/Async/EventLoop/EventLoopTimeout.swift (in target 'Async' from project 'Async')
SwiftCompile normal arm64 /Users/admin/builder/spi-builder-workspace/.dependencies/checkouts/async/Sources/Async/Deprecated.swift (in target 'Async' from project 'Async')
cd /Users/admin/builder/spi-builder-workspace/.swiftpm/xcode
builtin-SwiftPerFileCompile Deprecated.swift
SwiftCompile normal arm64 /Users/admin/builder/spi-builder-workspace/.dependencies/checkouts/async/Sources/Async/EventLoop/Epoll/EpollEventLoop.swift (in target 'Async' from project 'Async')
cd /Users/admin/builder/spi-builder-workspace/.swiftpm/xcode
builtin-SwiftPerFileCompile EpollEventLoop.swift
SwiftCompile normal arm64 /Users/admin/builder/spi-builder-workspace/.dependencies/checkouts/async/Sources/Async/EventLoop/Epoll/EpollEventSource.swift (in target 'Async' from project 'Async')
cd /Users/admin/builder/spi-builder-workspace/.swiftpm/xcode
builtin-SwiftPerFileCompile EpollEventSource.swift
SwiftCompile normal arm64 /Users/admin/builder/spi-builder-workspace/.dependencies/checkouts/async/Sources/Async/EventLoop/EventLoop.swift (in target 'Async' from project 'Async')
cd /Users/admin/builder/spi-builder-workspace/.swiftpm/xcode
builtin-SwiftPerFileCompile EventLoop.swift
SwiftCompile normal arm64 /Users/admin/builder/spi-builder-workspace/.dependencies/checkouts/async/Sources/Async/EventLoop/EventLoopTimeout.swift (in target 'Async' from project 'Async')
cd /Users/admin/builder/spi-builder-workspace/.swiftpm/xcode
builtin-SwiftPerFileCompile EventLoopTimeout.swift
SwiftCompile normal arm64 Compiling\ Future+DoCatch.swift,\ Future+Flatten.swift,\ Future+Global.swift,\ Future+Map.swift,\ Future+Stream.swift /Users/admin/builder/spi-builder-workspace/.dependencies/checkouts/async/Sources/Async/Futures/Future+DoCatch.swift /Users/admin/builder/spi-builder-workspace/.dependencies/checkouts/async/Sources/Async/Futures/Future+Flatten.swift /Users/admin/builder/spi-builder-workspace/.dependencies/checkouts/async/Sources/Async/Futures/Future+Global.swift /Users/admin/builder/spi-builder-workspace/.dependencies/checkouts/async/Sources/Async/Futures/Future+Map.swift /Users/admin/builder/spi-builder-workspace/.dependencies/checkouts/async/Sources/Async/Futures/Future+Stream.swift (in target 'Async' from project 'Async')
SwiftCompile normal arm64 /Users/admin/builder/spi-builder-workspace/.dependencies/checkouts/async/Sources/Async/Futures/Future+DoCatch.swift (in target 'Async' from project 'Async')
cd /Users/admin/builder/spi-builder-workspace/.swiftpm/xcode
builtin-SwiftPerFileCompile Future+DoCatch.swift
SwiftCompile normal arm64 /Users/admin/builder/spi-builder-workspace/.dependencies/checkouts/async/Sources/Async/Futures/Future+Flatten.swift (in target 'Async' from project 'Async')
cd /Users/admin/builder/spi-builder-workspace/.swiftpm/xcode
builtin-SwiftPerFileCompile Future+Flatten.swift
SwiftCompile normal arm64 /Users/admin/builder/spi-builder-workspace/.dependencies/checkouts/async/Sources/Async/Futures/Future+Global.swift (in target 'Async' from project 'Async')
cd /Users/admin/builder/spi-builder-workspace/.swiftpm/xcode
builtin-SwiftPerFileCompile Future+Global.swift
SwiftCompile normal arm64 /Users/admin/builder/spi-builder-workspace/.dependencies/checkouts/async/Sources/Async/Futures/Future+Map.swift (in target 'Async' from project 'Async')
cd /Users/admin/builder/spi-builder-workspace/.swiftpm/xcode
builtin-SwiftPerFileCompile Future+Map.swift
SwiftCompile normal arm64 /Users/admin/builder/spi-builder-workspace/.dependencies/checkouts/async/Sources/Async/Futures/Future+Stream.swift (in target 'Async' from project 'Async')
cd /Users/admin/builder/spi-builder-workspace/.swiftpm/xcode
builtin-SwiftPerFileCompile Future+Stream.swift
SwiftCompile normal arm64 Compiling\ ByteSerializerStream.swift,\ ConnectingStream.swift,\ DeltaStream.swift,\ DrainStream.swift /Users/admin/builder/spi-builder-workspace/.dependencies/checkouts/async/Sources/Async/Streams/ByteSerializerStream.swift /Users/admin/builder/spi-builder-workspace/.dependencies/checkouts/async/Sources/Async/Streams/ConnectingStream.swift /Users/admin/builder/spi-builder-workspace/.dependencies/checkouts/async/Sources/Async/Streams/DeltaStream.swift /Users/admin/builder/spi-builder-workspace/.dependencies/checkouts/async/Sources/Async/Streams/DrainStream.swift (in target 'Async' from project 'Async')
SwiftCompile normal arm64 /Users/admin/builder/spi-builder-workspace/.dependencies/checkouts/async/Sources/Async/Streams/ByteSerializerStream.swift (in target 'Async' from project 'Async')
cd /Users/admin/builder/spi-builder-workspace/.swiftpm/xcode
builtin-SwiftPerFileCompile ByteSerializerStream.swift
SwiftCompile normal arm64 /Users/admin/builder/spi-builder-workspace/.dependencies/checkouts/async/Sources/Async/Streams/ConnectingStream.swift (in target 'Async' from project 'Async')
cd /Users/admin/builder/spi-builder-workspace/.swiftpm/xcode
builtin-SwiftPerFileCompile ConnectingStream.swift
SwiftCompile normal arm64 /Users/admin/builder/spi-builder-workspace/.dependencies/checkouts/async/Sources/Async/Streams/DeltaStream.swift (in target 'Async' from project 'Async')
cd /Users/admin/builder/spi-builder-workspace/.swiftpm/xcode
builtin-SwiftPerFileCompile DeltaStream.swift
SwiftCompile normal arm64 /Users/admin/builder/spi-builder-workspace/.dependencies/checkouts/async/Sources/Async/Streams/DrainStream.swift (in target 'Async' from project 'Async')
cd /Users/admin/builder/spi-builder-workspace/.swiftpm/xcode
builtin-SwiftPerFileCompile DrainStream.swift
SwiftCompile normal arm64 Compiling\ SocketSink.swift,\ SocketSource.swift,\ SocketStream.swift,\ ByteParserStream.swift /Users/admin/builder/spi-builder-workspace/.dependencies/checkouts/async/Sources/Async/Socket/SocketSink.swift /Users/admin/builder/spi-builder-workspace/.dependencies/checkouts/async/Sources/Async/Socket/SocketSource.swift /Users/admin/builder/spi-builder-workspace/.dependencies/checkouts/async/Sources/Async/Socket/SocketStream.swift /Users/admin/builder/spi-builder-workspace/.dependencies/checkouts/async/Sources/Async/Streams/ByteParserStream.swift (in target 'Async' from project 'Async')
SwiftCompile normal arm64 /Users/admin/builder/spi-builder-workspace/.dependencies/checkouts/async/Sources/Async/Socket/SocketSink.swift (in target 'Async' from project 'Async')
cd /Users/admin/builder/spi-builder-workspace/.swiftpm/xcode
builtin-SwiftPerFileCompile SocketSink.swift
SwiftCompile normal arm64 /Users/admin/builder/spi-builder-workspace/.dependencies/checkouts/async/Sources/Async/Socket/SocketSource.swift (in target 'Async' from project 'Async')
cd /Users/admin/builder/spi-builder-workspace/.swiftpm/xcode
builtin-SwiftPerFileCompile SocketSource.swift
SwiftCompile normal arm64 /Users/admin/builder/spi-builder-workspace/.dependencies/checkouts/async/Sources/Async/Socket/SocketStream.swift (in target 'Async' from project 'Async')
cd /Users/admin/builder/spi-builder-workspace/.swiftpm/xcode
builtin-SwiftPerFileCompile SocketStream.swift
SwiftCompile normal arm64 /Users/admin/builder/spi-builder-workspace/.dependencies/checkouts/async/Sources/Async/Streams/ByteParserStream.swift (in target 'Async' from project 'Async')
cd /Users/admin/builder/spi-builder-workspace/.swiftpm/xcode
builtin-SwiftPerFileCompile ByteParserStream.swift
SwiftCompile normal arm64 Compiling\ EventSource.swift,\ Future+EventLoop.swift,\ KqueueEventLoop.swift,\ KqueueEventSource.swift,\ Worker.swift /Users/admin/builder/spi-builder-workspace/.dependencies/checkouts/async/Sources/Async/EventLoop/EventSource.swift /Users/admin/builder/spi-builder-workspace/.dependencies/checkouts/async/Sources/Async/EventLoop/Future+EventLoop.swift /Users/admin/builder/spi-builder-workspace/.dependencies/checkouts/async/Sources/Async/EventLoop/Kqueue/KqueueEventLoop.swift /Users/admin/builder/spi-builder-workspace/.dependencies/checkouts/async/Sources/Async/EventLoop/Kqueue/KqueueEventSource.swift /Users/admin/builder/spi-builder-workspace/.dependencies/checkouts/async/Sources/Async/EventLoop/Worker.swift (in target 'Async' from project 'Async')
SwiftCompile normal arm64 /Users/admin/builder/spi-builder-workspace/.dependencies/checkouts/async/Sources/Async/EventLoop/EventSource.swift (in target 'Async' from project 'Async')
cd /Users/admin/builder/spi-builder-workspace/.swiftpm/xcode
builtin-SwiftPerFileCompile EventSource.swift
SwiftCompile normal arm64 /Users/admin/builder/spi-builder-workspace/.dependencies/checkouts/async/Sources/Async/EventLoop/Future+EventLoop.swift (in target 'Async' from project 'Async')
cd /Users/admin/builder/spi-builder-workspace/.swiftpm/xcode
builtin-SwiftPerFileCompile Future+EventLoop.swift
SwiftCompile normal arm64 /Users/admin/builder/spi-builder-workspace/.dependencies/checkouts/async/Sources/Async/EventLoop/Kqueue/KqueueEventLoop.swift (in target 'Async' from project 'Async')
cd /Users/admin/builder/spi-builder-workspace/.swiftpm/xcode
builtin-SwiftPerFileCompile KqueueEventLoop.swift
SwiftCompile normal arm64 /Users/admin/builder/spi-builder-workspace/.dependencies/checkouts/async/Sources/Async/EventLoop/Kqueue/KqueueEventSource.swift (in target 'Async' from project 'Async')
cd /Users/admin/builder/spi-builder-workspace/.swiftpm/xcode
builtin-SwiftPerFileCompile KqueueEventSource.swift
SwiftCompile normal arm64 /Users/admin/builder/spi-builder-workspace/.dependencies/checkouts/async/Sources/Async/EventLoop/Worker.swift (in target 'Async' from project 'Async')
cd /Users/admin/builder/spi-builder-workspace/.swiftpm/xcode
builtin-SwiftPerFileCompile Worker.swift
SwiftCompile normal arm64 Compiling\ DirectoryConfig.swift,\ File.swift,\ FileCache.swift,\ FileReader.swift,\ Future+BlockingAwait.swift /Users/admin/builder/spi-builder-workspace/.dependencies/checkouts/async/Sources/Async/File/DirectoryConfig.swift /Users/admin/builder/spi-builder-workspace/.dependencies/checkouts/async/Sources/Async/File/File.swift /Users/admin/builder/spi-builder-workspace/.dependencies/checkouts/async/Sources/Async/File/FileCache.swift /Users/admin/builder/spi-builder-workspace/.dependencies/checkouts/async/Sources/Async/File/FileReader.swift /Users/admin/builder/spi-builder-workspace/.dependencies/checkouts/async/Sources/Async/Futures/Future+BlockingAwait.swift (in target 'Async' from project 'Async')
SwiftCompile normal arm64 /Users/admin/builder/spi-builder-workspace/.dependencies/checkouts/async/Sources/Async/File/DirectoryConfig.swift (in target 'Async' from project 'Async')
cd /Users/admin/builder/spi-builder-workspace/.swiftpm/xcode
builtin-SwiftPerFileCompile DirectoryConfig.swift
SwiftCompile normal arm64 /Users/admin/builder/spi-builder-workspace/.dependencies/checkouts/async/Sources/Async/File/File.swift (in target 'Async' from project 'Async')
cd /Users/admin/builder/spi-builder-workspace/.swiftpm/xcode
builtin-SwiftPerFileCompile File.swift
SwiftCompile normal arm64 /Users/admin/builder/spi-builder-workspace/.dependencies/checkouts/async/Sources/Async/File/FileCache.swift (in target 'Async' from project 'Async')
cd /Users/admin/builder/spi-builder-workspace/.swiftpm/xcode
builtin-SwiftPerFileCompile FileCache.swift
SwiftCompile normal arm64 /Users/admin/builder/spi-builder-workspace/.dependencies/checkouts/async/Sources/Async/File/FileReader.swift (in target 'Async' from project 'Async')
cd /Users/admin/builder/spi-builder-workspace/.swiftpm/xcode
builtin-SwiftPerFileCompile FileReader.swift
SwiftCompile normal arm64 /Users/admin/builder/spi-builder-workspace/.dependencies/checkouts/async/Sources/Async/Futures/Future+BlockingAwait.swift (in target 'Async' from project 'Async')
cd /Users/admin/builder/spi-builder-workspace/.swiftpm/xcode
builtin-SwiftPerFileCompile Future+BlockingAwait.swift
SwiftEmitModule normal arm64 Emitting\ module\ for\ Async (in target 'Async' from project 'Async')
/Users/admin/builder/spi-builder-workspace/.dependencies/checkouts/async/Sources/Async/Futures/Future.swift:16:24: error: reference to generic type 'Result' requires arguments in <...>
14 |
15 | enum Storage {
16 | case completed(Result)
| `- error: reference to generic type 'Result' requires arguments in <...>
17 | case promise(Promise<T>)
18 | }
Swift.Result:1:21: note: generic enum 'Result' declared here
1 | @frozen public enum Result<Success, Failure> where Failure : Error, Success : ~Copyable, Success : ~Escapable {
| `- note: generic enum 'Result' declared here
2 | case success(Success)
3 | case failure(Failure)
Failed frontend command:
/Applications/Xcode-27.0.0-Release.Candidate.app/Contents/Developer/Toolchains/XcodeDefault.xctoolchain/usr/bin/swift-frontend -frontend -emit-module -experimental-skip-non-inlinable-function-bodies-without-types /Users/admin/builder/spi-builder-workspace/.dependencies/checkouts/async/Sources/Async/Deprecated.swift /Users/admin/builder/spi-builder-workspace/.dependencies/checkouts/async/Sources/Async/EventLoop/Epoll/EpollEventLoop.swift /Users/admin/builder/spi-builder-workspace/.dependencies/checkouts/async/Sources/Async/EventLoop/Epoll/EpollEventSource.swift /Users/admin/builder/spi-builder-workspace/.dependencies/checkouts/async/Sources/Async/EventLoop/EventLoop.swift /Users/admin/builder/spi-builder-workspace/.dependencies/checkouts/async/Sources/Async/EventLoop/EventLoopTimeout.swift /Users/admin/builder/spi-builder-workspace/.dependencies/checkouts/async/Sources/Async/EventLoop/EventSource.swift /Users/admin/builder/spi-builder-workspace/.dependencies/checkouts/async/Sources/Async/EventLoop/Future+EventLoop.swift /Users/admin/builder/spi-builder-workspace/.dependencies/checkouts/async/Sources/Async/EventLoop/Kqueue/KqueueEventLoop.swift /Users/admin/builder/spi-builder-workspace/.dependencies/checkouts/async/Sources/Async/EventLoop/Kqueue/KqueueEventSource.swift /Users/admin/builder/spi-builder-workspace/.dependencies/checkouts/async/Sources/Async/EventLoop/Worker.swift /Users/admin/builder/spi-builder-workspace/.dependencies/checkouts/async/Sources/Async/File/DirectoryConfig.swift /Users/admin/builder/spi-builder-workspace/.dependencies/checkouts/async/Sources/Async/File/File.swift /Users/admin/builder/spi-builder-workspace/.dependencies/checkouts/async/Sources/Async/File/FileCache.swift /Users/admin/builder/spi-builder-workspace/.dependencies/checkouts/async/Sources/Async/File/FileReader.swift /Users/admin/builder/spi-builder-workspace/.dependencies/checkouts/async/Sources/Async/Futures/Future+BlockingAwait.swift /Users/admin/builder/spi-builder-workspace/.dependencies/checkouts/async/Sources/Async/Futures/Future+DoCatch.swift /Users/admin/builder/spi-builder-workspace/.dependencies/checkouts/async/Sources/Async/Futures/Future+Flatten.swift /Users/admin/builder/spi-builder-workspace/.dependencies/checkouts/async/Sources/Async/Futures/Future+Global.swift /Users/admin/builder/spi-builder-workspace/.dependencies/checkouts/async/Sources/Async/Futures/Future+Map.swift /Users/admin/builder/spi-builder-workspace/.dependencies/checkouts/async/Sources/Async/Futures/Future+Stream.swift /Users/admin/builder/spi-builder-workspace/.dependencies/checkouts/async/Sources/Async/Futures/Future+Transform.swift /Users/admin/builder/spi-builder-workspace/.dependencies/checkouts/async/Sources/Async/Futures/Future+Unwrap.swift /Users/admin/builder/spi-builder-workspace/.dependencies/checkouts/async/Sources/Async/Futures/Future.swift /Users/admin/builder/spi-builder-workspace/.dependencies/checkouts/async/Sources/Async/Futures/FutureResult.swift /Users/admin/builder/spi-builder-workspace/.dependencies/checkouts/async/Sources/Async/Futures/FutureType.swift /Users/admin/builder/spi-builder-workspace/.dependencies/checkouts/async/Sources/Async/Futures/Promise.swift /Users/admin/builder/spi-builder-workspace/.dependencies/checkouts/async/Sources/Async/Futures/PromiseError.swift /Users/admin/builder/spi-builder-workspace/.dependencies/checkouts/async/Sources/Async/Futures/Signal.swift /Users/admin/builder/spi-builder-workspace/.dependencies/checkouts/async/Sources/Async/Socket/Socket.swift /Users/admin/builder/spi-builder-workspace/.dependencies/checkouts/async/Sources/Async/Socket/SocketSink.swift /Users/admin/builder/spi-builder-workspace/.dependencies/checkouts/async/Sources/Async/Socket/SocketSource.swift /Users/admin/builder/spi-builder-workspace/.dependencies/checkouts/async/Sources/Async/Socket/SocketStream.swift /Users/admin/builder/spi-builder-workspace/.dependencies/checkouts/async/Sources/Async/Streams/ByteParserStream.swift /Users/admin/builder/spi-builder-workspace/.dependencies/checkouts/async/Sources/Async/Streams/ByteSerializerStream.swift /Users/admin/builder/spi-builder-workspace/.dependencies/checkouts/async/Sources/Async/Streams/ConnectingStream.swift /Users/admin/builder/spi-builder-workspace/.dependencies/checkouts/async/Sources/Async/Streams/DeltaStream.swift /Users/admin/builder/spi-builder-workspace/.dependencies/checkouts/async/Sources/Async/Streams/DrainStream.swift /Users/admin/builder/spi-builder-workspace/.dependencies/checkouts/async/Sources/Async/Streams/InputStream.swift /Users/admin/builder/spi-builder-workspace/.dependencies/checkouts/async/Sources/Async/Streams/MapStream.swift /Users/admin/builder/spi-builder-workspace/.dependencies/checkouts/async/Sources/Async/Streams/OutputStream.swift /Users/admin/builder/spi-builder-workspace/.dependencies/checkouts/async/Sources/Async/Streams/PushStream.swift /Users/admin/builder/spi-builder-workspace/.dependencies/checkouts/async/Sources/Async/Streams/QueueStream.swift /Users/admin/builder/spi-builder-workspace/.dependencies/checkouts/async/Sources/Async/Streams/Stream.swift /Users/admin/builder/spi-builder-workspace/.dependencies/checkouts/async/Sources/Async/Streams/TranscribingStream.swift /Users/admin/builder/spi-builder-workspace/.dependencies/checkouts/async/Sources/Async/Streams/TranslatingStream.swift -target arm64-apple-xros1.0 -Xllvm -aarch64-use-tbi -enable-objc-interop -stack-check -sdk /Applications/Xcode-27.0.0-Release.Candidate.app/Contents/Developer/Platforms/XROS.platform/Developer/SDKs/XROS27.0.sdk -I /Users/admin/builder/spi-builder-workspace/.derivedData/Build/Products/Debug-xros -Isystem /Applications/Xcode-27.0.0-Release.Candidate.app/Contents/Developer/Platforms/XROS.platform/Developer/usr/lib -F /Users/admin/builder/spi-builder-workspace/.derivedData/Build/Products/Debug-xros -F /Applications/Xcode-27.0.0-Release.Candidate.app/Contents/Developer/Platforms/XROS.platform/Developer/Library/Frameworks -F /Applications/Xcode-27.0.0-Release.Candidate.app/Contents/Developer/Platforms/XROS.platform/Developer/SDKs/XROS27.0.sdk/Developer/Library/Frameworks -module-cache-path /Users/admin/builder/spi-builder-workspace/.derivedData/ModuleCache.noindex -no-color-diagnostics -Xcc -fno-color-diagnostics -enable-testing -g -debug-info-format\=dwarf -dwarf-version\=4 -suppress-warnings -profile-generate -profile-coverage-mapping -swift-version 4 -Onone -D SWIFT_PACKAGE -D DEBUG -D SWIFT_MODULE_RESOURCE_BUNDLE_UNAVAILABLE -D Xcode -serialize-debugging-options -enable-experimental-feature DebugDescriptionMacro -empty-abi-descriptor -plugin-path /Applications/Xcode-27.0.0-Release.Candidate.app/Contents/Developer/Toolchains/XcodeDefault.xctoolchain/usr/lib/swift/host/plugins/testing -validate-clang-modules-once -clang-build-session-file /Users/admin/builder/spi-builder-workspace/.derivedData/ModuleCache.noindex/Session.modulevalidation -Xcc -working-directory -Xcc /Users/admin/builder/spi-builder-workspace/.swiftpm/xcode -enable-anonymous-context-mangled-names -file-compilation-dir /Users/admin/builder/spi-builder-workspace/.swiftpm/xcode -Xcc -D_LIBCPP_HARDENING_MODE\=_LIBCPP_HARDENING_MODE_DEBUG -Xcc -ivfsstatcache -Xcc /Users/admin/builder/spi-builder-workspace/.derivedData/SDKStatCaches.noindex/xros27.0-24M361-e829b21a6f8c9b70876ba0858053c044735bd543db762f57723cac368afd1ce4.sdkstatcache -Xcc -fmodules-prune-interval\=86400 -Xcc -fmodules-prune-after\=345600 -Xcc -I/Users/admin/builder/spi-builder-workspace/.derivedData/Build/Products/Debug-xros/include -Xcc -I/Users/admin/builder/spi-builder-workspace/.derivedData/Build/Intermediates.noindex/Async.build/Debug-xros/Async-t.build/DerivedSources-normal/arm64 -Xcc -I/Users/admin/builder/spi-builder-workspace/.derivedData/Build/Intermediates.noindex/Async.build/Debug-xros/Async-t.build/DerivedSources/arm64 -Xcc -I/Users/admin/builder/spi-builder-workspace/.derivedData/Build/Intermediates.noindex/Async.build/Debug-xros/Async-t.build/DerivedSources -Xcc -DSWIFT_PACKAGE -Xcc -DDEBUG\=1 -no-auto-bridging-header-chaining -module-name Async -const-gather-protocols-file /Users/admin/builder/spi-builder-workspace/.derivedData/Build/Intermediates.noindex/Async.build/Debug-xros/Async-t.build/Objects-normal/arm64/Async_const_extract_protocols.json -disable-clang-spi -target-sdk-version 27.0 -target-sdk-name xros27.0 -external-plugin-path /Applications/Xcode-27.0.0-Release.Candidate.app/Contents/Developer/Platforms/XROS.platform/Developer/usr/lib/swift/host/plugins\#/Applications/Xcode-27.0.0-Release.Candidate.app/Contents/Developer/Platforms/XROS.platform/Developer/usr/bin/swift-plugin-server -external-plugin-path /Applications/Xcode-27.0.0-Release.Candidate.app/Contents/Developer/Platforms/XROS.platform/Developer/usr/local/lib/swift/host/plugins\#/Applications/Xcode-27.0.0-Release.Candidate.app/Contents/Developer/Platforms/XROS.platform/Developer/usr/bin/swift-plugin-server -in-process-plugin-server-path /Applications/Xcode-27.0.0-Release.Candidate.app/Contents/Developer/Toolchains/XcodeDefault.xctoolchain/usr/lib/swift/host/libSwiftInProcPluginServer.dylib -plugin-path /Applications/Xcode-27.0.0-Release.Candidate.app/Contents/Developer/Toolchains/XcodeDefault.xctoolchain/usr/lib/swift/host/plugins -plugin-path /Applications/Xcode-27.0.0-Release.Candidate.app/Contents/Developer/Toolchains/XcodeDefault.xctoolchain/usr/local/lib/swift/host/plugins -emit-module-doc-path /Users/admin/builder/spi-builder-workspace/.derivedData/Build/Intermediates.noindex/Async.build/Debug-xros/Async-t.build/Objects-normal/arm64/Async.swiftdoc -emit-module-source-info-path /Users/admin/builder/spi-builder-workspace/.derivedData/Build/Intermediates.noindex/Async.build/Debug-xros/Async-t.build/Objects-normal/arm64/Async.swiftsourceinfo -emit-objc-header-path /Users/admin/builder/spi-builder-workspace/.derivedData/Build/Intermediates.noindex/Async.build/Debug-xros/Async-t.build/Objects-normal/arm64/Async-Swift.h -serialize-diagnostics-path /Users/admin/builder/spi-builder-workspace/.derivedData/Build/Intermediates.noindex/Async.build/Debug-xros/Async-t.build/Objects-normal/arm64/Async-primary-emit-module.dia -emit-dependencies-path /Users/admin/builder/spi-builder-workspace/.derivedData/Build/Intermediates.noindex/Async.build/Debug-xros/Async-t.build/Objects-normal/arm64/Async-primary-emit-module.d -parse-as-library -o /Users/admin/builder/spi-builder-workspace/.derivedData/Build/Intermediates.noindex/Async.build/Debug-xros/Async-t.build/Objects-normal/arm64/Async.swiftmodule -emit-abi-descriptor-path /Users/admin/builder/spi-builder-workspace/.derivedData/Build/Intermediates.noindex/Async.build/Debug-xros/Async-t.build/Objects-normal/arm64/Async.abi.json
SwiftCompile normal arm64 (in target 'Async' from project 'Async')
cd /Users/admin/builder/spi-builder-workspace/.swiftpm/xcode
SwiftCompile normal arm64 Compiling\ InputStream.swift,\ MapStream.swift,\ OutputStream.swift,\ PushStream.swift /Users/admin/builder/spi-builder-workspace/.dependencies/checkouts/async/Sources/Async/Streams/InputStream.swift /Users/admin/builder/spi-builder-workspace/.dependencies/checkouts/async/Sources/Async/Streams/MapStream.swift /Users/admin/builder/spi-builder-workspace/.dependencies/checkouts/async/Sources/Async/Streams/OutputStream.swift /Users/admin/builder/spi-builder-workspace/.dependencies/checkouts/async/Sources/Async/Streams/PushStream.swift (in target 'Async' from project 'Async')
SwiftCompile normal arm64 /Users/admin/builder/spi-builder-workspace/.dependencies/checkouts/async/Sources/Async/Streams/InputStream.swift (in target 'Async' from project 'Async')
cd /Users/admin/builder/spi-builder-workspace/.swiftpm/xcode
builtin-SwiftPerFileCompile InputStream.swift
SwiftCompile normal arm64 /Users/admin/builder/spi-builder-workspace/.dependencies/checkouts/async/Sources/Async/Streams/MapStream.swift (in target 'Async' from project 'Async')
cd /Users/admin/builder/spi-builder-workspace/.swiftpm/xcode
builtin-SwiftPerFileCompile MapStream.swift
SwiftCompile normal arm64 /Users/admin/builder/spi-builder-workspace/.dependencies/checkouts/async/Sources/Async/Streams/OutputStream.swift (in target 'Async' from project 'Async')
cd /Users/admin/builder/spi-builder-workspace/.swiftpm/xcode
builtin-SwiftPerFileCompile OutputStream.swift
SwiftCompile normal arm64 /Users/admin/builder/spi-builder-workspace/.dependencies/checkouts/async/Sources/Async/Streams/PushStream.swift (in target 'Async' from project 'Async')
cd /Users/admin/builder/spi-builder-workspace/.swiftpm/xcode
builtin-SwiftPerFileCompile PushStream.swift
SwiftCompile normal arm64 Compiling\ Promise.swift,\ PromiseError.swift,\ Signal.swift,\ Socket.swift /Users/admin/builder/spi-builder-workspace/.dependencies/checkouts/async/Sources/Async/Futures/Promise.swift /Users/admin/builder/spi-builder-workspace/.dependencies/checkouts/async/Sources/Async/Futures/PromiseError.swift /Users/admin/builder/spi-builder-workspace/.dependencies/checkouts/async/Sources/Async/Futures/Signal.swift /Users/admin/builder/spi-builder-workspace/.dependencies/checkouts/async/Sources/Async/Socket/Socket.swift (in target 'Async' from project 'Async')
SwiftCompile normal arm64 /Users/admin/builder/spi-builder-workspace/.dependencies/checkouts/async/Sources/Async/Futures/Promise.swift (in target 'Async' from project 'Async')
cd /Users/admin/builder/spi-builder-workspace/.swiftpm/xcode
builtin-SwiftPerFileCompile Promise.swift
SwiftCompile normal arm64 /Users/admin/builder/spi-builder-workspace/.dependencies/checkouts/async/Sources/Async/Futures/PromiseError.swift (in target 'Async' from project 'Async')
cd /Users/admin/builder/spi-builder-workspace/.swiftpm/xcode
builtin-SwiftPerFileCompile PromiseError.swift
SwiftCompile normal arm64 /Users/admin/builder/spi-builder-workspace/.dependencies/checkouts/async/Sources/Async/Futures/Signal.swift (in target 'Async' from project 'Async')
cd /Users/admin/builder/spi-builder-workspace/.swiftpm/xcode
builtin-SwiftPerFileCompile Signal.swift
SwiftCompile normal arm64 /Users/admin/builder/spi-builder-workspace/.dependencies/checkouts/async/Sources/Async/Socket/Socket.swift (in target 'Async' from project 'Async')
cd /Users/admin/builder/spi-builder-workspace/.swiftpm/xcode
builtin-SwiftPerFileCompile Socket.swift
SwiftCompile normal arm64 Compiling\ Future+Transform.swift,\ Future+Unwrap.swift,\ Future.swift,\ FutureResult.swift,\ FutureType.swift /Users/admin/builder/spi-builder-workspace/.dependencies/checkouts/async/Sources/Async/Futures/Future+Transform.swift /Users/admin/builder/spi-builder-workspace/.dependencies/checkouts/async/Sources/Async/Futures/Future+Unwrap.swift /Users/admin/builder/spi-builder-workspace/.dependencies/checkouts/async/Sources/Async/Futures/Future.swift /Users/admin/builder/spi-builder-workspace/.dependencies/checkouts/async/Sources/Async/Futures/FutureResult.swift /Users/admin/builder/spi-builder-workspace/.dependencies/checkouts/async/Sources/Async/Futures/FutureType.swift (in target 'Async' from project 'Async')
/Users/admin/builder/spi-builder-workspace/.dependencies/checkouts/async/Sources/Async/Futures/Future.swift:16:24: error: reference to generic type 'Result' requires arguments in <...>
14 |
15 | enum Storage {
16 | case completed(Result)
| `- error: reference to generic type 'Result' requires arguments in <...>
17 | case promise(Promise<T>)
18 | }
Swift.Result:1:21: note: generic enum 'Result' declared here
1 | @frozen public enum Result<Success, Failure> where Failure : Error, Success : ~Copyable, Success : ~Escapable {
| `- note: generic enum 'Result' declared here
2 | case success(Success)
3 | case failure(Failure)
/Users/admin/builder/spi-builder-workspace/.dependencies/checkouts/async/Sources/Async/Futures/Future.swift:53:21: error: reference to generic type 'Result' requires arguments in <...>
51 | /// on the `EventLoop`.
52 | public func await(on worker: Worker) throws -> Expectation {
53 | let result: Result
| `- error: reference to generic type 'Result' requires arguments in <...>
54 |
55 | switch storage {
Swift.Result:1:21: note: generic enum 'Result' declared here
1 | @frozen public enum Result<Success, Failure> where Failure : Error, Success : ~Copyable, Success : ~Escapable {
| `- note: generic enum 'Result' declared here
2 | case success(Success)
3 | case failure(Failure)
SwiftCompile normal arm64 /Users/admin/builder/spi-builder-workspace/.dependencies/checkouts/async/Sources/Async/Futures/Future+Transform.swift (in target 'Async' from project 'Async')
cd /Users/admin/builder/spi-builder-workspace/.swiftpm/xcode
builtin-SwiftPerFileCompile Future+Transform.swift
SwiftCompile normal arm64 /Users/admin/builder/spi-builder-workspace/.dependencies/checkouts/async/Sources/Async/Futures/Future+Unwrap.swift (in target 'Async' from project 'Async')
cd /Users/admin/builder/spi-builder-workspace/.swiftpm/xcode
builtin-SwiftPerFileCompile Future+Unwrap.swift
SwiftCompile normal arm64 /Users/admin/builder/spi-builder-workspace/.dependencies/checkouts/async/Sources/Async/Futures/Future.swift (in target 'Async' from project 'Async')
cd /Users/admin/builder/spi-builder-workspace/.swiftpm/xcode
builtin-SwiftPerFileCompile Future.swift
SwiftCompile normal arm64 /Users/admin/builder/spi-builder-workspace/.dependencies/checkouts/async/Sources/Async/Futures/FutureResult.swift (in target 'Async' from project 'Async')
cd /Users/admin/builder/spi-builder-workspace/.swiftpm/xcode
builtin-SwiftPerFileCompile FutureResult.swift
SwiftCompile normal arm64 /Users/admin/builder/spi-builder-workspace/.dependencies/checkouts/async/Sources/Async/Futures/FutureType.swift (in target 'Async' from project 'Async')
cd /Users/admin/builder/spi-builder-workspace/.swiftpm/xcode
builtin-SwiftPerFileCompile FutureType.swift
SwiftCompile normal arm64 Compiling\ QueueStream.swift,\ Stream.swift,\ TranscribingStream.swift,\ TranslatingStream.swift /Users/admin/builder/spi-builder-workspace/.dependencies/checkouts/async/Sources/Async/Streams/QueueStream.swift /Users/admin/builder/spi-builder-workspace/.dependencies/checkouts/async/Sources/Async/Streams/Stream.swift /Users/admin/builder/spi-builder-workspace/.dependencies/checkouts/async/Sources/Async/Streams/TranscribingStream.swift /Users/admin/builder/spi-builder-workspace/.dependencies/checkouts/async/Sources/Async/Streams/TranslatingStream.swift (in target 'Async' from project 'Async')
SwiftCompile normal arm64 /Users/admin/builder/spi-builder-workspace/.dependencies/checkouts/async/Sources/Async/Streams/QueueStream.swift (in target 'Async' from project 'Async')
cd /Users/admin/builder/spi-builder-workspace/.swiftpm/xcode
builtin-SwiftPerFileCompile QueueStream.swift
SwiftCompile normal arm64 /Users/admin/builder/spi-builder-workspace/.dependencies/checkouts/async/Sources/Async/Streams/Stream.swift (in target 'Async' from project 'Async')
cd /Users/admin/builder/spi-builder-workspace/.swiftpm/xcode
builtin-SwiftPerFileCompile Stream.swift
SwiftCompile normal arm64 /Users/admin/builder/spi-builder-workspace/.dependencies/checkouts/async/Sources/Async/Streams/TranscribingStream.swift (in target 'Async' from project 'Async')
cd /Users/admin/builder/spi-builder-workspace/.swiftpm/xcode
builtin-SwiftPerFileCompile TranscribingStream.swift
SwiftCompile normal arm64 /Users/admin/builder/spi-builder-workspace/.dependencies/checkouts/async/Sources/Async/Streams/TranslatingStream.swift (in target 'Async' from project 'Async')
cd /Users/admin/builder/spi-builder-workspace/.swiftpm/xcode
builtin-SwiftPerFileCompile TranslatingStream.swift
PruneExplicitPrecompiledModules /Users/admin/builder/spi-builder-workspace/.derivedData/Build/Intermediates.noindex/SwiftExplicitPrecompiledModules
PruneExplicitPrecompiledModules /Users/admin/builder/spi-builder-workspace/.derivedData/SDKExplicitPrecompiledModules
PruneExplicitPrecompiledModules /Users/admin/builder/spi-builder-workspace/.derivedData/Build/Intermediates.noindex/ExplicitPrecompiledModules
2026-09-16 08:24:40.793 xcodebuild[733:4663] [MT] IDERunDestination: Supported platforms for the buildables in the current scheme is empty.
** BUILD FAILED **
The following build commands failed:
SwiftEmitModule normal arm64 Emitting\ module\ for\ Async (in target 'Async' from project 'Async')
SwiftCompile normal arm64 (in target 'Async' from project 'Async')
Building workspace Terse with scheme Terse
(3 failures)
BUILD FAILURE 6.4 visionOS