The Swift Package Index logo.Swift Package Index

Build Information

Failed to build grpc-swift-protobuf, reference main (83f5cd), with Swift 6.2 for Wasm on 14 Oct 2026 21:57:12 UTC.

Build Command

bash -c docker run --pull=always --rm -v "checkouts-54344847-2":/host -w "$PWD" -e JAVA_HOME="/root/.sdkman/candidates/java/current" -e SPI_BUILD="1" -e SPI_PROCESSING="1" registry.gitlab.com/saguaro1/spi-images:wasm-6.2-latest swift build --swift-sdk swift-6.2-RELEASE_wasm 2>&1

Build Log

========================================
RunAll
========================================
Builder version: 5.1.3
Interrupt handler set up.
========================================
Checkout
========================================
Clone URL: https://github.com/grpc/grpc-swift-protobuf.git
Reference: main
Initialized empty Git repository in /host/spi-builder-workspace/.git/
hint: Using 'master' as the name for the initial branch. This default branch name
hint: is subject to change. To configure the initial branch name to use in all
hint: of your new repositories, which will suppress this warning, call:
hint:
hint: 	git config --global init.defaultBranch <name>
hint:
hint: Names commonly chosen instead of 'master' are 'main', 'trunk' and
hint: 'development'. The just-created branch can be renamed via this command:
hint:
hint: 	git branch -m <name>
From https://github.com/grpc/grpc-swift-protobuf
 * branch            main       -> FETCH_HEAD
 * [new branch]      main       -> origin/main
HEAD is now at 83f5cdb Upgrade grpc-swift-2 (#108)
Cloned https://github.com/grpc/grpc-swift-protobuf.git
Revision (git rev-parse @):
83f5cdb2f8b4c7b57ed9419c6f4f6380b683500e
SPI manifest file found: $PWD/.spi.yml
SUCCESS checkout https://github.com/grpc/grpc-swift-protobuf.git at main
========================================
Build
========================================
Selected platform:         wasm
Swift version:             6.2
Building package at path:  $PWD
https://github.com/grpc/grpc-swift-protobuf.git
Running build ...
bash -c docker run --pull=always --rm -v "checkouts-54344847-2":/host -w "$PWD" -e JAVA_HOME="/root/.sdkman/candidates/java/current" -e SPI_BUILD="1" -e SPI_PROCESSING="1" registry.gitlab.com/saguaro1/spi-images:wasm-6.2-latest swift build --swift-sdk swift-6.2-RELEASE_wasm 2>&1
wasm-6.2-latest: Pulling from saguaro1/spi-images
Digest: sha256:0563b842faffea9ddc6fe15fbd2051d02dff3ef29dc4b5bfe0a0910a084eee81
Status: Image is up to date for registry.gitlab.com/saguaro1/spi-images:wasm-6.2-latest
Fetching https://github.com/grpc/grpc-swift-2.git
Fetching https://github.com/apple/swift-protobuf.git
[1/31249] Fetching grpc-swift-2
[31250/86376] Fetching grpc-swift-2, swift-protobuf
Fetched https://github.com/grpc/grpc-swift-2.git from cache (1.66s)
[11026/55127] Fetching swift-protobuf
Fetched https://github.com/apple/swift-protobuf.git from cache (7.67s)
Computing version for https://github.com/apple/swift-protobuf.git
Computed https://github.com/apple/swift-protobuf.git at 1.39.0 (8.04s)
Computing version for https://github.com/grpc/grpc-swift-2.git
Computed https://github.com/grpc/grpc-swift-2.git at 2.4.4 (0.28s)
Fetching https://github.com/apple/swift-collections.git
[1/28792] Fetching swift-collections
Fetched https://github.com/apple/swift-collections.git from cache (3.32s)
Computing version for https://github.com/apple/swift-collections.git
Computed https://github.com/apple/swift-collections.git at 1.7.3 (3.75s)
Creating working copy for https://github.com/apple/swift-protobuf.git
Working copy of https://github.com/apple/swift-protobuf.git resolved at 1.39.0
Creating working copy for https://github.com/grpc/grpc-swift-2.git
Working copy of https://github.com/grpc/grpc-swift-2.git resolved at 2.4.4
Creating working copy for https://github.com/apple/swift-collections.git
Working copy of https://github.com/apple/swift-collections.git resolved at 1.7.3
[1/1] Compiling plugin generate-grpc-code-from-protos
[2/2] Compiling plugin GRPCProtobufGenerator
[3/3] Compiling plugin SwiftProtobufPlugin
Building for debugging...
[3/633] Write sources
[9/633] Compiling CGRPCProtobuf CGRPCProtobuf.c
[10/633] Write swift-version-24593BA9C3E375BF.txt
[12/633] Compiling descriptor.upb.c
[13/717] Compiling names_internal.cc
[14/717] Compiling names.cc
[15/728] Compiling reader.c
[16/734] Compiling encoder.c
[17/734] Compiling decoder.c
[18/734] Compiling back_alloc.c
[19/734] Compiling eps_copy_input_stream.c
[20/734] Compiling encode.c
[21/734] Compiling select.c
[22/734] Compiling names.cc
[23/734] Compiling function_array.c
[24/734] Compiling field_unknown.c
[25/734] Compiling common.cc
[26/734] Compiling field_mismatch.c
[27/734] Compiling field_string.c
[28/734] Compiling field_generic.c
[29/734] Compiling field_message.c
[30/734] Compiling field_extension.c
[31/734] Compiling field_fixed.c
[32/734] Compiling dispatch.c
[33/734] Compiling cardinality.c
[34/734] Compiling byte_size.c
[35/734] Compiling field_varint.c
[36/734] Compiling decode.c
[37/734] Compiling encode.c
[38/734] Compiling debug_string.c
[39/734] Compiling encode.c
[40/734] Compiling json_enumvalue_options.upb.c
[41/734] Compiling service_def.c
[42/734] Compiling file_layout.cc
[43/734] Compiling oneof_def.c
[44/734] Compiling method_def.c
[45/734] Compiling strdup2.c
[46/734] Compiling message_reserved_range.c
[47/734] Compiling message_def.c
[48/734] Compiling message.c
[49/734] Compiling def_builder.c
[50/734] Compiling file_def.c
[51/734] Compiling extension_range.c
[52/734] Compiling field_def.c
[53/734] Compiling desc_state.c
[54/734] Compiling enum_value_def.c
[55/734] Compiling def_type.c
[56/734] Compiling port.c
[57/734] Compiling enum_reserved_range.c
[58/734] Compiling message.c
[60/734] Compiling enum_def.c
[61/734] Compiling generated_registry.c
[62/734] Compiling def_pool.c
[63/734] Compiling extension_registry.c
[64/734] Compiling encode.c
[65/734] Compiling link.c
[66/734] Compiling debug_string.c
[67/734] Compiling base92.c
[68/734] Compiling compat.c
[69/734] Compiling build_enum.c
[70/734] Compiling decode.c
[71/734] Compiling unknown_fields.c
[73/734] Compiling GRPCCodeGen ServerCodeTranslator.swift
[74/734] Compiling GRPCCodeGen TypeName.swift
[75/736] Compiling GRPCCodeGen IDLToStructuredSwiftTranslator.swift
[76/736] Compiling GRPCCodeGen MetadataTranslator.swift
[77/736] Compiling GRPCCodeGen Namer.swift
[78/736] Compiling GRPCCodeGen RendererProtocol.swift
[79/736] Compiling GRPCCodeGen TextBasedRenderer.swift
[79/736] Compiling promote.c
[80/736] Compiling merge.c
[81/736] Compiling message.c
[82/736] Compiling map_sorter.c
[84/736] Emitting module GRPCCodeGen
[85/736] Compiling GRPCCodeGen CodeGenError.swift
[86/736] Compiling GRPCCodeGen CodeGenerationRequest.swift
[87/736] Compiling GRPCCodeGen CodeGenerator.swift
[88/736] Compiling GRPCCodeGen ClientCodeTranslator.swift
[89/736] Compiling GRPCCodeGen Docs.swift
[89/736] Compiling map.c
[90/736] Compiling extension.c
[91/736] Compiling message.c
[92/736] Compiling iterator.c
[94/736] Compiling GRPCCodeGen TypeUsage.swift
[95/736] Compiling GRPCCodeGen SourceFile.swift
[95/736] Compiling compare_unknown.c
[96/736] Compiling compare.c
[97/736] Compiling array.c
[98/736] Compiling alloc.c
[99/736] Compiling copy.c
[100/736] Compiling json_enumvalue_options.pb.cc
[101/736] Compiling round_trip.c
[102/736] Compiling arena.c
[103/736] Compiling utf8_range.c
[104/736] Compiling status.c
[105/736] Compiling accessors.c
[106/736] Compiling common.c
[107/736] Compiling plugin.cc
[109/736] Compiling SwiftProtobuf TextFormatEncodingOptions.swift
[110/736] Compiling SwiftProtobuf TextFormatEncodingVisitor.swift
[111/736] Compiling SwiftProtobuf TextFormatScanner.swift
[112/736] Compiling SwiftProtobuf TimeUtils.swift
[113/736] Compiling SwiftProtobuf UnknownStorage.swift
[114/736] Compiling SwiftProtobuf UnsafeRawPointer+Shims.swift
[115/736] Compiling SwiftProtobuf Varint.swift
[116/736] Compiling SwiftProtobuf Version.swift
[117/736] Compiling SwiftProtobuf Visitor.swift
[118/736] Compiling SwiftProtobuf WireFormat.swift
[119/736] Compiling SwiftProtobuf ZigZag.swift
[120/736] Compiling SwiftProtobuf JSONDecoder.swift
[121/736] Compiling SwiftProtobuf JSONDecodingError.swift
[122/736] Compiling SwiftProtobuf JSONDecodingOptions.swift
[123/736] Compiling SwiftProtobuf JSONEncoder.swift
[124/736] Compiling SwiftProtobuf JSONEncodingError.swift
[125/736] Compiling SwiftProtobuf JSONEncodingOptions.swift
[126/736] Compiling SwiftProtobuf JSONEncodingVisitor.swift
[127/736] Compiling SwiftProtobuf JSONMapEncodingVisitor.swift
[128/736] Compiling SwiftProtobuf JSONScanner.swift
[129/736] Compiling SwiftProtobuf MathUtils.swift
[130/736] Compiling SwiftProtobuf Message+AnyAdditions.swift
[131/736] Compiling SwiftProtobuf Message+BinaryAdditions.swift
[132/747] Compiling SwiftProtobuf Message+BinaryAdditions_Data.swift
[133/747] Compiling SwiftProtobuf Message+FieldMask.swift
[134/747] Compiling SwiftProtobuf Message+JSONAdditions.swift
[135/747] Compiling SwiftProtobuf Message+JSONAdditions_Data.swift
[136/747] Compiling SwiftProtobuf Message+JSONArrayAdditions.swift
[137/747] Compiling SwiftProtobuf Message+JSONArrayAdditions_Data.swift
[138/747] Compiling SwiftProtobuf Message+TextFormatAdditions.swift
[139/747] Compiling SwiftProtobuf Message.swift
[140/747] Compiling SwiftProtobuf MessageExtension.swift
[141/747] Compiling SwiftProtobuf NameMap.swift
[142/747] Compiling SwiftProtobuf PathDecoder.swift
[143/747] Compiling SwiftProtobuf PathVisitor.swift
[144/747] Compiling SwiftProtobuf ProtoNameProviding.swift
[145/747] Compiling SwiftProtobuf ProtobufAPIVersionCheck.swift
[146/747] Compiling SwiftProtobuf ProtobufMap.swift
[147/747] Compiling SwiftProtobuf SelectiveVisitor.swift
[148/747] Compiling SwiftProtobuf SimpleExtensionMap.swift
[149/747] Compiling SwiftProtobuf StringUtils.swift
[150/747] Compiling SwiftProtobuf SwiftProtobufContiguousBytes.swift
[151/747] Compiling SwiftProtobuf SwiftProtobufError.swift
[152/747] Compiling SwiftProtobuf TextFormatDecoder.swift
[153/747] Compiling SwiftProtobuf TextFormatDecodingError.swift
[154/747] Compiling SwiftProtobuf TextFormatDecodingOptions.swift
[155/747] Compiling SwiftProtobuf TextFormatEncoder.swift
[156/747] Compiling SwiftProtobuf Google_Protobuf_Any+Extensions.swift
[157/747] Compiling SwiftProtobuf Google_Protobuf_Any+Registry.swift
[158/747] Compiling SwiftProtobuf Google_Protobuf_Duration+Extensions.swift
[159/747] Compiling SwiftProtobuf Google_Protobuf_FieldMask+Extensions.swift
[160/747] Compiling SwiftProtobuf Google_Protobuf_ListValue+Extensions.swift
[161/747] Compiling SwiftProtobuf Google_Protobuf_NullValue+Extensions.swift
[162/747] Compiling SwiftProtobuf Google_Protobuf_Struct+Extensions.swift
[163/747] Compiling SwiftProtobuf Google_Protobuf_Timestamp+Extensions.swift
[164/747] Compiling SwiftProtobuf Google_Protobuf_Value+Extensions.swift
[165/747] Compiling SwiftProtobuf Google_Protobuf_Wrappers+Extensions.swift
[166/747] Compiling SwiftProtobuf HashVisitor.swift
[167/747] Compiling SwiftProtobuf Internal.swift
[170/747] Compiling GRPCCodeGen StructuredSwift+ServiceMetadata.swift
[171/747] Compiling GRPCCodeGen StructuredSwiftRepresentation.swift
[174/747] Compiling SwiftProtobuf ExtensibleMessage.swift
[175/747] Compiling SwiftProtobuf ExtensionFieldValueSet.swift
[176/747] Compiling SwiftProtobuf ExtensionFields.swift
[177/747] Compiling SwiftProtobuf ExtensionMap.swift
[178/747] Compiling SwiftProtobuf FieldTag.swift
[179/747] Compiling SwiftProtobuf FieldTypes.swift
[188/747] Compiling GRPCCodeGen StructuredSwift+Client.swift
[189/747] Compiling GRPCCodeGen StructuredSwift+Server.swift
[192/747] Emitting module SwiftProtobuf
[192/747] Compiling wire_format_lite.cc
[198/748] Compiling time_util.cc
[199/748] Compiling wrappers.pb.cc
[200/748] Compiling type_resolver_util.cc
[201/748] Compiling wire_format.cc
[202/748] Compiling delimited_message_util.cc
[203/748] Compiling type_id.cc
[204/748] Compiling field_mask_util.cc
[205/748] Compiling unknown_field_set_lite.cc
[206/748] Compiling field_comparator.cc
[207/748] Compiling unknown_field_set.cc
[208/748] Compiling message_differencer.cc
[210/748] Compiling SwiftProtobuf any.pb.swift
[211/748] Compiling SwiftProtobuf api.pb.swift
[212/748] Compiling SwiftProtobuf descriptor.pb.swift
[213/748] Compiling SwiftProtobuf duration.pb.swift
[214/748] Compiling SwiftProtobuf empty.pb.swift
[215/748] Compiling SwiftProtobuf field_mask.pb.swift
[216/748] Compiling SwiftProtobuf source_context.pb.swift
[217/748] Compiling SwiftProtobuf struct.pb.swift
[218/748] Compiling SwiftProtobuf timestamp.pb.swift
[219/748] Compiling SwiftProtobuf type.pb.swift
[220/748] Compiling SwiftProtobuf wrappers.pb.swift
[221/749] Compiling common.cc
[222/749] Compiling type.pb.cc
[223/749] Compiling timestamp.pb.cc
[224/749] Compiling service.cc
[225/749] Compiling symbol_checker.cc
[226/749] Compiling reflection_mode.cc
[227/749] Compiling raw_ptr.cc
[228/749] Compiling symbol.cc
[229/749] Compiling repeated_field.cc
[230/749] Compiling repeated_ptr_field.cc
[231/749] Compiling struct.pb.cc
[232/749] Compiling source_context.pb.cc
[233/749] Compiling port.cc
[234/749] Compiling naming_style.cc
[235/749] Compiling text_format.cc
[236/749] Compiling micro_string.cc
[237/749] Compiling parse_context.cc
[238/749] Compiling reflection_ops.cc
[239/749] Compiling message_lite.cc
[240/749] Compiling zero_copy_buffered_stream.cc
[241/749] Compiling map.cc
[242/749] Compiling writer.cc
[243/749] Compiling json.cc
[244/749] Compiling map_field.cc
[245/749] Compiling zero_copy_stream_impl_lite.cc
[246/749] Compiling message_path.cc
[247/749] Compiling zero_copy_stream_impl.cc
[248/749] Compiling message.cc
[249/749] Compiling untyped_message.cc
[250/749] Compiling lexer.cc
[251/749] Compiling io_win32.cc
[252/749] Compiling gzip_stream.cc
[253/749] Compiling zero_copy_sink.cc
[254/749] Compiling zero_copy_stream.cc
[255/749] Compiling strtod.cc
[256/749] Compiling tokenizer.cc
[257/749] Compiling printer.cc
[258/749] Compiling coded_stream.cc
[259/749] Compiling unparser.cc
[260/749] Compiling implicit_weak_message.cc
[261/749] Compiling inlined_string_field.cc
[262/749] Compiling generated_message_util.cc
[263/749] Compiling parser.cc
[264/749] Compiling internal_feature_helper.cc
[265/749] Compiling generated_message_tctable_lite.cc
[266/749] Compiling generated_enum_util.cc
[267/749] Compiling generated_message_bases.cc
[267/749] Compiling generated_message_tctable_full.cc
[269/749] Compiling generated_message_tctable_gen.cc
[270/749] Compiling field_mask.pb.cc
[271/749] Compiling empty.pb.cc
[272/749] Compiling feature_resolver.cc
[273/749] Compiling duration.pb.cc
[274/749] Compiling extension_set.cc
[275/749] Compiling extension_set_heavy.cc
[276/749] Compiling generated_message_reflection.cc
[277/749] Compiling dynamic_message.cc
[278/749] Compiling zip_writer.cc
[279/749] Compiling cpp_file_options.pb.cc
[280/749] Compiling descriptor_database.cc
[281/749] Compiling subprocess.cc
[282/749] Compiling versions.cc
[283/749] Compiling cpp_features.pb.cc
[284/749] Compiling descriptor.pb.cc
[285/749] Compiling retention.cc
[286/749] Compiling plugin.pb.cc
[287/749] Compiling plugin.cc
[288/749] Compiling arenaz_sampler.cc
[289/749] Compiling importer.cc
[290/749] Compiling arena_align.cc
[291/749] Compiling code_generator_lite.cc
[292/749] Compiling code_generator.cc
[293/749] Compiling parser.cc
[294/749] Compiling arenastring.cc
[295/749] Compiling arena.cc
[296/749] Compiling time.cc
[297/749] Compiling any_lite.cc
[298/749] Compiling zone_info_source.cc
[299/749] Compiling time_zone_posix.cc
[300/749] Compiling time_zone_libc.cc
[301/749] Compiling time_zone_lookup.cc
[302/749] Compiling any.pb.cc
[303/749] Compiling api.pb.cc
[304/749] Compiling any.cc
[305/749] Compiling time_zone_format.cc
[306/749] Compiling command_line_interface.cc
[307/749] Compiling time_zone_impl.cc
[308/749] Compiling time_zone_if.cc
[309/749] Compiling time_zone_fixed.cc
[310/749] Compiling time_zone_info.cc
[311/749] Compiling descriptor.cc
[312/749] Compiling win32_waiter.cc
[313/749] Compiling format.cc
[314/749] Compiling clock.cc
[315/749] Compiling protoc main.cc
[316/749] Compiling notification.cc
[317/749] Compiling waiter_base.cc
[318/749] Compiling duration.cc
[319/749] Compiling civil_time.cc
[320/749] Compiling mutex.cc
[321/749] Compiling sem_waiter.cc
[322/749] Compiling pthread_waiter.cc
[322/749] Compiling stdcpp_waiter.cc
[324/749] Compiling graphcycles.cc
[325/749] Compiling per_thread_sem.cc
[326/749] Compiling futex_waiter.cc
[327/749] Compiling kernel_timeout.cc
[328/749] Compiling string_view.cc
[329/749] Compiling blocking_counter.cc
[330/749] Compiling barrier.cc
[331/749] Compiling create_thread_identity.cc
[332/749] Compiling utf8.cc
[333/749] Compiling str_split.cc
[334/749] Compiling substitute.cc
[335/749] Compiling stringify_sink.cc
[336/749] Compiling str_replace.cc
[337/749] Compiling str_cat.cc
[338/749] Compiling output.cc
[339/749] Compiling match.cc
[340/749] Compiling numbers.cc
[341/749] Compiling extension.cc
[342/749] Compiling ostringstream.cc
[343/749] Compiling memutil.cc
[344/749] Compiling parser.cc
[345/749] Compiling damerau_levenshtein_distance.cc
[346/749] Compiling float_conversion.cc
[347/749] Compiling escaping.cc
[348/749] Compiling bind.cc
[349/749] Compiling arg.cc
[350/749] Compiling cordz_functions.cc
[351/749] Compiling cordz_handle.cc
[352/749] Compiling cord_rep_consume.cc
[353/749] Compiling cord_rep_btree_reader.cc
[354/749] Compiling cord_rep_btree_navigator.cc
[355/749] Compiling cordz_info.cc
[356/749] Compiling cord_rep_crc.cc
[357/749] Compiling charconv_parse.cc
[358/749] Compiling charconv_bigint.cc
[359/749] Compiling cord_rep_btree.cc
[360/749] Compiling cord_internal.cc
[361/749] Compiling ascii.cc
[362/749] Compiling charconv.cc
[363/749] Compiling escaping.cc
[364/749] Compiling cord_analysis.cc
[365/749] Compiling exponential_biased.cc
[366/749] Compiling int128.cc
[367/749] Compiling log_sink.cc
[368/749] Compiling statusor.cc
[369/749] Compiling cord.cc
[370/749] Compiling structured_proto.cc
[371/749] Compiling status_payload_printer.cc
[372/749] Compiling nullguard.cc
[373/749] Compiling conditions.cc
[374/749] Compiling status.cc
[375/749] Compiling proto.cc
[376/749] Compiling status_internal.cc
[377/749] Compiling globals.cc
[378/749] Compiling initialize.cc
[379/749] Compiling log_sink_set.cc
[380/749] Compiling log_format.cc
[381/749] Compiling log_message.cc
[382/749] Compiling check_op.cc
[383/749] Compiling leak_check.cc
[384/749] Compiling city.cc
[385/749] Compiling low_level_hash.cc
[385/749] Compiling die_if_null.cc
[387/749] Compiling utf8_for_code_point.cc
[388/749] Compiling stacktrace.cc
[389/749] Compiling demangle_rust.cc
[390/749] Compiling vdso_support.cc
[391/749] Compiling globals.cc
[392/749] Compiling symbolize.cc
[393/749] Compiling elf_mem_image.cc
[394/749] Compiling demangle.cc
[395/749] Compiling hash.cc
[396/749] Compiling examine_stack.cc
[397/749] Compiling decode_rust_punycode.cc
[398/749] Compiling address_is_readable.cc
[399/749] Compiling crc_x86_arm_combined.cc
[400/749] Compiling cpu_detect.cc
[401/749] Compiling crc.cc
[402/749] Compiling crc_memcpy_x86_arm_combined.cc
[403/749] Compiling crc_memcpy_fallback.cc
[404/749] Compiling unscaledcycleclock.cc
[405/749] Compiling tracing.cc
[406/749] Compiling crc32c.cc
[407/749] Compiling crc_cord_state.cc
[408/749] Compiling crc_non_temporal_memcpy.cc
[409/749] Compiling spinlock_wait.cc
[410/749] Compiling strerror.cc
[411/749] Compiling hashtablez_sampler_force_weak_definition.cc
[412/749] Compiling throw_delegate.cc
[413/749] Compiling thread_identity.cc
[414/749] Write sources
[415/749] Compiling cycleclock.cc
[416/773] Wrapping AST for SwiftProtobuf for debugging
[417/773] Wrapping AST for GRPCCodeGen for debugging
[418/773] Write sources
[419/773] Compiling hashtablez_sampler.cc
[420/773] Compiling sysinfo.cc
[421/773] Compiling raw_logging.cc
[422/773] Compiling spinlock.cc
[423/773] Compiling low_level_alloc.cc
[424/773] Compiling raw_hash_set.cc
In file included from /host/spi-builder-workspace/.build/checkouts/swift-protobuf/Sources/protobuf/protobuf/upb/wire/reader.c:8:
In file included from /host/spi-builder-workspace/.build/checkouts/swift-protobuf/Sources/protobuf/protobuf/upb/wire/reader.h:15:
In file included from /host/spi-builder-workspace/.build/checkouts/swift-protobuf/Sources/protobuf/protobuf/upb/base/internal/endian.h:14:
In file included from /host/spi-builder-workspace/.build/checkouts/swift-protobuf/Sources/protobuf/protobuf/upb/port/def.inc:104:
/root/.swiftpm/swift-sdks/swift-6.2-RELEASE_wasm.artifactbundle/swift-6.2-RELEASE_wasm/wasm32-unknown-wasip1/WASI.sdk/include/wasm32-wasip1/setjmp.h:13:2: error: Setjmp/longjmp support requires Exception handling support, which is [not yet standardized](https://github.com/WebAssembly/proposals?tab=readme-ov-file#phase-3---implementation-phase-cg--wg). To enable it, compile with `-mllvm -wasm-enable-sjlj` and use an engine that implements the Exception handling proposal.
   13 | #error Setjmp/longjmp support requires Exception handling support, which is [not yet standardized](https://github.com/WebAssembly/proposals?tab=readme-ov-file#phase-3---implementation-phase-cg--wg). To enable it, compile with `-mllvm -wasm-enable-sjlj` and use an engine that implements the Exception handling proposal.
      |  ^
1 error generated.
[425/773] Compiling reader.c
[426/773] Emitting module SwiftProtobufPluginLibrary
[426/773] Compiling names_internal.cc
[426/773] Compiling plugin.cc
[426/773] Compiling file_layout.cc
[426/773] Compiling common.cc
[426/773] Compiling names.cc
In file included from /host/spi-builder-workspace/.build/checkouts/swift-protobuf/Sources/protobuf/protobuf/upb_generator/minitable/names.cc:8:
In file included from /host/spi-builder-workspace/.build/checkouts/swift-protobuf/Sources/protobuf/protobuf/upb_generator/minitable/names.h:16:
In file included from /host/spi-builder-workspace/.build/checkouts/swift-protobuf/Sources/protobuf/protobuf/upb/port/def.inc:104:
/root/.swiftpm/swift-sdks/swift-6.2-RELEASE_wasm.artifactbundle/swift-6.2-RELEASE_wasm/wasm32-unknown-wasip1/WASI.sdk/include/wasm32-wasip1/setjmp.h:13:2: error: Setjmp/longjmp support requires Exception handling support, which is [not yet standardized](https://github.com/WebAssembly/proposals?tab=readme-ov-file#phase-3---implementation-phase-cg--wg). To enable it, compile with `-mllvm -wasm-enable-sjlj` and use an engine that implements the Exception handling proposal.
   13 | #error Setjmp/longjmp support requires Exception handling support, which is [not yet standardized](https://github.com/WebAssembly/proposals?tab=readme-ov-file#phase-3---implementation-phase-cg--wg). To enable it, compile with `-mllvm -wasm-enable-sjlj` and use an engine that implements the Exception handling proposal.
      |  ^
BUILD FAILURE 6.2 wasm