The Swift Package Index logo.Swift Package Index

Build Information

Failed to build Demark, reference 1.2.1 (f13b19), with Swift 6.2 for Wasm on 15 Sep 2026 04:08:11 UTC.

Build Command

bash -c docker run --pull=always --rm -v "checkouts-54344844-1":/host -w "$PWD" -e JAVA_HOME="/root/.sdkman/candidates/java/current" -e SPI_BUILD="1" -e SPI_PROCESSING="1" registry.gitlab.com/saguaro1/spi-images:wasm-6.2-latest swift build --swift-sdk swift-6.2-RELEASE_wasm 2>&1

Build Log

========================================
RunAll
========================================
Builder version: 5.0.2
Interrupt handler set up.
========================================
Checkout
========================================
Clone URL: https://github.com/steipete/Demark.git
Reference: 1.2.1
Initialized empty Git repository in /host/spi-builder-workspace/.git/
hint: Using 'master' as the name for the initial branch. This default branch name
hint: is subject to change. To configure the initial branch name to use in all
hint: of your new repositories, which will suppress this warning, call:
hint:
hint: 	git config --global init.defaultBranch <name>
hint:
hint: Names commonly chosen instead of 'master' are 'main', 'trunk' and
hint: 'development'. The just-created branch can be renamed via this command:
hint:
hint: 	git branch -m <name>
From https://github.com/steipete/Demark
 * tag               1.2.1      -> FETCH_HEAD
HEAD is now at f13b192 chore: release 1.2.1
Cloned https://github.com/steipete/Demark.git
Revision (git rev-parse @):
f13b1926c7bf00d59f54bdc379415b67f6167e30
SUCCESS checkout https://github.com/steipete/Demark.git at 1.2.1
========================================
Build
========================================
Selected platform:         wasm
Swift version:             6.2
Building package at path:  $PWD
https://github.com/steipete/Demark.git
Running build ...
bash -c docker run --pull=always --rm -v "checkouts-54344844-1":/host -w "$PWD" -e JAVA_HOME="/root/.sdkman/candidates/java/current" -e SPI_BUILD="1" -e SPI_PROCESSING="1" registry.gitlab.com/saguaro1/spi-images:wasm-6.2-latest swift build --swift-sdk swift-6.2-RELEASE_wasm 2>&1
wasm-6.2-latest: Pulling from saguaro1/spi-images
Digest: sha256:ff44196b45f83e5a0a99a627b185f548850d9bc1242e3dee2178fb1570812fe8
Status: Image is up to date for registry.gitlab.com/saguaro1/spi-images:wasm-6.2-latest
Building for debugging...
[0/4] Write sources
[1/4] Copying turndown.min.js
[2/4] Copying html-to-md.min.js
[3/4] Write swift-version-24593BA9C3E375BF.txt
[5/12] Compiling Demark TurndownRuntime.swift
/host/spi-builder-workspace/Sources/Demark/Demark.swift:9:8: error: no such module 'os.log'
  7 |
  8 | import Foundation
  9 | import os.log
    |        `- error: no such module 'os.log'
 10 |
 11 | /// Main conversion runtime that routes between different engines
[6/12] Compiling Demark resource_bundle_accessor.swift
/host/spi-builder-workspace/Sources/Demark/Demark.swift:9:8: error: no such module 'os.log'
  7 |
  8 | import Foundation
  9 | import os.log
    |        `- error: no such module 'os.log'
 10 |
 11 | /// Main conversion runtime that routes between different engines
[7/12] Compiling Demark URLLoadingRuntime.swift
/host/spi-builder-workspace/Sources/Demark/Demark.swift:9:8: error: no such module 'os.log'
  7 |
  8 | import Foundation
  9 | import os.log
    |        `- error: no such module 'os.log'
 10 |
 11 | /// Main conversion runtime that routes between different engines
error: emit-module command failed with exit code 1 (use -v to see invocation)
[8/12] Compiling Demark BundleResourceHelper.swift
/host/spi-builder-workspace/Sources/Demark/Demark.swift:9:8: error: no such module 'os.log'
  7 |
  8 | import Foundation
  9 | import os.log
    |        `- error: no such module 'os.log'
 10 |
 11 | /// Main conversion runtime that routes between different engines
[9/12] Emitting module Demark
/host/spi-builder-workspace/Sources/Demark/Demark.swift:9:8: error: no such module 'os.log'
  7 |
  8 | import Foundation
  9 | import os.log
    |        `- error: no such module 'os.log'
 10 |
 11 | /// Main conversion runtime that routes between different engines
[10/12] Compiling Demark HTMLToMdRuntime.swift
/host/spi-builder-workspace/Sources/Demark/Demark.swift:9:8: error: no such module 'os.log'
  7 |
  8 | import Foundation
  9 | import os.log
    |        `- error: no such module 'os.log'
 10 |
 11 | /// Main conversion runtime that routes between different engines
[11/12] Compiling Demark DemarkTypes.swift
/host/spi-builder-workspace/Sources/Demark/Demark.swift:9:8: error: no such module 'os.log'
  7 |
  8 | import Foundation
  9 | import os.log
    |        `- error: no such module 'os.log'
 10 |
 11 | /// Main conversion runtime that routes between different engines
[12/12] Compiling Demark Demark.swift
/host/spi-builder-workspace/Sources/Demark/Demark.swift:9:8: error: no such module 'os.log'
  7 |
  8 | import Foundation
  9 | import os.log
    |        `- error: no such module 'os.log'
 10 |
 11 | /// Main conversion runtime that routes between different engines
BUILD FAILURE 6.2 wasm