Build Information
Failed to build FlagAndCountryCode, reference 1.1.3 (5e44b1), with Swift 6.4 for watchOS using Xcode 27.0 on 22 Sep 2026 02:46:01 UTC.
Build Command
env DEVELOPER_DIR=/Applications/Xcode-27.0.0-Release.Candidate.app xcrun xcodebuild -IDEClonedSourcePackagesDirPathOverride=$PWD/.dependencies -skipMacroValidation -skipPackagePluginValidation -derivedDataPath $PWD/.derivedData build -scheme FlagAndCountryCode -destination generic/platform=watchOSBuild Log
========================================
RunAll
========================================
Builder version: 5.1.0
Interrupt handler set up.
========================================
Checkout
========================================
Clone URL: https://github.com/exyte/FlagAndCountryCode.git
Reference: 1.1.3
Initialized empty Git repository in /Users/admin/builder/spi-builder-workspace/.git/
From https://github.com/exyte/FlagAndCountryCode
* tag 1.1.3 -> FETCH_HEAD
HEAD is now at 5e44b1d Merge commit '5ae2002b273513b20553bad9e544cb911652eb34'
Cloned https://github.com/exyte/FlagAndCountryCode.git
Revision (git rev-parse @):
5e44b1d2f1ccd901c3ff9889f16ab1f991c63d4b
SUCCESS checkout https://github.com/exyte/FlagAndCountryCode.git at 1.1.3
========================================
Build
========================================
Selected platform: watchOS
Swift version: 6.4
Building package at path: $PWD
https://github.com/exyte/FlagAndCountryCode.git
Command line invocation:
/Applications/Xcode-27.0.0-Release.Candidate.app/Contents/Developer/usr/bin/xcodebuild -IDEClonedSourcePackagesDirPathOverride=/Users/admin/builder/spi-builder-workspace/.dependencies -resolvePackageDependencies
Resolve Package Graph
Resolve Package Graph
Resolved source packages:
FlagAndCountryCode: /Users/admin/builder/spi-builder-workspace
resolved source packages: FlagAndCountryCode
2026-09-21 22:45:14.818 xcodebuild[528:3056] [MT] IDERunDestination: Supported platforms for the buildables in the current scheme is empty.
{
"dependencies" : [
],
"manifest_display_name" : "FlagAndCountryCode",
"name" : "FlagAndCountryCode",
"path" : "/Users/admin/builder/spi-builder-workspace",
"platforms" : [
{
"name" : "ios",
"version" : "15.0"
}
],
"products" : [
{
"name" : "FlagAndCountryCode",
"targets" : [
"FlagAndCountryCode"
],
"type" : {
"library" : [
"automatic"
]
}
}
],
"targets" : [
{
"c99name" : "FlagAndCountryCode",
"module_type" : "SwiftTarget",
"name" : "FlagAndCountryCode",
"path" : "Sources/FlagAndCountryCode",
"product_memberships" : [
"FlagAndCountryCode"
],
"resources" : [
{
"path" : "/Users/admin/builder/spi-builder-workspace/Sources/FlagAndCountryCode/Resources/CountryFlags.xcassets",
"rule" : {
"process" : {
}
}
},
{
"path" : "/Users/admin/builder/spi-builder-workspace/Sources/FlagAndCountryCode/Resources/country-codes.json",
"rule" : {
"process" : {
}
}
}
],
"sources" : [
"CountryFlagInfo.swift",
"FlagType.swift",
"Helpers/BundleToken.swift",
"Helpers/CountryFlagsParser.swift",
"Helpers/ImageRenderer.swift"
],
"type" : "library"
}
],
"tools_version" : "5.9"
}
{
"workspace" : {
"name" : "FlagAndCountryCode",
"schemes" : [
"FlagAndCountryCode"
]
}
}
2026-09-21 22:45:47.141 xcodebuild[625:3868] [MT] IDERunDestination: Supported platforms for the buildables in the current scheme is empty.
Running build ...
env DEVELOPER_DIR=/Applications/Xcode-27.0.0-Release.Candidate.app xcrun xcodebuild -IDEClonedSourcePackagesDirPathOverride=$PWD/.dependencies -skipMacroValidation -skipPackagePluginValidation -derivedDataPath $PWD/.derivedData build -scheme FlagAndCountryCode -destination generic/platform=watchOS
Command line invocation:
/Applications/Xcode-27.0.0-Release.Candidate.app/Contents/Developer/usr/bin/xcodebuild -IDEClonedSourcePackagesDirPathOverride=/Users/admin/builder/spi-builder-workspace/.dependencies -skipMacroValidation -skipPackagePluginValidation -derivedDataPath /Users/admin/builder/spi-builder-workspace/.derivedData build -scheme FlagAndCountryCode -destination generic/platform=watchOS
Resolve Package Graph
Resolved source packages:
FlagAndCountryCode: /Users/admin/builder/spi-builder-workspace
ComputePackagePrebuildTargetDependencyGraph
Prepare packages
CreateBuildRequest
SendProjectDescription
CreateBuildOperation
ComputeTargetDependencyGraph
note: Building targets in dependency order
note: Target dependency graph (3 targets)
Target 'FlagAndCountryCode-product' in project 'FlagAndCountryCode'
➜ Explicit dependency on target 'FlagAndCountryCode' in project 'FlagAndCountryCode'
➜ Explicit dependency on target 'FlagAndCountryCode_FlagAndCountryCode' in project 'FlagAndCountryCode'
Target 'FlagAndCountryCode' in project 'FlagAndCountryCode'
➜ Explicit dependency on target 'FlagAndCountryCode_FlagAndCountryCode' in project 'FlagAndCountryCode'
Target 'FlagAndCountryCode_FlagAndCountryCode' in project 'FlagAndCountryCode' (no dependencies)
GatherProvisioningInputs
CreateBuildDescription
ExecuteExternalTool /Applications/Xcode-27.0.0-Release.Candidate.app/Contents/Developer/Toolchains/XcodeDefault.xctoolchain/usr/bin/clang -v -E -dM -isysroot /Applications/Xcode-27.0.0-Release.Candidate.app/Contents/Developer/Platforms/WatchOS.platform/Developer/SDKs/WatchOS27.0.sdk -x c -c /dev/null
ExecuteExternalTool /Applications/Xcode-27.0.0-Release.Candidate.app/Contents/Developer/usr/bin/actool --version --output-format xml1
ExecuteExternalTool /Applications/Xcode-27.0.0-Release.Candidate.app/Contents/Developer/Toolchains/XcodeDefault.xctoolchain/usr/bin/swiftc --version
ExecuteExternalTool /Applications/Xcode-27.0.0-Release.Candidate.app/Contents/Developer/Toolchains/XcodeDefault.xctoolchain/usr/bin/ld -version_details
Build description signature: f44ba01fbed852eaf30f96c872ec00f3
Build description path: /Users/admin/builder/spi-builder-workspace/.derivedData/Build/Intermediates.noindex/XCBuildData/f44ba01fbed852eaf30f96c872ec00f3.xcbuilddata
CreateBuildDirectory /Users/admin/builder/spi-builder-workspace/.derivedData/ModuleCache.noindex
cd /Users/admin/builder/spi-builder-workspace/.swiftpm/xcode
builtin-create-build-directory /Users/admin/builder/spi-builder-workspace/.derivedData/ModuleCache.noindex
CreateBuildDirectory /Users/admin/builder/spi-builder-workspace/.derivedData/SDKExplicitPrecompiledModules
cd /Users/admin/builder/spi-builder-workspace/.swiftpm/xcode
builtin-create-build-directory /Users/admin/builder/spi-builder-workspace/.derivedData/SDKExplicitPrecompiledModules
CreateBuildDirectory /Users/admin/builder/spi-builder-workspace/.derivedData/CompilationCache.noindex
cd /Users/admin/builder/spi-builder-workspace/.swiftpm/xcode
builtin-create-build-directory /Users/admin/builder/spi-builder-workspace/.derivedData/CompilationCache.noindex
CreateBuildDirectory /Users/admin/builder/spi-builder-workspace/.derivedData/Build/Products
cd /Users/admin/builder/spi-builder-workspace/.swiftpm/xcode
builtin-create-build-directory /Users/admin/builder/spi-builder-workspace/.derivedData/Build/Products
CreateBuildDirectory /Users/admin/builder/spi-builder-workspace/.derivedData/Build/Intermediates.noindex
cd /Users/admin/builder/spi-builder-workspace/.swiftpm/xcode
builtin-create-build-directory /Users/admin/builder/spi-builder-workspace/.derivedData/Build/Intermediates.noindex
ClangStatCache /Applications/Xcode-27.0.0-Release.Candidate.app/Contents/Developer/Toolchains/XcodeDefault.xctoolchain/usr/bin/clang-stat-cache /Applications/Xcode-27.0.0-Release.Candidate.app/Contents/Developer/Platforms/WatchOS.platform/Developer/SDKs/WatchOS27.0.sdk /Users/admin/builder/spi-builder-workspace/.derivedData/SDKStatCaches.noindex/watchos27.0-24R360-e829b21a6f8c9b70876ba0858053c04477534ef55a1706bf4c1112bbb242f0a2.sdkstatcache
cd /Users/admin/builder/spi-builder-workspace/.swiftpm/xcode
/Applications/Xcode-27.0.0-Release.Candidate.app/Contents/Developer/Toolchains/XcodeDefault.xctoolchain/usr/bin/clang-stat-cache /Applications/Xcode-27.0.0-Release.Candidate.app/Contents/Developer/Platforms/WatchOS.platform/Developer/SDKs/WatchOS27.0.sdk -o /Users/admin/builder/spi-builder-workspace/.derivedData/SDKStatCaches.noindex/watchos27.0-24R360-e829b21a6f8c9b70876ba0858053c04477534ef55a1706bf4c1112bbb242f0a2.sdkstatcache
CreateBuildDirectory /Users/admin/builder/spi-builder-workspace/.derivedData/Build/Products/Debug-watchos
cd /Users/admin/builder/spi-builder-workspace/.swiftpm/xcode
builtin-create-build-directory /Users/admin/builder/spi-builder-workspace/.derivedData/Build/Products/Debug-watchos
CreateBuildDirectory /Users/admin/builder/spi-builder-workspace/.derivedData/Build/Intermediates.noindex/SwiftExplicitPrecompiledModules
cd /Users/admin/builder/spi-builder-workspace/.swiftpm/xcode
builtin-create-build-directory /Users/admin/builder/spi-builder-workspace/.derivedData/Build/Intermediates.noindex/SwiftExplicitPrecompiledModules
CreateBuildDirectory /Users/admin/builder/spi-builder-workspace/.derivedData/Build/Intermediates.noindex/PrecompiledHeaders
cd /Users/admin/builder/spi-builder-workspace/.swiftpm/xcode
builtin-create-build-directory /Users/admin/builder/spi-builder-workspace/.derivedData/Build/Intermediates.noindex/PrecompiledHeaders
CreateBuildDirectory /Users/admin/builder/spi-builder-workspace/.derivedData/Build/Intermediates.noindex/ExplicitPrecompiledModules
cd /Users/admin/builder/spi-builder-workspace/.swiftpm/xcode
builtin-create-build-directory /Users/admin/builder/spi-builder-workspace/.derivedData/Build/Intermediates.noindex/ExplicitPrecompiledModules
CreateBuildDirectory /Users/admin/builder/spi-builder-workspace/.derivedData/Build/Intermediates.noindex/EagerLinkingTBDs/Debug-watchos
cd /Users/admin/builder/spi-builder-workspace/.swiftpm/xcode
builtin-create-build-directory /Users/admin/builder/spi-builder-workspace/.derivedData/Build/Intermediates.noindex/EagerLinkingTBDs/Debug-watchos
CreateBuildDirectory /Users/admin/builder/spi-builder-workspace/.derivedData/Build/Products/Debug-watchos/PackageFrameworks
cd /Users/admin/builder/spi-builder-workspace/.swiftpm/xcode
builtin-create-build-directory /Users/admin/builder/spi-builder-workspace/.derivedData/Build/Products/Debug-watchos/PackageFrameworks
WriteAuxiliaryFile /Users/admin/builder/spi-builder-workspace/.derivedData/Build/Intermediates.noindex/FlagAndCountryCode.build/Debug-watchos/FlagAndCountryCode-t.build/FlagAndCountryCode.modulemap (in target 'FlagAndCountryCode' from project 'FlagAndCountryCode')
cd /Users/admin/builder/spi-builder-workspace
write-file /Users/admin/builder/spi-builder-workspace/.derivedData/Build/Intermediates.noindex/FlagAndCountryCode.build/Debug-watchos/FlagAndCountryCode-t.build/FlagAndCountryCode.modulemap
WriteAuxiliaryFile /Users/admin/builder/spi-builder-workspace/.derivedData/Build/Intermediates.noindex/FlagAndCountryCode.build/Debug-watchos/FlagAndCountryCode_FlagAndCountryCode-b.build/FlagAndCountryCode_FlagAndCountryCode.DependencyMetadataFileList (in target 'FlagAndCountryCode_FlagAndCountryCode' from project 'FlagAndCountryCode')
cd /Users/admin/builder/spi-builder-workspace
write-file /Users/admin/builder/spi-builder-workspace/.derivedData/Build/Intermediates.noindex/FlagAndCountryCode.build/Debug-watchos/FlagAndCountryCode_FlagAndCountryCode-b.build/FlagAndCountryCode_FlagAndCountryCode.DependencyMetadataFileList
WriteAuxiliaryFile /Users/admin/builder/spi-builder-workspace/.derivedData/Build/Intermediates.noindex/FlagAndCountryCode.build/Debug-watchos/FlagAndCountryCode_FlagAndCountryCode-b.build/FlagAndCountryCode_FlagAndCountryCode.DependencyStaticMetadataFileList (in target 'FlagAndCountryCode_FlagAndCountryCode' from project 'FlagAndCountryCode')
cd /Users/admin/builder/spi-builder-workspace
write-file /Users/admin/builder/spi-builder-workspace/.derivedData/Build/Intermediates.noindex/FlagAndCountryCode.build/Debug-watchos/FlagAndCountryCode_FlagAndCountryCode-b.build/FlagAndCountryCode_FlagAndCountryCode.DependencyStaticMetadataFileList
WriteAuxiliaryFile /Users/admin/builder/spi-builder-workspace/.derivedData/Build/Intermediates.noindex/FlagAndCountryCode.build/Debug-watchos/FlagAndCountryCode_FlagAndCountryCode-b.build/empty-FlagAndCountryCode_FlagAndCountryCode.plist (in target 'FlagAndCountryCode_FlagAndCountryCode' from project 'FlagAndCountryCode')
cd /Users/admin/builder/spi-builder-workspace
write-file /Users/admin/builder/spi-builder-workspace/.derivedData/Build/Intermediates.noindex/FlagAndCountryCode.build/Debug-watchos/FlagAndCountryCode_FlagAndCountryCode-b.build/empty-FlagAndCountryCode_FlagAndCountryCode.plist
WriteAuxiliaryFile /Users/admin/builder/spi-builder-workspace/.derivedData/Build/Intermediates.noindex/FlagAndCountryCode.build/Debug-watchos/FlagAndCountryCode-t.build/Objects-normal/arm64_32/FlagAndCountryCode_const_extract_protocols.json (in target 'FlagAndCountryCode' from project 'FlagAndCountryCode')
cd /Users/admin/builder/spi-builder-workspace
write-file /Users/admin/builder/spi-builder-workspace/.derivedData/Build/Intermediates.noindex/FlagAndCountryCode.build/Debug-watchos/FlagAndCountryCode-t.build/Objects-normal/arm64_32/FlagAndCountryCode_const_extract_protocols.json
WriteAuxiliaryFile /Users/admin/builder/spi-builder-workspace/.derivedData/Build/Intermediates.noindex/FlagAndCountryCode.build/Debug-watchos/FlagAndCountryCode-t.build/Objects-normal/arm64/FlagAndCountryCode.LinkFileList (in target 'FlagAndCountryCode' from project 'FlagAndCountryCode')
cd /Users/admin/builder/spi-builder-workspace
write-file /Users/admin/builder/spi-builder-workspace/.derivedData/Build/Intermediates.noindex/FlagAndCountryCode.build/Debug-watchos/FlagAndCountryCode-t.build/Objects-normal/arm64/FlagAndCountryCode.LinkFileList
WriteAuxiliaryFile /Users/admin/builder/spi-builder-workspace/.derivedData/Build/Intermediates.noindex/FlagAndCountryCode.build/Debug-watchos/FlagAndCountryCode-t.build/Objects-normal/arm64_32/FlagAndCountryCode.LinkFileList (in target 'FlagAndCountryCode' from project 'FlagAndCountryCode')
cd /Users/admin/builder/spi-builder-workspace
write-file /Users/admin/builder/spi-builder-workspace/.derivedData/Build/Intermediates.noindex/FlagAndCountryCode.build/Debug-watchos/FlagAndCountryCode-t.build/Objects-normal/arm64_32/FlagAndCountryCode.LinkFileList
WriteAuxiliaryFile /Users/admin/builder/spi-builder-workspace/.derivedData/Build/Intermediates.noindex/FlagAndCountryCode.build/Debug-watchos/FlagAndCountryCode-t.build/Objects-normal/arm64_32/FlagAndCountryCode-OutputFileMap.json (in target 'FlagAndCountryCode' from project 'FlagAndCountryCode')
cd /Users/admin/builder/spi-builder-workspace
write-file /Users/admin/builder/spi-builder-workspace/.derivedData/Build/Intermediates.noindex/FlagAndCountryCode.build/Debug-watchos/FlagAndCountryCode-t.build/Objects-normal/arm64_32/FlagAndCountryCode-OutputFileMap.json
WriteAuxiliaryFile /Users/admin/builder/spi-builder-workspace/.derivedData/Build/Intermediates.noindex/FlagAndCountryCode.build/Debug-watchos/FlagAndCountryCode-t.build/Objects-normal/arm64/FlagAndCountryCode_const_extract_protocols.json (in target 'FlagAndCountryCode' from project 'FlagAndCountryCode')
cd /Users/admin/builder/spi-builder-workspace
write-file /Users/admin/builder/spi-builder-workspace/.derivedData/Build/Intermediates.noindex/FlagAndCountryCode.build/Debug-watchos/FlagAndCountryCode-t.build/Objects-normal/arm64/FlagAndCountryCode_const_extract_protocols.json
WriteAuxiliaryFile /Users/admin/builder/spi-builder-workspace/.derivedData/Build/Intermediates.noindex/FlagAndCountryCode.build/Debug-watchos/FlagAndCountryCode-t.build/Objects-normal/arm64_32/FlagAndCountryCode.SwiftFileList (in target 'FlagAndCountryCode' from project 'FlagAndCountryCode')
cd /Users/admin/builder/spi-builder-workspace
write-file /Users/admin/builder/spi-builder-workspace/.derivedData/Build/Intermediates.noindex/FlagAndCountryCode.build/Debug-watchos/FlagAndCountryCode-t.build/Objects-normal/arm64_32/FlagAndCountryCode.SwiftFileList
WriteAuxiliaryFile /Users/admin/builder/spi-builder-workspace/.derivedData/Build/Intermediates.noindex/FlagAndCountryCode.build/Debug-watchos/FlagAndCountryCode-t.build/Objects-normal/arm64_32/FlagAndCountryCode.SwiftConstValuesFileList (in target 'FlagAndCountryCode' from project 'FlagAndCountryCode')
cd /Users/admin/builder/spi-builder-workspace
write-file /Users/admin/builder/spi-builder-workspace/.derivedData/Build/Intermediates.noindex/FlagAndCountryCode.build/Debug-watchos/FlagAndCountryCode-t.build/Objects-normal/arm64_32/FlagAndCountryCode.SwiftConstValuesFileList
WriteAuxiliaryFile /Users/admin/builder/spi-builder-workspace/.derivedData/Build/Intermediates.noindex/FlagAndCountryCode.build/Debug-watchos/FlagAndCountryCode-t.build/Objects-normal/arm64/FlagAndCountryCode.SwiftFileList (in target 'FlagAndCountryCode' from project 'FlagAndCountryCode')
cd /Users/admin/builder/spi-builder-workspace
write-file /Users/admin/builder/spi-builder-workspace/.derivedData/Build/Intermediates.noindex/FlagAndCountryCode.build/Debug-watchos/FlagAndCountryCode-t.build/Objects-normal/arm64/FlagAndCountryCode.SwiftFileList
WriteAuxiliaryFile /Users/admin/builder/spi-builder-workspace/.derivedData/Build/Intermediates.noindex/FlagAndCountryCode.build/Debug-watchos/FlagAndCountryCode-t.build/Objects-normal/arm64/FlagAndCountryCode.SwiftConstValuesFileList (in target 'FlagAndCountryCode' from project 'FlagAndCountryCode')
cd /Users/admin/builder/spi-builder-workspace
write-file /Users/admin/builder/spi-builder-workspace/.derivedData/Build/Intermediates.noindex/FlagAndCountryCode.build/Debug-watchos/FlagAndCountryCode-t.build/Objects-normal/arm64/FlagAndCountryCode.SwiftConstValuesFileList
WriteAuxiliaryFile /Users/admin/builder/spi-builder-workspace/.derivedData/Build/Intermediates.noindex/FlagAndCountryCode.build/Debug-watchos/FlagAndCountryCode-t.build/Objects-normal/arm64/FlagAndCountryCode-OutputFileMap.json (in target 'FlagAndCountryCode' from project 'FlagAndCountryCode')
cd /Users/admin/builder/spi-builder-workspace
write-file /Users/admin/builder/spi-builder-workspace/.derivedData/Build/Intermediates.noindex/FlagAndCountryCode.build/Debug-watchos/FlagAndCountryCode-t.build/Objects-normal/arm64/FlagAndCountryCode-OutputFileMap.json
WriteAuxiliaryFile /Users/admin/builder/spi-builder-workspace/.derivedData/Build/Intermediates.noindex/FlagAndCountryCode.build/Debug-watchos/FlagAndCountryCode-t.build/FlagAndCountryCode.DependencyStaticMetadataFileList (in target 'FlagAndCountryCode' from project 'FlagAndCountryCode')
cd /Users/admin/builder/spi-builder-workspace
write-file /Users/admin/builder/spi-builder-workspace/.derivedData/Build/Intermediates.noindex/FlagAndCountryCode.build/Debug-watchos/FlagAndCountryCode-t.build/FlagAndCountryCode.DependencyStaticMetadataFileList
WriteAuxiliaryFile /Users/admin/builder/spi-builder-workspace/.derivedData/Build/Intermediates.noindex/FlagAndCountryCode.build/Debug-watchos/FlagAndCountryCode-t.build/FlagAndCountryCode.DependencyMetadataFileList (in target 'FlagAndCountryCode' from project 'FlagAndCountryCode')
cd /Users/admin/builder/spi-builder-workspace
write-file /Users/admin/builder/spi-builder-workspace/.derivedData/Build/Intermediates.noindex/FlagAndCountryCode.build/Debug-watchos/FlagAndCountryCode-t.build/FlagAndCountryCode.DependencyMetadataFileList
Copy /Users/admin/builder/spi-builder-workspace/.derivedData/Build/Intermediates.noindex/GeneratedModuleMaps-watchos/FlagAndCountryCode.modulemap /Users/admin/builder/spi-builder-workspace/.derivedData/Build/Intermediates.noindex/FlagAndCountryCode.build/Debug-watchos/FlagAndCountryCode-t.build/FlagAndCountryCode.modulemap (in target 'FlagAndCountryCode' from project 'FlagAndCountryCode')
cd /Users/admin/builder/spi-builder-workspace
builtin-copy -exclude .DS_Store -exclude CVS -exclude .svn -exclude .git -exclude .hg -resolve-src-symlinks /Users/admin/builder/spi-builder-workspace/.derivedData/Build/Intermediates.noindex/FlagAndCountryCode.build/Debug-watchos/FlagAndCountryCode-t.build/FlagAndCountryCode.modulemap /Users/admin/builder/spi-builder-workspace/.derivedData/Build/Intermediates.noindex/GeneratedModuleMaps-watchos
WriteAuxiliaryFile /Users/admin/builder/spi-builder-workspace/.derivedData/Build/Intermediates.noindex/FlagAndCountryCode.build/Debug-watchos/FlagAndCountryCode-t.build/DerivedSources/resource_bundle_accessor.swift (in target 'FlagAndCountryCode' from project 'FlagAndCountryCode')
cd /Users/admin/builder/spi-builder-workspace
write-file /Users/admin/builder/spi-builder-workspace/.derivedData/Build/Intermediates.noindex/FlagAndCountryCode.build/Debug-watchos/FlagAndCountryCode-t.build/DerivedSources/resource_bundle_accessor.swift
MkDir /Users/admin/builder/spi-builder-workspace/.derivedData/Build/Products/Debug-watchos/FlagAndCountryCode_FlagAndCountryCode.bundle (in target 'FlagAndCountryCode_FlagAndCountryCode' from project 'FlagAndCountryCode')
cd /Users/admin/builder/spi-builder-workspace
/bin/mkdir -p /Users/admin/builder/spi-builder-workspace/.derivedData/Build/Products/Debug-watchos/FlagAndCountryCode_FlagAndCountryCode.bundle
CpResource /Users/admin/builder/spi-builder-workspace/.derivedData/Build/Products/Debug-watchos/FlagAndCountryCode_FlagAndCountryCode.bundle/country-codes.json /Users/admin/builder/spi-builder-workspace/Sources/FlagAndCountryCode/Resources/country-codes.json (in target 'FlagAndCountryCode_FlagAndCountryCode' from project 'FlagAndCountryCode')
cd /Users/admin/builder/spi-builder-workspace
builtin-copy -exclude .DS_Store -exclude CVS -exclude .svn -exclude .git -exclude .hg -resolve-src-symlinks /Users/admin/builder/spi-builder-workspace/Sources/FlagAndCountryCode/Resources/country-codes.json /Users/admin/builder/spi-builder-workspace/.derivedData/Build/Products/Debug-watchos/FlagAndCountryCode_FlagAndCountryCode.bundle
GenerateAssetSymbols /Users/admin/builder/spi-builder-workspace/Sources/FlagAndCountryCode/Resources/CountryFlags.xcassets (in target 'FlagAndCountryCode' from project 'FlagAndCountryCode')
cd /Users/admin/builder/spi-builder-workspace
/Applications/Xcode-27.0.0-Release.Candidate.app/Contents/Developer/usr/bin/actool /Users/admin/builder/spi-builder-workspace/Sources/FlagAndCountryCode/Resources/CountryFlags.xcassets --compile /Users/admin/builder/spi-builder-workspace/.derivedData/Build/Products/Debug-watchos --output-format human-readable-text --notices --warnings --export-dependency-info /Users/admin/builder/spi-builder-workspace/.derivedData/Build/Intermediates.noindex/FlagAndCountryCode.build/Debug-watchos/FlagAndCountryCode-t.build/assetcatalog_dependencies --output-partial-info-plist /Users/admin/builder/spi-builder-workspace/.derivedData/Build/Intermediates.noindex/FlagAndCountryCode.build/Debug-watchos/FlagAndCountryCode-t.build/assetcatalog_generated_info.plist --compress-pngs --enable-on-demand-resources NO --development-region en --target-device watch --minimum-deployment-target 9.0 --platform watchos --bundle-identifier spi-builder-workspace.FlagAndCountryCode --generate-swift-asset-symbol-extensions NO --generate-swift-asset-symbols /Users/admin/builder/spi-builder-workspace/.derivedData/Build/Intermediates.noindex/FlagAndCountryCode.build/Debug-watchos/FlagAndCountryCode-t.build/DerivedSources/GeneratedAssetSymbols.swift --generate-objc-asset-symbols /Users/admin/builder/spi-builder-workspace/.derivedData/Build/Intermediates.noindex/FlagAndCountryCode.build/Debug-watchos/FlagAndCountryCode-t.build/DerivedSources/GeneratedAssetSymbols.h --generate-asset-symbol-index /Users/admin/builder/spi-builder-workspace/.derivedData/Build/Intermediates.noindex/FlagAndCountryCode.build/Debug-watchos/FlagAndCountryCode-t.build/DerivedSources/GeneratedAssetSymbols-Index.plist
/* com.apple.actool.compilation-results */
/Users/admin/builder/spi-builder-workspace/.derivedData/Build/Intermediates.noindex/FlagAndCountryCode.build/Debug-watchos/FlagAndCountryCode-t.build/DerivedSources/GeneratedAssetSymbols-Index.plist
/Users/admin/builder/spi-builder-workspace/.derivedData/Build/Intermediates.noindex/FlagAndCountryCode.build/Debug-watchos/FlagAndCountryCode-t.build/DerivedSources/GeneratedAssetSymbols.h
/Users/admin/builder/spi-builder-workspace/.derivedData/Build/Intermediates.noindex/FlagAndCountryCode.build/Debug-watchos/FlagAndCountryCode-t.build/DerivedSources/GeneratedAssetSymbols.swift
MkDir /Users/admin/builder/spi-builder-workspace/.derivedData/Build/Intermediates.noindex/FlagAndCountryCode.build/Debug-watchos/FlagAndCountryCode_FlagAndCountryCode-b.build/assetcatalog_output/unthinned (in target 'FlagAndCountryCode_FlagAndCountryCode' from project 'FlagAndCountryCode')
cd /Users/admin/builder/spi-builder-workspace
/bin/mkdir -p /Users/admin/builder/spi-builder-workspace/.derivedData/Build/Intermediates.noindex/FlagAndCountryCode.build/Debug-watchos/FlagAndCountryCode_FlagAndCountryCode-b.build/assetcatalog_output/unthinned
MkDir /Users/admin/builder/spi-builder-workspace/.derivedData/Build/Intermediates.noindex/FlagAndCountryCode.build/Debug-watchos/FlagAndCountryCode_FlagAndCountryCode-b.build/assetcatalog_output/thinned (in target 'FlagAndCountryCode_FlagAndCountryCode' from project 'FlagAndCountryCode')
cd /Users/admin/builder/spi-builder-workspace
/bin/mkdir -p /Users/admin/builder/spi-builder-workspace/.derivedData/Build/Intermediates.noindex/FlagAndCountryCode.build/Debug-watchos/FlagAndCountryCode_FlagAndCountryCode-b.build/assetcatalog_output/thinned
CompileAssetCatalogVariant thinned /Users/admin/builder/spi-builder-workspace/.derivedData/Build/Products/Debug-watchos/FlagAndCountryCode_FlagAndCountryCode.bundle /Users/admin/builder/spi-builder-workspace/Sources/FlagAndCountryCode/Resources/CountryFlags.xcassets (in target 'FlagAndCountryCode_FlagAndCountryCode' from project 'FlagAndCountryCode')
cd /Users/admin/builder/spi-builder-workspace
/Applications/Xcode-27.0.0-Release.Candidate.app/Contents/Developer/usr/bin/actool /Users/admin/builder/spi-builder-workspace/Sources/FlagAndCountryCode/Resources/CountryFlags.xcassets --compile /Users/admin/builder/spi-builder-workspace/.derivedData/Build/Intermediates.noindex/FlagAndCountryCode.build/Debug-watchos/FlagAndCountryCode_FlagAndCountryCode-b.build/assetcatalog_output/thinned --output-format human-readable-text --notices --warnings --export-dependency-info /Users/admin/builder/spi-builder-workspace/.derivedData/Build/Intermediates.noindex/FlagAndCountryCode.build/Debug-watchos/FlagAndCountryCode_FlagAndCountryCode-b.build/assetcatalog_dependencies_thinned --output-partial-info-plist /Users/admin/builder/spi-builder-workspace/.derivedData/Build/Intermediates.noindex/FlagAndCountryCode.build/Debug-watchos/FlagAndCountryCode_FlagAndCountryCode-b.build/assetcatalog_generated_info.plist_thinned --compress-pngs --enable-on-demand-resources NO --development-region en --target-device watch --minimum-deployment-target 9.0 --platform watchos
/* com.apple.actool.compilation-results */
/Users/admin/builder/spi-builder-workspace/.derivedData/Build/Intermediates.noindex/FlagAndCountryCode.build/Debug-watchos/FlagAndCountryCode_FlagAndCountryCode-b.build/assetcatalog_generated_info.plist_thinned
/Users/admin/builder/spi-builder-workspace/.derivedData/Build/Intermediates.noindex/FlagAndCountryCode.build/Debug-watchos/FlagAndCountryCode_FlagAndCountryCode-b.build/assetcatalog_output/thinned/Assets.car
SwiftDriver FlagAndCountryCode normal arm64 com.apple.xcode.tools.swift.compiler (in target 'FlagAndCountryCode' from project 'FlagAndCountryCode')
cd /Users/admin/builder/spi-builder-workspace/.swiftpm/xcode
builtin-SwiftDriver -- /Applications/Xcode-27.0.0-Release.Candidate.app/Contents/Developer/Toolchains/XcodeDefault.xctoolchain/usr/bin/swiftc -parse-as-library -module-name FlagAndCountryCode -Onone @/Users/admin/builder/spi-builder-workspace/.derivedData/Build/Intermediates.noindex/FlagAndCountryCode.build/Debug-watchos/FlagAndCountryCode-t.build/Objects-normal/arm64/FlagAndCountryCode.SwiftFileList -DSWIFT_PACKAGE -DDEBUG -DSWIFT_MODULE_RESOURCE_BUNDLE_AVAILABLE -DXcode -enable-experimental-feature StrictConcurrency -plugin-path /Applications/Xcode-27.0.0-Release.Candidate.app/Contents/Developer/Toolchains/XcodeDefault.xctoolchain/usr/lib/swift/host/plugins/testing -enable-experimental-feature DebugDescriptionMacro -sdk /Applications/Xcode-27.0.0-Release.Candidate.app/Contents/Developer/Platforms/WatchOS.platform/Developer/SDKs/WatchOS27.0.sdk -target arm64-apple-watchos9.0 -g -module-cache-path /Users/admin/builder/spi-builder-workspace/.derivedData/ModuleCache.noindex -Xfrontend -serialize-debugging-options -enable-testing -index-store-path /Users/admin/builder/spi-builder-workspace/.derivedData/Index.noindex/DataStore -Xcc -D_LIBCPP_HARDENING_MODE\=_LIBCPP_HARDENING_MODE_DEBUG -swift-version 5 -I /Users/admin/builder/spi-builder-workspace/.derivedData/Build/Products/Debug-watchos -Isystem /Applications/Xcode-27.0.0-Release.Candidate.app/Contents/Developer/Platforms/WatchOS.platform/Developer/usr/lib -F /Users/admin/builder/spi-builder-workspace/.derivedData/Build/Products/Debug-watchos -F /Applications/Xcode-27.0.0-Release.Candidate.app/Contents/Developer/Platforms/WatchOS.platform/Developer/Library/Frameworks -F /Applications/Xcode-27.0.0-Release.Candidate.app/Contents/Developer/Platforms/WatchOS.platform/Developer/SDKs/WatchOS27.0.sdk/Developer/Library/Frameworks -c -j10 -enable-batch-mode -incremental -Xcc -ivfsstatcache -Xcc /Users/admin/builder/spi-builder-workspace/.derivedData/SDKStatCaches.noindex/watchos27.0-24R360-e829b21a6f8c9b70876ba0858053c04477534ef55a1706bf4c1112bbb242f0a2.sdkstatcache -output-file-map /Users/admin/builder/spi-builder-workspace/.derivedData/Build/Intermediates.noindex/FlagAndCountryCode.build/Debug-watchos/FlagAndCountryCode-t.build/Objects-normal/arm64/FlagAndCountryCode-OutputFileMap.json -save-temps -no-color-diagnostics -explicit-module-build -module-cache-path /Users/admin/builder/spi-builder-workspace/.derivedData/Build/Intermediates.noindex/SwiftExplicitPrecompiledModules -clang-scanner-module-cache-path /Users/admin/builder/spi-builder-workspace/.derivedData/ModuleCache.noindex -sdk-module-cache-path /Users/admin/builder/spi-builder-workspace/.derivedData/SDKExplicitPrecompiledModules -emit-dependencies -emit-module -emit-module-path /Users/admin/builder/spi-builder-workspace/.derivedData/Build/Intermediates.noindex/FlagAndCountryCode.build/Debug-watchos/FlagAndCountryCode-t.build/Objects-normal/arm64/FlagAndCountryCode.swiftmodule -serialize-diagnostics -dependency-scan-serialize-diagnostics-path /Users/admin/builder/spi-builder-workspace/.derivedData/Build/Intermediates.noindex/FlagAndCountryCode.build/Debug-watchos/FlagAndCountryCode-t.build/Objects-normal/arm64/FlagAndCountryCode-dependency-scan.dia -validate-clang-modules-once -clang-build-session-file /Users/admin/builder/spi-builder-workspace/.derivedData/ModuleCache.noindex/Session.modulevalidation -Xcc -fmodules-prune-interval\=86400 -Xcc -fmodules-prune-after\=345600 -package-name spi_builder_workspace -emit-const-values -const-gather-protocols-list /Users/admin/builder/spi-builder-workspace/.derivedData/Build/Intermediates.noindex/FlagAndCountryCode.build/Debug-watchos/FlagAndCountryCode-t.build/Objects-normal/arm64/FlagAndCountryCode_const_extract_protocols.json -Xcc -I/Users/admin/builder/spi-builder-workspace/.derivedData/Build/Products/Debug-watchos/include -Xcc -I/Users/admin/builder/spi-builder-workspace/.derivedData/Build/Intermediates.noindex/FlagAndCountryCode.build/Debug-watchos/FlagAndCountryCode-t.build/DerivedSources-normal/arm64 -Xcc -I/Users/admin/builder/spi-builder-workspace/.derivedData/Build/Intermediates.noindex/FlagAndCountryCode.build/Debug-watchos/FlagAndCountryCode-t.build/DerivedSources/arm64 -Xcc -I/Users/admin/builder/spi-builder-workspace/.derivedData/Build/Intermediates.noindex/FlagAndCountryCode.build/Debug-watchos/FlagAndCountryCode-t.build/DerivedSources -Xcc -DSWIFT_PACKAGE -Xcc -DDEBUG\=1 -emit-objc-header -emit-objc-header-path /Users/admin/builder/spi-builder-workspace/.derivedData/Build/Intermediates.noindex/FlagAndCountryCode.build/Debug-watchos/FlagAndCountryCode-t.build/Objects-normal/arm64/FlagAndCountryCode-Swift.h -working-directory /Users/admin/builder/spi-builder-workspace/.swiftpm/xcode -experimental-emit-module-separately -disable-cmo
SwiftDriver FlagAndCountryCode normal arm64_32 com.apple.xcode.tools.swift.compiler (in target 'FlagAndCountryCode' from project 'FlagAndCountryCode')
cd /Users/admin/builder/spi-builder-workspace/.swiftpm/xcode
builtin-SwiftDriver -- /Applications/Xcode-27.0.0-Release.Candidate.app/Contents/Developer/Toolchains/XcodeDefault.xctoolchain/usr/bin/swiftc -parse-as-library -module-name FlagAndCountryCode -Onone @/Users/admin/builder/spi-builder-workspace/.derivedData/Build/Intermediates.noindex/FlagAndCountryCode.build/Debug-watchos/FlagAndCountryCode-t.build/Objects-normal/arm64_32/FlagAndCountryCode.SwiftFileList -DSWIFT_PACKAGE -DDEBUG -DSWIFT_MODULE_RESOURCE_BUNDLE_AVAILABLE -DXcode -enable-experimental-feature StrictConcurrency -plugin-path /Applications/Xcode-27.0.0-Release.Candidate.app/Contents/Developer/Toolchains/XcodeDefault.xctoolchain/usr/lib/swift/host/plugins/testing -enable-experimental-feature DebugDescriptionMacro -sdk /Applications/Xcode-27.0.0-Release.Candidate.app/Contents/Developer/Platforms/WatchOS.platform/Developer/SDKs/WatchOS27.0.sdk -target arm64_32-apple-watchos9.0 -g -module-cache-path /Users/admin/builder/spi-builder-workspace/.derivedData/ModuleCache.noindex -Xfrontend -serialize-debugging-options -enable-testing -index-store-path /Users/admin/builder/spi-builder-workspace/.derivedData/Index.noindex/DataStore -Xcc -D_LIBCPP_HARDENING_MODE\=_LIBCPP_HARDENING_MODE_DEBUG -swift-version 5 -I /Users/admin/builder/spi-builder-workspace/.derivedData/Build/Products/Debug-watchos -Isystem /Applications/Xcode-27.0.0-Release.Candidate.app/Contents/Developer/Platforms/WatchOS.platform/Developer/usr/lib -F /Users/admin/builder/spi-builder-workspace/.derivedData/Build/Products/Debug-watchos -F /Applications/Xcode-27.0.0-Release.Candidate.app/Contents/Developer/Platforms/WatchOS.platform/Developer/Library/Frameworks -F /Applications/Xcode-27.0.0-Release.Candidate.app/Contents/Developer/Platforms/WatchOS.platform/Developer/SDKs/WatchOS27.0.sdk/Developer/Library/Frameworks -c -j10 -enable-batch-mode -incremental -Xcc -ivfsstatcache -Xcc /Users/admin/builder/spi-builder-workspace/.derivedData/SDKStatCaches.noindex/watchos27.0-24R360-e829b21a6f8c9b70876ba0858053c04477534ef55a1706bf4c1112bbb242f0a2.sdkstatcache -output-file-map /Users/admin/builder/spi-builder-workspace/.derivedData/Build/Intermediates.noindex/FlagAndCountryCode.build/Debug-watchos/FlagAndCountryCode-t.build/Objects-normal/arm64_32/FlagAndCountryCode-OutputFileMap.json -save-temps -no-color-diagnostics -explicit-module-build -module-cache-path /Users/admin/builder/spi-builder-workspace/.derivedData/Build/Intermediates.noindex/SwiftExplicitPrecompiledModules -clang-scanner-module-cache-path /Users/admin/builder/spi-builder-workspace/.derivedData/ModuleCache.noindex -sdk-module-cache-path /Users/admin/builder/spi-builder-workspace/.derivedData/SDKExplicitPrecompiledModules -emit-dependencies -emit-module -emit-module-path /Users/admin/builder/spi-builder-workspace/.derivedData/Build/Intermediates.noindex/FlagAndCountryCode.build/Debug-watchos/FlagAndCountryCode-t.build/Objects-normal/arm64_32/FlagAndCountryCode.swiftmodule -serialize-diagnostics -dependency-scan-serialize-diagnostics-path /Users/admin/builder/spi-builder-workspace/.derivedData/Build/Intermediates.noindex/FlagAndCountryCode.build/Debug-watchos/FlagAndCountryCode-t.build/Objects-normal/arm64_32/FlagAndCountryCode-dependency-scan.dia -validate-clang-modules-once -clang-build-session-file /Users/admin/builder/spi-builder-workspace/.derivedData/ModuleCache.noindex/Session.modulevalidation -Xcc -fmodules-prune-interval\=86400 -Xcc -fmodules-prune-after\=345600 -package-name spi_builder_workspace -emit-const-values -const-gather-protocols-list /Users/admin/builder/spi-builder-workspace/.derivedData/Build/Intermediates.noindex/FlagAndCountryCode.build/Debug-watchos/FlagAndCountryCode-t.build/Objects-normal/arm64_32/FlagAndCountryCode_const_extract_protocols.json -Xcc -I/Users/admin/builder/spi-builder-workspace/.derivedData/Build/Products/Debug-watchos/include -Xcc -I/Users/admin/builder/spi-builder-workspace/.derivedData/Build/Intermediates.noindex/FlagAndCountryCode.build/Debug-watchos/FlagAndCountryCode-t.build/DerivedSources-normal/arm64_32 -Xcc -I/Users/admin/builder/spi-builder-workspace/.derivedData/Build/Intermediates.noindex/FlagAndCountryCode.build/Debug-watchos/FlagAndCountryCode-t.build/DerivedSources/arm64_32 -Xcc -I/Users/admin/builder/spi-builder-workspace/.derivedData/Build/Intermediates.noindex/FlagAndCountryCode.build/Debug-watchos/FlagAndCountryCode-t.build/DerivedSources -Xcc -DSWIFT_PACKAGE -Xcc -DDEBUG\=1 -emit-objc-header -emit-objc-header-path /Users/admin/builder/spi-builder-workspace/.derivedData/Build/Intermediates.noindex/FlagAndCountryCode.build/Debug-watchos/FlagAndCountryCode-t.build/Objects-normal/arm64_32/FlagAndCountryCode-Swift.h -working-directory /Users/admin/builder/spi-builder-workspace/.swiftpm/xcode -experimental-emit-module-separately -disable-cmo
SwiftExplicitDependencyGeneratePcm arm64 /Users/admin/builder/spi-builder-workspace/.derivedData/SDKExplicitPrecompiledModules/_Builtin_float-C0CW5Q4HGBQYKE77TC42IAFB5.pcm
SwiftExplicitDependencyGeneratePcm arm64 /Users/admin/builder/spi-builder-workspace/.derivedData/SDKExplicitPrecompiledModules/_SwiftConcurrencyShims-659N52XSKR5F0QSB880BH2FJR.pcm
SwiftExplicitDependencyGeneratePcm arm64 /Users/admin/builder/spi-builder-workspace/.derivedData/SDKExplicitPrecompiledModules/DeveloperToolsSupport-E7CNISCB36UE8XQ9IOHK9XDX1.pcm
SwiftExplicitDependencyGeneratePcm arm64 /Users/admin/builder/spi-builder-workspace/.derivedData/SDKExplicitPrecompiledModules/SwiftShims-4MXFZPV6FEB0XBYXCGPWAMQGL.pcm
SwiftExplicitDependencyGeneratePcm arm64 /Users/admin/builder/spi-builder-workspace/.derivedData/SDKExplicitPrecompiledModules/_Builtin_stddef-1FU30Y8SWFB7OUUHMJQH5J6FM.pcm
SwiftExplicitDependencyGeneratePcm arm64 /Users/admin/builder/spi-builder-workspace/.derivedData/SDKExplicitPrecompiledModules/_Builtin_stdarg-A7UU8LE6MP85SM26YO7PBZNUQ.pcm
SwiftExplicitDependencyGeneratePcm arm64 /Users/admin/builder/spi-builder-workspace/.derivedData/SDKExplicitPrecompiledModules/ptrauth-3TZ9WJCGLYD25HQPWH4968ONX.pcm
SwiftExplicitDependencyGeneratePcm arm64 /Users/admin/builder/spi-builder-workspace/.derivedData/SDKExplicitPrecompiledModules/ptrcheck-AIF0NDOYZ8ORBNHQAQR5NNB8M.pcm
SwiftExplicitDependencyGeneratePcm arm64 /Users/admin/builder/spi-builder-workspace/.derivedData/SDKExplicitPrecompiledModules/_AvailabilityInternal-BUNV3UXM65NT37THI4W1AM0SF.pcm
SwiftExplicitDependencyGeneratePcm arm64_32 /Users/admin/builder/spi-builder-workspace/.derivedData/SDKExplicitPrecompiledModules/_Builtin_stddef-H44EFHQX6XSS5MZ7QP6YJZ76.pcm
SwiftExplicitDependencyGeneratePcm arm64_32 /Users/admin/builder/spi-builder-workspace/.derivedData/SDKExplicitPrecompiledModules/_SwiftConcurrencyShims-6RTBPQ03V7BM9SPRK8SUE055H.pcm
SwiftExplicitDependencyGeneratePcm arm64_32 /Users/admin/builder/spi-builder-workspace/.derivedData/SDKExplicitPrecompiledModules/_Builtin_stdarg-D305JG44A2WPI6CJY37X3QJE8.pcm
SwiftExplicitDependencyGeneratePcm arm64_32 /Users/admin/builder/spi-builder-workspace/.derivedData/SDKExplicitPrecompiledModules/ptrauth-BFXF358ME5AK535N5A9Z766WU.pcm
SwiftExplicitDependencyGeneratePcm arm64_32 /Users/admin/builder/spi-builder-workspace/.derivedData/SDKExplicitPrecompiledModules/_Builtin_float-6KO8O3PEWRCA4WC6PPLOYO6WJ.pcm
SwiftExplicitDependencyGeneratePcm arm64_32 /Users/admin/builder/spi-builder-workspace/.derivedData/SDKExplicitPrecompiledModules/SwiftShims-9CQQGWTSNTN9EB5NSHDWUJICH.pcm
SwiftExplicitDependencyGeneratePcm arm64_32 /Users/admin/builder/spi-builder-workspace/.derivedData/SDKExplicitPrecompiledModules/DeveloperToolsSupport-DZU5G1OCMNWU0AQRULIFHUJ1Z.pcm
SwiftExplicitDependencyGeneratePcm arm64_32 /Users/admin/builder/spi-builder-workspace/.derivedData/SDKExplicitPrecompiledModules/_AvailabilityInternal-244WAN3Z1QBT7PIA64EZEFY1R.pcm
SwiftExplicitDependencyGeneratePcm arm64 /Users/admin/builder/spi-builder-workspace/.derivedData/SDKExplicitPrecompiledModules/_DarwinFoundation1-7SPX3MD0HMP55E4OLNCPNDQ53.pcm
SwiftExplicitDependencyGeneratePcm arm64 /Users/admin/builder/spi-builder-workspace/.derivedData/SDKExplicitPrecompiledModules/_Builtin_stdbool-83J96QSOFE9VX04AAS6310UAE.pcm
SwiftExplicitDependencyGeneratePcm arm64_32 /Users/admin/builder/spi-builder-workspace/.derivedData/SDKExplicitPrecompiledModules/_Builtin_stdbool-A967K8W8YUYEC9SN52KJ7OO88.pcm
SwiftExplicitDependencyGeneratePcm arm64_32 /Users/admin/builder/spi-builder-workspace/.derivedData/SDKExplicitPrecompiledModules/ptrcheck-7ELIH9BTIGVKX3UBITM9N72WD.pcm
SwiftExplicitDependencyGeneratePcm arm64 /Users/admin/builder/spi-builder-workspace/.derivedData/SDKExplicitPrecompiledModules/_DarwinFoundation2-D0XAPJU49S5E9XMKYOFGSTB1Q.pcm
SwiftExplicitDependencyGeneratePcm arm64 /Users/admin/builder/spi-builder-workspace/.derivedData/SDKExplicitPrecompiledModules/_Builtin_limits-9GWPA2B0H20DYUNYHYCWKABJG.pcm
SwiftExplicitDependencyGeneratePcm arm64_32 /Users/admin/builder/spi-builder-workspace/.derivedData/SDKExplicitPrecompiledModules/_DarwinFoundation1-2GWF9RFMPLQW4PDHS3NARVI3G.pcm
SwiftExplicitDependencyGeneratePcm arm64 /Users/admin/builder/spi-builder-workspace/.derivedData/SDKExplicitPrecompiledModules/_Builtin_stdint-8XMILLJZEGRN2XG7XZUXZ5RLX.pcm
SwiftExplicitDependencyGeneratePcm arm64 /Users/admin/builder/spi-builder-workspace/.derivedData/SDKExplicitPrecompiledModules/sys_types-2KXQLI78OUCDP779AE68GZJ2.pcm
SwiftExplicitDependencyGeneratePcm arm64 /Users/admin/builder/spi-builder-workspace/.derivedData/SDKExplicitPrecompiledModules/_Builtin_tgmath-8NQ96OZ0YHXEC24JI95P01UF8.pcm
SwiftExplicitDependencyGeneratePcm arm64 /Users/admin/builder/spi-builder-workspace/.derivedData/SDKExplicitPrecompiledModules/string_h-E6PRXK75PHIPCZFWOFCQ3QBMK.pcm
SwiftExplicitDependencyGeneratePcm arm64_32 /Users/admin/builder/spi-builder-workspace/.derivedData/SDKExplicitPrecompiledModules/_DarwinFoundation2-9MY8GOSYRO0M9MKNXF6D3MBNK.pcm
SwiftExplicitDependencyGeneratePcm arm64_32 /Users/admin/builder/spi-builder-workspace/.derivedData/SDKExplicitPrecompiledModules/_Builtin_limits-3VKBU2AFTD65PAJZ5CJ3LHFM2.pcm
SwiftExplicitDependencyGeneratePcm arm64 /Users/admin/builder/spi-builder-workspace/.derivedData/SDKExplicitPrecompiledModules/_Builtin_intrinsics-75960HIPCIYA06IUW8FIIPQT.pcm
SwiftExplicitDependencyGeneratePcm arm64 /Users/admin/builder/spi-builder-workspace/.derivedData/SDKExplicitPrecompiledModules/_Builtin_stdatomic-7JEFA3KBJJJN6TKJWY3OG1VG5.pcm
SwiftExplicitDependencyGeneratePcm arm64 /Users/admin/builder/spi-builder-workspace/.derivedData/SDKExplicitPrecompiledModules/_DarwinFoundation3-B97LRG0E9GON2NUE65TVG81HU.pcm
SwiftExplicitDependencyGeneratePcm arm64_32 /Users/admin/builder/spi-builder-workspace/.derivedData/SDKExplicitPrecompiledModules/_Builtin_tgmath-23PGCKURCQILXMK0MYZRYDCOU.pcm
SwiftExplicitDependencyGeneratePcm arm64_32 /Users/admin/builder/spi-builder-workspace/.derivedData/SDKExplicitPrecompiledModules/sys_types-8TLLMW08ZJWDGIIPKOYFGHHZW.pcm
SwiftExplicitDependencyGeneratePcm arm64_32 /Users/admin/builder/spi-builder-workspace/.derivedData/SDKExplicitPrecompiledModules/string_h-BFVLUQUSBZWYMLCU9QI7VZALW.pcm
SwiftExplicitDependencyGeneratePcm arm64_32 /Users/admin/builder/spi-builder-workspace/.derivedData/SDKExplicitPrecompiledModules/_Builtin_stdint-1HMXWI3V0V4TXHRWZOMZGZ80Y.pcm
SwiftExplicitDependencyGeneratePcm arm64 /Users/admin/builder/spi-builder-workspace/.derivedData/SDKExplicitPrecompiledModules/_Builtin_inttypes-3UQSCM7WNM9EK4HZML8TY5J3D.pcm
SwiftExplicitDependencyGeneratePcm arm64_32 /Users/admin/builder/spi-builder-workspace/.derivedData/SDKExplicitPrecompiledModules/_Builtin_stdatomic-1TY035TURL76BF2U98PZPPZRX.pcm
SwiftExplicitDependencyGeneratePcm arm64_32 /Users/admin/builder/spi-builder-workspace/.derivedData/SDKExplicitPrecompiledModules/_Builtin_intrinsics-196IIAKDQVU42DLOZP9OQCV76.pcm
SwiftExplicitDependencyGeneratePcm arm64_32 /Users/admin/builder/spi-builder-workspace/.derivedData/SDKExplicitPrecompiledModules/_DarwinFoundation3-3DUTYQDQSD9HUAAVY947NMWOI.pcm
SwiftExplicitDependencyGeneratePcm arm64 /Users/admin/builder/spi-builder-workspace/.derivedData/SDKExplicitPrecompiledModules/Darwin-3984OXKFNSPE77NT743WK8SEX.pcm
SwiftExplicitDependencyGeneratePcm arm64_32 /Users/admin/builder/spi-builder-workspace/.derivedData/SDKExplicitPrecompiledModules/_Builtin_inttypes-D2KPCR4PEX9AQA33NGLUT5SBR.pcm
SwiftExplicitDependencyGeneratePcm arm64 /Users/admin/builder/spi-builder-workspace/.derivedData/SDKExplicitPrecompiledModules/simd-EH08NODU6574T74ZKU61VP9BW.pcm
SwiftExplicitDependencyGeneratePcm arm64_32 /Users/admin/builder/spi-builder-workspace/.derivedData/SDKExplicitPrecompiledModules/Darwin-3FVT1SKLN2ZQ5RVOABMTQBB34.pcm
SwiftExplicitDependencyGeneratePcm arm64_32 /Users/admin/builder/spi-builder-workspace/.derivedData/SDKExplicitPrecompiledModules/simd-21UNWYOBUZI1LVSQ99S1XBLMO.pcm
SwiftExplicitDependencyGeneratePcm arm64 /Users/admin/builder/spi-builder-workspace/.derivedData/SDKExplicitPrecompiledModules/MachO-2U90NNSAQILBNBPS1SA4F8TYP.pcm
SwiftExplicitDependencyGeneratePcm arm64 /Users/admin/builder/spi-builder-workspace/.derivedData/SDKExplicitPrecompiledModules/ObjectiveC-72IVD3VS2RS8Q28D9PIMY0KQP.pcm
SwiftExplicitDependencyGeneratePcm arm64 /Users/admin/builder/spi-builder-workspace/.derivedData/SDKExplicitPrecompiledModules/os_object-3SDKD7F87FTZ26OON37DRYT6O.pcm
SwiftExplicitDependencyGeneratePcm arm64_32 /Users/admin/builder/spi-builder-workspace/.derivedData/SDKExplicitPrecompiledModules/ObjectiveC-6IJNELR2E80E7LUKESVCP2KET.pcm
SwiftExplicitDependencyGeneratePcm arm64_32 /Users/admin/builder/spi-builder-workspace/.derivedData/SDKExplicitPrecompiledModules/MachO-56838ZJ0NC1EBAJ0O6O8QMPDX.pcm
SwiftExplicitDependencyGeneratePcm arm64 /Users/admin/builder/spi-builder-workspace/.derivedData/SDKExplicitPrecompiledModules/os_workgroup-89GG5G7YC2D0ZTK6AZXXQ20DH.pcm
SwiftExplicitDependencyGeneratePcm arm64_32 /Users/admin/builder/spi-builder-workspace/.derivedData/SDKExplicitPrecompiledModules/os_object-5YWTC6L4756IWSTPGXS5NM0D0.pcm
SwiftExplicitDependencyGeneratePcm arm64 /Users/admin/builder/spi-builder-workspace/.derivedData/SDKExplicitPrecompiledModules/Spatial-44FJGYXFAT2AQAW9Z6T7YS02U.pcm
SwiftExplicitDependencyGeneratePcm arm64 /Users/admin/builder/spi-builder-workspace/.derivedData/SDKExplicitPrecompiledModules/Dispatch-1NLJOVAK60XP0DUB05XA59EIM.pcm
SwiftExplicitDependencyGeneratePcm arm64_32 /Users/admin/builder/spi-builder-workspace/.derivedData/SDKExplicitPrecompiledModules/os_workgroup-5JHTPDMNBUNHLJI8LPHKQK1JK.pcm
SwiftExplicitDependencyGeneratePcm arm64 /Users/admin/builder/spi-builder-workspace/.derivedData/SDKExplicitPrecompiledModules/XPC-40DR0X1DHKGCV4J1IOLFS8MOU.pcm
SwiftExplicitDependencyGeneratePcm arm64 /Users/admin/builder/spi-builder-workspace/.derivedData/SDKExplicitPrecompiledModules/CoreFoundation-8T2L24YC5NU7WO6WQJWRY7W08.pcm
SwiftExplicitDependencyGeneratePcm arm64_32 /Users/admin/builder/spi-builder-workspace/.derivedData/SDKExplicitPrecompiledModules/Spatial-CWVWNML3T0NXVHZDKVLD3X1YZ.pcm
SwiftExplicitDependencyGeneratePcm arm64_32 /Users/admin/builder/spi-builder-workspace/.derivedData/SDKExplicitPrecompiledModules/Dispatch-2P62F1T4XV63S4P99TUDTOK2Q.pcm
LinkAssetCatalog /Users/admin/builder/spi-builder-workspace/Sources/FlagAndCountryCode/Resources/CountryFlags.xcassets (in target 'FlagAndCountryCode_FlagAndCountryCode' from project 'FlagAndCountryCode')
cd /Users/admin/builder/spi-builder-workspace
builtin-linkAssetCatalog --thinned /Users/admin/builder/spi-builder-workspace/.derivedData/Build/Intermediates.noindex/FlagAndCountryCode.build/Debug-watchos/FlagAndCountryCode_FlagAndCountryCode-b.build/assetcatalog_output/thinned --thinned-dependencies /Users/admin/builder/spi-builder-workspace/.derivedData/Build/Intermediates.noindex/FlagAndCountryCode.build/Debug-watchos/FlagAndCountryCode_FlagAndCountryCode-b.build/assetcatalog_dependencies_thinned --thinned-info-plist-content /Users/admin/builder/spi-builder-workspace/.derivedData/Build/Intermediates.noindex/FlagAndCountryCode.build/Debug-watchos/FlagAndCountryCode_FlagAndCountryCode-b.build/assetcatalog_generated_info.plist_thinned --unthinned /Users/admin/builder/spi-builder-workspace/.derivedData/Build/Intermediates.noindex/FlagAndCountryCode.build/Debug-watchos/FlagAndCountryCode_FlagAndCountryCode-b.build/assetcatalog_output/unthinned --unthinned-dependencies /Users/admin/builder/spi-builder-workspace/.derivedData/Build/Intermediates.noindex/FlagAndCountryCode.build/Debug-watchos/FlagAndCountryCode_FlagAndCountryCode-b.build/assetcatalog_dependencies_unthinned --unthinned-info-plist-content /Users/admin/builder/spi-builder-workspace/.derivedData/Build/Intermediates.noindex/FlagAndCountryCode.build/Debug-watchos/FlagAndCountryCode_FlagAndCountryCode-b.build/assetcatalog_generated_info.plist_unthinned --output /Users/admin/builder/spi-builder-workspace/.derivedData/Build/Products/Debug-watchos/FlagAndCountryCode_FlagAndCountryCode.bundle --plist-output /Users/admin/builder/spi-builder-workspace/.derivedData/Build/Intermediates.noindex/FlagAndCountryCode.build/Debug-watchos/FlagAndCountryCode_FlagAndCountryCode-b.build/assetcatalog_generated_info.plist
note: Emplaced /Users/admin/builder/spi-builder-workspace/.derivedData/Build/Products/Debug-watchos/FlagAndCountryCode_FlagAndCountryCode.bundle/Assets.car (in target 'FlagAndCountryCode_FlagAndCountryCode' from project 'FlagAndCountryCode')
ProcessInfoPlistFile /Users/admin/builder/spi-builder-workspace/.derivedData/Build/Products/Debug-watchos/FlagAndCountryCode_FlagAndCountryCode.bundle/Info.plist /Users/admin/builder/spi-builder-workspace/.derivedData/Build/Intermediates.noindex/FlagAndCountryCode.build/Debug-watchos/FlagAndCountryCode_FlagAndCountryCode-b.build/empty-FlagAndCountryCode_FlagAndCountryCode.plist (in target 'FlagAndCountryCode_FlagAndCountryCode' from project 'FlagAndCountryCode')
cd /Users/admin/builder/spi-builder-workspace
builtin-infoPlistUtility /Users/admin/builder/spi-builder-workspace/.derivedData/Build/Intermediates.noindex/FlagAndCountryCode.build/Debug-watchos/FlagAndCountryCode_FlagAndCountryCode-b.build/empty-FlagAndCountryCode_FlagAndCountryCode.plist -producttype com.apple.product-type.bundle -expandbuildsettings -format binary -platform watchos -additionalcontentfile /Users/admin/builder/spi-builder-workspace/.derivedData/Build/Intermediates.noindex/FlagAndCountryCode.build/Debug-watchos/FlagAndCountryCode_FlagAndCountryCode-b.build/assetcatalog_generated_info.plist -o /Users/admin/builder/spi-builder-workspace/.derivedData/Build/Products/Debug-watchos/FlagAndCountryCode_FlagAndCountryCode.bundle/Info.plist
SwiftExplicitDependencyGeneratePcm arm64 /Users/admin/builder/spi-builder-workspace/.derivedData/SDKExplicitPrecompiledModules/os-5DIL6Z9LFIGLMZAHM7X2T5435.pcm
RegisterExecutionPolicyException /Users/admin/builder/spi-builder-workspace/.derivedData/Build/Products/Debug-watchos/FlagAndCountryCode_FlagAndCountryCode.bundle (in target 'FlagAndCountryCode_FlagAndCountryCode' from project 'FlagAndCountryCode')
cd /Users/admin/builder/spi-builder-workspace
builtin-RegisterExecutionPolicyException /Users/admin/builder/spi-builder-workspace/.derivedData/Build/Products/Debug-watchos/FlagAndCountryCode_FlagAndCountryCode.bundle
SwiftExplicitDependencyGeneratePcm arm64_32 /Users/admin/builder/spi-builder-workspace/.derivedData/SDKExplicitPrecompiledModules/XPC-81Y45QFY96XYYFCW2GT6FY8S4.pcm
SwiftExplicitDependencyGeneratePcm arm64_32 /Users/admin/builder/spi-builder-workspace/.derivedData/SDKExplicitPrecompiledModules/CoreFoundation-8E6Y4BA3EXYKUGJ24GT9LGV3N.pcm
Touch /Users/admin/builder/spi-builder-workspace/.derivedData/Build/Products/Debug-watchos/FlagAndCountryCode_FlagAndCountryCode.bundle (in target 'FlagAndCountryCode_FlagAndCountryCode' from project 'FlagAndCountryCode')
cd /Users/admin/builder/spi-builder-workspace
/usr/bin/touch -c /Users/admin/builder/spi-builder-workspace/.derivedData/Build/Products/Debug-watchos/FlagAndCountryCode_FlagAndCountryCode.bundle
SwiftExplicitDependencyGeneratePcm arm64 /Users/admin/builder/spi-builder-workspace/.derivedData/SDKExplicitPrecompiledModules/Security-6RZ6YBRU8WCUHRFFRVUK5WKMM.pcm
SwiftExplicitDependencyGeneratePcm arm64 /Users/admin/builder/spi-builder-workspace/.derivedData/SDKExplicitPrecompiledModules/CoreAudioTypes-A9MF7N5LT63G21HNFVM6BT14B.pcm
SwiftExplicitDependencyGeneratePcm arm64 /Users/admin/builder/spi-builder-workspace/.derivedData/SDKExplicitPrecompiledModules/CoreGraphics-DWNZ73GEH98SBJXZ7DEXB420K.pcm
SwiftExplicitDependencyGeneratePcm arm64_32 /Users/admin/builder/spi-builder-workspace/.derivedData/SDKExplicitPrecompiledModules/os-E5IGB442IA6SBB25TTCOLK2OC.pcm
SwiftExplicitDependencyGeneratePcm arm64 /Users/admin/builder/spi-builder-workspace/.derivedData/SDKExplicitPrecompiledModules/CoreAudio-1B79RJJTP71GE6UY9WLESAN3C.pcm
SwiftExplicitDependencyGeneratePcm arm64_32 /Users/admin/builder/spi-builder-workspace/.derivedData/SDKExplicitPrecompiledModules/CoreGraphics-9FDXYX6BKBUT6TJ2VF819E7T5.pcm
SwiftExplicitDependencyGeneratePcm arm64_32 /Users/admin/builder/spi-builder-workspace/.derivedData/SDKExplicitPrecompiledModules/CoreAudioTypes-9GVB1DHA32M46R4A9NWSI3I2K.pcm
SwiftExplicitDependencyGeneratePcm arm64_32 /Users/admin/builder/spi-builder-workspace/.derivedData/SDKExplicitPrecompiledModules/Security-D7TOWF88VWF67TB9HAFP5UWB1.pcm
SwiftExplicitDependencyGeneratePcm arm64 /Users/admin/builder/spi-builder-workspace/.derivedData/SDKExplicitPrecompiledModules/Foundation-DLBKUSGXN8QHAT8W0OARR9S8A.pcm
SwiftExplicitDependencyGeneratePcm arm64 /Users/admin/builder/spi-builder-workspace/.derivedData/SDKExplicitPrecompiledModules/CoreText-970YJN6NIYGK1316L35Z0O8QT.pcm
SwiftExplicitDependencyGeneratePcm arm64 /Users/admin/builder/spi-builder-workspace/.derivedData/SDKExplicitPrecompiledModules/CoreVideo-8MRR5MNWUOAW2DBPGUQ8FKK4.pcm
SwiftExplicitDependencyGeneratePcm arm64_32 /Users/admin/builder/spi-builder-workspace/.derivedData/SDKExplicitPrecompiledModules/CoreAudio-5W6MX6OUPWBMUR8VD5LHT1PZF.pcm
SwiftExplicitDependencyGeneratePcm arm64_32 /Users/admin/builder/spi-builder-workspace/.derivedData/SDKExplicitPrecompiledModules/Foundation-BJ2VQGI3OGR34500MEQ1VKHPH.pcm
SwiftExplicitDependencyGeneratePcm arm64_32 /Users/admin/builder/spi-builder-workspace/.derivedData/SDKExplicitPrecompiledModules/CoreVideo-2P8HI0403J99LBDPKNFJ5D4DL.pcm
SwiftExplicitDependencyGeneratePcm arm64_32 /Users/admin/builder/spi-builder-workspace/.derivedData/SDKExplicitPrecompiledModules/CoreText-C9X2REPZN2V5BSU4G80FCETDR.pcm
SwiftExplicitDependencyGeneratePcm arm64 /Users/admin/builder/spi-builder-workspace/.derivedData/SDKExplicitPrecompiledModules/CoreMedia-1AJVCUZNAO74KIKMFVFUUHWDI.pcm
SwiftExplicitDependencyGeneratePcm arm64_32 /Users/admin/builder/spi-builder-workspace/.derivedData/SDKExplicitPrecompiledModules/CoreMedia-AO387T8CHWTTZODD1DGT0UAFA.pcm
SwiftExplicitDependencyGeneratePcm arm64 /Users/admin/builder/spi-builder-workspace/.derivedData/SDKExplicitPrecompiledModules/CoreData-9JFJC4UET8BAO5IPV2JU6W9V8.pcm
SwiftExplicitDependencyGeneratePcm arm64 /Users/admin/builder/spi-builder-workspace/.derivedData/SDKExplicitPrecompiledModules/UIUtilities-IR7RNW23VAUKYI9MLCS9NL9A.pcm
SwiftExplicitDependencyGeneratePcm arm64 /Users/admin/builder/spi-builder-workspace/.derivedData/SDKExplicitPrecompiledModules/_LocationEssentials-5ZZDGDXB6HLQUC72SJW7YJ7MK.pcm
SwiftExplicitDependencyGeneratePcm arm64 /Users/admin/builder/spi-builder-workspace/.derivedData/SDKExplicitPrecompiledModules/Accessibility-27QMG6ZQ1NKYTNBYFPM1XKNFC.pcm
SwiftExplicitDependencyGeneratePcm arm64 /Users/admin/builder/spi-builder-workspace/.derivedData/SDKExplicitPrecompiledModules/OSLog-B7VGO357Y3GJG35TST7DKDSI3.pcm
SwiftExplicitDependencyGeneratePcm arm64 /Users/admin/builder/spi-builder-workspace/.derivedData/SDKExplicitPrecompiledModules/CoreTransferable-9PPG3SLJ55T4LITIFYX2M0NOZ.pcm
SwiftExplicitDependencyGeneratePcm arm64 /Users/admin/builder/spi-builder-workspace/.derivedData/SDKExplicitPrecompiledModules/UniformTypeIdentifiers-8L08Q8DQJV8C4AW84YVGFGTRN.pcm
SwiftExplicitDependencyGeneratePcm arm64 /Users/admin/builder/spi-builder-workspace/.derivedData/SDKExplicitPrecompiledModules/UserNotifications-ARAH8MEQ0C2L0FBO39HITJMAO.pcm
SwiftExplicitDependencyGeneratePcm arm64 /Users/admin/builder/spi-builder-workspace/.derivedData/SDKExplicitPrecompiledModules/DataDetection-7BNVI1SZW5ISQL5SX4WL2X7I5.pcm
SwiftExplicitDependencyGeneratePcm arm64 /Users/admin/builder/spi-builder-workspace/.derivedData/SDKExplicitPrecompiledModules/Symbols-3EFABTJ9L5PQDJ7RQCYQWEJMM.pcm
SwiftExplicitDependencyGeneratePcm arm64 /Users/admin/builder/spi-builder-workspace/.derivedData/SDKExplicitPrecompiledModules/QuartzCore-94KFMWNOU7ZLUZNB4T5DLZC9D.pcm
SwiftExplicitDependencyGeneratePcm arm64_32 /Users/admin/builder/spi-builder-workspace/.derivedData/SDKExplicitPrecompiledModules/CoreData-7AU1AFQWUH88EAPDKVMLJPKVD.pcm
SwiftExplicitDependencyGeneratePcm arm64_32 /Users/admin/builder/spi-builder-workspace/.derivedData/SDKExplicitPrecompiledModules/Accessibility-F385OMZ5GYBUY5O4QAJB4NRII.pcm
SwiftExplicitDependencyGeneratePcm arm64_32 /Users/admin/builder/spi-builder-workspace/.derivedData/SDKExplicitPrecompiledModules/DataDetection-U9BF7WHFVA6BZGFXXXP272PS.pcm
SwiftExplicitDependencyGeneratePcm arm64_32 /Users/admin/builder/spi-builder-workspace/.derivedData/SDKExplicitPrecompiledModules/QuartzCore-6375NPYACK5NYVHPMC1QQ8MC2.pcm
SwiftExplicitDependencyGeneratePcm arm64_32 /Users/admin/builder/spi-builder-workspace/.derivedData/SDKExplicitPrecompiledModules/SceneKit-DKNLHKM5FJBQ79LSNMSSMBUBR.pcm
SwiftExplicitDependencyGeneratePcm arm64 /Users/admin/builder/spi-builder-workspace/.derivedData/SDKExplicitPrecompiledModules/CoreLocation-ACKJ9K7ABI14F97Y46Y6SRR17.pcm
SwiftExplicitDependencyGeneratePcm arm64_32 /Users/admin/builder/spi-builder-workspace/.derivedData/SDKExplicitPrecompiledModules/OSLog-D9AVFY0KWO7RVBIQ73CBIJVCN.pcm
SwiftExplicitDependencyGeneratePcm arm64_32 /Users/admin/builder/spi-builder-workspace/.derivedData/SDKExplicitPrecompiledModules/Symbols-1H97WMG76HU94F5VGJR19PXFY.pcm
SwiftExplicitDependencyGeneratePcm arm64_32 /Users/admin/builder/spi-builder-workspace/.derivedData/SDKExplicitPrecompiledModules/CoreTransferable-5D4IR6X37682FPHJ5CBPTKQV6.pcm
SwiftExplicitDependencyGeneratePcm arm64_32 /Users/admin/builder/spi-builder-workspace/.derivedData/SDKExplicitPrecompiledModules/UIUtilities-9YFVNIMRC5HRVOIARNWHP1E3H.pcm
SwiftExplicitDependencyGeneratePcm arm64_32 /Users/admin/builder/spi-builder-workspace/.derivedData/SDKExplicitPrecompiledModules/UserNotifications-6TBN8TEAKO014N1T2QD926XED.pcm
SwiftExplicitDependencyGeneratePcm arm64_32 /Users/admin/builder/spi-builder-workspace/.derivedData/SDKExplicitPrecompiledModules/UniformTypeIdentifiers-CJZ3NTHPSBH4XWX5EVOG56UZS.pcm
SwiftExplicitDependencyGeneratePcm arm64 /Users/admin/builder/spi-builder-workspace/.derivedData/SDKExplicitPrecompiledModules/SceneKit-5HZKIL7XETTTD8TOHYPN8JKRJ.pcm
SwiftExplicitDependencyGeneratePcm arm64 /Users/admin/builder/spi-builder-workspace/.derivedData/SDKExplicitPrecompiledModules/CoreMotion-6RD5K48QT1F4L9CATNFD2O7YB.pcm
SwiftExplicitDependencyGeneratePcm arm64 /Users/admin/builder/spi-builder-workspace/.derivedData/SDKExplicitPrecompiledModules/SwiftUICore-C1DST1IX2Z0PTH5SJJZ1IULRB.pcm
SwiftExplicitDependencyGeneratePcm arm64_32 /Users/admin/builder/spi-builder-workspace/.derivedData/SDKExplicitPrecompiledModules/_LocationEssentials-AQ1OL9QKC3LQLY5CNSRM1HB53.pcm
SwiftExplicitDependencyGeneratePcm arm64_32 /Users/admin/builder/spi-builder-workspace/.derivedData/SDKExplicitPrecompiledModules/SwiftUICore-3Q7WLRD8MR9R3NGIPUBQCP6F6.pcm
SwiftExplicitDependencyGeneratePcm arm64_32 /Users/admin/builder/spi-builder-workspace/.derivedData/SDKExplicitPrecompiledModules/CoreLocation-8XU5YMYM4P11RQMYCQAG65ITK.pcm
SwiftExplicitDependencyGeneratePcm arm64 /Users/admin/builder/spi-builder-workspace/.derivedData/SDKExplicitPrecompiledModules/UIKit-27R3P1YMV4C6JLDT661G3MRIA.pcm
SwiftExplicitDependencyGeneratePcm arm64_32 /Users/admin/builder/spi-builder-workspace/.derivedData/SDKExplicitPrecompiledModules/CoreMotion-1XGTVTE5PP32UHME8AC63TL6.pcm
SwiftExplicitDependencyGeneratePcm arm64_32 /Users/admin/builder/spi-builder-workspace/.derivedData/SDKExplicitPrecompiledModules/UIKit-6PPV7YPZ89CZPHYAP072QH8B6.pcm
SwiftExplicitDependencyGeneratePcm arm64 /Users/admin/builder/spi-builder-workspace/.derivedData/SDKExplicitPrecompiledModules/MapKit-EJJWC7IL56MPLQMI93GJRE5OG.pcm
SwiftExplicitDependencyGeneratePcm arm64 /Users/admin/builder/spi-builder-workspace/.derivedData/SDKExplicitPrecompiledModules/HomeKit-DTS1N4AWILAL1URZ5IOXV5221.pcm
SwiftExplicitDependencyGeneratePcm arm64 /Users/admin/builder/spi-builder-workspace/.derivedData/SDKExplicitPrecompiledModules/WatchKit-3VT3K8YON6FJ6OWSUFJMFMP8J.pcm
SwiftExplicitDependencyGeneratePcm arm64_32 /Users/admin/builder/spi-builder-workspace/.derivedData/SDKExplicitPrecompiledModules/HomeKit-DUDZOMSN3UK8GNTNBNMPIWJRN.pcm
SwiftExplicitDependencyGeneratePcm arm64_32 /Users/admin/builder/spi-builder-workspace/.derivedData/SDKExplicitPrecompiledModules/MapKit-CWGB4YMP1VX1NYQN5FULFD5DR.pcm
SwiftExplicitDependencyGeneratePcm arm64 /Users/admin/builder/spi-builder-workspace/.derivedData/SDKExplicitPrecompiledModules/SwiftUI-APXDH8ULYLM6FD17YRA73TULO.pcm
SwiftExplicitDependencyGeneratePcm arm64_32 /Users/admin/builder/spi-builder-workspace/.derivedData/SDKExplicitPrecompiledModules/WatchKit-FHF6WTKLC2APGK3LA2XJ6516.pcm
SwiftCompile normal arm64 Compiling\ ImageRenderer.swift /Users/admin/builder/spi-builder-workspace/Sources/FlagAndCountryCode/Helpers/ImageRenderer.swift (in target 'FlagAndCountryCode' from project 'FlagAndCountryCode')
SwiftCompile normal arm64 /Users/admin/builder/spi-builder-workspace/Sources/FlagAndCountryCode/Helpers/ImageRenderer.swift (in target 'FlagAndCountryCode' from project 'FlagAndCountryCode')
cd /Users/admin/builder/spi-builder-workspace/.swiftpm/xcode
builtin-SwiftPerFileCompile ImageRenderer.swift
/Users/admin/builder/spi-builder-workspace/Sources/FlagAndCountryCode/Helpers/ImageRenderer.swift:13:60: error: 'UIGraphicsImageRendererContext' is unavailable in watchOS
11 |
12 | internal extension UIImage {
13 | func rendereredImage(size outputSize: CGSize, action: (UIGraphicsImageRendererContext) -> Void) -> UIImage {
| `- error: 'UIGraphicsImageRendererContext' is unavailable in watchOS
14 | let format = UIGraphicsImageRendererFormat()
15 | format.scale = scale
/Applications/Xcode-27.0.0-Release.Candidate.app/Contents/Developer/Platforms/WatchOS.platform/Developer/SDKs/WatchOS27.0.sdk/System/Library/Frameworks/UIKit.framework/Headers/UIGraphicsImageRenderer.h:42:12: note: 'UIGraphicsImageRendererContext' has been explicitly marked unavailable here
40 |
41 | UIKIT_EXTERN API_AVAILABLE(ios(10.0)) API_UNAVAILABLE(watchos)
42 | @interface UIGraphicsImageRendererContext : UIGraphicsRendererContext
| `- note: 'UIGraphicsImageRendererContext' has been explicitly marked unavailable here
43 | @property (nonatomic, readonly) UIImage *currentImage; // Returns a UIImage representing the current state of the renderer's CGContext
44 | @end
/Users/admin/builder/spi-builder-workspace/Sources/FlagAndCountryCode/Helpers/ImageRenderer.swift:14:22: error: 'UIGraphicsImageRendererFormat' is unavailable in watchOS
12 | internal extension UIImage {
13 | func rendereredImage(size outputSize: CGSize, action: (UIGraphicsImageRendererContext) -> Void) -> UIImage {
14 | let format = UIGraphicsImageRendererFormat()
| `- error: 'UIGraphicsImageRendererFormat' is unavailable in watchOS
15 | format.scale = scale
16 |
/Applications/Xcode-27.0.0-Release.Candidate.app/Contents/Developer/Platforms/WatchOS.platform/Developer/SDKs/WatchOS27.0.sdk/System/Library/Frameworks/UIKit.framework/Headers/UIGraphicsImageRenderer.h:27:12: note: 'UIGraphicsImageRendererFormat' has been explicitly marked unavailable here
25 |
26 | UIKIT_EXTERN API_AVAILABLE(ios(10.0)) API_UNAVAILABLE(watchos)
27 | @interface UIGraphicsImageRendererFormat : UIGraphicsRendererFormat
| `- note: 'UIGraphicsImageRendererFormat' has been explicitly marked unavailable here
28 |
29 | @property (nonatomic) CGFloat scale; // display scale of the context. The preferredFormat uses the scale most appropriate for the main screen's current configuration.
SwiftEmitModule normal arm64 Emitting\ module\ for\ FlagAndCountryCode (in target 'FlagAndCountryCode' from project 'FlagAndCountryCode')
/Users/admin/builder/spi-builder-workspace/Sources/FlagAndCountryCode/Helpers/ImageRenderer.swift:13:60: error: 'UIGraphicsImageRendererContext' is unavailable in watchOS
11 |
12 | internal extension UIImage {
13 | func rendereredImage(size outputSize: CGSize, action: (UIGraphicsImageRendererContext) -> Void) -> UIImage {
| `- error: 'UIGraphicsImageRendererContext' is unavailable in watchOS
14 | let format = UIGraphicsImageRendererFormat()
15 | format.scale = scale
/Applications/Xcode-27.0.0-Release.Candidate.app/Contents/Developer/Platforms/WatchOS.platform/Developer/SDKs/WatchOS27.0.sdk/System/Library/Frameworks/UIKit.framework/Headers/UIGraphicsImageRenderer.h:42:12: note: 'UIGraphicsImageRendererContext' has been explicitly marked unavailable here
40 |
41 | UIKIT_EXTERN API_AVAILABLE(ios(10.0)) API_UNAVAILABLE(watchos)
42 | @interface UIGraphicsImageRendererContext : UIGraphicsRendererContext
| `- note: 'UIGraphicsImageRendererContext' has been explicitly marked unavailable here
43 | @property (nonatomic, readonly) UIImage *currentImage; // Returns a UIImage representing the current state of the renderer's CGContext
44 | @end
Failed frontend command:
/Applications/Xcode-27.0.0-Release.Candidate.app/Contents/Developer/Toolchains/XcodeDefault.xctoolchain/usr/bin/swift-frontend -frontend -emit-module -experimental-skip-non-inlinable-function-bodies-without-types /Users/admin/builder/spi-builder-workspace/.derivedData/Build/Intermediates.noindex/FlagAndCountryCode.build/Debug-watchos/FlagAndCountryCode-t.build/DerivedSources/resource_bundle_accessor.swift /Users/admin/builder/spi-builder-workspace/Sources/FlagAndCountryCode/CountryFlagInfo.swift /Users/admin/builder/spi-builder-workspace/Sources/FlagAndCountryCode/FlagType.swift /Users/admin/builder/spi-builder-workspace/Sources/FlagAndCountryCode/Helpers/BundleToken.swift /Users/admin/builder/spi-builder-workspace/Sources/FlagAndCountryCode/Helpers/CountryFlagsParser.swift /Users/admin/builder/spi-builder-workspace/Sources/FlagAndCountryCode/Helpers/ImageRenderer.swift /Users/admin/builder/spi-builder-workspace/.derivedData/Build/Intermediates.noindex/FlagAndCountryCode.build/Debug-watchos/FlagAndCountryCode-t.build/DerivedSources/GeneratedAssetSymbols.swift -target arm64-apple-watchos9.0 -module-can-import-version DeveloperToolsSupport 24.0.24 24.0.24 -module-can-import-version SwiftUI 8.0.84.1 8.0.84 -module-can-import-version UIKit 9127.0.84.1 9127.0.84 -disable-cross-import-overlay-search -load-resolved-plugin /Applications/Xcode-27.0.0-Release.Candidate.app/Contents/Developer/Platforms/WatchOS.platform/Developer/usr/lib/swift/host/plugins/libFoundationMacros.dylib\#/Applications/Xcode-27.0.0-Release.Candidate.app/Contents/Developer/Platforms/WatchOS.platform/Developer/usr/bin/swift-plugin-server\#FoundationMacros -load-resolved-plugin /Applications/Xcode-27.0.0-Release.Candidate.app/Contents/Developer/Platforms/WatchOS.platform/Developer/usr/lib/swift/host/plugins/libObservationMacros.dylib\#/Applications/Xcode-27.0.0-Release.Candidate.app/Contents/Developer/Platforms/WatchOS.platform/Developer/usr/bin/swift-plugin-server\#ObservationMacros -load-resolved-plugin /Applications/Xcode-27.0.0-Release.Candidate.app/Contents/Developer/Platforms/WatchOS.platform/Developer/usr/lib/swift/host/plugins/libPreviewsMacros.dylib\#/Applications/Xcode-27.0.0-Release.Candidate.app/Contents/Developer/Platforms/WatchOS.platform/Developer/usr/bin/swift-plugin-server\#PreviewsMacros -load-resolved-plugin /Applications/Xcode-27.0.0-Release.Candidate.app/Contents/Developer/Platforms/WatchOS.platform/Developer/usr/lib/swift/host/plugins/libSwiftMacros.dylib\#/Applications/Xcode-27.0.0-Release.Candidate.app/Contents/Developer/Platforms/WatchOS.platform/Developer/usr/bin/swift-plugin-server\#SwiftMacros -load-resolved-plugin /Applications/Xcode-27.0.0-Release.Candidate.app/Contents/Developer/Platforms/WatchOS.platform/Developer/usr/lib/swift/host/plugins/libSwiftUIMacros.dylib\#/Applications/Xcode-27.0.0-Release.Candidate.app/Contents/Developer/Platforms/WatchOS.platform/Developer/usr/bin/swift-plugin-server\#SwiftUIMacros -disable-implicit-swift-modules -Xcc -fno-implicit-modules -Xcc -fno-implicit-module-maps -explicit-swift-module-map-file /Users/admin/builder/spi-builder-workspace/.derivedData/Build/Intermediates.noindex/FlagAndCountryCode.build/Debug-watchos/FlagAndCountryCode-t.build/Objects-normal/arm64/FlagAndCountryCode-dependencies-1.json -Xllvm -aarch64-use-tbi -enable-objc-interop -stack-check -sdk /Applications/Xcode-27.0.0-Release.Candidate.app/Contents/Developer/Platforms/WatchOS.platform/Developer/SDKs/WatchOS27.0.sdk -I /Users/admin/builder/spi-builder-workspace/.derivedData/Build/Products/Debug-watchos -Isystem /Applications/Xcode-27.0.0-Release.Candidate.app/Contents/Developer/Platforms/WatchOS.platform/Developer/usr/lib -F /Users/admin/builder/spi-builder-workspace/.derivedData/Build/Products/Debug-watchos -F /Applications/Xcode-27.0.0-Release.Candidate.app/Contents/Developer/Platforms/WatchOS.platform/Developer/Library/Frameworks -F /Applications/Xcode-27.0.0-Release.Candidate.app/Contents/Developer/Platforms/WatchOS.platform/Developer/SDKs/WatchOS27.0.sdk/Developer/Library/Frameworks -module-cache-path /Users/admin/builder/spi-builder-workspace/.derivedData/Build/Intermediates.noindex/SwiftExplicitPrecompiledModules -no-color-diagnostics -Xcc -fno-color-diagnostics -enable-testing -g -debug-info-format\=dwarf -dwarf-version\=4 -swift-version 5 -Onone -D SWIFT_PACKAGE -D DEBUG -D SWIFT_MODULE_RESOURCE_BUNDLE_AVAILABLE -D Xcode -serialize-debugging-options -enable-experimental-feature StrictConcurrency -enable-experimental-feature DebugDescriptionMacro -empty-abi-descriptor -validate-clang-modules-once -clang-build-session-file /Users/admin/builder/spi-builder-workspace/.derivedData/ModuleCache.noindex/Session.modulevalidation -Xcc -working-directory -Xcc /Users/admin/builder/spi-builder-workspace/.swiftpm/xcode -enable-anonymous-context-mangled-names -file-compilation-dir /Users/admin/builder/spi-builder-workspace/.swiftpm/xcode -Xcc -D_LIBCPP_HARDENING_MODE\=_LIBCPP_HARDENING_MODE_DEBUG -Xcc -ivfsstatcache -Xcc /Users/admin/builder/spi-builder-workspace/.derivedData/SDKStatCaches.noindex/watchos27.0-24R360-e829b21a6f8c9b70876ba0858053c04477534ef55a1706bf4c1112bbb242f0a2.sdkstatcache -Xcc -fmodules-prune-interval\=86400 -Xcc -fmodules-prune-after\=345600 -Xcc -I/Users/admin/builder/spi-builder-workspace/.derivedData/Build/Products/Debug-watchos/include -Xcc -I/Users/admin/builder/spi-builder-workspace/.derivedData/Build/Intermediates.noindex/FlagAndCountryCode.build/Debug-watchos/FlagAndCountryCode-t.build/DerivedSources-normal/arm64 -Xcc -I/Users/admin/builder/spi-builder-workspace/.derivedData/Build/Intermediates.noindex/FlagAndCountryCode.build/Debug-watchos/FlagAndCountryCode-t.build/DerivedSources/arm64 -Xcc -I/Users/admin/builder/spi-builder-workspace/.derivedData/Build/Intermediates.noindex/FlagAndCountryCode.build/Debug-watchos/FlagAndCountryCode-t.build/DerivedSources -Xcc -DSWIFT_PACKAGE -Xcc -DDEBUG\=1 -no-auto-bridging-header-chaining -module-name FlagAndCountryCode -package-name spi_builder_workspace -const-gather-protocols-file /Users/admin/builder/spi-builder-workspace/.derivedData/Build/Intermediates.noindex/FlagAndCountryCode.build/Debug-watchos/FlagAndCountryCode-t.build/Objects-normal/arm64/FlagAndCountryCode_const_extract_protocols.json -disable-clang-spi -clang-target arm64-apple-watchos27.0 -target-sdk-version 27.0 -target-sdk-name watchos27.0 -in-process-plugin-server-path /Applications/Xcode-27.0.0-Release.Candidate.app/Contents/Developer/Toolchains/XcodeDefault.xctoolchain/usr/lib/swift/host/libSwiftInProcPluginServer.dylib -emit-module-doc-path /Users/admin/builder/spi-builder-workspace/.derivedData/Build/Intermediates.noindex/FlagAndCountryCode.build/Debug-watchos/FlagAndCountryCode-t.build/Objects-normal/arm64/FlagAndCountryCode.swiftdoc -emit-module-source-info-path /Users/admin/builder/spi-builder-workspace/.derivedData/Build/Intermediates.noindex/FlagAndCountryCode.build/Debug-watchos/FlagAndCountryCode-t.build/Objects-normal/arm64/FlagAndCountryCode.swiftsourceinfo -emit-objc-header-path /Users/admin/builder/spi-builder-workspace/.derivedData/Build/Intermediates.noindex/FlagAndCountryCode.build/Debug-watchos/FlagAndCountryCode-t.build/Objects-normal/arm64/FlagAndCountryCode-Swift.h -serialize-diagnostics-path /Users/admin/builder/spi-builder-workspace/.derivedData/Build/Intermediates.noindex/FlagAndCountryCode.build/Debug-watchos/FlagAndCountryCode-t.build/Objects-normal/arm64/FlagAndCountryCode-primary-emit-module.dia -emit-dependencies-path /Users/admin/builder/spi-builder-workspace/.derivedData/Build/Intermediates.noindex/FlagAndCountryCode.build/Debug-watchos/FlagAndCountryCode-t.build/Objects-normal/arm64/FlagAndCountryCode-primary-emit-module.d -parse-as-library -o /Users/admin/builder/spi-builder-workspace/.derivedData/Build/Intermediates.noindex/FlagAndCountryCode.build/Debug-watchos/FlagAndCountryCode-t.build/Objects-normal/arm64/FlagAndCountryCode.swiftmodule -emit-abi-descriptor-path /Users/admin/builder/spi-builder-workspace/.derivedData/Build/Intermediates.noindex/FlagAndCountryCode.build/Debug-watchos/FlagAndCountryCode-t.build/Objects-normal/arm64/FlagAndCountryCode.abi.json
SwiftCompile normal arm64 (in target 'FlagAndCountryCode' from project 'FlagAndCountryCode')
cd /Users/admin/builder/spi-builder-workspace/.swiftpm/xcode
SwiftCompile normal arm64 Compiling\ FlagType.swift /Users/admin/builder/spi-builder-workspace/Sources/FlagAndCountryCode/FlagType.swift (in target 'FlagAndCountryCode' from project 'FlagAndCountryCode')
SwiftCompile normal arm64 /Users/admin/builder/spi-builder-workspace/Sources/FlagAndCountryCode/FlagType.swift (in target 'FlagAndCountryCode' from project 'FlagAndCountryCode')
cd /Users/admin/builder/spi-builder-workspace/.swiftpm/xcode
builtin-SwiftPerFileCompile FlagType.swift
SwiftCompile normal arm64 Compiling\ GeneratedAssetSymbols.swift /Users/admin/builder/spi-builder-workspace/.derivedData/Build/Intermediates.noindex/FlagAndCountryCode.build/Debug-watchos/FlagAndCountryCode-t.build/DerivedSources/GeneratedAssetSymbols.swift (in target 'FlagAndCountryCode' from project 'FlagAndCountryCode')
SwiftCompile normal arm64 /Users/admin/builder/spi-builder-workspace/.derivedData/Build/Intermediates.noindex/FlagAndCountryCode.build/Debug-watchos/FlagAndCountryCode-t.build/DerivedSources/GeneratedAssetSymbols.swift (in target 'FlagAndCountryCode' from project 'FlagAndCountryCode')
cd /Users/admin/builder/spi-builder-workspace/.swiftpm/xcode
builtin-SwiftPerFileCompile GeneratedAssetSymbols.swift
SwiftCompile normal arm64 Compiling\ CountryFlagsParser.swift /Users/admin/builder/spi-builder-workspace/Sources/FlagAndCountryCode/Helpers/CountryFlagsParser.swift (in target 'FlagAndCountryCode' from project 'FlagAndCountryCode')
SwiftCompile normal arm64 /Users/admin/builder/spi-builder-workspace/Sources/FlagAndCountryCode/Helpers/CountryFlagsParser.swift (in target 'FlagAndCountryCode' from project 'FlagAndCountryCode')
cd /Users/admin/builder/spi-builder-workspace/.swiftpm/xcode
builtin-SwiftPerFileCompile CountryFlagsParser.swift
SwiftCompile normal arm64 Compiling\ CountryFlagInfo.swift /Users/admin/builder/spi-builder-workspace/Sources/FlagAndCountryCode/CountryFlagInfo.swift (in target 'FlagAndCountryCode' from project 'FlagAndCountryCode')
SwiftCompile normal arm64 /Users/admin/builder/spi-builder-workspace/Sources/FlagAndCountryCode/CountryFlagInfo.swift (in target 'FlagAndCountryCode' from project 'FlagAndCountryCode')
cd /Users/admin/builder/spi-builder-workspace/.swiftpm/xcode
builtin-SwiftPerFileCompile CountryFlagInfo.swift
SwiftCompile normal arm64 Compiling\ resource_bundle_accessor.swift /Users/admin/builder/spi-builder-workspace/.derivedData/Build/Intermediates.noindex/FlagAndCountryCode.build/Debug-watchos/FlagAndCountryCode-t.build/DerivedSources/resource_bundle_accessor.swift (in target 'FlagAndCountryCode' from project 'FlagAndCountryCode')
SwiftCompile normal arm64 /Users/admin/builder/spi-builder-workspace/.derivedData/Build/Intermediates.noindex/FlagAndCountryCode.build/Debug-watchos/FlagAndCountryCode-t.build/DerivedSources/resource_bundle_accessor.swift (in target 'FlagAndCountryCode' from project 'FlagAndCountryCode')
cd /Users/admin/builder/spi-builder-workspace/.swiftpm/xcode
builtin-SwiftPerFileCompile resource_bundle_accessor.swift
SwiftCompile normal arm64 Compiling\ BundleToken.swift /Users/admin/builder/spi-builder-workspace/Sources/FlagAndCountryCode/Helpers/BundleToken.swift (in target 'FlagAndCountryCode' from project 'FlagAndCountryCode')
SwiftCompile normal arm64 /Users/admin/builder/spi-builder-workspace/Sources/FlagAndCountryCode/Helpers/BundleToken.swift (in target 'FlagAndCountryCode' from project 'FlagAndCountryCode')
cd /Users/admin/builder/spi-builder-workspace/.swiftpm/xcode
builtin-SwiftPerFileCompile BundleToken.swift
SwiftExplicitDependencyGeneratePcm arm64_32 /Users/admin/builder/spi-builder-workspace/.derivedData/SDKExplicitPrecompiledModules/SwiftUI-9AYG9OCT5VOJK7V4MX1WYR86T.pcm
SwiftCompile normal arm64_32 Compiling\ GeneratedAssetSymbols.swift /Users/admin/builder/spi-builder-workspace/.derivedData/Build/Intermediates.noindex/FlagAndCountryCode.build/Debug-watchos/FlagAndCountryCode-t.build/DerivedSources/GeneratedAssetSymbols.swift (in target 'FlagAndCountryCode' from project 'FlagAndCountryCode')
SwiftCompile normal arm64_32 /Users/admin/builder/spi-builder-workspace/.derivedData/Build/Intermediates.noindex/FlagAndCountryCode.build/Debug-watchos/FlagAndCountryCode-t.build/DerivedSources/GeneratedAssetSymbols.swift (in target 'FlagAndCountryCode' from project 'FlagAndCountryCode')
cd /Users/admin/builder/spi-builder-workspace/.swiftpm/xcode
builtin-SwiftPerFileCompile GeneratedAssetSymbols.swift
SwiftEmitModule normal arm64_32 Emitting\ module\ for\ FlagAndCountryCode (in target 'FlagAndCountryCode' from project 'FlagAndCountryCode')
SwiftCompile normal arm64_32 (in target 'FlagAndCountryCode' from project 'FlagAndCountryCode')
cd /Users/admin/builder/spi-builder-workspace/.swiftpm/xcode
SwiftCompile normal arm64_32 Compiling\ FlagType.swift /Users/admin/builder/spi-builder-workspace/Sources/FlagAndCountryCode/FlagType.swift (in target 'FlagAndCountryCode' from project 'FlagAndCountryCode')
SwiftCompile normal arm64_32 /Users/admin/builder/spi-builder-workspace/Sources/FlagAndCountryCode/FlagType.swift (in target 'FlagAndCountryCode' from project 'FlagAndCountryCode')
cd /Users/admin/builder/spi-builder-workspace/.swiftpm/xcode
builtin-SwiftPerFileCompile FlagType.swift
PruneExplicitPrecompiledModules /Users/admin/builder/spi-builder-workspace/.derivedData/Build/Intermediates.noindex/ExplicitPrecompiledModules
PruneExplicitPrecompiledModules /Users/admin/builder/spi-builder-workspace/.derivedData/SDKExplicitPrecompiledModules
PruneExplicitPrecompiledModules /Users/admin/builder/spi-builder-workspace/.derivedData/Build/Intermediates.noindex/SwiftExplicitPrecompiledModules
2026-09-21 22:45:48.678 xcodebuild[626:3911] [MT] IDERunDestination: Supported platforms for the buildables in the current scheme is empty.
** BUILD FAILED **
The following build commands failed:
SwiftEmitModule normal arm64 Emitting\ module\ for\ FlagAndCountryCode (in target 'FlagAndCountryCode' from project 'FlagAndCountryCode')
SwiftCompile normal arm64 (in target 'FlagAndCountryCode' from project 'FlagAndCountryCode')
Building workspace FlagAndCountryCode with scheme FlagAndCountryCode
(3 failures)
Command line invocation:
/Applications/Xcode-27.0.0-Release.Candidate.app/Contents/Developer/usr/bin/xcodebuild -IDEClonedSourcePackagesDirPathOverride=/Users/admin/builder/spi-builder-workspace/.dependencies -resolvePackageDependencies
Resolve Package Graph
Resolved source packages:
FlagAndCountryCode: /Users/admin/builder/spi-builder-workspace
resolved source packages: FlagAndCountryCode
2026-09-21 22:45:57.440 xcodebuild[832:4855] [MT] IDERunDestination: Supported platforms for the buildables in the current scheme is empty.
{
"dependencies" : [
],
"manifest_display_name" : "FlagAndCountryCode",
"name" : "FlagAndCountryCode",
"path" : "/Users/admin/builder/spi-builder-workspace",
"platforms" : [
{
"name" : "ios",
"version" : "15.0"
}
],
"products" : [
{
"name" : "FlagAndCountryCode",
"targets" : [
"FlagAndCountryCode"
],
"type" : {
"library" : [
"automatic"
]
}
}
],
"targets" : [
{
"c99name" : "FlagAndCountryCode",
"module_type" : "SwiftTarget",
"name" : "FlagAndCountryCode",
"path" : "Sources/FlagAndCountryCode",
"product_memberships" : [
"FlagAndCountryCode"
],
"resources" : [
{
"path" : "/Users/admin/builder/spi-builder-workspace/Sources/FlagAndCountryCode/Resources/CountryFlags.xcassets",
"rule" : {
"process" : {
}
}
},
{
"path" : "/Users/admin/builder/spi-builder-workspace/Sources/FlagAndCountryCode/Resources/country-codes.json",
"rule" : {
"process" : {
}
}
}
],
"sources" : [
"CountryFlagInfo.swift",
"FlagType.swift",
"Helpers/BundleToken.swift",
"Helpers/CountryFlagsParser.swift",
"Helpers/ImageRenderer.swift"
],
"type" : "library"
}
],
"tools_version" : "5.9"
}
{
"workspace" : {
"name" : "FlagAndCountryCode",
"schemes" : [
"FlagAndCountryCode"
]
}
}
2026-09-21 22:45:58.687 xcodebuild[840:4913] [MT] IDERunDestination: Supported platforms for the buildables in the current scheme is empty.
Running build ...
env DEVELOPER_DIR=/Applications/Xcode-27.0.0-Release.Candidate.app xcrun xcodebuild -IDEClonedSourcePackagesDirPathOverride=$PWD/.dependencies -skipMacroValidation -skipPackagePluginValidation -derivedDataPath $PWD/.derivedData build -scheme FlagAndCountryCode -destination generic/platform=watchOS
Command line invocation:
/Applications/Xcode-27.0.0-Release.Candidate.app/Contents/Developer/usr/bin/xcodebuild -IDEClonedSourcePackagesDirPathOverride=/Users/admin/builder/spi-builder-workspace/.dependencies -skipMacroValidation -skipPackagePluginValidation -derivedDataPath /Users/admin/builder/spi-builder-workspace/.derivedData build -scheme FlagAndCountryCode -destination generic/platform=watchOS
Resolve Package Graph
Resolved source packages:
FlagAndCountryCode: /Users/admin/builder/spi-builder-workspace
ComputePackagePrebuildTargetDependencyGraph
Prepare packages
CreateBuildRequest
SendProjectDescription
CreateBuildOperation
ComputeTargetDependencyGraph
note: Building targets in dependency order
note: Target dependency graph (3 targets)
Target 'FlagAndCountryCode-product' in project 'FlagAndCountryCode'
➜ Explicit dependency on target 'FlagAndCountryCode' in project 'FlagAndCountryCode'
➜ Explicit dependency on target 'FlagAndCountryCode_FlagAndCountryCode' in project 'FlagAndCountryCode'
Target 'FlagAndCountryCode' in project 'FlagAndCountryCode'
➜ Explicit dependency on target 'FlagAndCountryCode_FlagAndCountryCode' in project 'FlagAndCountryCode'
Target 'FlagAndCountryCode_FlagAndCountryCode' in project 'FlagAndCountryCode' (no dependencies)
GatherProvisioningInputs
CreateBuildDescription
ClangStatCache /Applications/Xcode-27.0.0-Release.Candidate.app/Contents/Developer/Toolchains/XcodeDefault.xctoolchain/usr/bin/clang-stat-cache /Applications/Xcode-27.0.0-Release.Candidate.app/Contents/Developer/Platforms/WatchOS.platform/Developer/SDKs/WatchOS27.0.sdk /Users/admin/builder/spi-builder-workspace/.derivedData/SDKStatCaches.noindex/watchos27.0-24R360-e829b21a6f8c9b70876ba0858053c04477534ef55a1706bf4c1112bbb242f0a2.sdkstatcache
cd /Users/admin/builder/spi-builder-workspace/.swiftpm/xcode
/Applications/Xcode-27.0.0-Release.Candidate.app/Contents/Developer/Toolchains/XcodeDefault.xctoolchain/usr/bin/clang-stat-cache /Applications/Xcode-27.0.0-Release.Candidate.app/Contents/Developer/Platforms/WatchOS.platform/Developer/SDKs/WatchOS27.0.sdk -o /Users/admin/builder/spi-builder-workspace/.derivedData/SDKStatCaches.noindex/watchos27.0-24R360-e829b21a6f8c9b70876ba0858053c04477534ef55a1706bf4c1112bbb242f0a2.sdkstatcache
SwiftDriver FlagAndCountryCode normal arm64 com.apple.xcode.tools.swift.compiler (in target 'FlagAndCountryCode' from project 'FlagAndCountryCode')
cd /Users/admin/builder/spi-builder-workspace/.swiftpm/xcode
builtin-SwiftDriver -- /Applications/Xcode-27.0.0-Release.Candidate.app/Contents/Developer/Toolchains/XcodeDefault.xctoolchain/usr/bin/swiftc -parse-as-library -module-name FlagAndCountryCode -Onone @/Users/admin/builder/spi-builder-workspace/.derivedData/Build/Intermediates.noindex/FlagAndCountryCode.build/Debug-watchos/FlagAndCountryCode-t.build/Objects-normal/arm64/FlagAndCountryCode.SwiftFileList -DSWIFT_PACKAGE -DDEBUG -DSWIFT_MODULE_RESOURCE_BUNDLE_AVAILABLE -DXcode -enable-experimental-feature StrictConcurrency -plugin-path /Applications/Xcode-27.0.0-Release.Candidate.app/Contents/Developer/Toolchains/XcodeDefault.xctoolchain/usr/lib/swift/host/plugins/testing -enable-experimental-feature DebugDescriptionMacro -sdk /Applications/Xcode-27.0.0-Release.Candidate.app/Contents/Developer/Platforms/WatchOS.platform/Developer/SDKs/WatchOS27.0.sdk -target arm64-apple-watchos9.0 -g -module-cache-path /Users/admin/builder/spi-builder-workspace/.derivedData/ModuleCache.noindex -Xfrontend -serialize-debugging-options -enable-testing -index-store-path /Users/admin/builder/spi-builder-workspace/.derivedData/Index.noindex/DataStore -Xcc -D_LIBCPP_HARDENING_MODE\=_LIBCPP_HARDENING_MODE_DEBUG -swift-version 5 -I /Users/admin/builder/spi-builder-workspace/.derivedData/Build/Products/Debug-watchos -Isystem /Applications/Xcode-27.0.0-Release.Candidate.app/Contents/Developer/Platforms/WatchOS.platform/Developer/usr/lib -F /Users/admin/builder/spi-builder-workspace/.derivedData/Build/Products/Debug-watchos -F /Applications/Xcode-27.0.0-Release.Candidate.app/Contents/Developer/Platforms/WatchOS.platform/Developer/Library/Frameworks -F /Applications/Xcode-27.0.0-Release.Candidate.app/Contents/Developer/Platforms/WatchOS.platform/Developer/SDKs/WatchOS27.0.sdk/Developer/Library/Frameworks -c -j10 -enable-batch-mode -incremental -Xcc -ivfsstatcache -Xcc /Users/admin/builder/spi-builder-workspace/.derivedData/SDKStatCaches.noindex/watchos27.0-24R360-e829b21a6f8c9b70876ba0858053c04477534ef55a1706bf4c1112bbb242f0a2.sdkstatcache -output-file-map /Users/admin/builder/spi-builder-workspace/.derivedData/Build/Intermediates.noindex/FlagAndCountryCode.build/Debug-watchos/FlagAndCountryCode-t.build/Objects-normal/arm64/FlagAndCountryCode-OutputFileMap.json -save-temps -no-color-diagnostics -explicit-module-build -module-cache-path /Users/admin/builder/spi-builder-workspace/.derivedData/Build/Intermediates.noindex/SwiftExplicitPrecompiledModules -clang-scanner-module-cache-path /Users/admin/builder/spi-builder-workspace/.derivedData/ModuleCache.noindex -sdk-module-cache-path /Users/admin/builder/spi-builder-workspace/.derivedData/SDKExplicitPrecompiledModules -emit-dependencies -emit-module -emit-module-path /Users/admin/builder/spi-builder-workspace/.derivedData/Build/Intermediates.noindex/FlagAndCountryCode.build/Debug-watchos/FlagAndCountryCode-t.build/Objects-normal/arm64/FlagAndCountryCode.swiftmodule -serialize-diagnostics -dependency-scan-serialize-diagnostics-path /Users/admin/builder/spi-builder-workspace/.derivedData/Build/Intermediates.noindex/FlagAndCountryCode.build/Debug-watchos/FlagAndCountryCode-t.build/Objects-normal/arm64/FlagAndCountryCode-dependency-scan.dia -validate-clang-modules-once -clang-build-session-file /Users/admin/builder/spi-builder-workspace/.derivedData/ModuleCache.noindex/Session.modulevalidation -Xcc -fmodules-prune-interval\=86400 -Xcc -fmodules-prune-after\=345600 -package-name spi_builder_workspace -emit-const-values -const-gather-protocols-list /Users/admin/builder/spi-builder-workspace/.derivedData/Build/Intermediates.noindex/FlagAndCountryCode.build/Debug-watchos/FlagAndCountryCode-t.build/Objects-normal/arm64/FlagAndCountryCode_const_extract_protocols.json -Xcc -I/Users/admin/builder/spi-builder-workspace/.derivedData/Build/Products/Debug-watchos/include -Xcc -I/Users/admin/builder/spi-builder-workspace/.derivedData/Build/Intermediates.noindex/FlagAndCountryCode.build/Debug-watchos/FlagAndCountryCode-t.build/DerivedSources-normal/arm64 -Xcc -I/Users/admin/builder/spi-builder-workspace/.derivedData/Build/Intermediates.noindex/FlagAndCountryCode.build/Debug-watchos/FlagAndCountryCode-t.build/DerivedSources/arm64 -Xcc -I/Users/admin/builder/spi-builder-workspace/.derivedData/Build/Intermediates.noindex/FlagAndCountryCode.build/Debug-watchos/FlagAndCountryCode-t.build/DerivedSources -Xcc -DSWIFT_PACKAGE -Xcc -DDEBUG\=1 -emit-objc-header -emit-objc-header-path /Users/admin/builder/spi-builder-workspace/.derivedData/Build/Intermediates.noindex/FlagAndCountryCode.build/Debug-watchos/FlagAndCountryCode-t.build/Objects-normal/arm64/FlagAndCountryCode-Swift.h -working-directory /Users/admin/builder/spi-builder-workspace/.swiftpm/xcode -experimental-emit-module-separately -disable-cmo
SwiftDriver FlagAndCountryCode normal arm64_32 com.apple.xcode.tools.swift.compiler (in target 'FlagAndCountryCode' from project 'FlagAndCountryCode')
cd /Users/admin/builder/spi-builder-workspace/.swiftpm/xcode
builtin-SwiftDriver -- /Applications/Xcode-27.0.0-Release.Candidate.app/Contents/Developer/Toolchains/XcodeDefault.xctoolchain/usr/bin/swiftc -parse-as-library -module-name FlagAndCountryCode -Onone @/Users/admin/builder/spi-builder-workspace/.derivedData/Build/Intermediates.noindex/FlagAndCountryCode.build/Debug-watchos/FlagAndCountryCode-t.build/Objects-normal/arm64_32/FlagAndCountryCode.SwiftFileList -DSWIFT_PACKAGE -DDEBUG -DSWIFT_MODULE_RESOURCE_BUNDLE_AVAILABLE -DXcode -enable-experimental-feature StrictConcurrency -plugin-path /Applications/Xcode-27.0.0-Release.Candidate.app/Contents/Developer/Toolchains/XcodeDefault.xctoolchain/usr/lib/swift/host/plugins/testing -enable-experimental-feature DebugDescriptionMacro -sdk /Applications/Xcode-27.0.0-Release.Candidate.app/Contents/Developer/Platforms/WatchOS.platform/Developer/SDKs/WatchOS27.0.sdk -target arm64_32-apple-watchos9.0 -g -module-cache-path /Users/admin/builder/spi-builder-workspace/.derivedData/ModuleCache.noindex -Xfrontend -serialize-debugging-options -enable-testing -index-store-path /Users/admin/builder/spi-builder-workspace/.derivedData/Index.noindex/DataStore -Xcc -D_LIBCPP_HARDENING_MODE\=_LIBCPP_HARDENING_MODE_DEBUG -swift-version 5 -I /Users/admin/builder/spi-builder-workspace/.derivedData/Build/Products/Debug-watchos -Isystem /Applications/Xcode-27.0.0-Release.Candidate.app/Contents/Developer/Platforms/WatchOS.platform/Developer/usr/lib -F /Users/admin/builder/spi-builder-workspace/.derivedData/Build/Products/Debug-watchos -F /Applications/Xcode-27.0.0-Release.Candidate.app/Contents/Developer/Platforms/WatchOS.platform/Developer/Library/Frameworks -F /Applications/Xcode-27.0.0-Release.Candidate.app/Contents/Developer/Platforms/WatchOS.platform/Developer/SDKs/WatchOS27.0.sdk/Developer/Library/Frameworks -c -j10 -enable-batch-mode -incremental -Xcc -ivfsstatcache -Xcc /Users/admin/builder/spi-builder-workspace/.derivedData/SDKStatCaches.noindex/watchos27.0-24R360-e829b21a6f8c9b70876ba0858053c04477534ef55a1706bf4c1112bbb242f0a2.sdkstatcache -output-file-map /Users/admin/builder/spi-builder-workspace/.derivedData/Build/Intermediates.noindex/FlagAndCountryCode.build/Debug-watchos/FlagAndCountryCode-t.build/Objects-normal/arm64_32/FlagAndCountryCode-OutputFileMap.json -save-temps -no-color-diagnostics -explicit-module-build -module-cache-path /Users/admin/builder/spi-builder-workspace/.derivedData/Build/Intermediates.noindex/SwiftExplicitPrecompiledModules -clang-scanner-module-cache-path /Users/admin/builder/spi-builder-workspace/.derivedData/ModuleCache.noindex -sdk-module-cache-path /Users/admin/builder/spi-builder-workspace/.derivedData/SDKExplicitPrecompiledModules -emit-dependencies -emit-module -emit-module-path /Users/admin/builder/spi-builder-workspace/.derivedData/Build/Intermediates.noindex/FlagAndCountryCode.build/Debug-watchos/FlagAndCountryCode-t.build/Objects-normal/arm64_32/FlagAndCountryCode.swiftmodule -serialize-diagnostics -dependency-scan-serialize-diagnostics-path /Users/admin/builder/spi-builder-workspace/.derivedData/Build/Intermediates.noindex/FlagAndCountryCode.build/Debug-watchos/FlagAndCountryCode-t.build/Objects-normal/arm64_32/FlagAndCountryCode-dependency-scan.dia -validate-clang-modules-once -clang-build-session-file /Users/admin/builder/spi-builder-workspace/.derivedData/ModuleCache.noindex/Session.modulevalidation -Xcc -fmodules-prune-interval\=86400 -Xcc -fmodules-prune-after\=345600 -package-name spi_builder_workspace -emit-const-values -const-gather-protocols-list /Users/admin/builder/spi-builder-workspace/.derivedData/Build/Intermediates.noindex/FlagAndCountryCode.build/Debug-watchos/FlagAndCountryCode-t.build/Objects-normal/arm64_32/FlagAndCountryCode_const_extract_protocols.json -Xcc -I/Users/admin/builder/spi-builder-workspace/.derivedData/Build/Products/Debug-watchos/include -Xcc -I/Users/admin/builder/spi-builder-workspace/.derivedData/Build/Intermediates.noindex/FlagAndCountryCode.build/Debug-watchos/FlagAndCountryCode-t.build/DerivedSources-normal/arm64_32 -Xcc -I/Users/admin/builder/spi-builder-workspace/.derivedData/Build/Intermediates.noindex/FlagAndCountryCode.build/Debug-watchos/FlagAndCountryCode-t.build/DerivedSources/arm64_32 -Xcc -I/Users/admin/builder/spi-builder-workspace/.derivedData/Build/Intermediates.noindex/FlagAndCountryCode.build/Debug-watchos/FlagAndCountryCode-t.build/DerivedSources -Xcc -DSWIFT_PACKAGE -Xcc -DDEBUG\=1 -emit-objc-header -emit-objc-header-path /Users/admin/builder/spi-builder-workspace/.derivedData/Build/Intermediates.noindex/FlagAndCountryCode.build/Debug-watchos/FlagAndCountryCode-t.build/Objects-normal/arm64_32/FlagAndCountryCode-Swift.h -working-directory /Users/admin/builder/spi-builder-workspace/.swiftpm/xcode -experimental-emit-module-separately -disable-cmo
SwiftCompile normal arm64_32 Compiling\ CountryFlagInfo.swift /Users/admin/builder/spi-builder-workspace/Sources/FlagAndCountryCode/CountryFlagInfo.swift (in target 'FlagAndCountryCode' from project 'FlagAndCountryCode')
SwiftCompile normal arm64_32 /Users/admin/builder/spi-builder-workspace/Sources/FlagAndCountryCode/CountryFlagInfo.swift (in target 'FlagAndCountryCode' from project 'FlagAndCountryCode')
cd /Users/admin/builder/spi-builder-workspace/.swiftpm/xcode
builtin-SwiftPerFileCompile CountryFlagInfo.swift
SwiftCompile normal arm64_32 Compiling\ resource_bundle_accessor.swift /Users/admin/builder/spi-builder-workspace/.derivedData/Build/Intermediates.noindex/FlagAndCountryCode.build/Debug-watchos/FlagAndCountryCode-t.build/DerivedSources/resource_bundle_accessor.swift (in target 'FlagAndCountryCode' from project 'FlagAndCountryCode')
SwiftCompile normal arm64_32 /Users/admin/builder/spi-builder-workspace/.derivedData/Build/Intermediates.noindex/FlagAndCountryCode.build/Debug-watchos/FlagAndCountryCode-t.build/DerivedSources/resource_bundle_accessor.swift (in target 'FlagAndCountryCode' from project 'FlagAndCountryCode')
cd /Users/admin/builder/spi-builder-workspace/.swiftpm/xcode
builtin-SwiftPerFileCompile resource_bundle_accessor.swift
SwiftCompile normal arm64_32 Compiling\ BundleToken.swift /Users/admin/builder/spi-builder-workspace/Sources/FlagAndCountryCode/Helpers/BundleToken.swift (in target 'FlagAndCountryCode' from project 'FlagAndCountryCode')
SwiftCompile normal arm64_32 /Users/admin/builder/spi-builder-workspace/Sources/FlagAndCountryCode/Helpers/BundleToken.swift (in target 'FlagAndCountryCode' from project 'FlagAndCountryCode')
cd /Users/admin/builder/spi-builder-workspace/.swiftpm/xcode
builtin-SwiftPerFileCompile BundleToken.swift
SwiftEmitModule normal arm64_32 Emitting\ module\ for\ FlagAndCountryCode (in target 'FlagAndCountryCode' from project 'FlagAndCountryCode')
/Users/admin/builder/spi-builder-workspace/Sources/FlagAndCountryCode/Helpers/ImageRenderer.swift:13:60: error: 'UIGraphicsImageRendererContext' is unavailable in watchOS
11 |
12 | internal extension UIImage {
13 | func rendereredImage(size outputSize: CGSize, action: (UIGraphicsImageRendererContext) -> Void) -> UIImage {
| `- error: 'UIGraphicsImageRendererContext' is unavailable in watchOS
14 | let format = UIGraphicsImageRendererFormat()
15 | format.scale = scale
/Applications/Xcode-27.0.0-Release.Candidate.app/Contents/Developer/Platforms/WatchOS.platform/Developer/SDKs/WatchOS27.0.sdk/System/Library/Frameworks/UIKit.framework/Headers/UIGraphicsImageRenderer.h:42:12: note: 'UIGraphicsImageRendererContext' has been explicitly marked unavailable here
40 |
41 | UIKIT_EXTERN API_AVAILABLE(ios(10.0)) API_UNAVAILABLE(watchos)
42 | @interface UIGraphicsImageRendererContext : UIGraphicsRendererContext
| `- note: 'UIGraphicsImageRendererContext' has been explicitly marked unavailable here
43 | @property (nonatomic, readonly) UIImage *currentImage; // Returns a UIImage representing the current state of the renderer's CGContext
44 | @end
Failed frontend command:
/Applications/Xcode-27.0.0-Release.Candidate.app/Contents/Developer/Toolchains/XcodeDefault.xctoolchain/usr/bin/swift-frontend -frontend -emit-module -experimental-skip-non-inlinable-function-bodies-without-types /Users/admin/builder/spi-builder-workspace/.derivedData/Build/Intermediates.noindex/FlagAndCountryCode.build/Debug-watchos/FlagAndCountryCode-t.build/DerivedSources/resource_bundle_accessor.swift /Users/admin/builder/spi-builder-workspace/Sources/FlagAndCountryCode/CountryFlagInfo.swift /Users/admin/builder/spi-builder-workspace/Sources/FlagAndCountryCode/FlagType.swift /Users/admin/builder/spi-builder-workspace/Sources/FlagAndCountryCode/Helpers/BundleToken.swift /Users/admin/builder/spi-builder-workspace/Sources/FlagAndCountryCode/Helpers/CountryFlagsParser.swift /Users/admin/builder/spi-builder-workspace/Sources/FlagAndCountryCode/Helpers/ImageRenderer.swift /Users/admin/builder/spi-builder-workspace/.derivedData/Build/Intermediates.noindex/FlagAndCountryCode.build/Debug-watchos/FlagAndCountryCode-t.build/DerivedSources/GeneratedAssetSymbols.swift -target arm64_32-apple-watchos9.0 -module-can-import-version DeveloperToolsSupport 24.0.24 24.0.24 -module-can-import-version SwiftUI 8.0.84.1 8.0.84 -module-can-import-version UIKit 9127.0.84.1 9127.0.84 -disable-cross-import-overlay-search -load-resolved-plugin /Applications/Xcode-27.0.0-Release.Candidate.app/Contents/Developer/Platforms/WatchOS.platform/Developer/usr/lib/swift/host/plugins/libFoundationMacros.dylib\#/Applications/Xcode-27.0.0-Release.Candidate.app/Contents/Developer/Platforms/WatchOS.platform/Developer/usr/bin/swift-plugin-server\#FoundationMacros -load-resolved-plugin /Applications/Xcode-27.0.0-Release.Candidate.app/Contents/Developer/Platforms/WatchOS.platform/Developer/usr/lib/swift/host/plugins/libObservationMacros.dylib\#/Applications/Xcode-27.0.0-Release.Candidate.app/Contents/Developer/Platforms/WatchOS.platform/Developer/usr/bin/swift-plugin-server\#ObservationMacros -load-resolved-plugin /Applications/Xcode-27.0.0-Release.Candidate.app/Contents/Developer/Platforms/WatchOS.platform/Developer/usr/lib/swift/host/plugins/libPreviewsMacros.dylib\#/Applications/Xcode-27.0.0-Release.Candidate.app/Contents/Developer/Platforms/WatchOS.platform/Developer/usr/bin/swift-plugin-server\#PreviewsMacros -load-resolved-plugin /Applications/Xcode-27.0.0-Release.Candidate.app/Contents/Developer/Platforms/WatchOS.platform/Developer/usr/lib/swift/host/plugins/libSwiftMacros.dylib\#/Applications/Xcode-27.0.0-Release.Candidate.app/Contents/Developer/Platforms/WatchOS.platform/Developer/usr/bin/swift-plugin-server\#SwiftMacros -load-resolved-plugin /Applications/Xcode-27.0.0-Release.Candidate.app/Contents/Developer/Platforms/WatchOS.platform/Developer/usr/lib/swift/host/plugins/libSwiftUIMacros.dylib\#/Applications/Xcode-27.0.0-Release.Candidate.app/Contents/Developer/Platforms/WatchOS.platform/Developer/usr/bin/swift-plugin-server\#SwiftUIMacros -disable-implicit-swift-modules -Xcc -fno-implicit-modules -Xcc -fno-implicit-module-maps -explicit-swift-module-map-file /Users/admin/builder/spi-builder-workspace/.derivedData/Build/Intermediates.noindex/FlagAndCountryCode.build/Debug-watchos/FlagAndCountryCode-t.build/Objects-normal/arm64_32/FlagAndCountryCode-dependencies-1.json -enable-objc-interop -sdk /Applications/Xcode-27.0.0-Release.Candidate.app/Contents/Developer/Platforms/WatchOS.platform/Developer/SDKs/WatchOS27.0.sdk -I /Users/admin/builder/spi-builder-workspace/.derivedData/Build/Products/Debug-watchos -Isystem /Applications/Xcode-27.0.0-Release.Candidate.app/Contents/Developer/Platforms/WatchOS.platform/Developer/usr/lib -F /Users/admin/builder/spi-builder-workspace/.derivedData/Build/Products/Debug-watchos -F /Applications/Xcode-27.0.0-Release.Candidate.app/Contents/Developer/Platforms/WatchOS.platform/Developer/Library/Frameworks -F /Applications/Xcode-27.0.0-Release.Candidate.app/Contents/Developer/Platforms/WatchOS.platform/Developer/SDKs/WatchOS27.0.sdk/Developer/Library/Frameworks -module-cache-path /Users/admin/builder/spi-builder-workspace/.derivedData/Build/Intermediates.noindex/SwiftExplicitPrecompiledModules -no-color-diagnostics -Xcc -fno-color-diagnostics -enable-testing -g -debug-info-format\=dwarf -dwarf-version\=4 -swift-version 5 -Onone -D SWIFT_PACKAGE -D DEBUG -D SWIFT_MODULE_RESOURCE_BUNDLE_AVAILABLE -D Xcode -serialize-debugging-options -enable-experimental-feature StrictConcurrency -enable-experimental-feature DebugDescriptionMacro -empty-abi-descriptor -validate-clang-modules-once -clang-build-session-file /Users/admin/builder/spi-builder-workspace/.derivedData/ModuleCache.noindex/Session.modulevalidation -Xcc -working-directory -Xcc /Users/admin/builder/spi-builder-workspace/.swiftpm/xcode -enable-anonymous-context-mangled-names -file-compilation-dir /Users/admin/builder/spi-builder-workspace/.swiftpm/xcode -Xcc -D_LIBCPP_HARDENING_MODE\=_LIBCPP_HARDENING_MODE_DEBUG -Xcc -ivfsstatcache -Xcc /Users/admin/builder/spi-builder-workspace/.derivedData/SDKStatCaches.noindex/watchos27.0-24R360-e829b21a6f8c9b70876ba0858053c04477534ef55a1706bf4c1112bbb242f0a2.sdkstatcache -Xcc -fmodules-prune-interval\=86400 -Xcc -fmodules-prune-after\=345600 -Xcc -I/Users/admin/builder/spi-builder-workspace/.derivedData/Build/Products/Debug-watchos/include -Xcc -I/Users/admin/builder/spi-builder-workspace/.derivedData/Build/Intermediates.noindex/FlagAndCountryCode.build/Debug-watchos/FlagAndCountryCode-t.build/DerivedSources-normal/arm64_32 -Xcc -I/Users/admin/builder/spi-builder-workspace/.derivedData/Build/Intermediates.noindex/FlagAndCountryCode.build/Debug-watchos/FlagAndCountryCode-t.build/DerivedSources/arm64_32 -Xcc -I/Users/admin/builder/spi-builder-workspace/.derivedData/Build/Intermediates.noindex/FlagAndCountryCode.build/Debug-watchos/FlagAndCountryCode-t.build/DerivedSources -Xcc -DSWIFT_PACKAGE -Xcc -DDEBUG\=1 -no-auto-bridging-header-chaining -module-name FlagAndCountryCode -package-name spi_builder_workspace -const-gather-protocols-file /Users/admin/builder/spi-builder-workspace/.derivedData/Build/Intermediates.noindex/FlagAndCountryCode.build/Debug-watchos/FlagAndCountryCode-t.build/Objects-normal/arm64_32/FlagAndCountryCode_const_extract_protocols.json -disable-clang-spi -clang-target arm64_32-apple-watchos27.0 -target-sdk-version 27.0 -target-sdk-name watchos27.0 -in-process-plugin-server-path /Applications/Xcode-27.0.0-Release.Candidate.app/Contents/Developer/Toolchains/XcodeDefault.xctoolchain/usr/lib/swift/host/libSwiftInProcPluginServer.dylib -emit-module-doc-path /Users/admin/builder/spi-builder-workspace/.derivedData/Build/Intermediates.noindex/FlagAndCountryCode.build/Debug-watchos/FlagAndCountryCode-t.build/Objects-normal/arm64_32/FlagAndCountryCode.swiftdoc -emit-module-source-info-path /Users/admin/builder/spi-builder-workspace/.derivedData/Build/Intermediates.noindex/FlagAndCountryCode.build/Debug-watchos/FlagAndCountryCode-t.build/Objects-normal/arm64_32/FlagAndCountryCode.swiftsourceinfo -emit-objc-header-path /Users/admin/builder/spi-builder-workspace/.derivedData/Build/Intermediates.noindex/FlagAndCountryCode.build/Debug-watchos/FlagAndCountryCode-t.build/Objects-normal/arm64_32/FlagAndCountryCode-Swift.h -serialize-diagnostics-path /Users/admin/builder/spi-builder-workspace/.derivedData/Build/Intermediates.noindex/FlagAndCountryCode.build/Debug-watchos/FlagAndCountryCode-t.build/Objects-normal/arm64_32/FlagAndCountryCode-primary-emit-module.dia -emit-dependencies-path /Users/admin/builder/spi-builder-workspace/.derivedData/Build/Intermediates.noindex/FlagAndCountryCode.build/Debug-watchos/FlagAndCountryCode-t.build/Objects-normal/arm64_32/FlagAndCountryCode-primary-emit-module.d -parse-as-library -o /Users/admin/builder/spi-builder-workspace/.derivedData/Build/Intermediates.noindex/FlagAndCountryCode.build/Debug-watchos/FlagAndCountryCode-t.build/Objects-normal/arm64_32/FlagAndCountryCode.swiftmodule -emit-abi-descriptor-path /Users/admin/builder/spi-builder-workspace/.derivedData/Build/Intermediates.noindex/FlagAndCountryCode.build/Debug-watchos/FlagAndCountryCode-t.build/Objects-normal/arm64_32/FlagAndCountryCode.abi.json
SwiftCompile normal arm64_32 (in target 'FlagAndCountryCode' from project 'FlagAndCountryCode')
cd /Users/admin/builder/spi-builder-workspace/.swiftpm/xcode
SwiftCompile normal arm64_32 Compiling\ FlagType.swift /Users/admin/builder/spi-builder-workspace/Sources/FlagAndCountryCode/FlagType.swift (in target 'FlagAndCountryCode' from project 'FlagAndCountryCode')
SwiftCompile normal arm64_32 /Users/admin/builder/spi-builder-workspace/Sources/FlagAndCountryCode/FlagType.swift (in target 'FlagAndCountryCode' from project 'FlagAndCountryCode')
cd /Users/admin/builder/spi-builder-workspace/.swiftpm/xcode
builtin-SwiftPerFileCompile FlagType.swift
SwiftCompile normal arm64_32 Compiling\ ImageRenderer.swift /Users/admin/builder/spi-builder-workspace/Sources/FlagAndCountryCode/Helpers/ImageRenderer.swift (in target 'FlagAndCountryCode' from project 'FlagAndCountryCode')
/Users/admin/builder/spi-builder-workspace/Sources/FlagAndCountryCode/Helpers/ImageRenderer.swift:13:60: error: 'UIGraphicsImageRendererContext' is unavailable in watchOS
11 |
12 | internal extension UIImage {
13 | func rendereredImage(size outputSize: CGSize, action: (UIGraphicsImageRendererContext) -> Void) -> UIImage {
| `- error: 'UIGraphicsImageRendererContext' is unavailable in watchOS
14 | let format = UIGraphicsImageRendererFormat()
15 | format.scale = scale
/Applications/Xcode-27.0.0-Release.Candidate.app/Contents/Developer/Platforms/WatchOS.platform/Developer/SDKs/WatchOS27.0.sdk/System/Library/Frameworks/UIKit.framework/Headers/UIGraphicsImageRenderer.h:42:12: note: 'UIGraphicsImageRendererContext' has been explicitly marked unavailable here
40 |
41 | UIKIT_EXTERN API_AVAILABLE(ios(10.0)) API_UNAVAILABLE(watchos)
42 | @interface UIGraphicsImageRendererContext : UIGraphicsRendererContext
| `- note: 'UIGraphicsImageRendererContext' has been explicitly marked unavailable here
43 | @property (nonatomic, readonly) UIImage *currentImage; // Returns a UIImage representing the current state of the renderer's CGContext
44 | @end
/Users/admin/builder/spi-builder-workspace/Sources/FlagAndCountryCode/Helpers/ImageRenderer.swift:14:22: error: 'UIGraphicsImageRendererFormat' is unavailable in watchOS
12 | internal extension UIImage {
13 | func rendereredImage(size outputSize: CGSize, action: (UIGraphicsImageRendererContext) -> Void) -> UIImage {
14 | let format = UIGraphicsImageRendererFormat()
| `- error: 'UIGraphicsImageRendererFormat' is unavailable in watchOS
15 | format.scale = scale
16 |
/Applications/Xcode-27.0.0-Release.Candidate.app/Contents/Developer/Platforms/WatchOS.platform/Developer/SDKs/WatchOS27.0.sdk/System/Library/Frameworks/UIKit.framework/Headers/UIGraphicsImageRenderer.h:27:12: note: 'UIGraphicsImageRendererFormat' has been explicitly marked unavailable here
25 |
26 | UIKIT_EXTERN API_AVAILABLE(ios(10.0)) API_UNAVAILABLE(watchos)
27 | @interface UIGraphicsImageRendererFormat : UIGraphicsRendererFormat
| `- note: 'UIGraphicsImageRendererFormat' has been explicitly marked unavailable here
28 |
29 | @property (nonatomic) CGFloat scale; // display scale of the context. The preferredFormat uses the scale most appropriate for the main screen's current configuration.
SwiftCompile normal arm64_32 /Users/admin/builder/spi-builder-workspace/Sources/FlagAndCountryCode/Helpers/ImageRenderer.swift (in target 'FlagAndCountryCode' from project 'FlagAndCountryCode')
cd /Users/admin/builder/spi-builder-workspace/.swiftpm/xcode
builtin-SwiftPerFileCompile ImageRenderer.swift
SwiftCompile normal arm64 Compiling\ BundleToken.swift /Users/admin/builder/spi-builder-workspace/Sources/FlagAndCountryCode/Helpers/BundleToken.swift (in target 'FlagAndCountryCode' from project 'FlagAndCountryCode')
SwiftCompile normal arm64 /Users/admin/builder/spi-builder-workspace/Sources/FlagAndCountryCode/Helpers/BundleToken.swift (in target 'FlagAndCountryCode' from project 'FlagAndCountryCode')
cd /Users/admin/builder/spi-builder-workspace/.swiftpm/xcode
builtin-SwiftPerFileCompile BundleToken.swift
SwiftCompile normal arm64 Compiling\ FlagType.swift /Users/admin/builder/spi-builder-workspace/Sources/FlagAndCountryCode/FlagType.swift (in target 'FlagAndCountryCode' from project 'FlagAndCountryCode')
SwiftCompile normal arm64 /Users/admin/builder/spi-builder-workspace/Sources/FlagAndCountryCode/FlagType.swift (in target 'FlagAndCountryCode' from project 'FlagAndCountryCode')
cd /Users/admin/builder/spi-builder-workspace/.swiftpm/xcode
builtin-SwiftPerFileCompile FlagType.swift
SwiftCompile normal arm64_32 Compiling\ CountryFlagsParser.swift /Users/admin/builder/spi-builder-workspace/Sources/FlagAndCountryCode/Helpers/CountryFlagsParser.swift (in target 'FlagAndCountryCode' from project 'FlagAndCountryCode')
SwiftCompile normal arm64_32 /Users/admin/builder/spi-builder-workspace/Sources/FlagAndCountryCode/Helpers/CountryFlagsParser.swift (in target 'FlagAndCountryCode' from project 'FlagAndCountryCode')
cd /Users/admin/builder/spi-builder-workspace/.swiftpm/xcode
builtin-SwiftPerFileCompile CountryFlagsParser.swift
SwiftCompile normal arm64 Compiling\ CountryFlagInfo.swift /Users/admin/builder/spi-builder-workspace/Sources/FlagAndCountryCode/CountryFlagInfo.swift (in target 'FlagAndCountryCode' from project 'FlagAndCountryCode')
SwiftCompile normal arm64 /Users/admin/builder/spi-builder-workspace/Sources/FlagAndCountryCode/CountryFlagInfo.swift (in target 'FlagAndCountryCode' from project 'FlagAndCountryCode')
cd /Users/admin/builder/spi-builder-workspace/.swiftpm/xcode
builtin-SwiftPerFileCompile CountryFlagInfo.swift
SwiftEmitModule normal arm64 Emitting\ module\ for\ FlagAndCountryCode (in target 'FlagAndCountryCode' from project 'FlagAndCountryCode')
SwiftCompile normal arm64 (in target 'FlagAndCountryCode' from project 'FlagAndCountryCode')
cd /Users/admin/builder/spi-builder-workspace/.swiftpm/xcode
PruneExplicitPrecompiledModules /Users/admin/builder/spi-builder-workspace/.derivedData/Build/Intermediates.noindex/ExplicitPrecompiledModules
PruneExplicitPrecompiledModules /Users/admin/builder/spi-builder-workspace/.derivedData/Build/Intermediates.noindex/SwiftExplicitPrecompiledModules
PruneExplicitPrecompiledModules /Users/admin/builder/spi-builder-workspace/.derivedData/SDKExplicitPrecompiledModules
2026-09-21 22:45:59.608 xcodebuild[841:4942] [MT] IDERunDestination: Supported platforms for the buildables in the current scheme is empty.
** BUILD FAILED **
The following build commands failed:
SwiftEmitModule normal arm64_32 Emitting\ module\ for\ FlagAndCountryCode (in target 'FlagAndCountryCode' from project 'FlagAndCountryCode')
SwiftCompile normal arm64_32 (in target 'FlagAndCountryCode' from project 'FlagAndCountryCode')
Building workspace FlagAndCountryCode with scheme FlagAndCountryCode
(3 failures)
BUILD FAILURE 6.4 watchOS