The Swift Package Index logo.Swift Package Index

Build Information

Failed to build SwiftUIPager, reference main (232675), with Swift 6.4 for tvOS using Xcode 27.0 on 18 Sep 2026 13:26:05 UTC.

Build Command

env DEVELOPER_DIR=/Applications/Xcode-27.0.0-Release.Candidate.app xcrun xcodebuild -IDEClonedSourcePackagesDirPathOverride=$PWD/.dependencies -skipMacroValidation -skipPackagePluginValidation -derivedDataPath $PWD/.derivedData build -scheme SwiftUIPager -destination generic/platform=tvOS

Build Log

========================================
RunAll
========================================
Builder version: 5.1.0
Interrupt handler set up.
========================================
Checkout
========================================
Clone URL: https://github.com/fermoya/SwiftUIPager.git
Reference: main
Initialized empty Git repository in /Users/admin/builder/spi-builder-workspace/.git/
From https://github.com/fermoya/SwiftUIPager
 * branch            main       -> FETCH_HEAD
 * [new branch]      main       -> origin/main
HEAD is now at 232675d fix(#303): make sure onPageChanged will be called
Cloned https://github.com/fermoya/SwiftUIPager.git
Revision (git rev-parse @):
232675d4a401dbfea81be7cafdbfb8ab7e4844ac
SUCCESS checkout https://github.com/fermoya/SwiftUIPager.git at main
========================================
Build
========================================
Selected platform:         tvOS
Swift version:             6.4
Building package at path:  $PWD
https://github.com/fermoya/SwiftUIPager.git
Command line invocation:
    /Applications/Xcode-27.0.0-Release.Candidate.app/Contents/Developer/usr/bin/xcodebuild -IDEClonedSourcePackagesDirPathOverride=/Users/admin/builder/spi-builder-workspace/.dependencies -resolvePackageDependencies
resolved source packages:
{
  "dependencies" : [
  ],
  "manifest_display_name" : "SwiftUIPager",
  "name" : "SwiftUIPager",
  "path" : "/Users/admin/builder/spi-builder-workspace",
  "platforms" : [
    {
      "name" : "macos",
      "version" : "10.15"
    },
    {
      "name" : "ios",
      "version" : "13.0"
    },
    {
      "name" : "watchos",
      "version" : "6.0"
    },
    {
      "name" : "tvos",
      "version" : "13.0"
    }
  ],
  "products" : [
    {
      "name" : "SwiftUIPager",
      "targets" : [
        "SwiftUIPager"
      ],
      "type" : {
        "library" : [
          "automatic"
        ]
      }
    }
  ],
  "swift_languages_versions" : [
    "5"
  ],
  "targets" : [
    {
      "c99name" : "SwiftUIPagerTests",
      "module_type" : "SwiftTarget",
      "name" : "SwiftUIPagerTests",
      "path" : "Tests/SwiftUIPagerTests",
      "sources" : [
        "CGPoint+Angle_Tests.swift",
        "DummyTests.swift",
        "Helpers/Pager.Alignment+Helper.swift",
        "Page_Tests.swift",
        "Pager+Buildable_Tests.swift",
        "PagerContent+Helper_Tests.swift",
        "PagerWrapper_Tests.swift",
        "PaginationSensitivity_Tests.swift",
        "PagingAnimation_Tests.swift",
        "PositionAlignment_Tests.swift",
        "View+Helper_Tests.swift",
        "XCTestManifests.swift"
      ],
      "target_dependencies" : [
        "SwiftUIPager"
      ],
      "type" : "test"
    },
    {
      "c99name" : "SwiftUIPager",
      "module_type" : "SwiftTarget",
      "name" : "SwiftUIPager",
      "path" : "Sources/SwiftUIPager",
      "product_memberships" : [
        "SwiftUIPager"
      ],
      "sources" : [
        "Helpers/Buildable.swift",
        "Helpers/CGPoint+Angle.swift",
        "Helpers/OnAnimationCompletedModifier.swift",
        "Helpers/View+Helper.swift",
        "Page.swift",
        "PageConfiguration/ContentLoadingPolicy.swift",
        "PageConfiguration/GesturePriority.swift",
        "PageConfiguration/PaginationSensitivity.swift",
        "PageConfiguration/PagingAnimation.swift",
        "PageConfiguration/PositionAlignment.swift",
        "PageConfiguration/SwipeDirection.swift",
        "PageConfiguration/SwipeInteractionArea.swift",
        "PageTransition.swift",
        "PageWrapper.swift",
        "Pager+Buildable.swift",
        "Pager.swift",
        "PagerContent+Buildable.swift",
        "PagerContent+Helper.swift",
        "PagerContent.swift"
      ],
      "type" : "library"
    }
  ],
  "tools_version" : "5.1"
}
{
  "project" : {
    "configurations" : [
      "Debug",
      "Release"
    ],
    "name" : "SwiftUIPager",
    "schemes" : [
      "SwiftUIPager",
      "SwiftUIPager_Catalyst",
      "SwiftUIPager_iOS",
      "SwiftUIPager_macOS",
      "SwiftUIPager_tvOS",
      "SwiftUIPager_watchOS"
    ],
    "targets" : [
      "SwiftUIPager_iOS",
      "SwiftUIPager_Catalyst",
      "SwiftUIPager_macOS",
      "SwiftUIPager_watchOS",
      "SwiftUIPager_tvOS",
      "SwiftUIPager"
    ]
  }
}
{
  "workspace" : {
    "name" : "SwiftUIPager",
    "schemes" : [
      "SwiftUIPager"
    ]
  }
}
2026-09-18 09:25:44.054 xcodebuild[616:3853] [MT] IDERunDestination: Supported platforms for the buildables in the current scheme is empty.
2026-09-18 09:25:44.157 xcodebuild[616:3853] [MT] IDERunDestination: Supported platforms for the buildables in the current scheme is empty.
Running build ...
env DEVELOPER_DIR=/Applications/Xcode-27.0.0-Release.Candidate.app xcrun xcodebuild -IDEClonedSourcePackagesDirPathOverride=$PWD/.dependencies -skipMacroValidation -skipPackagePluginValidation -derivedDataPath $PWD/.derivedData build -scheme SwiftUIPager -destination generic/platform=tvOS
Command line invocation:
    /Applications/Xcode-27.0.0-Release.Candidate.app/Contents/Developer/usr/bin/xcodebuild -IDEClonedSourcePackagesDirPathOverride=/Users/admin/builder/spi-builder-workspace/.dependencies -skipMacroValidation -skipPackagePluginValidation -derivedDataPath /Users/admin/builder/spi-builder-workspace/.derivedData build -scheme SwiftUIPager -destination generic/platform=tvOS
Resolve Package Graph
Resolved source packages:
  SwiftUIPager: /Users/admin/builder/spi-builder-workspace
ComputePackagePrebuildTargetDependencyGraph
Prepare packages
CreateBuildRequest
SendProjectDescription
CreateBuildOperation
ComputeTargetDependencyGraph
note: Building targets in dependency order
note: Target dependency graph (3 targets)
    Target 'SwiftUIPagerTests-product' in project 'SwiftUIPager'
        ➜ Explicit dependency on target 'SwiftUIPager' in project 'SwiftUIPager'
    Target 'SwiftUIPager-product' in project 'SwiftUIPager'
        ➜ Explicit dependency on target 'SwiftUIPager' in project 'SwiftUIPager'
    Target 'SwiftUIPager' in project 'SwiftUIPager' (no dependencies)
GatherProvisioningInputs
CreateBuildDescription
ExecuteExternalTool /Applications/Xcode-27.0.0-Release.Candidate.app/Contents/Developer/Toolchains/XcodeDefault.xctoolchain/usr/bin/clang -v -E -dM -isysroot /Applications/Xcode-27.0.0-Release.Candidate.app/Contents/Developer/Platforms/AppleTVOS.platform/Developer/SDKs/AppleTVOS27.0.sdk -x c -c /dev/null
ExecuteExternalTool /Applications/Xcode-27.0.0-Release.Candidate.app/Contents/Developer/Toolchains/XcodeDefault.xctoolchain/usr/bin/swiftc --version
ExecuteExternalTool /Applications/Xcode-27.0.0-Release.Candidate.app/Contents/Developer/Toolchains/XcodeDefault.xctoolchain/usr/bin/ld -version_details
Build description signature: dcff914553f10d17cf53050ced76ff1a
Build description path: /Users/admin/builder/spi-builder-workspace/.derivedData/Build/Intermediates.noindex/XCBuildData/dcff914553f10d17cf53050ced76ff1a.xcbuilddata
CreateBuildDirectory /Users/admin/builder/spi-builder-workspace/.derivedData/ModuleCache.noindex
    cd /Users/admin/builder/spi-builder-workspace/.swiftpm/xcode
    builtin-create-build-directory /Users/admin/builder/spi-builder-workspace/.derivedData/ModuleCache.noindex
CreateBuildDirectory /Users/admin/builder/spi-builder-workspace/.derivedData/CompilationCache.noindex
    cd /Users/admin/builder/spi-builder-workspace/.swiftpm/xcode
    builtin-create-build-directory /Users/admin/builder/spi-builder-workspace/.derivedData/CompilationCache.noindex
CreateBuildDirectory /Users/admin/builder/spi-builder-workspace/.derivedData/SDKExplicitPrecompiledModules
    cd /Users/admin/builder/spi-builder-workspace/.swiftpm/xcode
    builtin-create-build-directory /Users/admin/builder/spi-builder-workspace/.derivedData/SDKExplicitPrecompiledModules
ClangStatCache /Applications/Xcode-27.0.0-Release.Candidate.app/Contents/Developer/Toolchains/XcodeDefault.xctoolchain/usr/bin/clang-stat-cache /Applications/Xcode-27.0.0-Release.Candidate.app/Contents/Developer/Platforms/AppleTVOS.platform/Developer/SDKs/AppleTVOS27.0.sdk /Users/admin/builder/spi-builder-workspace/.derivedData/SDKStatCaches.noindex/appletvos27.0-24J360-e829b21a6f8c9b70876ba0858053c044b32bfd8d43560033f8d89884cdb90028.sdkstatcache
    cd /Users/admin/builder/spi-builder-workspace/.swiftpm/xcode
    /Applications/Xcode-27.0.0-Release.Candidate.app/Contents/Developer/Toolchains/XcodeDefault.xctoolchain/usr/bin/clang-stat-cache /Applications/Xcode-27.0.0-Release.Candidate.app/Contents/Developer/Platforms/AppleTVOS.platform/Developer/SDKs/AppleTVOS27.0.sdk -o /Users/admin/builder/spi-builder-workspace/.derivedData/SDKStatCaches.noindex/appletvos27.0-24J360-e829b21a6f8c9b70876ba0858053c044b32bfd8d43560033f8d89884cdb90028.sdkstatcache
CreateBuildDirectory /Users/admin/builder/spi-builder-workspace/.derivedData/Build/Products
    cd /Users/admin/builder/spi-builder-workspace/.swiftpm/xcode
    builtin-create-build-directory /Users/admin/builder/spi-builder-workspace/.derivedData/Build/Products
CreateBuildDirectory /Users/admin/builder/spi-builder-workspace/.derivedData/Build/Intermediates.noindex
    cd /Users/admin/builder/spi-builder-workspace/.swiftpm/xcode
    builtin-create-build-directory /Users/admin/builder/spi-builder-workspace/.derivedData/Build/Intermediates.noindex
CreateBuildDirectory /Users/admin/builder/spi-builder-workspace/.derivedData/Build/Intermediates.noindex/SwiftExplicitPrecompiledModules
    cd /Users/admin/builder/spi-builder-workspace/.swiftpm/xcode
    builtin-create-build-directory /Users/admin/builder/spi-builder-workspace/.derivedData/Build/Intermediates.noindex/SwiftExplicitPrecompiledModules
CreateBuildDirectory /Users/admin/builder/spi-builder-workspace/.derivedData/Build/Intermediates.noindex/PrecompiledHeaders
    cd /Users/admin/builder/spi-builder-workspace/.swiftpm/xcode
    builtin-create-build-directory /Users/admin/builder/spi-builder-workspace/.derivedData/Build/Intermediates.noindex/PrecompiledHeaders
CreateBuildDirectory /Users/admin/builder/spi-builder-workspace/.derivedData/Build/Intermediates.noindex/ExplicitPrecompiledModules
    cd /Users/admin/builder/spi-builder-workspace/.swiftpm/xcode
    builtin-create-build-directory /Users/admin/builder/spi-builder-workspace/.derivedData/Build/Intermediates.noindex/ExplicitPrecompiledModules
CreateBuildDirectory /Users/admin/builder/spi-builder-workspace/.derivedData/Build/Intermediates.noindex/EagerLinkingTBDs/Debug-appletvos
    cd /Users/admin/builder/spi-builder-workspace/.swiftpm/xcode
    builtin-create-build-directory /Users/admin/builder/spi-builder-workspace/.derivedData/Build/Intermediates.noindex/EagerLinkingTBDs/Debug-appletvos
CreateBuildDirectory /Users/admin/builder/spi-builder-workspace/.derivedData/Build/Products/Debug-appletvos
    cd /Users/admin/builder/spi-builder-workspace/.swiftpm/xcode
    builtin-create-build-directory /Users/admin/builder/spi-builder-workspace/.derivedData/Build/Products/Debug-appletvos
CreateBuildDirectory /Users/admin/builder/spi-builder-workspace/.derivedData/Build/Products/Debug-appletvos/PackageFrameworks
    cd /Users/admin/builder/spi-builder-workspace/.swiftpm/xcode
    builtin-create-build-directory /Users/admin/builder/spi-builder-workspace/.derivedData/Build/Products/Debug-appletvos/PackageFrameworks
WriteAuxiliaryFile /Users/admin/builder/spi-builder-workspace/.derivedData/Build/Intermediates.noindex/SwiftUIPager.build/Debug-appletvos/SwiftUIPager-t.build/SwiftUIPager.modulemap (in target 'SwiftUIPager' from project 'SwiftUIPager')
    cd /Users/admin/builder/spi-builder-workspace
    write-file /Users/admin/builder/spi-builder-workspace/.derivedData/Build/Intermediates.noindex/SwiftUIPager.build/Debug-appletvos/SwiftUIPager-t.build/SwiftUIPager.modulemap
WriteAuxiliaryFile /Users/admin/builder/spi-builder-workspace/.derivedData/Build/Intermediates.noindex/SwiftUIPager.build/Debug-appletvos/SwiftUIPagerTests-p.build/empty-SwiftUIPagerTests.plist (in target 'SwiftUIPagerTests-product' from project 'SwiftUIPager')
    cd /Users/admin/builder/spi-builder-workspace
    write-file /Users/admin/builder/spi-builder-workspace/.derivedData/Build/Intermediates.noindex/SwiftUIPager.build/Debug-appletvos/SwiftUIPagerTests-p.build/empty-SwiftUIPagerTests.plist
WriteAuxiliaryFile /Users/admin/builder/spi-builder-workspace/.derivedData/Build/Intermediates.noindex/SwiftUIPager.build/Debug-appletvos/SwiftUIPagerTests-p.build/SwiftUIPagerTests.DependencyStaticMetadataFileList (in target 'SwiftUIPagerTests-product' from project 'SwiftUIPager')
    cd /Users/admin/builder/spi-builder-workspace
    write-file /Users/admin/builder/spi-builder-workspace/.derivedData/Build/Intermediates.noindex/SwiftUIPager.build/Debug-appletvos/SwiftUIPagerTests-p.build/SwiftUIPagerTests.DependencyStaticMetadataFileList
WriteAuxiliaryFile /Users/admin/builder/spi-builder-workspace/.derivedData/Build/Intermediates.noindex/SwiftUIPager.build/Debug-appletvos/SwiftUIPager-t.build/Objects-normal/arm64/SwiftUIPager-OutputFileMap.json (in target 'SwiftUIPager' from project 'SwiftUIPager')
    cd /Users/admin/builder/spi-builder-workspace
    write-file /Users/admin/builder/spi-builder-workspace/.derivedData/Build/Intermediates.noindex/SwiftUIPager.build/Debug-appletvos/SwiftUIPager-t.build/Objects-normal/arm64/SwiftUIPager-OutputFileMap.json
WriteAuxiliaryFile /Users/admin/builder/spi-builder-workspace/.derivedData/Build/Intermediates.noindex/SwiftUIPager.build/Debug-appletvos/SwiftUIPagerTests-p.build/Objects-normal/arm64/SwiftUIPagerTests_const_extract_protocols.json (in target 'SwiftUIPagerTests-product' from project 'SwiftUIPager')
    cd /Users/admin/builder/spi-builder-workspace
    write-file /Users/admin/builder/spi-builder-workspace/.derivedData/Build/Intermediates.noindex/SwiftUIPager.build/Debug-appletvos/SwiftUIPagerTests-p.build/Objects-normal/arm64/SwiftUIPagerTests_const_extract_protocols.json
WriteAuxiliaryFile /Users/admin/builder/spi-builder-workspace/.derivedData/Build/Intermediates.noindex/SwiftUIPager.build/Debug-appletvos/SwiftUIPager-t.build/Objects-normal/arm64/SwiftUIPager_const_extract_protocols.json (in target 'SwiftUIPager' from project 'SwiftUIPager')
    cd /Users/admin/builder/spi-builder-workspace
    write-file /Users/admin/builder/spi-builder-workspace/.derivedData/Build/Intermediates.noindex/SwiftUIPager.build/Debug-appletvos/SwiftUIPager-t.build/Objects-normal/arm64/SwiftUIPager_const_extract_protocols.json
WriteAuxiliaryFile /Users/admin/builder/spi-builder-workspace/.derivedData/Build/Intermediates.noindex/SwiftUIPager.build/Debug-appletvos/SwiftUIPagerTests-p.build/SwiftUIPagerTests.DependencyMetadataFileList (in target 'SwiftUIPagerTests-product' from project 'SwiftUIPager')
    cd /Users/admin/builder/spi-builder-workspace
    write-file /Users/admin/builder/spi-builder-workspace/.derivedData/Build/Intermediates.noindex/SwiftUIPager.build/Debug-appletvos/SwiftUIPagerTests-p.build/SwiftUIPagerTests.DependencyMetadataFileList
WriteAuxiliaryFile /Users/admin/builder/spi-builder-workspace/.derivedData/Build/Intermediates.noindex/SwiftUIPager.build/Debug-appletvos/SwiftUIPagerTests-p.build/Objects-normal/arm64/SwiftUIPagerTests.LinkFileList (in target 'SwiftUIPagerTests-product' from project 'SwiftUIPager')
    cd /Users/admin/builder/spi-builder-workspace
    write-file /Users/admin/builder/spi-builder-workspace/.derivedData/Build/Intermediates.noindex/SwiftUIPager.build/Debug-appletvos/SwiftUIPagerTests-p.build/Objects-normal/arm64/SwiftUIPagerTests.LinkFileList
WriteAuxiliaryFile /Users/admin/builder/spi-builder-workspace/.derivedData/Build/Intermediates.noindex/SwiftUIPager.build/Debug-appletvos/SwiftUIPager-t.build/Objects-normal/arm64/SwiftUIPager.LinkFileList (in target 'SwiftUIPager' from project 'SwiftUIPager')
    cd /Users/admin/builder/spi-builder-workspace
    write-file /Users/admin/builder/spi-builder-workspace/.derivedData/Build/Intermediates.noindex/SwiftUIPager.build/Debug-appletvos/SwiftUIPager-t.build/Objects-normal/arm64/SwiftUIPager.LinkFileList
WriteAuxiliaryFile /Users/admin/builder/spi-builder-workspace/.derivedData/Build/Intermediates.noindex/SwiftUIPager.build/Debug-appletvos/SwiftUIPagerTests-p.build/Objects-normal/arm64/SwiftUIPagerTests.SwiftFileList (in target 'SwiftUIPagerTests-product' from project 'SwiftUIPager')
    cd /Users/admin/builder/spi-builder-workspace
    write-file /Users/admin/builder/spi-builder-workspace/.derivedData/Build/Intermediates.noindex/SwiftUIPager.build/Debug-appletvos/SwiftUIPagerTests-p.build/Objects-normal/arm64/SwiftUIPagerTests.SwiftFileList
WriteAuxiliaryFile /Users/admin/builder/spi-builder-workspace/.derivedData/Build/Intermediates.noindex/SwiftUIPager.build/Debug-appletvos/SwiftUIPagerTests-p.build/Objects-normal/arm64/SwiftUIPagerTests.SwiftConstValuesFileList (in target 'SwiftUIPagerTests-product' from project 'SwiftUIPager')
    cd /Users/admin/builder/spi-builder-workspace
    write-file /Users/admin/builder/spi-builder-workspace/.derivedData/Build/Intermediates.noindex/SwiftUIPager.build/Debug-appletvos/SwiftUIPagerTests-p.build/Objects-normal/arm64/SwiftUIPagerTests.SwiftConstValuesFileList
WriteAuxiliaryFile /Users/admin/builder/spi-builder-workspace/.derivedData/Build/Intermediates.noindex/SwiftUIPager.build/Debug-appletvos/SwiftUIPagerTests-p.build/Objects-normal/arm64/SwiftUIPagerTests-OutputFileMap.json (in target 'SwiftUIPagerTests-product' from project 'SwiftUIPager')
    cd /Users/admin/builder/spi-builder-workspace
    write-file /Users/admin/builder/spi-builder-workspace/.derivedData/Build/Intermediates.noindex/SwiftUIPager.build/Debug-appletvos/SwiftUIPagerTests-p.build/Objects-normal/arm64/SwiftUIPagerTests-OutputFileMap.json
WriteAuxiliaryFile /Users/admin/builder/spi-builder-workspace/.derivedData/Build/Intermediates.noindex/SwiftUIPager.build/Debug-appletvos/SwiftUIPager-t.build/SwiftUIPager.DependencyStaticMetadataFileList (in target 'SwiftUIPager' from project 'SwiftUIPager')
    cd /Users/admin/builder/spi-builder-workspace
    write-file /Users/admin/builder/spi-builder-workspace/.derivedData/Build/Intermediates.noindex/SwiftUIPager.build/Debug-appletvos/SwiftUIPager-t.build/SwiftUIPager.DependencyStaticMetadataFileList
WriteAuxiliaryFile /Users/admin/builder/spi-builder-workspace/.derivedData/Build/Intermediates.noindex/SwiftUIPager.build/Debug-appletvos/SwiftUIPager-t.build/SwiftUIPager.DependencyMetadataFileList (in target 'SwiftUIPager' from project 'SwiftUIPager')
    cd /Users/admin/builder/spi-builder-workspace
    write-file /Users/admin/builder/spi-builder-workspace/.derivedData/Build/Intermediates.noindex/SwiftUIPager.build/Debug-appletvos/SwiftUIPager-t.build/SwiftUIPager.DependencyMetadataFileList
WriteAuxiliaryFile /Users/admin/builder/spi-builder-workspace/.derivedData/Build/Intermediates.noindex/SwiftUIPager.build/Debug-appletvos/SwiftUIPager-t.build/Objects-normal/arm64/SwiftUIPager.SwiftFileList (in target 'SwiftUIPager' from project 'SwiftUIPager')
    cd /Users/admin/builder/spi-builder-workspace
    write-file /Users/admin/builder/spi-builder-workspace/.derivedData/Build/Intermediates.noindex/SwiftUIPager.build/Debug-appletvos/SwiftUIPager-t.build/Objects-normal/arm64/SwiftUIPager.SwiftFileList
WriteAuxiliaryFile /Users/admin/builder/spi-builder-workspace/.derivedData/Build/Intermediates.noindex/SwiftUIPager.build/Debug-appletvos/SwiftUIPager-t.build/Objects-normal/arm64/SwiftUIPager.SwiftConstValuesFileList (in target 'SwiftUIPager' from project 'SwiftUIPager')
    cd /Users/admin/builder/spi-builder-workspace
    write-file /Users/admin/builder/spi-builder-workspace/.derivedData/Build/Intermediates.noindex/SwiftUIPager.build/Debug-appletvos/SwiftUIPager-t.build/Objects-normal/arm64/SwiftUIPager.SwiftConstValuesFileList
MkDir /Users/admin/builder/spi-builder-workspace/.derivedData/Build/Products/Debug-appletvos/SwiftUIPagerTests.xctest (in target 'SwiftUIPagerTests-product' from project 'SwiftUIPager')
    cd /Users/admin/builder/spi-builder-workspace
    /bin/mkdir -p /Users/admin/builder/spi-builder-workspace/.derivedData/Build/Products/Debug-appletvos/SwiftUIPagerTests.xctest
Copy /Users/admin/builder/spi-builder-workspace/.derivedData/Build/Intermediates.noindex/GeneratedModuleMaps-appletvos/SwiftUIPager.modulemap /Users/admin/builder/spi-builder-workspace/.derivedData/Build/Intermediates.noindex/SwiftUIPager.build/Debug-appletvos/SwiftUIPager-t.build/SwiftUIPager.modulemap (in target 'SwiftUIPager' from project 'SwiftUIPager')
    cd /Users/admin/builder/spi-builder-workspace
    builtin-copy -exclude .DS_Store -exclude CVS -exclude .svn -exclude .git -exclude .hg -resolve-src-symlinks /Users/admin/builder/spi-builder-workspace/.derivedData/Build/Intermediates.noindex/SwiftUIPager.build/Debug-appletvos/SwiftUIPager-t.build/SwiftUIPager.modulemap /Users/admin/builder/spi-builder-workspace/.derivedData/Build/Intermediates.noindex/GeneratedModuleMaps-appletvos
SwiftDriver SwiftUIPager normal arm64 com.apple.xcode.tools.swift.compiler (in target 'SwiftUIPager' from project 'SwiftUIPager')
    cd /Users/admin/builder/spi-builder-workspace/.swiftpm/xcode
    builtin-SwiftDriver -- /Applications/Xcode-27.0.0-Release.Candidate.app/Contents/Developer/Toolchains/XcodeDefault.xctoolchain/usr/bin/swiftc -parse-as-library -module-name SwiftUIPager -Onone @/Users/admin/builder/spi-builder-workspace/.derivedData/Build/Intermediates.noindex/SwiftUIPager.build/Debug-appletvos/SwiftUIPager-t.build/Objects-normal/arm64/SwiftUIPager.SwiftFileList -DSWIFT_PACKAGE -DDEBUG -DSWIFT_MODULE_RESOURCE_BUNDLE_UNAVAILABLE -DXcode -plugin-path /Applications/Xcode-27.0.0-Release.Candidate.app/Contents/Developer/Toolchains/XcodeDefault.xctoolchain/usr/lib/swift/host/plugins/testing -enable-experimental-feature DebugDescriptionMacro -sdk /Applications/Xcode-27.0.0-Release.Candidate.app/Contents/Developer/Platforms/AppleTVOS.platform/Developer/SDKs/AppleTVOS27.0.sdk -target arm64-apple-tvos15.0 -g -module-cache-path /Users/admin/builder/spi-builder-workspace/.derivedData/ModuleCache.noindex -Xfrontend -serialize-debugging-options -profile-coverage-mapping -profile-generate -enable-testing -index-store-path /Users/admin/builder/spi-builder-workspace/.derivedData/Index.noindex/DataStore -Xcc -D_LIBCPP_HARDENING_MODE\=_LIBCPP_HARDENING_MODE_DEBUG -swift-version 5 -I /Users/admin/builder/spi-builder-workspace/.derivedData/Build/Products/Debug-appletvos -Isystem /Applications/Xcode-27.0.0-Release.Candidate.app/Contents/Developer/Platforms/AppleTVOS.platform/Developer/usr/lib -F /Users/admin/builder/spi-builder-workspace/.derivedData/Build/Products/Debug-appletvos -F /Applications/Xcode-27.0.0-Release.Candidate.app/Contents/Developer/Platforms/AppleTVOS.platform/Developer/Library/Frameworks -F /Applications/Xcode-27.0.0-Release.Candidate.app/Contents/Developer/Platforms/AppleTVOS.platform/Developer/SDKs/AppleTVOS27.0.sdk/Developer/Library/Frameworks -c -j10 -enable-batch-mode -incremental -Xcc -ivfsstatcache -Xcc /Users/admin/builder/spi-builder-workspace/.derivedData/SDKStatCaches.noindex/appletvos27.0-24J360-e829b21a6f8c9b70876ba0858053c044b32bfd8d43560033f8d89884cdb90028.sdkstatcache -output-file-map /Users/admin/builder/spi-builder-workspace/.derivedData/Build/Intermediates.noindex/SwiftUIPager.build/Debug-appletvos/SwiftUIPager-t.build/Objects-normal/arm64/SwiftUIPager-OutputFileMap.json -save-temps -no-color-diagnostics -explicit-module-build -module-cache-path /Users/admin/builder/spi-builder-workspace/.derivedData/Build/Intermediates.noindex/SwiftExplicitPrecompiledModules -clang-scanner-module-cache-path /Users/admin/builder/spi-builder-workspace/.derivedData/ModuleCache.noindex -sdk-module-cache-path /Users/admin/builder/spi-builder-workspace/.derivedData/SDKExplicitPrecompiledModules -emit-dependencies -emit-module -emit-module-path /Users/admin/builder/spi-builder-workspace/.derivedData/Build/Intermediates.noindex/SwiftUIPager.build/Debug-appletvos/SwiftUIPager-t.build/Objects-normal/arm64/SwiftUIPager.swiftmodule -serialize-diagnostics -dependency-scan-serialize-diagnostics-path /Users/admin/builder/spi-builder-workspace/.derivedData/Build/Intermediates.noindex/SwiftUIPager.build/Debug-appletvos/SwiftUIPager-t.build/Objects-normal/arm64/SwiftUIPager-dependency-scan.dia -validate-clang-modules-once -clang-build-session-file /Users/admin/builder/spi-builder-workspace/.derivedData/ModuleCache.noindex/Session.modulevalidation -Xcc -fmodules-prune-interval\=86400 -Xcc -fmodules-prune-after\=345600 -emit-const-values -const-gather-protocols-list /Users/admin/builder/spi-builder-workspace/.derivedData/Build/Intermediates.noindex/SwiftUIPager.build/Debug-appletvos/SwiftUIPager-t.build/Objects-normal/arm64/SwiftUIPager_const_extract_protocols.json -Xcc -I/Users/admin/builder/spi-builder-workspace/.derivedData/Build/Products/Debug-appletvos/include -Xcc -I/Users/admin/builder/spi-builder-workspace/.derivedData/Build/Intermediates.noindex/SwiftUIPager.build/Debug-appletvos/SwiftUIPager-t.build/DerivedSources-normal/arm64 -Xcc -I/Users/admin/builder/spi-builder-workspace/.derivedData/Build/Intermediates.noindex/SwiftUIPager.build/Debug-appletvos/SwiftUIPager-t.build/DerivedSources/arm64 -Xcc -I/Users/admin/builder/spi-builder-workspace/.derivedData/Build/Intermediates.noindex/SwiftUIPager.build/Debug-appletvos/SwiftUIPager-t.build/DerivedSources -Xcc -DSWIFT_PACKAGE -Xcc -DDEBUG\=1 -emit-objc-header -emit-objc-header-path /Users/admin/builder/spi-builder-workspace/.derivedData/Build/Intermediates.noindex/SwiftUIPager.build/Debug-appletvos/SwiftUIPager-t.build/Objects-normal/arm64/SwiftUIPager-Swift.h -working-directory /Users/admin/builder/spi-builder-workspace/.swiftpm/xcode -experimental-emit-module-separately -disable-cmo
SwiftExplicitDependencyGeneratePcm arm64 /Users/admin/builder/spi-builder-workspace/.derivedData/SDKExplicitPrecompiledModules/_Builtin_stdarg-BO2OCAUYVAXDRVQWQ8ISKGNUQ.pcm
SwiftExplicitDependencyGeneratePcm arm64 /Users/admin/builder/spi-builder-workspace/.derivedData/SDKExplicitPrecompiledModules/ptrauth-8X2KEPL7CTRPS40TUB9APHPK6.pcm
SwiftExplicitDependencyGeneratePcm arm64 /Users/admin/builder/spi-builder-workspace/.derivedData/SDKExplicitPrecompiledModules/_Builtin_stdbool-AHRDH5EKLY6D04C5E42F3VCQI.pcm
SwiftExplicitDependencyGeneratePcm arm64 /Users/admin/builder/spi-builder-workspace/.derivedData/SDKExplicitPrecompiledModules/ptrcheck-2AZ6B5IBYD3RRRTFWN2ONASY3.pcm
SwiftExplicitDependencyGeneratePcm arm64 /Users/admin/builder/spi-builder-workspace/.derivedData/SDKExplicitPrecompiledModules/_AvailabilityInternal-BV2EDDP0MI5QJDDPEEV4D9D3V.pcm
SwiftExplicitDependencyGeneratePcm arm64 /Users/admin/builder/spi-builder-workspace/.derivedData/SDKExplicitPrecompiledModules/_SwiftConcurrencyShims-BY5PD8KF1L5KF6F4Q69HE3TJ4.pcm
SwiftExplicitDependencyGeneratePcm arm64 /Users/admin/builder/spi-builder-workspace/.derivedData/SDKExplicitPrecompiledModules/DeveloperToolsSupport-B1X8RI63V48AJRTH2RK6JAARV.pcm
SwiftExplicitDependencyGeneratePcm arm64 /Users/admin/builder/spi-builder-workspace/.derivedData/SDKExplicitPrecompiledModules/_Builtin_float-8ZJAYZ85YBOAOP52Y9H6IUNP3.pcm
SwiftExplicitDependencyGeneratePcm arm64 /Users/admin/builder/spi-builder-workspace/.derivedData/SDKExplicitPrecompiledModules/_Builtin_stddef-9ZJZ6FDEZNKTZU8YLPMFT9RAQ.pcm
SwiftExplicitDependencyGeneratePcm arm64 /Users/admin/builder/spi-builder-workspace/.derivedData/SDKExplicitPrecompiledModules/SwiftShims-8N4EXJ4RUJTR8K9OO3CMOH1EP.pcm
SwiftExplicitDependencyGeneratePcm arm64 /Users/admin/builder/spi-builder-workspace/.derivedData/SDKExplicitPrecompiledModules/_DarwinFoundation1-JOTYMOA1YZCIJ2NON6FQ848O.pcm
SwiftExplicitDependencyGeneratePcm arm64 /Users/admin/builder/spi-builder-workspace/.derivedData/SDKExplicitPrecompiledModules/_Builtin_limits-7JU2HP127LIT1X9E2V3D8WZ1.pcm
SwiftExplicitDependencyGeneratePcm arm64 /Users/admin/builder/spi-builder-workspace/.derivedData/SDKExplicitPrecompiledModules/_DarwinFoundation2-AOGAN1O02NKXRJN5V73AV3V3M.pcm
SwiftExplicitDependencyGeneratePcm arm64 /Users/admin/builder/spi-builder-workspace/.derivedData/SDKExplicitPrecompiledModules/_Builtin_tgmath-7ULT1EUHDHW4OZPSTT33H6QGE.pcm
SwiftExplicitDependencyGeneratePcm arm64 /Users/admin/builder/spi-builder-workspace/.derivedData/SDKExplicitPrecompiledModules/sys_types-8GCAV1YMG5UUGHUID3CA20TCH.pcm
SwiftExplicitDependencyGeneratePcm arm64 /Users/admin/builder/spi-builder-workspace/.derivedData/SDKExplicitPrecompiledModules/_Builtin_stdint-6NFTB6IBKS143IVPGT1EKB7HO.pcm
SwiftExplicitDependencyGeneratePcm arm64 /Users/admin/builder/spi-builder-workspace/.derivedData/SDKExplicitPrecompiledModules/string_h-6EVHP7A717OUS5DMC78F79HWO.pcm
SwiftExplicitDependencyGeneratePcm arm64 /Users/admin/builder/spi-builder-workspace/.derivedData/SDKExplicitPrecompiledModules/_DarwinFoundation3-8SR3855WDFHQPR6G9GHOI2C07.pcm
SwiftExplicitDependencyGeneratePcm arm64 /Users/admin/builder/spi-builder-workspace/.derivedData/SDKExplicitPrecompiledModules/_Builtin_intrinsics-437O2R2NID4WAQVENR63GR82C.pcm
SwiftExplicitDependencyGeneratePcm arm64 /Users/admin/builder/spi-builder-workspace/.derivedData/SDKExplicitPrecompiledModules/_Builtin_stdatomic-3YXHN678NGYM3NL9POJ2HVEIF.pcm
SwiftExplicitDependencyGeneratePcm arm64 /Users/admin/builder/spi-builder-workspace/.derivedData/SDKExplicitPrecompiledModules/_Builtin_inttypes-6X1IQ3QK9KEVKXOK9Y79EW7J3.pcm
SwiftExplicitDependencyGeneratePcm arm64 /Users/admin/builder/spi-builder-workspace/.derivedData/SDKExplicitPrecompiledModules/Darwin-DBSQAVBBPC3D2OMU5ZI2RXMST.pcm
SwiftExplicitDependencyGeneratePcm arm64 /Users/admin/builder/spi-builder-workspace/.derivedData/SDKExplicitPrecompiledModules/simd-117QUXEUT3Z7UQCUYWV2UA228.pcm
SwiftExplicitDependencyGeneratePcm arm64 /Users/admin/builder/spi-builder-workspace/.derivedData/SDKExplicitPrecompiledModules/MachO-EH3F5PJCIZG05NO51CEFSZYPW.pcm
SwiftExplicitDependencyGeneratePcm arm64 /Users/admin/builder/spi-builder-workspace/.derivedData/SDKExplicitPrecompiledModules/ObjectiveC-5250FDCE56N8508OR6XUYDKZM.pcm
SwiftExplicitDependencyGeneratePcm arm64 /Users/admin/builder/spi-builder-workspace/.derivedData/SDKExplicitPrecompiledModules/os_object-E2DGZ0SX0TULQHULZRPO6OKNW.pcm
SwiftExplicitDependencyGeneratePcm arm64 /Users/admin/builder/spi-builder-workspace/.derivedData/SDKExplicitPrecompiledModules/os_workgroup-DBUFF7811DKMX7VPBOJPGGF1U.pcm
SwiftExplicitDependencyGeneratePcm arm64 /Users/admin/builder/spi-builder-workspace/.derivedData/SDKExplicitPrecompiledModules/Dispatch-1QL58A0V50C39KVAIC6C38SHL.pcm
SwiftExplicitDependencyGeneratePcm arm64 /Users/admin/builder/spi-builder-workspace/.derivedData/SDKExplicitPrecompiledModules/Spatial-7U8NLEFXSB8BR7PJQGVMF5A4Q.pcm
SwiftExplicitDependencyGeneratePcm arm64 /Users/admin/builder/spi-builder-workspace/.derivedData/SDKExplicitPrecompiledModules/XPC-6O2DJFT3QUJ7QKTD3SNUB6PCR.pcm
SwiftExplicitDependencyGeneratePcm arm64 /Users/admin/builder/spi-builder-workspace/.derivedData/SDKExplicitPrecompiledModules/CoreFoundation-7TPJ7ENDC4L1A1ESHYI9TXS0D.pcm
SwiftExplicitDependencyGeneratePcm arm64 /Users/admin/builder/spi-builder-workspace/.derivedData/SDKExplicitPrecompiledModules/os-3GJI8H0BNAEZPQPQ1V0VVY3FY.pcm
SwiftExplicitDependencyGeneratePcm arm64 /Users/admin/builder/spi-builder-workspace/.derivedData/SDKExplicitPrecompiledModules/CoreGraphics-CWSP3J98S2658BYCVL6RP99T3.pcm
SwiftExplicitDependencyGeneratePcm arm64 /Users/admin/builder/spi-builder-workspace/.derivedData/SDKExplicitPrecompiledModules/CoreAudioTypes-E7EH96HAL3G83QSWLT7VWYIP4.pcm
SwiftExplicitDependencyGeneratePcm arm64 /Users/admin/builder/spi-builder-workspace/.derivedData/SDKExplicitPrecompiledModules/CFNetwork-2CUR2VK9S3S3WPFXPNXNUWYGN.pcm
SwiftExplicitDependencyGeneratePcm arm64 /Users/admin/builder/spi-builder-workspace/.derivedData/SDKExplicitPrecompiledModules/Security-8VMXEKVDA3MHUH9AOTP905DID.pcm
SwiftExplicitDependencyGeneratePcm arm64 /Users/admin/builder/spi-builder-workspace/.derivedData/SDKExplicitPrecompiledModules/CoreAudio-6IR1XRM0Q9YQZMFW89F3H4V3X.pcm
SwiftExplicitDependencyGeneratePcm arm64 /Users/admin/builder/spi-builder-workspace/.derivedData/SDKExplicitPrecompiledModules/Foundation-BSSIP64DIGUKMAYJOG1WPQ78X.pcm
SwiftExplicitDependencyGeneratePcm arm64 /Users/admin/builder/spi-builder-workspace/.derivedData/SDKExplicitPrecompiledModules/CoreText-59NY7PABM0I4V978161FOC04A.pcm
SwiftExplicitDependencyGeneratePcm arm64 /Users/admin/builder/spi-builder-workspace/.derivedData/SDKExplicitPrecompiledModules/ImageIO-88D4CLEBD4CLWQKT78PZ6H1O8.pcm
SwiftExplicitDependencyGeneratePcm arm64 /Users/admin/builder/spi-builder-workspace/.derivedData/SDKExplicitPrecompiledModules/DataDetection-37JIYZ2GWDA1L166PP1D9JKAF.pcm
SwiftExplicitDependencyGeneratePcm arm64 /Users/admin/builder/spi-builder-workspace/.derivedData/SDKExplicitPrecompiledModules/IOSurface-38FJ1CKX9FV2RD97O64Z7QB17.pcm
SwiftExplicitDependencyGeneratePcm arm64 /Users/admin/builder/spi-builder-workspace/.derivedData/SDKExplicitPrecompiledModules/UIUtilities-6ZFJ1AK4H8IBGEBMYQBWGBYLK.pcm
SwiftExplicitDependencyGeneratePcm arm64 /Users/admin/builder/spi-builder-workspace/.derivedData/SDKExplicitPrecompiledModules/Accessibility-B6BODGZ4MQQTY0PBC4SHRP009.pcm
SwiftExplicitDependencyGeneratePcm arm64 /Users/admin/builder/spi-builder-workspace/.derivedData/SDKExplicitPrecompiledModules/Symbols-B5AU9VM9Y7NU79RLMH13Z4IFM.pcm
SwiftExplicitDependencyGeneratePcm arm64 /Users/admin/builder/spi-builder-workspace/.derivedData/SDKExplicitPrecompiledModules/UserNotifications-E9ZW5TH066WIJWH9080RC5NG4.pcm
SwiftExplicitDependencyGeneratePcm arm64 /Users/admin/builder/spi-builder-workspace/.derivedData/SDKExplicitPrecompiledModules/UniformTypeIdentifiers-95CC8U42ZA9STP5K6GP9ZVJS5.pcm
SwiftExplicitDependencyGeneratePcm arm64 /Users/admin/builder/spi-builder-workspace/.derivedData/SDKExplicitPrecompiledModules/CoreTransferable-7V4O8DATEQ9F7SDNTCW8YWLG3.pcm
SwiftExplicitDependencyGeneratePcm arm64 /Users/admin/builder/spi-builder-workspace/.derivedData/SDKExplicitPrecompiledModules/CoreData-DYMPHH3PH8AX9I1FHA4VFJ675.pcm
SwiftExplicitDependencyGeneratePcm arm64 /Users/admin/builder/spi-builder-workspace/.derivedData/SDKExplicitPrecompiledModules/OSLog-7OT6HHTMY0ZFEQJ095LJZ6NLC.pcm
SwiftExplicitDependencyGeneratePcm arm64 /Users/admin/builder/spi-builder-workspace/.derivedData/SDKExplicitPrecompiledModules/_LocationEssentials-ETSJ65FELPWR8WH8G49R1DF2E.pcm
SwiftExplicitDependencyGeneratePcm arm64 /Users/admin/builder/spi-builder-workspace/.derivedData/SDKExplicitPrecompiledModules/OpenGLES-4NY99CNDU9WUNUYEIXSS1QFGE.pcm
SwiftExplicitDependencyGeneratePcm arm64 /Users/admin/builder/spi-builder-workspace/.derivedData/SDKExplicitPrecompiledModules/Metal-2KYBS7IML1SD788M91YV7Q0CC.pcm
SwiftExplicitDependencyGeneratePcm arm64 /Users/admin/builder/spi-builder-workspace/.derivedData/SDKExplicitPrecompiledModules/CoreLocation-YVXXAOMVX0JH2KO1XTTKTY51.pcm
SwiftExplicitDependencyGeneratePcm arm64 /Users/admin/builder/spi-builder-workspace/.derivedData/SDKExplicitPrecompiledModules/CoreVideo-DPU0PB5X0XLSVA2ETRGI6FJBM.pcm
SwiftExplicitDependencyGeneratePcm arm64 /Users/admin/builder/spi-builder-workspace/.derivedData/SDKExplicitPrecompiledModules/QuartzCore-DJSYAWKXFGVSAK5CQMOB3JSR.pcm
SwiftExplicitDependencyGeneratePcm arm64 /Users/admin/builder/spi-builder-workspace/.derivedData/SDKExplicitPrecompiledModules/CoreMedia-4OUKVT03LV547KZJDPPJRJ4F8.pcm
SwiftExplicitDependencyGeneratePcm arm64 /Users/admin/builder/spi-builder-workspace/.derivedData/SDKExplicitPrecompiledModules/CoreImage-7S2AFJ8EIY3DUFYLEAX1JR1QV.pcm
SwiftExplicitDependencyGeneratePcm arm64 /Users/admin/builder/spi-builder-workspace/.derivedData/SDKExplicitPrecompiledModules/SwiftUICore-543QU5V2NHKUFCYFJDKUJ7NYG.pcm
SwiftExplicitDependencyGeneratePcm arm64 /Users/admin/builder/spi-builder-workspace/.derivedData/SDKExplicitPrecompiledModules/UIKit-1TKWN7VC2X6N3ITMRVA2G0EB2.pcm
SwiftExplicitDependencyGeneratePcm arm64 /Users/admin/builder/spi-builder-workspace/.derivedData/SDKExplicitPrecompiledModules/SwiftUI-7BV1YDT6IZWW6B8OC6ENV0Y0F.pcm
SwiftCompile normal arm64 Compiling\ Pager+Buildable.swift,\ Pager.swift /Users/admin/builder/spi-builder-workspace/Sources/SwiftUIPager/Pager+Buildable.swift /Users/admin/builder/spi-builder-workspace/Sources/SwiftUIPager/Pager.swift (in target 'SwiftUIPager' from project 'SwiftUIPager')
SwiftCompile normal arm64 /Users/admin/builder/spi-builder-workspace/Sources/SwiftUIPager/Pager+Buildable.swift (in target 'SwiftUIPager' from project 'SwiftUIPager')
    cd /Users/admin/builder/spi-builder-workspace/.swiftpm/xcode
    builtin-SwiftPerFileCompile Pager+Buildable.swift
SwiftCompile normal arm64 /Users/admin/builder/spi-builder-workspace/Sources/SwiftUIPager/Pager.swift (in target 'SwiftUIPager' from project 'SwiftUIPager')
    cd /Users/admin/builder/spi-builder-workspace/.swiftpm/xcode
    builtin-SwiftPerFileCompile Pager.swift
SwiftEmitModule normal arm64 Emitting\ module\ for\ SwiftUIPager (in target 'SwiftUIPager' from project 'SwiftUIPager')
SwiftCompile normal arm64 (in target 'SwiftUIPager' from project 'SwiftUIPager')
    cd /Users/admin/builder/spi-builder-workspace/.swiftpm/xcode

SwiftCompile normal arm64 Compiling\ PagerContent.swift /Users/admin/builder/spi-builder-workspace/Sources/SwiftUIPager/PagerContent.swift (in target 'SwiftUIPager' from project 'SwiftUIPager')
SwiftCompile normal arm64 /Users/admin/builder/spi-builder-workspace/Sources/SwiftUIPager/PagerContent.swift (in target 'SwiftUIPager' from project 'SwiftUIPager')
    cd /Users/admin/builder/spi-builder-workspace/.swiftpm/xcode
    builtin-SwiftPerFileCompile PagerContent.swift
SwiftCompile normal arm64 Compiling\ PagerContent+Buildable.swift,\ PagerContent+Helper.swift /Users/admin/builder/spi-builder-workspace/Sources/SwiftUIPager/PagerContent+Buildable.swift /Users/admin/builder/spi-builder-workspace/Sources/SwiftUIPager/PagerContent+Helper.swift (in target 'SwiftUIPager' from project 'SwiftUIPager')
SwiftCompile normal arm64 /Users/admin/builder/spi-builder-workspace/Sources/SwiftUIPager/PagerContent+Buildable.swift (in target 'SwiftUIPager' from project 'SwiftUIPager')
    cd /Users/admin/builder/spi-builder-workspace/.swiftpm/xcode
    builtin-SwiftPerFileCompile PagerContent+Buildable.swift
SwiftCompile normal arm64 /Users/admin/builder/spi-builder-workspace/Sources/SwiftUIPager/PagerContent+Helper.swift (in target 'SwiftUIPager' from project 'SwiftUIPager')
    cd /Users/admin/builder/spi-builder-workspace/.swiftpm/xcode
    builtin-SwiftPerFileCompile PagerContent+Helper.swift
SwiftCompile normal arm64 Compiling\ PageTransition.swift,\ PageWrapper.swift /Users/admin/builder/spi-builder-workspace/Sources/SwiftUIPager/PageTransition.swift /Users/admin/builder/spi-builder-workspace/Sources/SwiftUIPager/PageWrapper.swift (in target 'SwiftUIPager' from project 'SwiftUIPager')
SwiftCompile normal arm64 /Users/admin/builder/spi-builder-workspace/Sources/SwiftUIPager/PageTransition.swift (in target 'SwiftUIPager' from project 'SwiftUIPager')
    cd /Users/admin/builder/spi-builder-workspace/.swiftpm/xcode
    builtin-SwiftPerFileCompile PageTransition.swift
SwiftCompile normal arm64 /Users/admin/builder/spi-builder-workspace/Sources/SwiftUIPager/PageWrapper.swift (in target 'SwiftUIPager' from project 'SwiftUIPager')
    cd /Users/admin/builder/spi-builder-workspace/.swiftpm/xcode
    builtin-SwiftPerFileCompile PageWrapper.swift
SwiftCompile normal arm64 Compiling\ Buildable.swift,\ CGPoint+Angle.swift /Users/admin/builder/spi-builder-workspace/Sources/SwiftUIPager/Helpers/Buildable.swift /Users/admin/builder/spi-builder-workspace/Sources/SwiftUIPager/Helpers/CGPoint+Angle.swift (in target 'SwiftUIPager' from project 'SwiftUIPager')
SwiftCompile normal arm64 /Users/admin/builder/spi-builder-workspace/Sources/SwiftUIPager/Helpers/Buildable.swift (in target 'SwiftUIPager' from project 'SwiftUIPager')
    cd /Users/admin/builder/spi-builder-workspace/.swiftpm/xcode
    builtin-SwiftPerFileCompile Buildable.swift
SwiftCompile normal arm64 /Users/admin/builder/spi-builder-workspace/Sources/SwiftUIPager/Helpers/CGPoint+Angle.swift (in target 'SwiftUIPager' from project 'SwiftUIPager')
    cd /Users/admin/builder/spi-builder-workspace/.swiftpm/xcode
    builtin-SwiftPerFileCompile CGPoint+Angle.swift
SwiftCompile normal arm64 Compiling\ GesturePriority.swift,\ PaginationSensitivity.swift /Users/admin/builder/spi-builder-workspace/Sources/SwiftUIPager/PageConfiguration/GesturePriority.swift /Users/admin/builder/spi-builder-workspace/Sources/SwiftUIPager/PageConfiguration/PaginationSensitivity.swift (in target 'SwiftUIPager' from project 'SwiftUIPager')
SwiftCompile normal arm64 /Users/admin/builder/spi-builder-workspace/Sources/SwiftUIPager/PageConfiguration/GesturePriority.swift (in target 'SwiftUIPager' from project 'SwiftUIPager')
    cd /Users/admin/builder/spi-builder-workspace/.swiftpm/xcode
    builtin-SwiftPerFileCompile GesturePriority.swift
SwiftCompile normal arm64 /Users/admin/builder/spi-builder-workspace/Sources/SwiftUIPager/PageConfiguration/PaginationSensitivity.swift (in target 'SwiftUIPager' from project 'SwiftUIPager')
    cd /Users/admin/builder/spi-builder-workspace/.swiftpm/xcode
    builtin-SwiftPerFileCompile PaginationSensitivity.swift
SwiftCompile normal arm64 Compiling\ OnAnimationCompletedModifier.swift,\ View+Helper.swift /Users/admin/builder/spi-builder-workspace/Sources/SwiftUIPager/Helpers/OnAnimationCompletedModifier.swift /Users/admin/builder/spi-builder-workspace/Sources/SwiftUIPager/Helpers/View+Helper.swift (in target 'SwiftUIPager' from project 'SwiftUIPager')
SwiftCompile normal arm64 /Users/admin/builder/spi-builder-workspace/Sources/SwiftUIPager/Helpers/OnAnimationCompletedModifier.swift (in target 'SwiftUIPager' from project 'SwiftUIPager')
    cd /Users/admin/builder/spi-builder-workspace/.swiftpm/xcode
    builtin-SwiftPerFileCompile OnAnimationCompletedModifier.swift
SwiftCompile normal arm64 /Users/admin/builder/spi-builder-workspace/Sources/SwiftUIPager/Helpers/View+Helper.swift (in target 'SwiftUIPager' from project 'SwiftUIPager')
    cd /Users/admin/builder/spi-builder-workspace/.swiftpm/xcode
    builtin-SwiftPerFileCompile View+Helper.swift
SwiftCompile normal arm64 Compiling\ SwipeDirection.swift,\ SwipeInteractionArea.swift /Users/admin/builder/spi-builder-workspace/Sources/SwiftUIPager/PageConfiguration/SwipeDirection.swift /Users/admin/builder/spi-builder-workspace/Sources/SwiftUIPager/PageConfiguration/SwipeInteractionArea.swift (in target 'SwiftUIPager' from project 'SwiftUIPager')
SwiftCompile normal arm64 /Users/admin/builder/spi-builder-workspace/Sources/SwiftUIPager/PageConfiguration/SwipeDirection.swift (in target 'SwiftUIPager' from project 'SwiftUIPager')
    cd /Users/admin/builder/spi-builder-workspace/.swiftpm/xcode
    builtin-SwiftPerFileCompile SwipeDirection.swift
SwiftCompile normal arm64 /Users/admin/builder/spi-builder-workspace/Sources/SwiftUIPager/PageConfiguration/SwipeInteractionArea.swift (in target 'SwiftUIPager' from project 'SwiftUIPager')
    cd /Users/admin/builder/spi-builder-workspace/.swiftpm/xcode
    builtin-SwiftPerFileCompile SwipeInteractionArea.swift
SwiftCompile normal arm64 Compiling\ Page.swift,\ ContentLoadingPolicy.swift /Users/admin/builder/spi-builder-workspace/Sources/SwiftUIPager/Page.swift /Users/admin/builder/spi-builder-workspace/Sources/SwiftUIPager/PageConfiguration/ContentLoadingPolicy.swift (in target 'SwiftUIPager' from project 'SwiftUIPager')
SwiftCompile normal arm64 /Users/admin/builder/spi-builder-workspace/Sources/SwiftUIPager/Page.swift (in target 'SwiftUIPager' from project 'SwiftUIPager')
    cd /Users/admin/builder/spi-builder-workspace/.swiftpm/xcode
    builtin-SwiftPerFileCompile Page.swift
SwiftCompile normal arm64 /Users/admin/builder/spi-builder-workspace/Sources/SwiftUIPager/PageConfiguration/ContentLoadingPolicy.swift (in target 'SwiftUIPager' from project 'SwiftUIPager')
    cd /Users/admin/builder/spi-builder-workspace/.swiftpm/xcode
    builtin-SwiftPerFileCompile ContentLoadingPolicy.swift
SwiftCompile normal arm64 Compiling\ PagingAnimation.swift,\ PositionAlignment.swift /Users/admin/builder/spi-builder-workspace/Sources/SwiftUIPager/PageConfiguration/PagingAnimation.swift /Users/admin/builder/spi-builder-workspace/Sources/SwiftUIPager/PageConfiguration/PositionAlignment.swift (in target 'SwiftUIPager' from project 'SwiftUIPager')
SwiftCompile normal arm64 /Users/admin/builder/spi-builder-workspace/Sources/SwiftUIPager/PageConfiguration/PagingAnimation.swift (in target 'SwiftUIPager' from project 'SwiftUIPager')
    cd /Users/admin/builder/spi-builder-workspace/.swiftpm/xcode
    builtin-SwiftPerFileCompile PagingAnimation.swift
SwiftCompile normal arm64 /Users/admin/builder/spi-builder-workspace/Sources/SwiftUIPager/PageConfiguration/PositionAlignment.swift (in target 'SwiftUIPager' from project 'SwiftUIPager')
    cd /Users/admin/builder/spi-builder-workspace/.swiftpm/xcode
    builtin-SwiftPerFileCompile PositionAlignment.swift
SwiftDriverJobDiscovery normal arm64 Emitting module for SwiftUIPager (in target 'SwiftUIPager' from project 'SwiftUIPager')
SwiftDriver\ Compilation\ Requirements SwiftUIPager normal arm64 com.apple.xcode.tools.swift.compiler (in target 'SwiftUIPager' from project 'SwiftUIPager')
    cd /Users/admin/builder/spi-builder-workspace/.swiftpm/xcode
    builtin-Swift-Compilation-Requirements -- /Applications/Xcode-27.0.0-Release.Candidate.app/Contents/Developer/Toolchains/XcodeDefault.xctoolchain/usr/bin/swiftc -parse-as-library -module-name SwiftUIPager -Onone @/Users/admin/builder/spi-builder-workspace/.derivedData/Build/Intermediates.noindex/SwiftUIPager.build/Debug-appletvos/SwiftUIPager-t.build/Objects-normal/arm64/SwiftUIPager.SwiftFileList -DSWIFT_PACKAGE -DDEBUG -DSWIFT_MODULE_RESOURCE_BUNDLE_UNAVAILABLE -DXcode -plugin-path /Applications/Xcode-27.0.0-Release.Candidate.app/Contents/Developer/Toolchains/XcodeDefault.xctoolchain/usr/lib/swift/host/plugins/testing -enable-experimental-feature DebugDescriptionMacro -sdk /Applications/Xcode-27.0.0-Release.Candidate.app/Contents/Developer/Platforms/AppleTVOS.platform/Developer/SDKs/AppleTVOS27.0.sdk -target arm64-apple-tvos15.0 -g -module-cache-path /Users/admin/builder/spi-builder-workspace/.derivedData/ModuleCache.noindex -Xfrontend -serialize-debugging-options -profile-coverage-mapping -profile-generate -enable-testing -index-store-path /Users/admin/builder/spi-builder-workspace/.derivedData/Index.noindex/DataStore -Xcc -D_LIBCPP_HARDENING_MODE\=_LIBCPP_HARDENING_MODE_DEBUG -swift-version 5 -I /Users/admin/builder/spi-builder-workspace/.derivedData/Build/Products/Debug-appletvos -Isystem /Applications/Xcode-27.0.0-Release.Candidate.app/Contents/Developer/Platforms/AppleTVOS.platform/Developer/usr/lib -F /Users/admin/builder/spi-builder-workspace/.derivedData/Build/Products/Debug-appletvos -F /Applications/Xcode-27.0.0-Release.Candidate.app/Contents/Developer/Platforms/AppleTVOS.platform/Developer/Library/Frameworks -F /Applications/Xcode-27.0.0-Release.Candidate.app/Contents/Developer/Platforms/AppleTVOS.platform/Developer/SDKs/AppleTVOS27.0.sdk/Developer/Library/Frameworks -c -j10 -enable-batch-mode -incremental -Xcc -ivfsstatcache -Xcc /Users/admin/builder/spi-builder-workspace/.derivedData/SDKStatCaches.noindex/appletvos27.0-24J360-e829b21a6f8c9b70876ba0858053c044b32bfd8d43560033f8d89884cdb90028.sdkstatcache -output-file-map /Users/admin/builder/spi-builder-workspace/.derivedData/Build/Intermediates.noindex/SwiftUIPager.build/Debug-appletvos/SwiftUIPager-t.build/Objects-normal/arm64/SwiftUIPager-OutputFileMap.json -save-temps -no-color-diagnostics -explicit-module-build -module-cache-path /Users/admin/builder/spi-builder-workspace/.derivedData/Build/Intermediates.noindex/SwiftExplicitPrecompiledModules -clang-scanner-module-cache-path /Users/admin/builder/spi-builder-workspace/.derivedData/ModuleCache.noindex -sdk-module-cache-path /Users/admin/builder/spi-builder-workspace/.derivedData/SDKExplicitPrecompiledModules -emit-dependencies -emit-module -emit-module-path /Users/admin/builder/spi-builder-workspace/.derivedData/Build/Intermediates.noindex/SwiftUIPager.build/Debug-appletvos/SwiftUIPager-t.build/Objects-normal/arm64/SwiftUIPager.swiftmodule -serialize-diagnostics -dependency-scan-serialize-diagnostics-path /Users/admin/builder/spi-builder-workspace/.derivedData/Build/Intermediates.noindex/SwiftUIPager.build/Debug-appletvos/SwiftUIPager-t.build/Objects-normal/arm64/SwiftUIPager-dependency-scan.dia -validate-clang-modules-once -clang-build-session-file /Users/admin/builder/spi-builder-workspace/.derivedData/ModuleCache.noindex/Session.modulevalidation -Xcc -fmodules-prune-interval\=86400 -Xcc -fmodules-prune-after\=345600 -emit-const-values -const-gather-protocols-list /Users/admin/builder/spi-builder-workspace/.derivedData/Build/Intermediates.noindex/SwiftUIPager.build/Debug-appletvos/SwiftUIPager-t.build/Objects-normal/arm64/SwiftUIPager_const_extract_protocols.json -Xcc -I/Users/admin/builder/spi-builder-workspace/.derivedData/Build/Products/Debug-appletvos/include -Xcc -I/Users/admin/builder/spi-builder-workspace/.derivedData/Build/Intermediates.noindex/SwiftUIPager.build/Debug-appletvos/SwiftUIPager-t.build/DerivedSources-normal/arm64 -Xcc -I/Users/admin/builder/spi-builder-workspace/.derivedData/Build/Intermediates.noindex/SwiftUIPager.build/Debug-appletvos/SwiftUIPager-t.build/DerivedSources/arm64 -Xcc -I/Users/admin/builder/spi-builder-workspace/.derivedData/Build/Intermediates.noindex/SwiftUIPager.build/Debug-appletvos/SwiftUIPager-t.build/DerivedSources -Xcc -DSWIFT_PACKAGE -Xcc -DDEBUG\=1 -emit-objc-header -emit-objc-header-path /Users/admin/builder/spi-builder-workspace/.derivedData/Build/Intermediates.noindex/SwiftUIPager.build/Debug-appletvos/SwiftUIPager-t.build/Objects-normal/arm64/SwiftUIPager-Swift.h -working-directory /Users/admin/builder/spi-builder-workspace/.swiftpm/xcode -experimental-emit-module-separately -disable-cmo
SwiftDriverJobDiscovery normal arm64 Compiling PageTransition.swift, PageWrapper.swift (in target 'SwiftUIPager' from project 'SwiftUIPager')
SwiftMergeGeneratedHeaders /Users/admin/builder/spi-builder-workspace/.derivedData/Build/Intermediates.noindex/GeneratedModuleMaps-appletvos/SwiftUIPager-Swift.h /Users/admin/builder/spi-builder-workspace/.derivedData/Build/Intermediates.noindex/SwiftUIPager.build/Debug-appletvos/SwiftUIPager-t.build/Objects-normal/arm64/SwiftUIPager-Swift.h (in target 'SwiftUIPager' from project 'SwiftUIPager')
    cd /Users/admin/builder/spi-builder-workspace
    builtin-swiftHeaderTool -arch arm64 /Users/admin/builder/spi-builder-workspace/.derivedData/Build/Intermediates.noindex/SwiftUIPager.build/Debug-appletvos/SwiftUIPager-t.build/Objects-normal/arm64/SwiftUIPager-Swift.h -o /Users/admin/builder/spi-builder-workspace/.derivedData/Build/Intermediates.noindex/GeneratedModuleMaps-appletvos/SwiftUIPager-Swift.h
Copy /Users/admin/builder/spi-builder-workspace/.derivedData/Build/Products/Debug-appletvos/SwiftUIPager.swiftmodule/arm64-apple-tvos.swiftmodule /Users/admin/builder/spi-builder-workspace/.derivedData/Build/Intermediates.noindex/SwiftUIPager.build/Debug-appletvos/SwiftUIPager-t.build/Objects-normal/arm64/SwiftUIPager.swiftmodule (in target 'SwiftUIPager' from project 'SwiftUIPager')
    cd /Users/admin/builder/spi-builder-workspace
    builtin-copy -exclude .DS_Store -exclude CVS -exclude .svn -exclude .git -exclude .hg -resolve-src-symlinks -rename /Users/admin/builder/spi-builder-workspace/.derivedData/Build/Intermediates.noindex/SwiftUIPager.build/Debug-appletvos/SwiftUIPager-t.build/Objects-normal/arm64/SwiftUIPager.swiftmodule /Users/admin/builder/spi-builder-workspace/.derivedData/Build/Products/Debug-appletvos/SwiftUIPager.swiftmodule/arm64-apple-tvos.swiftmodule
Copy /Users/admin/builder/spi-builder-workspace/.derivedData/Build/Products/Debug-appletvos/SwiftUIPager.swiftmodule/arm64-apple-tvos.swiftdoc /Users/admin/builder/spi-builder-workspace/.derivedData/Build/Intermediates.noindex/SwiftUIPager.build/Debug-appletvos/SwiftUIPager-t.build/Objects-normal/arm64/SwiftUIPager.swiftdoc (in target 'SwiftUIPager' from project 'SwiftUIPager')
    cd /Users/admin/builder/spi-builder-workspace
    builtin-copy -exclude .DS_Store -exclude CVS -exclude .svn -exclude .git -exclude .hg -resolve-src-symlinks -rename /Users/admin/builder/spi-builder-workspace/.derivedData/Build/Intermediates.noindex/SwiftUIPager.build/Debug-appletvos/SwiftUIPager-t.build/Objects-normal/arm64/SwiftUIPager.swiftdoc /Users/admin/builder/spi-builder-workspace/.derivedData/Build/Products/Debug-appletvos/SwiftUIPager.swiftmodule/arm64-apple-tvos.swiftdoc
Copy /Users/admin/builder/spi-builder-workspace/.derivedData/Build/Products/Debug-appletvos/SwiftUIPager.swiftmodule/arm64-apple-tvos.abi.json /Users/admin/builder/spi-builder-workspace/.derivedData/Build/Intermediates.noindex/SwiftUIPager.build/Debug-appletvos/SwiftUIPager-t.build/Objects-normal/arm64/SwiftUIPager.abi.json (in target 'SwiftUIPager' from project 'SwiftUIPager')
    cd /Users/admin/builder/spi-builder-workspace
    builtin-copy -exclude .DS_Store -exclude CVS -exclude .svn -exclude .git -exclude .hg -resolve-src-symlinks -rename /Users/admin/builder/spi-builder-workspace/.derivedData/Build/Intermediates.noindex/SwiftUIPager.build/Debug-appletvos/SwiftUIPager-t.build/Objects-normal/arm64/SwiftUIPager.abi.json /Users/admin/builder/spi-builder-workspace/.derivedData/Build/Products/Debug-appletvos/SwiftUIPager.swiftmodule/arm64-apple-tvos.abi.json
Copy /Users/admin/builder/spi-builder-workspace/.derivedData/Build/Products/Debug-appletvos/SwiftUIPager.swiftmodule/Project/arm64-apple-tvos.swiftsourceinfo /Users/admin/builder/spi-builder-workspace/.derivedData/Build/Intermediates.noindex/SwiftUIPager.build/Debug-appletvos/SwiftUIPager-t.build/Objects-normal/arm64/SwiftUIPager.swiftsourceinfo (in target 'SwiftUIPager' from project 'SwiftUIPager')
    cd /Users/admin/builder/spi-builder-workspace
    builtin-copy -exclude .DS_Store -exclude CVS -exclude .svn -exclude .git -exclude .hg -resolve-src-symlinks -rename /Users/admin/builder/spi-builder-workspace/.derivedData/Build/Intermediates.noindex/SwiftUIPager.build/Debug-appletvos/SwiftUIPager-t.build/Objects-normal/arm64/SwiftUIPager.swiftsourceinfo /Users/admin/builder/spi-builder-workspace/.derivedData/Build/Products/Debug-appletvos/SwiftUIPager.swiftmodule/Project/arm64-apple-tvos.swiftsourceinfo
SwiftDriver SwiftUIPagerTests normal arm64 com.apple.xcode.tools.swift.compiler (in target 'SwiftUIPagerTests-product' from project 'SwiftUIPager')
    cd /Users/admin/builder/spi-builder-workspace/.swiftpm/xcode
    builtin-SwiftDriver -- /Applications/Xcode-27.0.0-Release.Candidate.app/Contents/Developer/Toolchains/XcodeDefault.xctoolchain/usr/bin/swiftc -parse-as-library -module-name SwiftUIPagerTests -Onone @/Users/admin/builder/spi-builder-workspace/.derivedData/Build/Intermediates.noindex/SwiftUIPager.build/Debug-appletvos/SwiftUIPagerTests-p.build/Objects-normal/arm64/SwiftUIPagerTests.SwiftFileList -DSWIFT_PACKAGE -DDEBUG -DXcode -plugin-path /Applications/Xcode-27.0.0-Release.Candidate.app/Contents/Developer/Toolchains/XcodeDefault.xctoolchain/usr/lib/swift/host/plugins/testing -enable-experimental-feature DebugDescriptionMacro -sdk /Applications/Xcode-27.0.0-Release.Candidate.app/Contents/Developer/Platforms/AppleTVOS.platform/Developer/SDKs/AppleTVOS27.0.sdk -target arm64-apple-tvos17.0 -g -module-cache-path /Users/admin/builder/spi-builder-workspace/.derivedData/ModuleCache.noindex -Xfrontend -serialize-debugging-options -profile-coverage-mapping -profile-generate -enable-testing -index-store-path /Users/admin/builder/spi-builder-workspace/.derivedData/Index.noindex/DataStore -Xcc -D_LIBCPP_HARDENING_MODE\=_LIBCPP_HARDENING_MODE_DEBUG -swift-version 5 -I /Users/admin/builder/spi-builder-workspace/.derivedData/Build/Products/Debug-appletvos -Isystem /Applications/Xcode-27.0.0-Release.Candidate.app/Contents/Developer/Platforms/AppleTVOS.platform/Developer/usr/lib -F /Users/admin/builder/spi-builder-workspace/.derivedData/Build/Products/Debug-appletvos/PackageFrameworks -F /Users/admin/builder/spi-builder-workspace/.derivedData/Build/Products/Debug-appletvos -F /Applications/Xcode-27.0.0-Release.Candidate.app/Contents/Developer/Platforms/AppleTVOS.platform/Developer/Library/Frameworks -F /Applications/Xcode-27.0.0-Release.Candidate.app/Contents/Developer/Platforms/AppleTVOS.platform/Developer/SDKs/AppleTVOS27.0.sdk/Developer/Library/Frameworks -c -j10 -enable-batch-mode -incremental -Xcc -ivfsstatcache -Xcc /Users/admin/builder/spi-builder-workspace/.derivedData/SDKStatCaches.noindex/appletvos27.0-24J360-e829b21a6f8c9b70876ba0858053c044b32bfd8d43560033f8d89884cdb90028.sdkstatcache -output-file-map /Users/admin/builder/spi-builder-workspace/.derivedData/Build/Intermediates.noindex/SwiftUIPager.build/Debug-appletvos/SwiftUIPagerTests-p.build/Objects-normal/arm64/SwiftUIPagerTests-OutputFileMap.json -save-temps -no-color-diagnostics -explicit-module-build -module-cache-path /Users/admin/builder/spi-builder-workspace/.derivedData/Build/Intermediates.noindex/SwiftExplicitPrecompiledModules -clang-scanner-module-cache-path /Users/admin/builder/spi-builder-workspace/.derivedData/ModuleCache.noindex -sdk-module-cache-path /Users/admin/builder/spi-builder-workspace/.derivedData/SDKExplicitPrecompiledModules -emit-dependencies -emit-module -emit-module-path /Users/admin/builder/spi-builder-workspace/.derivedData/Build/Intermediates.noindex/SwiftUIPager.build/Debug-appletvos/SwiftUIPagerTests-p.build/Objects-normal/arm64/SwiftUIPagerTests.swiftmodule -serialize-diagnostics -dependency-scan-serialize-diagnostics-path /Users/admin/builder/spi-builder-workspace/.derivedData/Build/Intermediates.noindex/SwiftUIPager.build/Debug-appletvos/SwiftUIPagerTests-p.build/Objects-normal/arm64/SwiftUIPagerTests-dependency-scan.dia -validate-clang-modules-once -clang-build-session-file /Users/admin/builder/spi-builder-workspace/.derivedData/ModuleCache.noindex/Session.modulevalidation -Xcc -fmodules-prune-interval\=86400 -Xcc -fmodules-prune-after\=345600 -emit-const-values -const-gather-protocols-list /Users/admin/builder/spi-builder-workspace/.derivedData/Build/Intermediates.noindex/SwiftUIPager.build/Debug-appletvos/SwiftUIPagerTests-p.build/Objects-normal/arm64/SwiftUIPagerTests_const_extract_protocols.json -Xcc -I/Users/admin/builder/spi-builder-workspace/.derivedData/Build/Products/Debug-appletvos/include -Xcc -I/Users/admin/builder/spi-builder-workspace/.derivedData/Build/Intermediates.noindex/SwiftUIPager.build/Debug-appletvos/SwiftUIPagerTests-p.build/DerivedSources-normal/arm64 -Xcc -I/Users/admin/builder/spi-builder-workspace/.derivedData/Build/Intermediates.noindex/SwiftUIPager.build/Debug-appletvos/SwiftUIPagerTests-p.build/DerivedSources/arm64 -Xcc -I/Users/admin/builder/spi-builder-workspace/.derivedData/Build/Intermediates.noindex/SwiftUIPager.build/Debug-appletvos/SwiftUIPagerTests-p.build/DerivedSources -Xcc -DSWIFT_PACKAGE -Xcc -DDEBUG\=1 -working-directory /Users/admin/builder/spi-builder-workspace/.swiftpm/xcode -experimental-emit-module-separately -disable-cmo
SwiftExplicitDependencyGeneratePcm arm64 /Users/admin/builder/spi-builder-workspace/.derivedData/Build/Intermediates.noindex/SwiftExplicitPrecompiledModules/XCUIAutomation-FJBJYHY5O0CJFAW58X6D04WA.pcm
SwiftExplicitDependencyGeneratePcm arm64 /Users/admin/builder/spi-builder-workspace/.derivedData/Build/Intermediates.noindex/SwiftExplicitPrecompiledModules/XCTest-7MV3G0KAJR9WCI4ZIQ137RH2R.pcm
SwiftExplicitDependencyCompileModuleFromInterface arm64 /Users/admin/builder/spi-builder-workspace/.derivedData/Build/Intermediates.noindex/SwiftExplicitPrecompiledModules/XCUIAutomation-11FHAB26TZA0P.swiftmodule
SwiftExplicitDependencyCompileModuleFromInterface arm64 /Users/admin/builder/spi-builder-workspace/.derivedData/Build/Intermediates.noindex/SwiftExplicitPrecompiledModules/XCTest-2NSBG261FIVW9.swiftmodule
SwiftEmitModule normal arm64 Emitting\ module\ for\ SwiftUIPagerTests (in target 'SwiftUIPagerTests-product' from project 'SwiftUIPager')
/Users/admin/builder/spi-builder-workspace/Tests/SwiftUIPagerTests/Helpers/Pager.Alignment+Helper.swift:11:1: warning: extension declares a conformance of imported type 'PositionAlignment' to imported protocol 'Equatable'; this will not behave correctly if the owners of 'SwiftUIPager' introduce this conformance in the future
 9 | import SwiftUIPager
10 |
11 | extension PositionAlignment: Equatable {
   | |- warning: extension declares a conformance of imported type 'PositionAlignment' to imported protocol 'Equatable'; this will not behave correctly if the owners of 'SwiftUIPager' introduce this conformance in the future
   | `- note: add '@retroactive' to silence this warning
12 |
13 |     public static func == (lhs: Self, rhs: Self) -> Bool {
/Users/admin/builder/spi-builder-workspace/Tests/SwiftUIPagerTests/Pager+Buildable_Tests.swift:5:1: warning: extension declares a conformance of imported type 'Int' to imported protocol 'Identifiable'; this will not behave correctly if the owners of 'Swift' introduce this conformance in the future
  3 | @testable import SwiftUIPager
  4 |
  5 | extension Int: Identifiable {
    | |- warning: extension declares a conformance of imported type 'Int' to imported protocol 'Identifiable'; this will not behave correctly if the owners of 'Swift' introduce this conformance in the future
    | `- note: add '@retroactive' to silence this warning
  6 |     public var id: Int { return self }
  7 | }
/Users/admin/builder/spi-builder-workspace/Tests/SwiftUIPagerTests/Pager+Buildable_Tests.swift:722:11: error: 'DragGesture' is unavailable in tvOS
720 | }
721 |
722 | extension DragGesture.Value {
    |           `- error: 'DragGesture' is unavailable in tvOS
723 |     struct Dummy {
724 |         let data: (Double, Double, Double,
SwiftUI.DragGesture:3:42: note: 'DragGesture' has been explicitly marked unavailable here
 1 | @available(iOS 13.0, macOS 10.15, watchOS 6.0, *)
 2 | @available(tvOS, unavailable)
 3 | @MainActor @preconcurrency public struct DragGesture : Gesture, ~Sendable {
   |                                          `- note: 'DragGesture' has been explicitly marked unavailable here
 4 |     public struct Value : Equatable, Sendable {
 5 |         public var time: Date
Failed frontend command:
/Applications/Xcode-27.0.0-Release.Candidate.app/Contents/Developer/Toolchains/XcodeDefault.xctoolchain/usr/bin/swift-frontend -frontend -emit-module -experimental-skip-non-inlinable-function-bodies-without-types /Users/admin/builder/spi-builder-workspace/Tests/SwiftUIPagerTests/CGPoint+Angle_Tests.swift /Users/admin/builder/spi-builder-workspace/Tests/SwiftUIPagerTests/DummyTests.swift /Users/admin/builder/spi-builder-workspace/Tests/SwiftUIPagerTests/Helpers/Pager.Alignment+Helper.swift /Users/admin/builder/spi-builder-workspace/Tests/SwiftUIPagerTests/Page_Tests.swift /Users/admin/builder/spi-builder-workspace/Tests/SwiftUIPagerTests/Pager+Buildable_Tests.swift /Users/admin/builder/spi-builder-workspace/Tests/SwiftUIPagerTests/PagerContent+Helper_Tests.swift /Users/admin/builder/spi-builder-workspace/Tests/SwiftUIPagerTests/PagerWrapper_Tests.swift /Users/admin/builder/spi-builder-workspace/Tests/SwiftUIPagerTests/PaginationSensitivity_Tests.swift /Users/admin/builder/spi-builder-workspace/Tests/SwiftUIPagerTests/PagingAnimation_Tests.swift /Users/admin/builder/spi-builder-workspace/Tests/SwiftUIPagerTests/PositionAlignment_Tests.swift /Users/admin/builder/spi-builder-workspace/Tests/SwiftUIPagerTests/View+Helper_Tests.swift /Users/admin/builder/spi-builder-workspace/Tests/SwiftUIPagerTests/XCTestManifests.swift -target arm64-apple-tvos17.0 -module-can-import-version ObjectiveC 973.1 0 -disable-cross-import-overlay-search -load-resolved-plugin /Applications/Xcode-27.0.0-Release.Candidate.app/Contents/Developer/Platforms/AppleTVOS.platform/Developer/usr/lib/swift/host/plugins/libFoundationMacros.dylib\#/Applications/Xcode-27.0.0-Release.Candidate.app/Contents/Developer/Platforms/AppleTVOS.platform/Developer/usr/bin/swift-plugin-server\#FoundationMacros -load-resolved-plugin /Applications/Xcode-27.0.0-Release.Candidate.app/Contents/Developer/Platforms/AppleTVOS.platform/Developer/usr/lib/swift/host/plugins/libObservationMacros.dylib\#/Applications/Xcode-27.0.0-Release.Candidate.app/Contents/Developer/Platforms/AppleTVOS.platform/Developer/usr/bin/swift-plugin-server\#ObservationMacros -load-resolved-plugin /Applications/Xcode-27.0.0-Release.Candidate.app/Contents/Developer/Platforms/AppleTVOS.platform/Developer/usr/lib/swift/host/plugins/libPreviewsMacros.dylib\#/Applications/Xcode-27.0.0-Release.Candidate.app/Contents/Developer/Platforms/AppleTVOS.platform/Developer/usr/bin/swift-plugin-server\#PreviewsMacros -load-resolved-plugin /Applications/Xcode-27.0.0-Release.Candidate.app/Contents/Developer/Platforms/AppleTVOS.platform/Developer/usr/lib/swift/host/plugins/libSwiftMacros.dylib\#/Applications/Xcode-27.0.0-Release.Candidate.app/Contents/Developer/Platforms/AppleTVOS.platform/Developer/usr/bin/swift-plugin-server\#SwiftMacros -load-resolved-plugin /Applications/Xcode-27.0.0-Release.Candidate.app/Contents/Developer/Platforms/AppleTVOS.platform/Developer/usr/lib/swift/host/plugins/libSwiftUIMacros.dylib\#/Applications/Xcode-27.0.0-Release.Candidate.app/Contents/Developer/Platforms/AppleTVOS.platform/Developer/usr/bin/swift-plugin-server\#SwiftUIMacros -disable-implicit-swift-modules -Xcc -fno-implicit-modules -Xcc -fno-implicit-module-maps -explicit-swift-module-map-file /Users/admin/builder/spi-builder-workspace/.derivedData/Build/Intermediates.noindex/SwiftUIPager.build/Debug-appletvos/SwiftUIPagerTests-p.build/Objects-normal/arm64/SwiftUIPagerTests-dependencies-1.json -Xllvm -aarch64-use-tbi -enable-objc-interop -stack-check -sdk /Applications/Xcode-27.0.0-Release.Candidate.app/Contents/Developer/Platforms/AppleTVOS.platform/Developer/SDKs/AppleTVOS27.0.sdk -I /Users/admin/builder/spi-builder-workspace/.derivedData/Build/Products/Debug-appletvos -Isystem /Applications/Xcode-27.0.0-Release.Candidate.app/Contents/Developer/Platforms/AppleTVOS.platform/Developer/usr/lib -F /Users/admin/builder/spi-builder-workspace/.derivedData/Build/Products/Debug-appletvos/PackageFrameworks -F /Users/admin/builder/spi-builder-workspace/.derivedData/Build/Products/Debug-appletvos -F /Applications/Xcode-27.0.0-Release.Candidate.app/Contents/Developer/Platforms/AppleTVOS.platform/Developer/Library/Frameworks -F /Applications/Xcode-27.0.0-Release.Candidate.app/Contents/Developer/Platforms/AppleTVOS.platform/Developer/SDKs/AppleTVOS27.0.sdk/Developer/Library/Frameworks -module-cache-path /Users/admin/builder/spi-builder-workspace/.derivedData/Build/Intermediates.noindex/SwiftExplicitPrecompiledModules -no-color-diagnostics -Xcc -fno-color-diagnostics -enable-testing -g -debug-info-format\=dwarf -dwarf-version\=4 -profile-generate -profile-coverage-mapping -swift-version 5 -Onone -D SWIFT_PACKAGE -D DEBUG -D Xcode -serialize-debugging-options -enable-experimental-feature DebugDescriptionMacro -empty-abi-descriptor -validate-clang-modules-once -clang-build-session-file /Users/admin/builder/spi-builder-workspace/.derivedData/ModuleCache.noindex/Session.modulevalidation -Xcc -working-directory -Xcc /Users/admin/builder/spi-builder-workspace/.swiftpm/xcode -enable-anonymous-context-mangled-names -file-compilation-dir /Users/admin/builder/spi-builder-workspace/.swiftpm/xcode -Xcc -D_LIBCPP_HARDENING_MODE\=_LIBCPP_HARDENING_MODE_DEBUG -Xcc -ivfsstatcache -Xcc /Users/admin/builder/spi-builder-workspace/.derivedData/SDKStatCaches.noindex/appletvos27.0-24J360-e829b21a6f8c9b70876ba0858053c044b32bfd8d43560033f8d89884cdb90028.sdkstatcache -Xcc -fmodules-prune-interval\=86400 -Xcc -fmodules-prune-after\=345600 -Xcc -I/Users/admin/builder/spi-builder-workspace/.derivedData/Build/Products/Debug-appletvos/include -Xcc -I/Users/admin/builder/spi-builder-workspace/.derivedData/Build/Intermediates.noindex/SwiftUIPager.build/Debug-appletvos/SwiftUIPagerTests-p.build/DerivedSources-normal/arm64 -Xcc -I/Users/admin/builder/spi-builder-workspace/.derivedData/Build/Intermediates.noindex/SwiftUIPager.build/Debug-appletvos/SwiftUIPagerTests-p.build/DerivedSources/arm64 -Xcc -I/Users/admin/builder/spi-builder-workspace/.derivedData/Build/Intermediates.noindex/SwiftUIPager.build/Debug-appletvos/SwiftUIPagerTests-p.build/DerivedSources -Xcc -DSWIFT_PACKAGE -Xcc -DDEBUG\=1 -no-auto-bridging-header-chaining -module-name SwiftUIPagerTests -const-gather-protocols-file /Users/admin/builder/spi-builder-workspace/.derivedData/Build/Intermediates.noindex/SwiftUIPager.build/Debug-appletvos/SwiftUIPagerTests-p.build/Objects-normal/arm64/SwiftUIPagerTests_const_extract_protocols.json -disable-clang-spi -clang-target arm64-apple-tvos27.0 -target-sdk-version 27.0 -target-sdk-name appletvos27.0 -in-process-plugin-server-path /Applications/Xcode-27.0.0-Release.Candidate.app/Contents/Developer/Toolchains/XcodeDefault.xctoolchain/usr/lib/swift/host/libSwiftInProcPluginServer.dylib -emit-module-doc-path /Users/admin/builder/spi-builder-workspace/.derivedData/Build/Intermediates.noindex/SwiftUIPager.build/Debug-appletvos/SwiftUIPagerTests-p.build/Objects-normal/arm64/SwiftUIPagerTests.swiftdoc -emit-module-source-info-path /Users/admin/builder/spi-builder-workspace/.derivedData/Build/Intermediates.noindex/SwiftUIPager.build/Debug-appletvos/SwiftUIPagerTests-p.build/Objects-normal/arm64/SwiftUIPagerTests.swiftsourceinfo -serialize-diagnostics-path /Users/admin/builder/spi-builder-workspace/.derivedData/Build/Intermediates.noindex/SwiftUIPager.build/Debug-appletvos/SwiftUIPagerTests-p.build/Objects-normal/arm64/SwiftUIPagerTests-primary-emit-module.dia -emit-dependencies-path /Users/admin/builder/spi-builder-workspace/.derivedData/Build/Intermediates.noindex/SwiftUIPager.build/Debug-appletvos/SwiftUIPagerTests-p.build/Objects-normal/arm64/SwiftUIPagerTests-primary-emit-module.d -parse-as-library -o /Users/admin/builder/spi-builder-workspace/.derivedData/Build/Intermediates.noindex/SwiftUIPager.build/Debug-appletvos/SwiftUIPagerTests-p.build/Objects-normal/arm64/SwiftUIPagerTests.swiftmodule -emit-abi-descriptor-path /Users/admin/builder/spi-builder-workspace/.derivedData/Build/Intermediates.noindex/SwiftUIPager.build/Debug-appletvos/SwiftUIPagerTests-p.build/Objects-normal/arm64/SwiftUIPagerTests.abi.json
SwiftCompile normal arm64 (in target 'SwiftUIPagerTests-product' from project 'SwiftUIPager')
    cd /Users/admin/builder/spi-builder-workspace/.swiftpm/xcode

SwiftCompile normal arm64 Compiling\ XCTestManifests.swift /Users/admin/builder/spi-builder-workspace/Tests/SwiftUIPagerTests/XCTestManifests.swift (in target 'SwiftUIPagerTests-product' from project 'SwiftUIPager')
SwiftCompile normal arm64 /Users/admin/builder/spi-builder-workspace/Tests/SwiftUIPagerTests/XCTestManifests.swift (in target 'SwiftUIPagerTests-product' from project 'SwiftUIPager')
    cd /Users/admin/builder/spi-builder-workspace/.swiftpm/xcode
    builtin-SwiftPerFileCompile XCTestManifests.swift
PruneExplicitPrecompiledModules /Users/admin/builder/spi-builder-workspace/.derivedData/Build/Intermediates.noindex/SwiftExplicitPrecompiledModules
PruneExplicitPrecompiledModules /Users/admin/builder/spi-builder-workspace/.derivedData/Build/Intermediates.noindex/ExplicitPrecompiledModules
PruneExplicitPrecompiledModules /Users/admin/builder/spi-builder-workspace/.derivedData/SDKExplicitPrecompiledModules
2026-09-18 09:25:50.730 xcodebuild[669:4321] [MT] IDERunDestination: Supported platforms for the buildables in the current scheme is empty.
2026-09-18 09:25:50.876 xcodebuild[669:4321] [MT] IDERunDestination: Supported platforms for the buildables in the current scheme is empty.
** BUILD FAILED **
The following build commands failed:
	SwiftEmitModule normal arm64 Emitting\ module\ for\ SwiftUIPagerTests (in target 'SwiftUIPagerTests-product' from project 'SwiftUIPager')
	SwiftCompile normal arm64 (in target 'SwiftUIPagerTests-product' from project 'SwiftUIPager')
	Building workspace SwiftUIPager with scheme SwiftUIPager
(3 failures)
Command line invocation:
    /Applications/Xcode-27.0.0-Release.Candidate.app/Contents/Developer/usr/bin/xcodebuild -IDEClonedSourcePackagesDirPathOverride=/Users/admin/builder/spi-builder-workspace/.dependencies -resolvePackageDependencies
Resolve Package Graph
Resolved source packages:
  SwiftUIPager: /Users/admin/builder/spi-builder-workspace
resolved source packages: SwiftUIPager
2026-09-18 09:26:01.230 xcodebuild[761:4813] [MT] IDERunDestination: Supported platforms for the buildables in the current scheme is empty.
2026-09-18 09:26:01.331 xcodebuild[761:4813] [MT] IDERunDestination: Supported platforms for the buildables in the current scheme is empty.
{
  "dependencies" : [
  ],
  "manifest_display_name" : "SwiftUIPager",
  "name" : "SwiftUIPager",
  "path" : "/Users/admin/builder/spi-builder-workspace",
  "platforms" : [
    {
      "name" : "macos",
      "version" : "10.15"
    },
    {
      "name" : "ios",
      "version" : "13.0"
    },
    {
      "name" : "watchos",
      "version" : "6.0"
    },
    {
      "name" : "tvos",
      "version" : "13.0"
    }
  ],
  "products" : [
    {
      "name" : "SwiftUIPager",
      "targets" : [
        "SwiftUIPager"
      ],
      "type" : {
        "library" : [
          "automatic"
        ]
      }
    }
  ],
  "swift_languages_versions" : [
    "5"
  ],
  "targets" : [
    {
      "c99name" : "SwiftUIPagerTests",
      "module_type" : "SwiftTarget",
      "name" : "SwiftUIPagerTests",
      "path" : "Tests/SwiftUIPagerTests",
      "sources" : [
        "CGPoint+Angle_Tests.swift",
        "DummyTests.swift",
        "Helpers/Pager.Alignment+Helper.swift",
        "Page_Tests.swift",
        "Pager+Buildable_Tests.swift",
        "PagerContent+Helper_Tests.swift",
        "PagerWrapper_Tests.swift",
        "PaginationSensitivity_Tests.swift",
        "PagingAnimation_Tests.swift",
        "PositionAlignment_Tests.swift",
        "View+Helper_Tests.swift",
        "XCTestManifests.swift"
      ],
      "target_dependencies" : [
        "SwiftUIPager"
      ],
      "type" : "test"
    },
    {
      "c99name" : "SwiftUIPager",
      "module_type" : "SwiftTarget",
      "name" : "SwiftUIPager",
      "path" : "Sources/SwiftUIPager",
      "product_memberships" : [
        "SwiftUIPager"
      ],
      "sources" : [
        "Helpers/Buildable.swift",
        "Helpers/CGPoint+Angle.swift",
        "Helpers/OnAnimationCompletedModifier.swift",
        "Helpers/View+Helper.swift",
        "Page.swift",
        "PageConfiguration/ContentLoadingPolicy.swift",
        "PageConfiguration/GesturePriority.swift",
        "PageConfiguration/PaginationSensitivity.swift",
        "PageConfiguration/PagingAnimation.swift",
        "PageConfiguration/PositionAlignment.swift",
        "PageConfiguration/SwipeDirection.swift",
        "PageConfiguration/SwipeInteractionArea.swift",
        "PageTransition.swift",
        "PageWrapper.swift",
        "Pager+Buildable.swift",
        "Pager.swift",
        "PagerContent+Buildable.swift",
        "PagerContent+Helper.swift",
        "PagerContent.swift"
      ],
      "type" : "library"
    }
  ],
  "tools_version" : "5.1"
}
{
  "workspace" : {
    "name" : "SwiftUIPager",
    "schemes" : [
      "SwiftUIPager"
    ]
  }
}
2026-09-18 09:26:02.483 xcodebuild[769:4885] [MT] IDERunDestination: Supported platforms for the buildables in the current scheme is empty.
2026-09-18 09:26:02.586 xcodebuild[769:4885] [MT] IDERunDestination: Supported platforms for the buildables in the current scheme is empty.
Running build ...
env DEVELOPER_DIR=/Applications/Xcode-27.0.0-Release.Candidate.app xcrun xcodebuild -IDEClonedSourcePackagesDirPathOverride=$PWD/.dependencies -skipMacroValidation -skipPackagePluginValidation -derivedDataPath $PWD/.derivedData build -scheme SwiftUIPager -destination generic/platform=tvOS
Command line invocation:
    /Applications/Xcode-27.0.0-Release.Candidate.app/Contents/Developer/usr/bin/xcodebuild -IDEClonedSourcePackagesDirPathOverride=/Users/admin/builder/spi-builder-workspace/.dependencies -skipMacroValidation -skipPackagePluginValidation -derivedDataPath /Users/admin/builder/spi-builder-workspace/.derivedData build -scheme SwiftUIPager -destination generic/platform=tvOS
Resolve Package Graph
Resolved source packages:
  SwiftUIPager: /Users/admin/builder/spi-builder-workspace
ComputePackagePrebuildTargetDependencyGraph
Prepare packages
CreateBuildRequest
SendProjectDescription
CreateBuildOperation
ComputeTargetDependencyGraph
note: Building targets in dependency order
note: Target dependency graph (3 targets)
    Target 'SwiftUIPagerTests-product' in project 'SwiftUIPager'
        ➜ Explicit dependency on target 'SwiftUIPager' in project 'SwiftUIPager'
    Target 'SwiftUIPager-product' in project 'SwiftUIPager'
        ➜ Explicit dependency on target 'SwiftUIPager' in project 'SwiftUIPager'
    Target 'SwiftUIPager' in project 'SwiftUIPager' (no dependencies)
GatherProvisioningInputs
CreateBuildDescription
ClangStatCache /Applications/Xcode-27.0.0-Release.Candidate.app/Contents/Developer/Toolchains/XcodeDefault.xctoolchain/usr/bin/clang-stat-cache /Applications/Xcode-27.0.0-Release.Candidate.app/Contents/Developer/Platforms/AppleTVOS.platform/Developer/SDKs/AppleTVOS27.0.sdk /Users/admin/builder/spi-builder-workspace/.derivedData/SDKStatCaches.noindex/appletvos27.0-24J360-e829b21a6f8c9b70876ba0858053c044b32bfd8d43560033f8d89884cdb90028.sdkstatcache
    cd /Users/admin/builder/spi-builder-workspace/.swiftpm/xcode
    /Applications/Xcode-27.0.0-Release.Candidate.app/Contents/Developer/Toolchains/XcodeDefault.xctoolchain/usr/bin/clang-stat-cache /Applications/Xcode-27.0.0-Release.Candidate.app/Contents/Developer/Platforms/AppleTVOS.platform/Developer/SDKs/AppleTVOS27.0.sdk -o /Users/admin/builder/spi-builder-workspace/.derivedData/SDKStatCaches.noindex/appletvos27.0-24J360-e829b21a6f8c9b70876ba0858053c044b32bfd8d43560033f8d89884cdb90028.sdkstatcache
SwiftDriver SwiftUIPagerTests normal arm64 com.apple.xcode.tools.swift.compiler (in target 'SwiftUIPagerTests-product' from project 'SwiftUIPager')
    cd /Users/admin/builder/spi-builder-workspace/.swiftpm/xcode
    builtin-SwiftDriver -- /Applications/Xcode-27.0.0-Release.Candidate.app/Contents/Developer/Toolchains/XcodeDefault.xctoolchain/usr/bin/swiftc -parse-as-library -module-name SwiftUIPagerTests -Onone @/Users/admin/builder/spi-builder-workspace/.derivedData/Build/Intermediates.noindex/SwiftUIPager.build/Debug-appletvos/SwiftUIPagerTests-p.build/Objects-normal/arm64/SwiftUIPagerTests.SwiftFileList -DSWIFT_PACKAGE -DDEBUG -DXcode -plugin-path /Applications/Xcode-27.0.0-Release.Candidate.app/Contents/Developer/Toolchains/XcodeDefault.xctoolchain/usr/lib/swift/host/plugins/testing -enable-experimental-feature DebugDescriptionMacro -sdk /Applications/Xcode-27.0.0-Release.Candidate.app/Contents/Developer/Platforms/AppleTVOS.platform/Developer/SDKs/AppleTVOS27.0.sdk -target arm64-apple-tvos17.0 -g -module-cache-path /Users/admin/builder/spi-builder-workspace/.derivedData/ModuleCache.noindex -Xfrontend -serialize-debugging-options -profile-coverage-mapping -profile-generate -enable-testing -index-store-path /Users/admin/builder/spi-builder-workspace/.derivedData/Index.noindex/DataStore -Xcc -D_LIBCPP_HARDENING_MODE\=_LIBCPP_HARDENING_MODE_DEBUG -swift-version 5 -I /Users/admin/builder/spi-builder-workspace/.derivedData/Build/Products/Debug-appletvos -Isystem /Applications/Xcode-27.0.0-Release.Candidate.app/Contents/Developer/Platforms/AppleTVOS.platform/Developer/usr/lib -F /Users/admin/builder/spi-builder-workspace/.derivedData/Build/Products/Debug-appletvos/PackageFrameworks -F /Users/admin/builder/spi-builder-workspace/.derivedData/Build/Products/Debug-appletvos -F /Applications/Xcode-27.0.0-Release.Candidate.app/Contents/Developer/Platforms/AppleTVOS.platform/Developer/Library/Frameworks -F /Applications/Xcode-27.0.0-Release.Candidate.app/Contents/Developer/Platforms/AppleTVOS.platform/Developer/SDKs/AppleTVOS27.0.sdk/Developer/Library/Frameworks -c -j10 -enable-batch-mode -incremental -Xcc -ivfsstatcache -Xcc /Users/admin/builder/spi-builder-workspace/.derivedData/SDKStatCaches.noindex/appletvos27.0-24J360-e829b21a6f8c9b70876ba0858053c044b32bfd8d43560033f8d89884cdb90028.sdkstatcache -output-file-map /Users/admin/builder/spi-builder-workspace/.derivedData/Build/Intermediates.noindex/SwiftUIPager.build/Debug-appletvos/SwiftUIPagerTests-p.build/Objects-normal/arm64/SwiftUIPagerTests-OutputFileMap.json -save-temps -no-color-diagnostics -explicit-module-build -module-cache-path /Users/admin/builder/spi-builder-workspace/.derivedData/Build/Intermediates.noindex/SwiftExplicitPrecompiledModules -clang-scanner-module-cache-path /Users/admin/builder/spi-builder-workspace/.derivedData/ModuleCache.noindex -sdk-module-cache-path /Users/admin/builder/spi-builder-workspace/.derivedData/SDKExplicitPrecompiledModules -emit-dependencies -emit-module -emit-module-path /Users/admin/builder/spi-builder-workspace/.derivedData/Build/Intermediates.noindex/SwiftUIPager.build/Debug-appletvos/SwiftUIPagerTests-p.build/Objects-normal/arm64/SwiftUIPagerTests.swiftmodule -serialize-diagnostics -dependency-scan-serialize-diagnostics-path /Users/admin/builder/spi-builder-workspace/.derivedData/Build/Intermediates.noindex/SwiftUIPager.build/Debug-appletvos/SwiftUIPagerTests-p.build/Objects-normal/arm64/SwiftUIPagerTests-dependency-scan.dia -validate-clang-modules-once -clang-build-session-file /Users/admin/builder/spi-builder-workspace/.derivedData/ModuleCache.noindex/Session.modulevalidation -Xcc -fmodules-prune-interval\=86400 -Xcc -fmodules-prune-after\=345600 -emit-const-values -const-gather-protocols-list /Users/admin/builder/spi-builder-workspace/.derivedData/Build/Intermediates.noindex/SwiftUIPager.build/Debug-appletvos/SwiftUIPagerTests-p.build/Objects-normal/arm64/SwiftUIPagerTests_const_extract_protocols.json -Xcc -I/Users/admin/builder/spi-builder-workspace/.derivedData/Build/Products/Debug-appletvos/include -Xcc -I/Users/admin/builder/spi-builder-workspace/.derivedData/Build/Intermediates.noindex/SwiftUIPager.build/Debug-appletvos/SwiftUIPagerTests-p.build/DerivedSources-normal/arm64 -Xcc -I/Users/admin/builder/spi-builder-workspace/.derivedData/Build/Intermediates.noindex/SwiftUIPager.build/Debug-appletvos/SwiftUIPagerTests-p.build/DerivedSources/arm64 -Xcc -I/Users/admin/builder/spi-builder-workspace/.derivedData/Build/Intermediates.noindex/SwiftUIPager.build/Debug-appletvos/SwiftUIPagerTests-p.build/DerivedSources -Xcc -DSWIFT_PACKAGE -Xcc -DDEBUG\=1 -working-directory /Users/admin/builder/spi-builder-workspace/.swiftpm/xcode -experimental-emit-module-separately -disable-cmo
SwiftDriver SwiftUIPager normal arm64 com.apple.xcode.tools.swift.compiler (in target 'SwiftUIPager' from project 'SwiftUIPager')
    cd /Users/admin/builder/spi-builder-workspace/.swiftpm/xcode
    builtin-SwiftDriver -- /Applications/Xcode-27.0.0-Release.Candidate.app/Contents/Developer/Toolchains/XcodeDefault.xctoolchain/usr/bin/swiftc -parse-as-library -module-name SwiftUIPager -Onone @/Users/admin/builder/spi-builder-workspace/.derivedData/Build/Intermediates.noindex/SwiftUIPager.build/Debug-appletvos/SwiftUIPager-t.build/Objects-normal/arm64/SwiftUIPager.SwiftFileList -DSWIFT_PACKAGE -DDEBUG -DSWIFT_MODULE_RESOURCE_BUNDLE_UNAVAILABLE -DXcode -plugin-path /Applications/Xcode-27.0.0-Release.Candidate.app/Contents/Developer/Toolchains/XcodeDefault.xctoolchain/usr/lib/swift/host/plugins/testing -enable-experimental-feature DebugDescriptionMacro -sdk /Applications/Xcode-27.0.0-Release.Candidate.app/Contents/Developer/Platforms/AppleTVOS.platform/Developer/SDKs/AppleTVOS27.0.sdk -target arm64-apple-tvos15.0 -g -module-cache-path /Users/admin/builder/spi-builder-workspace/.derivedData/ModuleCache.noindex -Xfrontend -serialize-debugging-options -profile-coverage-mapping -profile-generate -enable-testing -index-store-path /Users/admin/builder/spi-builder-workspace/.derivedData/Index.noindex/DataStore -Xcc -D_LIBCPP_HARDENING_MODE\=_LIBCPP_HARDENING_MODE_DEBUG -swift-version 5 -I /Users/admin/builder/spi-builder-workspace/.derivedData/Build/Products/Debug-appletvos -Isystem /Applications/Xcode-27.0.0-Release.Candidate.app/Contents/Developer/Platforms/AppleTVOS.platform/Developer/usr/lib -F /Users/admin/builder/spi-builder-workspace/.derivedData/Build/Products/Debug-appletvos -F /Applications/Xcode-27.0.0-Release.Candidate.app/Contents/Developer/Platforms/AppleTVOS.platform/Developer/Library/Frameworks -F /Applications/Xcode-27.0.0-Release.Candidate.app/Contents/Developer/Platforms/AppleTVOS.platform/Developer/SDKs/AppleTVOS27.0.sdk/Developer/Library/Frameworks -c -j10 -enable-batch-mode -incremental -Xcc -ivfsstatcache -Xcc /Users/admin/builder/spi-builder-workspace/.derivedData/SDKStatCaches.noindex/appletvos27.0-24J360-e829b21a6f8c9b70876ba0858053c044b32bfd8d43560033f8d89884cdb90028.sdkstatcache -output-file-map /Users/admin/builder/spi-builder-workspace/.derivedData/Build/Intermediates.noindex/SwiftUIPager.build/Debug-appletvos/SwiftUIPager-t.build/Objects-normal/arm64/SwiftUIPager-OutputFileMap.json -save-temps -no-color-diagnostics -explicit-module-build -module-cache-path /Users/admin/builder/spi-builder-workspace/.derivedData/Build/Intermediates.noindex/SwiftExplicitPrecompiledModules -clang-scanner-module-cache-path /Users/admin/builder/spi-builder-workspace/.derivedData/ModuleCache.noindex -sdk-module-cache-path /Users/admin/builder/spi-builder-workspace/.derivedData/SDKExplicitPrecompiledModules -emit-dependencies -emit-module -emit-module-path /Users/admin/builder/spi-builder-workspace/.derivedData/Build/Intermediates.noindex/SwiftUIPager.build/Debug-appletvos/SwiftUIPager-t.build/Objects-normal/arm64/SwiftUIPager.swiftmodule -serialize-diagnostics -dependency-scan-serialize-diagnostics-path /Users/admin/builder/spi-builder-workspace/.derivedData/Build/Intermediates.noindex/SwiftUIPager.build/Debug-appletvos/SwiftUIPager-t.build/Objects-normal/arm64/SwiftUIPager-dependency-scan.dia -validate-clang-modules-once -clang-build-session-file /Users/admin/builder/spi-builder-workspace/.derivedData/ModuleCache.noindex/Session.modulevalidation -Xcc -fmodules-prune-interval\=86400 -Xcc -fmodules-prune-after\=345600 -emit-const-values -const-gather-protocols-list /Users/admin/builder/spi-builder-workspace/.derivedData/Build/Intermediates.noindex/SwiftUIPager.build/Debug-appletvos/SwiftUIPager-t.build/Objects-normal/arm64/SwiftUIPager_const_extract_protocols.json -Xcc -I/Users/admin/builder/spi-builder-workspace/.derivedData/Build/Products/Debug-appletvos/include -Xcc -I/Users/admin/builder/spi-builder-workspace/.derivedData/Build/Intermediates.noindex/SwiftUIPager.build/Debug-appletvos/SwiftUIPager-t.build/DerivedSources-normal/arm64 -Xcc -I/Users/admin/builder/spi-builder-workspace/.derivedData/Build/Intermediates.noindex/SwiftUIPager.build/Debug-appletvos/SwiftUIPager-t.build/DerivedSources/arm64 -Xcc -I/Users/admin/builder/spi-builder-workspace/.derivedData/Build/Intermediates.noindex/SwiftUIPager.build/Debug-appletvos/SwiftUIPager-t.build/DerivedSources -Xcc -DSWIFT_PACKAGE -Xcc -DDEBUG\=1 -emit-objc-header -emit-objc-header-path /Users/admin/builder/spi-builder-workspace/.derivedData/Build/Intermediates.noindex/SwiftUIPager.build/Debug-appletvos/SwiftUIPager-t.build/Objects-normal/arm64/SwiftUIPager-Swift.h -working-directory /Users/admin/builder/spi-builder-workspace/.swiftpm/xcode -experimental-emit-module-separately -disable-cmo
SwiftCompile normal arm64 Compiling\ Buildable.swift,\ CGPoint+Angle.swift /Users/admin/builder/spi-builder-workspace/Sources/SwiftUIPager/Helpers/Buildable.swift /Users/admin/builder/spi-builder-workspace/Sources/SwiftUIPager/Helpers/CGPoint+Angle.swift (in target 'SwiftUIPager' from project 'SwiftUIPager')
SwiftCompile normal arm64 /Users/admin/builder/spi-builder-workspace/Sources/SwiftUIPager/Helpers/Buildable.swift (in target 'SwiftUIPager' from project 'SwiftUIPager')
    cd /Users/admin/builder/spi-builder-workspace/.swiftpm/xcode
    builtin-SwiftPerFileCompile Buildable.swift
SwiftCompile normal arm64 /Users/admin/builder/spi-builder-workspace/Sources/SwiftUIPager/Helpers/CGPoint+Angle.swift (in target 'SwiftUIPager' from project 'SwiftUIPager')
    cd /Users/admin/builder/spi-builder-workspace/.swiftpm/xcode
    builtin-SwiftPerFileCompile CGPoint+Angle.swift
SwiftCompile normal arm64 Compiling\ PagerContent+Helper.swift /Users/admin/builder/spi-builder-workspace/Sources/SwiftUIPager/PagerContent+Helper.swift (in target 'SwiftUIPager' from project 'SwiftUIPager')
SwiftCompile normal arm64 /Users/admin/builder/spi-builder-workspace/Sources/SwiftUIPager/PagerContent+Helper.swift (in target 'SwiftUIPager' from project 'SwiftUIPager')
    cd /Users/admin/builder/spi-builder-workspace/.swiftpm/xcode
    builtin-SwiftPerFileCompile PagerContent+Helper.swift
SwiftCompile normal arm64 Compiling\ GesturePriority.swift,\ PaginationSensitivity.swift /Users/admin/builder/spi-builder-workspace/Sources/SwiftUIPager/PageConfiguration/GesturePriority.swift /Users/admin/builder/spi-builder-workspace/Sources/SwiftUIPager/PageConfiguration/PaginationSensitivity.swift (in target 'SwiftUIPager' from project 'SwiftUIPager')
SwiftCompile normal arm64 /Users/admin/builder/spi-builder-workspace/Sources/SwiftUIPager/PageConfiguration/GesturePriority.swift (in target 'SwiftUIPager' from project 'SwiftUIPager')
    cd /Users/admin/builder/spi-builder-workspace/.swiftpm/xcode
    builtin-SwiftPerFileCompile GesturePriority.swift
SwiftCompile normal arm64 /Users/admin/builder/spi-builder-workspace/Sources/SwiftUIPager/PageConfiguration/PaginationSensitivity.swift (in target 'SwiftUIPager' from project 'SwiftUIPager')
    cd /Users/admin/builder/spi-builder-workspace/.swiftpm/xcode
    builtin-SwiftPerFileCompile PaginationSensitivity.swift
SwiftEmitModule normal arm64 Emitting\ module\ for\ SwiftUIPager (in target 'SwiftUIPager' from project 'SwiftUIPager')
SwiftCompile normal arm64 (in target 'SwiftUIPager' from project 'SwiftUIPager')
    cd /Users/admin/builder/spi-builder-workspace/.swiftpm/xcode

SwiftCompile normal arm64 Compiling\ PagingAnimation.swift,\ PositionAlignment.swift /Users/admin/builder/spi-builder-workspace/Sources/SwiftUIPager/PageConfiguration/PagingAnimation.swift /Users/admin/builder/spi-builder-workspace/Sources/SwiftUIPager/PageConfiguration/PositionAlignment.swift (in target 'SwiftUIPager' from project 'SwiftUIPager')
SwiftCompile normal arm64 /Users/admin/builder/spi-builder-workspace/Sources/SwiftUIPager/PageConfiguration/PagingAnimation.swift (in target 'SwiftUIPager' from project 'SwiftUIPager')
    cd /Users/admin/builder/spi-builder-workspace/.swiftpm/xcode
    builtin-SwiftPerFileCompile PagingAnimation.swift
SwiftCompile normal arm64 /Users/admin/builder/spi-builder-workspace/Sources/SwiftUIPager/PageConfiguration/PositionAlignment.swift (in target 'SwiftUIPager' from project 'SwiftUIPager')
    cd /Users/admin/builder/spi-builder-workspace/.swiftpm/xcode
    builtin-SwiftPerFileCompile PositionAlignment.swift
SwiftCompile normal arm64 Compiling\ Page.swift,\ ContentLoadingPolicy.swift /Users/admin/builder/spi-builder-workspace/Sources/SwiftUIPager/Page.swift /Users/admin/builder/spi-builder-workspace/Sources/SwiftUIPager/PageConfiguration/ContentLoadingPolicy.swift (in target 'SwiftUIPager' from project 'SwiftUIPager')
SwiftCompile normal arm64 /Users/admin/builder/spi-builder-workspace/Sources/SwiftUIPager/Page.swift (in target 'SwiftUIPager' from project 'SwiftUIPager')
    cd /Users/admin/builder/spi-builder-workspace/.swiftpm/xcode
    builtin-SwiftPerFileCompile Page.swift
SwiftCompile normal arm64 /Users/admin/builder/spi-builder-workspace/Sources/SwiftUIPager/PageConfiguration/ContentLoadingPolicy.swift (in target 'SwiftUIPager' from project 'SwiftUIPager')
    cd /Users/admin/builder/spi-builder-workspace/.swiftpm/xcode
    builtin-SwiftPerFileCompile ContentLoadingPolicy.swift
SwiftCompile normal arm64 Compiling\ PagerContent.swift /Users/admin/builder/spi-builder-workspace/Sources/SwiftUIPager/PagerContent.swift (in target 'SwiftUIPager' from project 'SwiftUIPager')
SwiftCompile normal arm64 /Users/admin/builder/spi-builder-workspace/Sources/SwiftUIPager/PagerContent.swift (in target 'SwiftUIPager' from project 'SwiftUIPager')
    cd /Users/admin/builder/spi-builder-workspace/.swiftpm/xcode
    builtin-SwiftPerFileCompile PagerContent.swift
SwiftCompile normal arm64 Compiling\ Pager+Buildable.swift,\ Pager.swift /Users/admin/builder/spi-builder-workspace/Sources/SwiftUIPager/Pager+Buildable.swift /Users/admin/builder/spi-builder-workspace/Sources/SwiftUIPager/Pager.swift (in target 'SwiftUIPager' from project 'SwiftUIPager')
SwiftCompile normal arm64 /Users/admin/builder/spi-builder-workspace/Sources/SwiftUIPager/Pager+Buildable.swift (in target 'SwiftUIPager' from project 'SwiftUIPager')
    cd /Users/admin/builder/spi-builder-workspace/.swiftpm/xcode
    builtin-SwiftPerFileCompile Pager+Buildable.swift
SwiftCompile normal arm64 /Users/admin/builder/spi-builder-workspace/Sources/SwiftUIPager/Pager.swift (in target 'SwiftUIPager' from project 'SwiftUIPager')
    cd /Users/admin/builder/spi-builder-workspace/.swiftpm/xcode
    builtin-SwiftPerFileCompile Pager.swift
SwiftCompile normal arm64 Compiling\ PagerContent+Buildable.swift /Users/admin/builder/spi-builder-workspace/Sources/SwiftUIPager/PagerContent+Buildable.swift (in target 'SwiftUIPager' from project 'SwiftUIPager')
SwiftCompile normal arm64 /Users/admin/builder/spi-builder-workspace/Sources/SwiftUIPager/PagerContent+Buildable.swift (in target 'SwiftUIPager' from project 'SwiftUIPager')
    cd /Users/admin/builder/spi-builder-workspace/.swiftpm/xcode
    builtin-SwiftPerFileCompile PagerContent+Buildable.swift
SwiftCompile normal arm64 Compiling\ SwipeDirection.swift,\ SwipeInteractionArea.swift /Users/admin/builder/spi-builder-workspace/Sources/SwiftUIPager/PageConfiguration/SwipeDirection.swift /Users/admin/builder/spi-builder-workspace/Sources/SwiftUIPager/PageConfiguration/SwipeInteractionArea.swift (in target 'SwiftUIPager' from project 'SwiftUIPager')
SwiftCompile normal arm64 /Users/admin/builder/spi-builder-workspace/Sources/SwiftUIPager/PageConfiguration/SwipeDirection.swift (in target 'SwiftUIPager' from project 'SwiftUIPager')
    cd /Users/admin/builder/spi-builder-workspace/.swiftpm/xcode
    builtin-SwiftPerFileCompile SwipeDirection.swift
SwiftCompile normal arm64 /Users/admin/builder/spi-builder-workspace/Sources/SwiftUIPager/PageConfiguration/SwipeInteractionArea.swift (in target 'SwiftUIPager' from project 'SwiftUIPager')
    cd /Users/admin/builder/spi-builder-workspace/.swiftpm/xcode
    builtin-SwiftPerFileCompile SwipeInteractionArea.swift
SwiftEmitModule normal arm64 Emitting\ module\ for\ SwiftUIPagerTests (in target 'SwiftUIPagerTests-product' from project 'SwiftUIPager')
/Users/admin/builder/spi-builder-workspace/Tests/SwiftUIPagerTests/Helpers/Pager.Alignment+Helper.swift:11:1: warning: extension declares a conformance of imported type 'PositionAlignment' to imported protocol 'Equatable'; this will not behave correctly if the owners of 'SwiftUIPager' introduce this conformance in the future
 9 | import SwiftUIPager
10 |
11 | extension PositionAlignment: Equatable {
   | |- warning: extension declares a conformance of imported type 'PositionAlignment' to imported protocol 'Equatable'; this will not behave correctly if the owners of 'SwiftUIPager' introduce this conformance in the future
   | `- note: add '@retroactive' to silence this warning
12 |
13 |     public static func == (lhs: Self, rhs: Self) -> Bool {
/Users/admin/builder/spi-builder-workspace/Tests/SwiftUIPagerTests/Pager+Buildable_Tests.swift:5:1: warning: extension declares a conformance of imported type 'Int' to imported protocol 'Identifiable'; this will not behave correctly if the owners of 'Swift' introduce this conformance in the future
  3 | @testable import SwiftUIPager
  4 |
  5 | extension Int: Identifiable {
    | |- warning: extension declares a conformance of imported type 'Int' to imported protocol 'Identifiable'; this will not behave correctly if the owners of 'Swift' introduce this conformance in the future
    | `- note: add '@retroactive' to silence this warning
  6 |     public var id: Int { return self }
  7 | }
/Users/admin/builder/spi-builder-workspace/Tests/SwiftUIPagerTests/Pager+Buildable_Tests.swift:722:11: error: 'DragGesture' is unavailable in tvOS
720 | }
721 |
722 | extension DragGesture.Value {
    |           `- error: 'DragGesture' is unavailable in tvOS
723 |     struct Dummy {
724 |         let data: (Double, Double, Double,
SwiftUI.DragGesture:3:42: note: 'DragGesture' has been explicitly marked unavailable here
 1 | @available(iOS 13.0, macOS 10.15, watchOS 6.0, *)
 2 | @available(tvOS, unavailable)
 3 | @MainActor @preconcurrency public struct DragGesture : Gesture, ~Sendable {
   |                                          `- note: 'DragGesture' has been explicitly marked unavailable here
 4 |     public struct Value : Equatable, Sendable {
 5 |         public var time: Date
Failed frontend command:
/Applications/Xcode-27.0.0-Release.Candidate.app/Contents/Developer/Toolchains/XcodeDefault.xctoolchain/usr/bin/swift-frontend -frontend -emit-module -experimental-skip-non-inlinable-function-bodies-without-types /Users/admin/builder/spi-builder-workspace/Tests/SwiftUIPagerTests/CGPoint+Angle_Tests.swift /Users/admin/builder/spi-builder-workspace/Tests/SwiftUIPagerTests/DummyTests.swift /Users/admin/builder/spi-builder-workspace/Tests/SwiftUIPagerTests/Helpers/Pager.Alignment+Helper.swift /Users/admin/builder/spi-builder-workspace/Tests/SwiftUIPagerTests/Page_Tests.swift /Users/admin/builder/spi-builder-workspace/Tests/SwiftUIPagerTests/Pager+Buildable_Tests.swift /Users/admin/builder/spi-builder-workspace/Tests/SwiftUIPagerTests/PagerContent+Helper_Tests.swift /Users/admin/builder/spi-builder-workspace/Tests/SwiftUIPagerTests/PagerWrapper_Tests.swift /Users/admin/builder/spi-builder-workspace/Tests/SwiftUIPagerTests/PaginationSensitivity_Tests.swift /Users/admin/builder/spi-builder-workspace/Tests/SwiftUIPagerTests/PagingAnimation_Tests.swift /Users/admin/builder/spi-builder-workspace/Tests/SwiftUIPagerTests/PositionAlignment_Tests.swift /Users/admin/builder/spi-builder-workspace/Tests/SwiftUIPagerTests/View+Helper_Tests.swift /Users/admin/builder/spi-builder-workspace/Tests/SwiftUIPagerTests/XCTestManifests.swift -target arm64-apple-tvos17.0 -module-can-import-version ObjectiveC 973.1 0 -disable-cross-import-overlay-search -load-resolved-plugin /Applications/Xcode-27.0.0-Release.Candidate.app/Contents/Developer/Platforms/AppleTVOS.platform/Developer/usr/lib/swift/host/plugins/libFoundationMacros.dylib\#/Applications/Xcode-27.0.0-Release.Candidate.app/Contents/Developer/Platforms/AppleTVOS.platform/Developer/usr/bin/swift-plugin-server\#FoundationMacros -load-resolved-plugin /Applications/Xcode-27.0.0-Release.Candidate.app/Contents/Developer/Platforms/AppleTVOS.platform/Developer/usr/lib/swift/host/plugins/libObservationMacros.dylib\#/Applications/Xcode-27.0.0-Release.Candidate.app/Contents/Developer/Platforms/AppleTVOS.platform/Developer/usr/bin/swift-plugin-server\#ObservationMacros -load-resolved-plugin /Applications/Xcode-27.0.0-Release.Candidate.app/Contents/Developer/Platforms/AppleTVOS.platform/Developer/usr/lib/swift/host/plugins/libPreviewsMacros.dylib\#/Applications/Xcode-27.0.0-Release.Candidate.app/Contents/Developer/Platforms/AppleTVOS.platform/Developer/usr/bin/swift-plugin-server\#PreviewsMacros -load-resolved-plugin /Applications/Xcode-27.0.0-Release.Candidate.app/Contents/Developer/Platforms/AppleTVOS.platform/Developer/usr/lib/swift/host/plugins/libSwiftMacros.dylib\#/Applications/Xcode-27.0.0-Release.Candidate.app/Contents/Developer/Platforms/AppleTVOS.platform/Developer/usr/bin/swift-plugin-server\#SwiftMacros -load-resolved-plugin /Applications/Xcode-27.0.0-Release.Candidate.app/Contents/Developer/Platforms/AppleTVOS.platform/Developer/usr/lib/swift/host/plugins/libSwiftUIMacros.dylib\#/Applications/Xcode-27.0.0-Release.Candidate.app/Contents/Developer/Platforms/AppleTVOS.platform/Developer/usr/bin/swift-plugin-server\#SwiftUIMacros -disable-implicit-swift-modules -Xcc -fno-implicit-modules -Xcc -fno-implicit-module-maps -explicit-swift-module-map-file /Users/admin/builder/spi-builder-workspace/.derivedData/Build/Intermediates.noindex/SwiftUIPager.build/Debug-appletvos/SwiftUIPagerTests-p.build/Objects-normal/arm64/SwiftUIPagerTests-dependencies-1.json -Xllvm -aarch64-use-tbi -enable-objc-interop -stack-check -sdk /Applications/Xcode-27.0.0-Release.Candidate.app/Contents/Developer/Platforms/AppleTVOS.platform/Developer/SDKs/AppleTVOS27.0.sdk -I /Users/admin/builder/spi-builder-workspace/.derivedData/Build/Products/Debug-appletvos -Isystem /Applications/Xcode-27.0.0-Release.Candidate.app/Contents/Developer/Platforms/AppleTVOS.platform/Developer/usr/lib -F /Users/admin/builder/spi-builder-workspace/.derivedData/Build/Products/Debug-appletvos/PackageFrameworks -F /Users/admin/builder/spi-builder-workspace/.derivedData/Build/Products/Debug-appletvos -F /Applications/Xcode-27.0.0-Release.Candidate.app/Contents/Developer/Platforms/AppleTVOS.platform/Developer/Library/Frameworks -F /Applications/Xcode-27.0.0-Release.Candidate.app/Contents/Developer/Platforms/AppleTVOS.platform/Developer/SDKs/AppleTVOS27.0.sdk/Developer/Library/Frameworks -module-cache-path /Users/admin/builder/spi-builder-workspace/.derivedData/Build/Intermediates.noindex/SwiftExplicitPrecompiledModules -no-color-diagnostics -Xcc -fno-color-diagnostics -enable-testing -g -debug-info-format\=dwarf -dwarf-version\=4 -profile-generate -profile-coverage-mapping -swift-version 5 -Onone -D SWIFT_PACKAGE -D DEBUG -D Xcode -serialize-debugging-options -enable-experimental-feature DebugDescriptionMacro -empty-abi-descriptor -validate-clang-modules-once -clang-build-session-file /Users/admin/builder/spi-builder-workspace/.derivedData/ModuleCache.noindex/Session.modulevalidation -Xcc -working-directory -Xcc /Users/admin/builder/spi-builder-workspace/.swiftpm/xcode -enable-anonymous-context-mangled-names -file-compilation-dir /Users/admin/builder/spi-builder-workspace/.swiftpm/xcode -Xcc -D_LIBCPP_HARDENING_MODE\=_LIBCPP_HARDENING_MODE_DEBUG -Xcc -ivfsstatcache -Xcc /Users/admin/builder/spi-builder-workspace/.derivedData/SDKStatCaches.noindex/appletvos27.0-24J360-e829b21a6f8c9b70876ba0858053c044b32bfd8d43560033f8d89884cdb90028.sdkstatcache -Xcc -fmodules-prune-interval\=86400 -Xcc -fmodules-prune-after\=345600 -Xcc -I/Users/admin/builder/spi-builder-workspace/.derivedData/Build/Products/Debug-appletvos/include -Xcc -I/Users/admin/builder/spi-builder-workspace/.derivedData/Build/Intermediates.noindex/SwiftUIPager.build/Debug-appletvos/SwiftUIPagerTests-p.build/DerivedSources-normal/arm64 -Xcc -I/Users/admin/builder/spi-builder-workspace/.derivedData/Build/Intermediates.noindex/SwiftUIPager.build/Debug-appletvos/SwiftUIPagerTests-p.build/DerivedSources/arm64 -Xcc -I/Users/admin/builder/spi-builder-workspace/.derivedData/Build/Intermediates.noindex/SwiftUIPager.build/Debug-appletvos/SwiftUIPagerTests-p.build/DerivedSources -Xcc -DSWIFT_PACKAGE -Xcc -DDEBUG\=1 -no-auto-bridging-header-chaining -module-name SwiftUIPagerTests -const-gather-protocols-file /Users/admin/builder/spi-builder-workspace/.derivedData/Build/Intermediates.noindex/SwiftUIPager.build/Debug-appletvos/SwiftUIPagerTests-p.build/Objects-normal/arm64/SwiftUIPagerTests_const_extract_protocols.json -disable-clang-spi -clang-target arm64-apple-tvos27.0 -target-sdk-version 27.0 -target-sdk-name appletvos27.0 -in-process-plugin-server-path /Applications/Xcode-27.0.0-Release.Candidate.app/Contents/Developer/Toolchains/XcodeDefault.xctoolchain/usr/lib/swift/host/libSwiftInProcPluginServer.dylib -emit-module-doc-path /Users/admin/builder/spi-builder-workspace/.derivedData/Build/Intermediates.noindex/SwiftUIPager.build/Debug-appletvos/SwiftUIPagerTests-p.build/Objects-normal/arm64/SwiftUIPagerTests.swiftdoc -emit-module-source-info-path /Users/admin/builder/spi-builder-workspace/.derivedData/Build/Intermediates.noindex/SwiftUIPager.build/Debug-appletvos/SwiftUIPagerTests-p.build/Objects-normal/arm64/SwiftUIPagerTests.swiftsourceinfo -serialize-diagnostics-path /Users/admin/builder/spi-builder-workspace/.derivedData/Build/Intermediates.noindex/SwiftUIPager.build/Debug-appletvos/SwiftUIPagerTests-p.build/Objects-normal/arm64/SwiftUIPagerTests-primary-emit-module.dia -emit-dependencies-path /Users/admin/builder/spi-builder-workspace/.derivedData/Build/Intermediates.noindex/SwiftUIPager.build/Debug-appletvos/SwiftUIPagerTests-p.build/Objects-normal/arm64/SwiftUIPagerTests-primary-emit-module.d -parse-as-library -o /Users/admin/builder/spi-builder-workspace/.derivedData/Build/Intermediates.noindex/SwiftUIPager.build/Debug-appletvos/SwiftUIPagerTests-p.build/Objects-normal/arm64/SwiftUIPagerTests.swiftmodule -emit-abi-descriptor-path /Users/admin/builder/spi-builder-workspace/.derivedData/Build/Intermediates.noindex/SwiftUIPager.build/Debug-appletvos/SwiftUIPagerTests-p.build/Objects-normal/arm64/SwiftUIPagerTests.abi.json
SwiftCompile normal arm64 (in target 'SwiftUIPagerTests-product' from project 'SwiftUIPager')
    cd /Users/admin/builder/spi-builder-workspace/.swiftpm/xcode

SwiftCompile normal arm64 Compiling\ XCTestManifests.swift /Users/admin/builder/spi-builder-workspace/Tests/SwiftUIPagerTests/XCTestManifests.swift (in target 'SwiftUIPagerTests-product' from project 'SwiftUIPager')
SwiftCompile normal arm64 /Users/admin/builder/spi-builder-workspace/Tests/SwiftUIPagerTests/XCTestManifests.swift (in target 'SwiftUIPagerTests-product' from project 'SwiftUIPager')
    cd /Users/admin/builder/spi-builder-workspace/.swiftpm/xcode
    builtin-SwiftPerFileCompile XCTestManifests.swift
PruneExplicitPrecompiledModules /Users/admin/builder/spi-builder-workspace/.derivedData/Build/Intermediates.noindex/ExplicitPrecompiledModules
PruneExplicitPrecompiledModules /Users/admin/builder/spi-builder-workspace/.derivedData/SDKExplicitPrecompiledModules
PruneExplicitPrecompiledModules /Users/admin/builder/spi-builder-workspace/.derivedData/Build/Intermediates.noindex/SwiftExplicitPrecompiledModules
2026-09-18 09:26:03.435 xcodebuild[770:4908] [MT] IDERunDestination: Supported platforms for the buildables in the current scheme is empty.
2026-09-18 09:26:03.537 xcodebuild[770:4908] [MT] IDERunDestination: Supported platforms for the buildables in the current scheme is empty.
** BUILD FAILED **
The following build commands failed:
	SwiftEmitModule normal arm64 Emitting\ module\ for\ SwiftUIPagerTests (in target 'SwiftUIPagerTests-product' from project 'SwiftUIPager')
	SwiftCompile normal arm64 (in target 'SwiftUIPagerTests-product' from project 'SwiftUIPager')
	Building workspace SwiftUIPager with scheme SwiftUIPager
(3 failures)
BUILD FAILURE 6.4 tvOS