Build Information
Failed to build GoogleCloudDeployV1, reference main (8650b2), with Swift 6.2 for Android on 11 Oct 2026 07:11:29 UTC.
Build Command
bash -c docker run --pull=always --rm -v "checkouts-54344849-0":/host -w "$PWD" -e JAVA_HOME="/root/.sdkman/candidates/java/current" -e SPI_BUILD="1" -e SPI_PROCESSING="1" registry.gitlab.com/saguaro1/spi-images:android-6.2-latest swift build --swift-sdk aarch64-unknown-linux-android28 2>&1Build Log
========================================
RunAll
========================================
Builder version: 5.1.1
Interrupt handler set up.
========================================
Checkout
========================================
Clone URL: https://github.com/googleapis/swift-google-cloud-deploy-v1.git
Reference: main
Initialized empty Git repository in /host/spi-builder-workspace/.git/
hint: Using 'master' as the name for the initial branch. This default branch name
hint: is subject to change. To configure the initial branch name to use in all
hint: of your new repositories, which will suppress this warning, call:
hint:
hint: git config --global init.defaultBranch <name>
hint:
hint: Names commonly chosen instead of 'master' are 'main', 'trunk' and
hint: 'development'. The just-created branch can be renamed via this command:
hint:
hint: git branch -m <name>
From https://github.com/googleapis/swift-google-cloud-deploy-v1
* branch main -> FETCH_HEAD
* [new branch] main -> origin/main
HEAD is now at 8650b23 chore: release circa 2026-10-07 (#1382)
Cloned https://github.com/googleapis/swift-google-cloud-deploy-v1.git
Revision (git rev-parse @):
8650b23900e7824064dbf0e33f406ee45183b7b4
SPI manifest file found: $PWD/.spi.yml
SUCCESS checkout https://github.com/googleapis/swift-google-cloud-deploy-v1.git at main
========================================
Build
========================================
Selected platform: android
Swift version: 6.2
Building package at path: $PWD
https://github.com/googleapis/swift-google-cloud-deploy-v1.git
Running build ...
bash -c docker run --pull=always --rm -v "checkouts-54344849-0":/host -w "$PWD" -e JAVA_HOME="/root/.sdkman/candidates/java/current" -e SPI_BUILD="1" -e SPI_PROCESSING="1" registry.gitlab.com/saguaro1/spi-images:android-6.2-latest swift build --swift-sdk aarch64-unknown-linux-android28 2>&1
android-6.2-latest: Pulling from saguaro1/spi-images
Digest: sha256:a839c9ce201f1dacc8eb056626ec7ab0a1c6d53d7b77c83feda395f4507c51be
Status: Image is up to date for registry.gitlab.com/saguaro1/spi-images:android-6.2-latest
Fetching https://github.com/googleapis/swift-google-iam-v1
Fetching https://github.com/googleapis/swift-google-type
Fetching https://github.com/googleapis/swift-google-rpc
Fetching https://github.com/apple/swift-log
Fetching https://github.com/googleapis/swift-google-longrunning
Fetching https://github.com/googleapis/swift-google-wkt
[1/706] Fetching swift-google-iam-v1
[16/1128] Fetching swift-google-iam-v1, swift-google-rpc
[33/9385] Fetching swift-google-iam-v1, swift-google-rpc, swift-log
[584/9822] Fetching swift-google-iam-v1, swift-google-rpc, swift-log, swift-google-type
[708/10441] Fetching swift-google-iam-v1, swift-google-rpc, swift-log, swift-google-type, swift-google-longrunning
[1225/11464] Fetching swift-google-iam-v1, swift-google-rpc, swift-log, swift-google-type, swift-google-longrunning, swift-google-wkt
Fetched https://github.com/googleapis/swift-google-longrunning from cache (0.47s)
Fetched https://github.com/googleapis/swift-google-rpc from cache (0.47s)
Fetched https://github.com/googleapis/swift-google-iam-v1 from cache (0.47s)
Fetching https://github.com/googleapis/swift-google-gax
Fetched https://github.com/googleapis/swift-google-type from cache (0.47s)
Fetching https://github.com/googleapis/swift-google-auth
[2840/9280] Fetching swift-log, swift-google-wkt
Fetched https://github.com/googleapis/swift-google-wkt from cache (0.49s)
[3303/8257] Fetching swift-log
Fetched https://github.com/apple/swift-log from cache (0.60s)
[1/1748] Fetching swift-google-gax
[19/2771] Fetching swift-google-gax, swift-google-auth
Fetched https://github.com/googleapis/swift-google-auth from cache (0.42s)
Fetching https://github.com/googleapis/swift-google-cloud-location
Fetched https://github.com/googleapis/swift-google-gax from cache (0.43s)
[1/552] Fetching swift-google-cloud-location
Fetched https://github.com/googleapis/swift-google-cloud-location from cache (0.40s)
Computing version for https://github.com/googleapis/swift-google-wkt
Computed https://github.com/googleapis/swift-google-wkt at 0.5.0 (1.45s)
Fetching https://github.com/swift-extras/swift-extras-base64
[1/954] Fetching swift-extras-base64
Fetched https://github.com/swift-extras/swift-extras-base64 from cache (0.37s)
Computing version for https://github.com/googleapis/swift-google-type
Computed https://github.com/googleapis/swift-google-type at 0.5.0 (0.53s)
Computing version for https://github.com/googleapis/swift-google-rpc
Computed https://github.com/googleapis/swift-google-rpc at 0.5.0 (0.14s)
Computing version for https://github.com/googleapis/swift-google-longrunning
Computed https://github.com/googleapis/swift-google-longrunning at 0.5.0 (0.14s)
Computing version for https://github.com/googleapis/swift-google-iam-v1
Computed https://github.com/googleapis/swift-google-iam-v1 at 0.5.0 (0.14s)
Computing version for https://github.com/googleapis/swift-google-gax
Computed https://github.com/googleapis/swift-google-gax at 0.5.0 (0.15s)
Fetching https://github.com/apple/swift-nio
Fetching https://github.com/swift-server/async-http-client.git
[1/16464] Fetching async-http-client
[16465/102838] Fetching async-http-client, swift-nio
Fetched https://github.com/swift-server/async-http-client.git from cache (0.91s)
[6047/86374] Fetching swift-nio
Fetched https://github.com/apple/swift-nio from cache (3.34s)
Computing version for https://github.com/googleapis/swift-google-cloud-location
Computed https://github.com/googleapis/swift-google-cloud-location at 0.5.0 (3.50s)
Computing version for https://github.com/googleapis/swift-google-auth
Computed https://github.com/googleapis/swift-google-auth at 0.5.0 (0.14s)
Fetching https://github.com/vapor/jwt-kit.git
Fetching https://github.com/apple/swift-system.git
[1/7241] Fetching swift-system
[2/17495] Fetching swift-system, jwt-kit
Fetched https://github.com/apple/swift-system.git from cache (0.69s)
[4102/10254] Fetching jwt-kit
Fetched https://github.com/vapor/jwt-kit.git from cache (0.86s)
Computing version for https://github.com/swift-extras/swift-extras-base64
Computed https://github.com/swift-extras/swift-extras-base64 at 1.2.0 (1.00s)
Computing version for https://github.com/swift-server/async-http-client.git
Computed https://github.com/swift-server/async-http-client.git at 1.36.2 (0.16s)
Fetching https://github.com/apple/swift-nio-transport-services.git
Fetching https://github.com/apple/swift-algorithms.git
Fetching https://github.com/apple/swift-service-context.git
Fetching https://github.com/apple/swift-atomics.git
Fetching https://github.com/apple/swift-nio-ssl.git
Fetching https://github.com/apple/swift-distributed-tracing.git
[1/1889] Fetching swift-atomics
[77/3389] Fetching swift-atomics, swift-service-context
[300/20260] Fetching swift-atomics, swift-service-context, swift-nio-ssl
[376/23127] Fetching swift-atomics, swift-service-context, swift-nio-ssl, swift-nio-transport-services
[1541/29291] Fetching swift-atomics, swift-service-context, swift-nio-ssl, swift-nio-transport-services, swift-algorithms
[7302/35842] Fetching swift-atomics, swift-service-context, swift-nio-ssl, swift-nio-transport-services, swift-algorithms, swift-distributed-tracing
Fetched https://github.com/apple/swift-nio-transport-services.git from cache (0.47s)
[10423/32975] Fetching swift-atomics, swift-service-context, swift-nio-ssl, swift-algorithms, swift-distributed-tracing
Fetching https://github.com/apple/swift-nio-http2.git
Fetched https://github.com/apple/swift-service-context.git from cache (0.53s)
[16460/31475] Fetching swift-atomics, swift-nio-ssl, swift-algorithms, swift-distributed-tracing
Fetching https://github.com/apple/swift-nio-extras.git
Fetched https://github.com/apple/swift-distributed-tracing.git from cache (0.59s)
Fetching https://github.com/apple/swift-configuration.git
[11596/24924] Fetching swift-atomics, swift-nio-ssl, swift-algorithms
[24925/28852] Fetching swift-atomics, swift-nio-ssl, swift-algorithms, swift-configuration
[25161/35555] Fetching swift-atomics, swift-nio-ssl, swift-algorithms, swift-configuration, swift-nio-extras
[25705/47849] Fetching swift-atomics, swift-nio-ssl, swift-algorithms, swift-configuration, swift-nio-extras, swift-nio-http2
Fetched https://github.com/apple/swift-configuration.git from cache (0.52s)
[34332/43921] Fetching swift-atomics, swift-nio-ssl, swift-algorithms, swift-nio-extras, swift-nio-http2
Fetched https://github.com/apple/swift-nio-extras.git from cache (0.61s)
[28244/37218] Fetching swift-atomics, swift-nio-ssl, swift-algorithms, swift-nio-http2
Fetched https://github.com/apple/swift-atomics.git from cache (1.27s)
Fetched https://github.com/apple/swift-algorithms.git from cache (1.28s)
Fetched https://github.com/apple/swift-nio-ssl.git from cache (1.28s)
Fetched https://github.com/apple/swift-nio-http2.git from cache (1.00s)
Computing version for https://github.com/apple/swift-service-context.git
Computed https://github.com/apple/swift-service-context.git at 1.3.0 (1.61s)
Computing version for https://github.com/apple/swift-algorithms.git
Computed https://github.com/apple/swift-algorithms.git at 1.2.1 (1.06s)
Fetching https://github.com/apple/swift-numerics.git
[1/6733] Fetching swift-numerics
Fetched https://github.com/apple/swift-numerics.git from cache (0.50s)
Computing version for https://github.com/apple/swift-log
Computed https://github.com/apple/swift-log at 1.16.1 (0.66s)
Computing version for https://github.com/apple/swift-distributed-tracing.git
Computed https://github.com/apple/swift-distributed-tracing.git at 1.5.0 (0.13s)
Computing version for https://github.com/apple/swift-atomics.git
Computed https://github.com/apple/swift-atomics.git at 1.3.1 (0.13s)
Computing version for https://github.com/apple/swift-numerics.git
Computed https://github.com/apple/swift-numerics.git at 1.1.1 (0.12s)
Computing version for https://github.com/apple/swift-nio
Computed https://github.com/apple/swift-nio at 2.104.0 (0.34s)
Fetching https://github.com/apple/swift-collections.git
[1/28703] Fetching swift-collections
Fetched https://github.com/apple/swift-collections.git from cache (1.19s)
Computing version for https://github.com/apple/swift-configuration.git
Computed https://github.com/apple/swift-configuration.git at 1.2.2 (2.00s)
Fetching https://github.com/swift-server/swift-service-lifecycle
[1/2867] Fetching swift-service-lifecycle
Fetched https://github.com/swift-server/swift-service-lifecycle from cache (0.46s)
Computing version for https://github.com/apple/swift-nio-transport-services.git
Computed https://github.com/apple/swift-nio-transport-services.git at 1.28.0 (0.62s)
Computing version for https://github.com/swift-server/swift-service-lifecycle
Computed https://github.com/swift-server/swift-service-lifecycle at 2.12.1 (0.14s)
Fetching https://github.com/apple/swift-async-algorithms.git
[1/6820] Fetching swift-async-algorithms
Fetched https://github.com/apple/swift-async-algorithms.git from cache (0.55s)
Computing version for https://github.com/apple/swift-async-algorithms.git
Computed https://github.com/apple/swift-async-algorithms.git at 1.1.7 (0.75s)
Computing version for https://github.com/apple/swift-collections.git
Computed https://github.com/apple/swift-collections.git at 1.7.2 (0.23s)
Computing version for https://github.com/apple/swift-nio-http2.git
Computed https://github.com/apple/swift-nio-http2.git at 1.46.0 (0.15s)
Computing version for https://github.com/vapor/jwt-kit.git
Computed https://github.com/vapor/jwt-kit.git at 5.7.1 (0.14s)
Fetching https://github.com/apple/swift-crypto.git
Fetching https://github.com/apple/swift-certificates.git
[1/18629] Fetching swift-crypto
[560/26238] Fetching swift-crypto, swift-certificates
Fetched https://github.com/apple/swift-certificates.git from cache (0.53s)
[2050/18629] Fetching swift-crypto
Fetched https://github.com/apple/swift-crypto.git from cache (1.17s)
Computing version for https://github.com/apple/swift-crypto.git
Computed https://github.com/apple/swift-crypto.git at 4.5.2 (1.81s)
Fetching https://github.com/apple/swift-asn1.git
[1/2009] Fetching swift-asn1
Fetched https://github.com/apple/swift-asn1.git from cache (0.70s)
Computing version for https://github.com/apple/swift-asn1.git
Computed https://github.com/apple/swift-asn1.git at 1.7.3 (0.87s)
Computing version for https://github.com/apple/swift-certificates.git
Computed https://github.com/apple/swift-certificates.git at 1.21.0 (0.19s)
Computing version for https://github.com/apple/swift-nio-ssl.git
Computed https://github.com/apple/swift-nio-ssl.git at 2.37.5 (0.17s)
Computing version for https://github.com/apple/swift-system.git
Computed https://github.com/apple/swift-system.git at 1.8.1 (0.16s)
Computing version for https://github.com/apple/swift-nio-extras.git
Computed https://github.com/apple/swift-nio-extras.git at 1.35.1 (0.25s)
Fetching https://github.com/apple/swift-http-structured-headers.git
Fetching https://github.com/apple/swift-http-types.git
[1/1939] Fetching swift-http-types
[2/3192] Fetching swift-http-types, swift-http-structured-headers
Fetched https://github.com/apple/swift-http-structured-headers.git from cache (0.37s)
Fetched https://github.com/apple/swift-http-types.git from cache (0.37s)
Computing version for https://github.com/apple/swift-http-structured-headers.git
Computed https://github.com/apple/swift-http-structured-headers.git at 1.7.0 (0.51s)
Computing version for https://github.com/apple/swift-http-types.git
Computed https://github.com/apple/swift-http-types.git at 1.8.0 (0.16s)
Creating working copy for https://github.com/googleapis/swift-google-rpc
Working copy of https://github.com/googleapis/swift-google-rpc resolved at 0.5.0
Creating working copy for https://github.com/apple/swift-crypto.git
Working copy of https://github.com/apple/swift-crypto.git resolved at 4.5.2
Creating working copy for https://github.com/apple/swift-distributed-tracing.git
Working copy of https://github.com/apple/swift-distributed-tracing.git resolved at 1.5.0
Creating working copy for https://github.com/apple/swift-nio-extras.git
Working copy of https://github.com/apple/swift-nio-extras.git resolved at 1.35.1
Creating working copy for https://github.com/apple/swift-certificates.git
Working copy of https://github.com/apple/swift-certificates.git resolved at 1.21.0
Creating working copy for https://github.com/googleapis/swift-google-cloud-location
Working copy of https://github.com/googleapis/swift-google-cloud-location resolved at 0.5.0
Creating working copy for https://github.com/apple/swift-asn1.git
Working copy of https://github.com/apple/swift-asn1.git resolved at 1.7.3
Creating working copy for https://github.com/apple/swift-system.git
Working copy of https://github.com/apple/swift-system.git resolved at 1.8.1
Creating working copy for https://github.com/googleapis/swift-google-longrunning
Working copy of https://github.com/googleapis/swift-google-longrunning resolved at 0.5.0
Creating working copy for https://github.com/googleapis/swift-google-gax
Working copy of https://github.com/googleapis/swift-google-gax resolved at 0.5.0
Creating working copy for https://github.com/googleapis/swift-google-type
Working copy of https://github.com/googleapis/swift-google-type resolved at 0.5.0
Creating working copy for https://github.com/apple/swift-configuration.git
Working copy of https://github.com/apple/swift-configuration.git resolved at 1.2.2
Creating working copy for https://github.com/apple/swift-numerics.git
Working copy of https://github.com/apple/swift-numerics.git resolved at 1.1.1
Creating working copy for https://github.com/swift-extras/swift-extras-base64
Working copy of https://github.com/swift-extras/swift-extras-base64 resolved at 1.2.0
Creating working copy for https://github.com/vapor/jwt-kit.git
Working copy of https://github.com/vapor/jwt-kit.git resolved at 5.7.1
Creating working copy for https://github.com/googleapis/swift-google-iam-v1
Working copy of https://github.com/googleapis/swift-google-iam-v1 resolved at 0.5.0
Creating working copy for https://github.com/swift-server/swift-service-lifecycle
Working copy of https://github.com/swift-server/swift-service-lifecycle resolved at 2.12.1
Creating working copy for https://github.com/googleapis/swift-google-auth
Working copy of https://github.com/googleapis/swift-google-auth resolved at 0.5.0
Creating working copy for https://github.com/googleapis/swift-google-wkt
Working copy of https://github.com/googleapis/swift-google-wkt resolved at 0.5.0
Creating working copy for https://github.com/apple/swift-nio-http2.git
Working copy of https://github.com/apple/swift-nio-http2.git resolved at 1.46.0
Creating working copy for https://github.com/apple/swift-service-context.git
Working copy of https://github.com/apple/swift-service-context.git resolved at 1.3.0
Creating working copy for https://github.com/apple/swift-nio-ssl.git
Working copy of https://github.com/apple/swift-nio-ssl.git resolved at 2.37.5
Creating working copy for https://github.com/apple/swift-log
Working copy of https://github.com/apple/swift-log resolved at 1.16.1
Creating working copy for https://github.com/apple/swift-atomics.git
Working copy of https://github.com/apple/swift-atomics.git resolved at 1.3.1
Creating working copy for https://github.com/apple/swift-http-structured-headers.git
Working copy of https://github.com/apple/swift-http-structured-headers.git resolved at 1.7.0
Creating working copy for https://github.com/apple/swift-collections.git
Working copy of https://github.com/apple/swift-collections.git resolved at 1.7.2
Creating working copy for https://github.com/swift-server/async-http-client.git
Working copy of https://github.com/swift-server/async-http-client.git resolved at 1.36.2
Creating working copy for https://github.com/apple/swift-nio-transport-services.git
Working copy of https://github.com/apple/swift-nio-transport-services.git resolved at 1.28.0
Creating working copy for https://github.com/apple/swift-async-algorithms.git
Working copy of https://github.com/apple/swift-async-algorithms.git resolved at 1.1.7
Creating working copy for https://github.com/apple/swift-algorithms.git
Working copy of https://github.com/apple/swift-algorithms.git resolved at 1.2.1
Creating working copy for https://github.com/apple/swift-nio
Working copy of https://github.com/apple/swift-nio resolved at 2.104.0
Creating working copy for https://github.com/apple/swift-http-types.git
Working copy of https://github.com/apple/swift-http-types.git resolved at 1.8.0
Building for debugging...
[0/1110] Compiling CAsyncHTTPClient CAsyncHTTPClient.c
[1/1110] Compiling _NumericsShims _NumericsShims.c
[1/1110] Write sources
[6/1110] Compiling _AtomicsShims.c
[7/1110] Write sources
[101/1110] Compiling CXKCPShims shims.c
[102/1110] Compiling SimpleFIPS202.c
[103/1110] Compiling KeccakSponge.c
[104/1110] Compiling KeccakP-1600-opt64.c
[105/1110] Compiling KeccakHash.c
[106/1110] Compiling CSystem shims.c
[107/1110] Compiling CNIOWindows shim.c
[108/1110] Compiling CNIOWindows WSAStartup.c
[109/1110] Compiling CNIOWASI CNIOWASI.c
[110/1110] Compiling CNIOPosix event_loop_id.c
[111/1110] Compiling CNIOOpenBSD shim.c
[112/1110] Compiling ios.cc
[113/1110] Compiling aes.cc
[113/1110] Compiling CNIOLinux shim.c
[114/1110] Compiling f_int.cc
[116/1110] Compiling CNIOLinux liburing_shims.c
[117/1110] Compiling CNIOLLHTTP c_nio_http.c
[118/1110] Compiling CNIOFreeBSD shim.c
[119/1110] Compiling CNIOExtrasZlib zutil.c
[120/1110] Compiling CNIOLLHTTP c_nio_api.c
[121/1110] Compiling CNIOExtrasZlib inftrees.c
[122/1110] Compiling CNIOExtrasZlib trees.c
[123/1110] Compiling CNIOExtrasZlib inflate.c
[124/1110] Compiling CNIOExtrasZlib inffast.c
[125/1110] Compiling CNIOLLHTTP c_nio_llhttp.c
[126/1110] Compiling CNIOExtrasZlib crc32.c
[127/1110] Compiling CNIOExtrasZlib adler32.c
[128/1110] Compiling CNIODarwin shim.c
[129/1110] Compiling CNIOExtrasZlib deflate.c
[130/1110] Compiling fiat_p256_adx_sqr.S
[131/1110] Compiling fiat_p256_adx_mul.S
[132/1110] Compiling fiat_curve25519_adx_mul.S
[133/1110] Compiling fiat_curve25519_adx_square.S
[134/1110] Compiling a_bitstr.cc
[135/1110] Write swift-version--11D90AFD9DD3AB2.txt
[136/1110] Compiling CNIOBoringSSLShims shims.c
[137/1110] Compiling a_mbstr.cc
[138/1110] Compiling evp_asn1.cc
[140/1118] Emitting module _NIOBase64
[141/1118] Emitting module _CertificateInternals
[141/1118] Compiling tls13_server.cc
[142/1132] Compiling tls_method.cc
[143/1172] Compiling tls_record.cc
[144/1175] Compiling tls13_enc.cc
[145/1175] Compiling tls13_client.cc
[147/1197] Emitting module Logging
[148/1198] Compiling RealModule RealFunctions.swift
[149/1199] Compiling _CertificateInternals _TinyArray.swift
[150/1200] Compiling _NIODataStructures PriorityQueue.swift
[152/1200] Compiling Logging MultiplexLogHandler.swift
[153/1200] Compiling Logging StreamLogHandler.swift
[154/1200] Compiling RealModule RelaxedArithmetic.swift
[155/1200] Compiling RealModule Real.swift
[156/1200] Emitting module ServiceContextModule
[157/1200] Compiling SwiftASN1 ArraySliceBigint.swift
[158/1200] Compiling SwiftASN1 GeneralizedTime.swift
[159/1202] Compiling ServiceContextModule ServiceContextKey.swift
[160/1202] Compiling ServiceContextModule ServiceContext.swift
[161/1213] Compiling SwiftASN1 TimeUtilities.swift
[162/1213] Compiling SwiftASN1 UTCTime.swift
[163/1218] Compiling Logging Logger+Attributes.swift
[164/1224] Compiling InternalCollectionsUtilities FixedWidthInteger+roundUpToPowerOfTwo.swift
[165/1224] Compiling InternalCollectionsUtilities Integer rank.swift
[166/1224] Compiling InternalCollectionsUtilities UInt+first and last set bit.swift
[167/1224] Compiling InternalCollectionsUtilities UInt+reversed.swift
[168/1224] Compiling InternalCollectionsUtilities BorrowingIteratorProtocol+Equality.swift
[169/1224] Compiling InternalCollectionsUtilities BorrowingIteratorProtocol+Extras.swift
[170/1227] Compiling Logging LoggingSystem.swift
[174/1236] Emitting module RealModule
[175/1236] Compiling RealModule Float16+Real.swift
[178/1236] Compiling Logging Logger+With.swift
[181/1236] Compiling RealModule Float80+Real.swift
[183/1242] Compiling _NIODataStructures Heap.swift
[184/1242] Emitting module _NIODataStructures
[185/1242] Compiling InternalCollectionsUtilities UnsafeMutablePointer+Extras.swift
[186/1242] Compiling InternalCollectionsUtilities UnsafeMutableRawBufferPointer+Extras.swift
[187/1242] Compiling InternalCollectionsUtilities UnsafePointer+Extras.swift
[188/1245] Compiling _NIODataStructures _TinyArray.swift
[189/1246] Compiling _NIOBase64 Base64.swift
[192/1250] Compiling Logging Logger.swift
[196/1253] Compiling InternalCollectionsUtilities Debugging.swift
[197/1253] Compiling InternalCollectionsUtilities Descriptions.swift
[198/1253] Compiling InternalCollectionsUtilities UnsafeRawBufferPointer+Extras.swift
[199/1253] Compiling InternalCollectionsUtilities _SortedCollection.swift
[200/1253] Compiling InternalCollectionsUtilities _UniqueCollection.swift
[203/1253] Wrapping AST for _CertificateInternals for debugging
[204/1253] Wrapping AST for _NIODataStructures for debugging
[205/1253] Wrapping AST for _NIOBase64 for debugging
[207/1253] Compiling Instrumentation Instrument.swift
[207/1253] Wrapping AST for RealModule for debugging
[209/1253] Compiling Instrumentation MultiplexInstrument.swift
[210/1253] Compiling Instrumentation InstrumentationSystem.swift
[210/1253] Wrapping AST for ServiceContextModule for debugging
[212/1253] Compiling Instrumentation NoOpInstrument.swift
[213/1253] Compiling ExtrasBase64 Base32+Span.swift
[214/1253] Emitting module Instrumentation
[219/1253] Compiling SystemPackage SystemString.swift
[220/1253] Compiling SystemPackage Util+StringArray.swift
[221/1253] Compiling SystemPackage Util.swift
[222/1253] Compiling SystemPackage UtilConsumers.swift
[223/1253] Compiling SystemPackage WinSDK+Overlay.swift
[224/1253] Compiling InternalCollectionsUtilities Iterable+CopyContents.swift
[225/1253] Compiling InternalCollectionsUtilities Iterable+Equality.swift
[226/1253] Compiling InternalCollectionsUtilities LifetimeOverride.swift
[227/1253] Compiling InternalCollectionsUtilities MutableRef.swift
[228/1253] Compiling InternalCollectionsUtilities MutableSpan+Extras.swift
[229/1253] Compiling InternalCollectionsUtilities OutputSpan+Extras.swift
[230/1253] Compiling InternalCollectionsUtilities RandomAccessCollection+Offsets.swift
[231/1253] Compiling InternalCollectionsUtilities Span+Extras.swift
[236/1253] Compiling InternalCollectionsUtilities _UnsafeBitSet+_Word.swift
[237/1253] Compiling InternalCollectionsUtilities _UnsafeBitSet.swift
[238/1253] Emitting module InternalCollectionsUtilities
[241/1253] Compiling InternalCollectionsUtilities UnsafeBufferPointer+Extras.swift
[242/1253] Compiling InternalCollectionsUtilities UnsafeMutableBufferPointer+Extras.swift
[243/1253] Compiling InternalCollectionsUtilities Strideable+LimitHelpers.swift
[244/1253] Compiling InternalCollectionsUtilities String+Padding.swift
[245/1253] Compiling InternalCollectionsUtilities TemporaryAllocation.swift
[246/1253] Compiling InternalCollectionsUtilities _UnsafeBitSet+Index.swift
[248/1254] Compiling Instrumentation Locks.swift
[254/1255] Compiling SystemPackage Backcompat.swift
[255/1255] Compiling SystemPackage CInterop.swift
[256/1255] Compiling SystemPackage Constants.swift
[257/1255] Compiling SystemPackage Exports.swift
[258/1255] Compiling SystemPackage Mocking.swift
[268/1255] Compiling SystemPackage PlatformString.swift
[269/1255] Emitting module SystemPackage
[280/1255] Compiling Logging MetadataProvider.swift
[290/1260] Compiling t1_enc.cc
[293/1265] Emitting module SwiftASN1
[294/1266] Compiling ExtrasBase64 Base32.swift
[295/1270] Wrapping AST for InternalCollectionsUtilities for debugging
[297/1270] Compiling Tracing InstrumentationSystem+Tracing.swift
[297/1271] Wrapping AST for Logging for debugging
[299/1271] Compiling Tracing NoOpTracer.swift
[300/1271] Compiling SpanPreview OutputSpan+InputSpanHelpers.swift
[301/1271] Compiling SpanPreview InputSpan.swift
[301/1271] Wrapping AST for Instrumentation for debugging
[303/1271] Emitting module SpanPreview
[304/1271] Compiling SpanPreview MutableSpan+InputSpanHelpers.swift
[305/1272] Wrapping AST for SwiftASN1 for debugging
[306/1272] Wrapping AST for SystemPackage for debugging
[308/1272] Compiling Tracing TracingTime.swift
[309/1272] Compiling Tracing TracerProtocol.swift
[310/1272] Compiling Tracing WithTracer.swift
[311/1272] Compiling Tracing TracerProtocol+Legacy.swift
[311/1272] Compiling tls13_both.cc
[313/1272] Compiling Tracing Tracer.swift
[314/1314] Emitting module Tracing
[315/1314] Compiling Tracing SpanProtocol.swift
[316/1315] Wrapping AST for SpanPreview for debugging
[317/1315] Wrapping AST for Tracing for debugging
[319/1315] Compiling DequeModule _DequeBuffer.swift
[320/1315] Compiling DequeModule _DequeBufferHeader.swift
[321/1315] Compiling DequeModule RigidDeque+Append.swift
[322/1315] Compiling DequeModule RigidDeque+Consumption.swift
[323/1315] Compiling DequeModule RigidDeque+ContainerOperations.swift
[324/1315] Compiling DequeModule RigidDeque+Deprecations.swift
[325/1320] Compiling DequeModule UniqueDeque+Consumption.swift
[326/1320] Compiling DequeModule UniqueDeque+ContainerOperations.swift
[327/1320] Compiling DequeModule UniqueDeque+Deprecations.swift
[328/1320] Compiling DequeModule UniqueDeque+Descriptions.swift
[329/1320] Compiling DequeModule UniqueDeque+Equatable.swift
[330/1320] Compiling DequeModule UniqueDeque+Hashable.swift
[331/1320] Compiling DequeModule UniqueDeque+Initializers.swift
[332/1320] Compiling DequeModule UniqueDeque+Insertions.swift
[333/1320] Compiling DequeModule UniqueDeque+Iterable.swift
[334/1320] Compiling DequeModule UniqueDeque+Prepend.swift
[335/1320] Compiling DequeModule UniqueDeque+Removals.swift
[335/1320] Compiling ssl_x509.cc
[337/1320] Compiling DequeModule RigidDeque+Prepend.swift
[338/1320] Compiling DequeModule RigidDeque+Removals.swift
[339/1320] Compiling DequeModule RigidDeque+Replacements.swift
[340/1320] Compiling DequeModule RigidDeque+Testing.swift
[341/1320] Compiling DequeModule RigidDeque.swift
[342/1320] Compiling DequeModule UniqueDeque+Append.swift
[343/1320] Compiling DequeModule RigidDeque+Descriptions.swift
[344/1320] Compiling DequeModule RigidDeque+Equatable.swift
[345/1320] Compiling DequeModule RigidDeque+Hashable.swift
[346/1320] Compiling DequeModule RigidDeque+Initializers.swift
[347/1320] Compiling DequeModule RigidDeque+Insertions.swift
[348/1320] Compiling DequeModule RigidDeque+Iterable.swift
[348/1320] Compiling ssl_stat.cc
[349/1320] Compiling ssl_transcript.cc
[350/1320] Compiling ssl_versions.cc
[352/1320] Compiling DequeModule Deque+Codable.swift
[353/1320] Compiling DequeModule Deque+Collection.swift
[354/1320] Compiling DequeModule Deque+CustomReflectable.swift
[355/1320] Compiling DequeModule Deque+Descriptions.swift
[356/1320] Compiling DequeModule Deque+Equatable.swift
[357/1320] Compiling DequeModule Deque+ExpressibleByArrayLiteral.swift
[358/1320] Compiling DequeModule Deque+Extras.swift
[359/1320] Compiling DequeModule Deque+Hashable.swift
[360/1320] Compiling DequeModule Deque+Testing.swift
[361/1320] Compiling DequeModule Deque._Storage.swift
[362/1320] Compiling DequeModule Deque._UnsafeHandle.swift
[363/1320] Compiling DequeModule Deque.swift
[363/1320] Compiling ssl_session.cc
[364/1320] Compiling ssl_privkey.cc
[365/1320] Compiling ssl_key_share.cc
[366/1320] Compiling ssl_lib.cc
[367/1320] Compiling ssl_file.cc
[368/1320] Compiling ssl_credential.cc
[370/1320] Compiling DequeModule UniqueDeque+Replacements.swift
[371/1320] Compiling DequeModule UniqueDeque.swift
[372/1320] Compiling DequeModule _DequeSlot.swift
[373/1320] Compiling DequeModule _UnsafeDequeHandle.swift
[374/1320] Compiling DequeModule _UnsafeDequeSegments.swift
[374/1320] Compiling ssl_cipher.cc
[376/1320] Emitting module DequeModule
[377/1321] Compiling ssl_cert.cc
[378/1321] Compiling ssl_buffer.cc
[380/1321] Compiling ExtrasBase64 Base64.swift
[381/1321] Compiling ExtrasBase64 Base64+Span.swift
[381/1321] Compiling ssl_aead_ctx.cc
[382/1364] Compiling ssl_asn1.cc
[383/1364] Compiling s3_pkt.cc
[384/1364] Wrapping AST for DequeModule for debugging
[386/1364] Compiling Configuration JSONSnapshot.swift
[387/1364] Compiling Configuration PropertyListSnapshot.swift
[388/1364] Compiling Configuration ReloadingFileProvider.swift
[389/1364] Compiling Configuration ReloadingFileProviderMetrics.swift
[390/1364] Compiling Configuration YAMLSnapshot.swift
[391/1364] Compiling Configuration InMemoryProvider.swift
[392/1369] Emitting module ExtrasBase64
[393/1376] Compiling s3_lib.cc
[394/1401] Wrapping AST for ExtrasBase64 for debugging
[395/1401] Compiling s3_both.cc
[396/1401] Compiling handshake_client.cc
[398/1401] Emitting module GoogleWKT
[398/1405] Compiling handshake_server.cc
[400/1405] Compiling GoogleWKT WKTStringValue.swift
[401/1405] Compiling GoogleWKT WKTTimestamp.swift
[402/1405] Compiling GoogleWKT WKTUInt32Value.swift
[403/1405] Compiling GoogleWKT WKTUInt64Value.swift
[404/1405] Compiling GoogleWKT WKTValue.swift
[405/1405] Compiling GoogleWKT WKTApi.swift
[405/1405] Compiling handoff.cc
[407/1405] Compiling GoogleWKT WKTDoubleValue.swift
[408/1405] Compiling GoogleWKT WKTDuration.swift
[409/1405] Compiling GoogleWKT WKTEmpty.swift
[410/1405] Compiling GoogleWKT WKTFieldMask.swift
[413/1405] Compiling GoogleWKT WKTEnum.swift
[414/1405] Compiling GoogleWKT WKTEnumValue.swift
[415/1405] Compiling GoogleWKT WKTField.swift
[416/1405] Compiling GoogleWKT WKTMethod.swift
[417/1405] Compiling GoogleWKT WKTMixin.swift
[418/1405] Compiling GoogleWKT WKTOption.swift
[419/1405] Compiling GoogleWKT WKTSourceContext.swift
[420/1405] Compiling GoogleWKT WKTSyntax.swift
[421/1405] Compiling GoogleWKT WKTType.swift
[422/1405] Compiling GoogleWKT PackageVersion.swift
[422/1405] Compiling handshake.cc
[424/1405] Compiling GoogleWKT WKTFloatValue.swift
[425/1405] Compiling GoogleWKT WKTInt32Value.swift
[426/1405] Compiling GoogleWKT WKTInt64Value.swift
[427/1405] Compiling GoogleWKT WKTRecursive.swift
[428/1405] Compiling GoogleWKT UnknownFields.swift
[429/1405] Compiling GoogleWKT WKTAny.swift
[430/1405] Compiling GoogleWKT WKTAnyError.swift
[431/1405] Compiling GoogleWKT WKTBoolValue.swift
[432/1405] Compiling GoogleWKT WKTBytesValue.swift
[436/1405] Compiling extensions.cc
[437/1405] Compiling encrypted_client_hello.cc
[438/1405] Compiling dtls_method.cc
[440/1405] Compiling GoogleWKT AnyPackable.swift
[441/1405] Compiling GoogleWKT DecodeToDefault.swift
[442/1405] Compiling GoogleWKT DiscoveryBase64.swift
[443/1405] Compiling GoogleWKT ProtoJSONDecoder.swift
[444/1405] Compiling GoogleWKT ProtoJSONEncoder.swift
[445/1406] Compiling dtls_record.cc
[446/1406] Compiling d1_srtp.cc
[447/1406] Compiling md5-x86_64-linux.S
[448/1439] Wrapping AST for GoogleWKT for debugging
[449/1439] Compiling md5-x86_64-apple.S
[450/1439] Compiling md5-586-linux.S
[451/1439] Compiling md5-586-apple.S
[453/1439] Compiling GoogleRpc HttpRequest.swift
[454/1439] Compiling GoogleRpc HttpResponse.swift
[455/1441] Emitting module GoogleType
[456/1443] Compiling GoogleRpc RequestInfo.swift
[457/1443] Compiling GoogleRpc ResourceInfo.swift
[458/1443] Compiling GoogleRpc RetryInfo.swift
[459/1443] Compiling GoogleRpc Status.swift
[460/1443] Compiling GoogleType Quaternion.swift
[461/1443] Compiling GoogleType TimeOfDay.swift
[462/1443] Compiling Configuration CombineLatestManyStorage.swift
[463/1443] Compiling Configuration AsyncSequences.swift
[464/1443] Compiling Configuration FoundationExtensions.swift
[465/1443] Compiling Configuration Span.swift
[466/1443] Compiling Configuration ConfigBytesFromStringDecoder.swift
[469/1443] Emitting module Configuration
[476/1443] Compiling Configuration MutableInMemoryProvider.swift
[477/1443] Compiling Configuration ConfigProvider+Operators.swift
[478/1443] Compiling Configuration KeyMappingProvider.swift
[479/1443] Compiling Configuration SecretsSpecifier.swift
[480/1443] Compiling Configuration AsyncCombineLatestManySequence.swift
[481/1443] Compiling Configuration CombineLatestManyStateMachine.swift
[482/1443] Compiling GoogleRpc DebugInfo.swift
[483/1443] Compiling GoogleRpc ErrorInfo.swift
[488/1443] Compiling GoogleRpc QuotaFailure.swift
[490/1443] Compiling GoogleRpc LocalizedMessage.swift
[491/1443] Compiling GoogleRpc PackageVersion.swift
[494/1443] Compiling GoogleRpc BadRequest.swift
[494/1443] Compiling err_data.cc
[497/1443] Compiling GoogleRpc Code.swift
[498/1443] Emitting module GoogleRpc
[498/1443] Compiling chacha20_poly1305_x86_64-linux.S
[499/1443] Compiling d1_pkt.cc
[501/1443] Compiling GoogleRpc Help.swift
[502/1443] Compiling GoogleRpc HttpHeader.swift
[505/1443] Compiling GoogleRpc PreconditionFailure.swift
[512/1443] Compiling chacha20_poly1305_x86_64-apple.S
[513/1443] Compiling chacha20_poly1305_armv8-win.S
[514/1443] Compiling d1_lib.cc
[515/1443] Compiling chacha20_poly1305_armv8-apple.S
[516/1443] Compiling chacha-x86_64-linux.S
[517/1443] Compiling chacha20_poly1305_armv8-linux.S
[518/1443] Compiling chacha-x86_64-apple.S
[521/1443] Compiling chacha-x86-linux.S
[522/1444] Compiling chacha-x86-apple.S
[523/1444] Compiling chacha-armv8-win.S
[525/1444] Compiling chacha-armv4-linux.S
[525/1444] Compiling chacha-armv8-linux.S
[527/1444] Compiling chacha-armv8-apple.S
[530/1444] Compiling GoogleType TimeZone.swift
[530/1445] Compiling aes128gcmsiv-x86_64-linux.S
[531/1445] Compiling x86_64-mont5-linux.S
[532/1445] Compiling aes128gcmsiv-x86_64-apple.S
[533/1445] Wrapping AST for GoogleRpc for debugging
[535/1445] Compiling x86_64-mont5-apple.S
[536/1445] Compiling x86_64-mont-linux.S
[537/1445] Compiling x86_64-mont-apple.S
[538/1445] Compiling x86-mont-linux.S
[539/1445] Compiling bio_ssl.cc
[540/1445] Compiling vpaes-x86_64-apple.S
[541/1445] Compiling x86-mont-apple.S
[542/1445] Compiling vpaes-x86_64-linux.S
[543/1445] Compiling vpaes-x86-linux.S
[544/1445] Compiling vpaes-x86-apple.S
[545/1445] Wrapping AST for GoogleType for debugging
[546/1445] Compiling vpaes-armv8-apple.S
[547/1445] Compiling vpaes-armv8-win.S
[548/1445] Compiling vpaes-armv8-linux.S
[549/1445] Compiling sha512-armv8-win.S
[550/1445] Compiling sha512-x86_64-linux.S
[551/1445] Compiling vpaes-armv7-linux.S
[552/1445] Compiling sha512-x86_64-apple.S
[553/1445] Compiling sha512-armv8-apple.S
[554/1445] Compiling sha512-armv8-linux.S
[554/1445] Compiling sha512-586-linux.S
[556/1445] Compiling sha512-armv4-linux.S
[557/1445] Compiling sha512-586-apple.S
[558/1445] Compiling sha256-x86_64-linux.S
[559/1445] Compiling sha256-armv8-win.S
[560/1445] Compiling sha256-armv8-apple.S
[561/1445] Compiling sha256-x86_64-apple.S
[562/1445] Compiling sha256-armv4-linux.S
[563/1445] Compiling sha256-armv8-linux.S
[564/1445] Compiling sha256-586-linux.S
[565/1445] Compiling sha256-586-apple.S
[566/1445] Compiling sha1-x86_64-linux.S
[567/1445] Compiling sha1-x86_64-apple.S
[568/1445] Compiling sha1-armv8-win.S
[569/1445] Compiling sha1-armv4-large-linux.S
[570/1445] Compiling sha1-armv8-apple.S
[571/1445] Compiling sha1-586-linux.S
[572/1445] Compiling sha1-586-apple.S
[573/1445] Compiling sha1-armv8-linux.S
[574/1445] Compiling rsaz-avx2-apple.S
[575/1445] Compiling rsaz-avx2-linux.S
[576/1445] Compiling rdrand-x86_64-apple.S
[577/1445] Compiling rdrand-x86_64-linux.S
[578/1445] Compiling d1_both.cc
[579/1445] Compiling p256_beeu-x86_64-asm-linux.S
[580/1445] Compiling p256_beeu-x86_64-asm-apple.S
[581/1445] Compiling p256-x86_64-asm-linux.S
[582/1445] Compiling p256_beeu-armv8-asm-win.S
[583/1445] Compiling p256_beeu-armv8-asm-linux.S
[584/1445] Compiling p256_beeu-armv8-asm-apple.S
[585/1445] Compiling p256-armv8-asm-win.S
[586/1445] Compiling p256-x86_64-asm-apple.S
[587/1445] Compiling p256-armv8-asm-apple.S
[588/1445] Compiling ghashv8-armv8-win.S
[589/1445] Compiling ghashv8-armv7-linux.S
[590/1445] Compiling ghashv8-armv8-apple.S
[591/1445] Compiling p256-armv8-asm-linux.S
[592/1445] Compiling ghash-x86_64-linux.S
[593/1445] Compiling ghashv8-armv8-linux.S
[594/1445] Compiling ghash-x86_64-apple.S
[595/1445] Compiling ghash-x86-apple.S
[596/1445] Compiling ghash-ssse3-x86_64-linux.S
[597/1445] Compiling ghash-ssse3-x86-linux.S
[598/1445] Compiling ghash-x86-linux.S
[599/1445] Compiling ghash-ssse3-x86_64-apple.S
[600/1445] Compiling ghash-ssse3-x86-apple.S
[601/1445] Compiling ghash-neon-armv8-linux.S
[602/1445] Compiling ghash-neon-armv8-win.S
[602/1445] Compiling ghash-armv4-linux.S
[604/1445] Compiling ghash-neon-armv8-apple.S
[605/1445] Compiling co-586-linux.S
[606/1445] Compiling bsaes-armv7-linux.S
[607/1445] Compiling co-586-apple.S
[608/1445] Compiling bn-armv8-apple.S
[609/1445] Compiling bn-armv8-linux.S
[610/1445] Compiling bn-armv8-win.S
[611/1445] Compiling armv8-mont-win.S
[612/1445] Compiling bn-586-apple.S
[613/1445] Compiling bn-586-linux.S
[614/1445] Compiling armv4-mont-linux.S
[615/1445] Compiling armv8-mont-apple.S
[616/1445] Compiling aesv8-gcm-armv8-win.S
[617/1445] Compiling aesv8-gcm-armv8-apple.S
[618/1445] Compiling armv8-mont-linux.S
[619/1445] Compiling aesv8-armv8-win.S
[620/1445] Compiling aesv8-gcm-armv8-linux.S
[633/1445] Compiling aesv8-armv8-apple.S
[634/1445] Compiling aesni-x86_64-linux.S
[635/1445] Compiling aesni-x86-apple.S
[636/1446] Compiling aesni-x86_64-apple.S
[636/1446] Compiling aesv8-armv8-linux.S
[638/1446] Compiling aesni-x86-linux.S
[639/1446] Compiling aesv8-armv7-linux.S
[640/1446] Compiling aesni-gcm-x86_64-linux.S
[641/1446] Compiling aes-gcm-avx2-x86_64-apple.S
[642/1446] Compiling aesni-gcm-x86_64-apple.S
[644/1446] Compiling aes-gcm-avx10-x86_64-linux.S
[645/1446] Compiling aes-gcm-avx10-x86_64-apple.S
[646/1446] Compiling aes-gcm-avx2-x86_64-linux.S
[647/1446] Compiling x_val.cc
[648/1446] Wrapping AST for Configuration for debugging
[649/1446] Compiling x_pubkey.cc
[650/1446] Compiling x_x509a.cc
[651/1446] Compiling x_name.cc
[652/1446] Compiling x_spki.cc
[653/1446] Compiling x_sig.cc
[654/1446] Compiling x_req.cc
[655/1446] Compiling x_x509.cc
[656/1446] Compiling x_exten.cc
[657/1446] Compiling x_attrib.cc
[658/1446] Compiling x_algor.cc
[659/1446] Compiling x509spki.cc
[660/1446] Compiling x509rset.cc
[661/1446] Compiling x_all.cc
[662/1446] Compiling x_crl.cc
[663/1446] Compiling x509name.cc
[664/1446] Compiling x509_txt.cc
[665/1446] Compiling x509_v3.cc
[666/1446] Compiling x509cset.cc
[667/1446] Compiling x509_vpm.cc
[668/1446] Compiling x509_req.cc
[669/1446] Compiling x509_trs.cc
[670/1446] Compiling x509_set.cc
[671/1446] Compiling x509_vfy.cc
[672/1446] Compiling x509_obj.cc
[673/1446] Compiling x509_lu.cc
[674/1446] Compiling x509_ext.cc
[675/1446] Compiling x509_def.cc
[676/1446] Compiling x509_d2.cc
[677/1446] Compiling x509.cc
[678/1446] Compiling x509_cmp.cc
[679/1446] Compiling x509_att.cc
[680/1446] Compiling v3_purp.cc
[681/1446] Compiling v3_utl.cc
[682/1446] Compiling v3_pmaps.cc
[683/1446] Compiling v3_skey.cc
[684/1446] Compiling v3_prn.cc
[685/1446] Compiling v3_ncons.cc
[686/1446] Compiling v3_ocsp.cc
[687/1446] Compiling v3_pcons.cc
[688/1446] Compiling v3_info.cc
[689/1446] Compiling v3_lib.cc
[690/1446] Compiling v3_int.cc
[691/1446] Compiling v3_extku.cc
[692/1446] Compiling v3_ia5.cc
[693/1446] Compiling v3_genn.cc
[694/1446] Compiling v3_enum.cc
[695/1446] Compiling v3_crld.cc
[696/1446] Compiling v3_conf.cc
[697/1446] Compiling v3_bcons.cc
[698/1446] Compiling v3_bitst.cc
[699/1446] Compiling v3_alt.cc
[700/1446] Compiling v3_cpols.cc
[701/1446] Compiling v3_akeya.cc
[702/1446] Compiling v3_akey.cc
[703/1446] Compiling t_x509a.cc
[704/1446] Compiling t_x509.cc
[705/1446] Compiling t_req.cc
[706/1446] Compiling t_crl.cc
[707/1446] Compiling i2d_pr.cc
[708/1446] Compiling rsa_pss.cc
[709/1446] Compiling policy.cc
[710/1446] Compiling name_print.cc
[711/1446] Compiling by_file.cc
[712/1446] Compiling by_dir.cc
[713/1446] Compiling asn1_gen.cc
[714/1446] Compiling algorithm.cc
[715/1446] Compiling a_verify.cc
[716/1446] Compiling a_sign.cc
[717/1446] Compiling voprf.cc
[718/1446] Compiling a_digest.cc
[719/1446] Compiling thread_win.cc
[720/1446] Compiling thread_pthread.cc
[721/1446] Compiling thread.cc
[722/1446] Compiling thread_none.cc
[723/1446] Compiling stack.cc
[723/1446] Compiling trust_token.cc
[725/1446] Compiling pmbtoken.cc
[726/1446] Compiling spake2plus.cc
[727/1446] Compiling sha512.cc
[728/1446] Compiling siphash.cc
[729/1446] Compiling sha256.cc
[730/1446] Compiling sha1.cc
[731/1446] Compiling rsa_extra.cc
[732/1446] Compiling slhdsa.cc
[733/1446] Compiling rsa_print.cc
[734/1446] Compiling refcount.cc
[735/1446] Compiling rc4.cc
[736/1446] Compiling rsa_crypt.cc
[737/1446] Compiling trusty.cc
[738/1446] Compiling windows.cc
[739/1446] Compiling urandom.cc
[740/1446] Compiling rand.cc
[741/1446] Compiling rsa_asn1.cc
[742/1446] Compiling passive.cc
[743/1446] Compiling poly1305_arm_asm.S
[744/1446] Compiling getentropy.cc
[745/1446] Compiling ios.cc
[746/1446] Compiling deterministic.cc
[747/1446] Compiling forkunsafe.cc
[748/1446] Compiling fork_detect.cc
[749/1446] Compiling pool.cc
[750/1446] Compiling poly1305.cc
[751/1446] Compiling poly1305_vec.cc
[752/1446] Compiling poly1305_arm.cc
[753/1446] Compiling pkcs8.cc
[754/1446] Compiling pkcs7.cc
[755/1446] Compiling p5_pbev2.cc
[756/1446] Compiling pkcs8_x509.cc
[757/1446] Compiling pkcs7_x509.cc
[758/1446] Compiling pem_x509.cc
[759/1446] Compiling pem_xaux.cc
[760/1446] Compiling pem_pkey.cc
[761/1446] Compiling pem_oth.cc
[762/1446] Compiling pem_pk8.cc
[763/1446] Compiling mlkem.cc
[764/1446] Compiling pem_info.cc
[765/1446] Compiling pem_lib.cc
[766/1446] Compiling obj_xref.cc
[767/1446] Compiling pem_all.cc
[768/1446] Compiling obj.cc
[769/1446] Compiling poly_rq_mul.S
[770/1446] Compiling mldsa.cc
[771/1446] Compiling md5.cc
[772/1446] Compiling fips_shared_support.cc
[773/1446] Compiling mem.cc
[774/1446] Compiling lhash.cc
[775/1446] Compiling md4.cc
[776/1446] Compiling kyber.cc
[777/1446] Compiling ex_data.cc
[778/1446] Compiling sign.cc
[779/1446] Compiling hpke.cc
[780/1446] Compiling scrypt.cc
[781/1446] Compiling hrss.cc
[782/1446] Compiling print.cc
[783/1446] Compiling pbkdf.cc
[784/1446] Compiling p_x25519.cc
[785/1446] Compiling p_x25519_asn1.cc
[786/1446] Compiling p_rsa_asn1.cc
[786/1446] Compiling p_hkdf.cc
[788/1446] Compiling p_rsa.cc
[789/1446] Compiling p_ed25519.cc
[789/1446] Compiling p_ed25519_asn1.cc
[791/1446] Compiling p_dh.cc
[792/1446] Compiling p_ec.cc
[793/1446] Compiling p_dh_asn1.cc
[794/1446] Compiling evp_ctx.cc
[795/1446] Compiling p_ec_asn1.cc
[796/1446] Compiling p_dsa_asn1.cc
[797/1446] Compiling evp_asn1.cc
[798/1446] Compiling evp.cc
[799/1446] Compiling err.cc
[800/1446] Compiling engine.cc
[801/1446] Compiling ecdh.cc
[802/1446] Compiling ecdsa_asn1.cc
[803/1446] Compiling ec_derive.cc
[804/1446] Compiling hash_to_curve.cc
[805/1446] Compiling dsa.cc
[806/1446] Compiling ec_asn1.cc
[807/1446] Compiling dsa_asn1.cc
[808/1446] Compiling params.cc
[809/1446] Compiling digest_extra.cc
[810/1446] Compiling x25519-asm-arm.S
[811/1446] Compiling bcm.cc
[812/1446] Compiling des.cc
[813/1446] Compiling curve25519_64_adx.cc
[814/1446] Compiling dh_asn1.cc
[815/1446] Compiling crypto.cc
[816/1446] Compiling spake25519.cc
[817/1446] Compiling cpu_intel.cc
[818/1446] Compiling cpu_arm_linux.cc
[819/1446] Compiling cpu_arm_freebsd.cc
[820/1446] Compiling curve25519.cc
[821/1446] Compiling cpu_aarch64_win.cc
[822/1446] Compiling cpu_aarch64_sysreg.cc
[823/1446] Compiling cpu_aarch64_openbsd.cc
[824/1446] Compiling cpu_aarch64_linux.cc
[825/1446] Compiling cpu_aarch64_fuchsia.cc
[826/1446] Compiling cpu_aarch64_apple.cc
[827/1446] Compiling conf.cc
[828/1446] Compiling tls_cbc.cc
[829/1446] Compiling get_cipher.cc
[830/1446] Compiling e_tls.cc
[831/1446] Compiling e_rc4.cc
[832/1446] Compiling e_rc2.cc
[833/1446] Compiling e_null.cc
[834/1446] Compiling e_des.cc
[835/1446] Compiling e_chacha20poly1305.cc
[836/1446] Compiling e_aesctrhmac.cc
[837/1446] Compiling chacha.cc
[838/1446] Compiling e_aesgcmsiv.cc
[839/1446] Compiling derive_key.cc
[840/1446] Compiling unicode.cc
[841/1446] Compiling buf.cc
[842/1446] Compiling ber.cc
[843/1446] Compiling cbs.cc
[844/1446] Compiling asn1_compat.cc
[845/1446] Compiling cbb.cc
[846/1446] Compiling blake2.cc
[847/1446] Compiling convert.cc
[848/1446] Compiling bn_asn1.cc
[849/1446] Compiling socket_helper.cc
[850/1446] Compiling socket.cc
[851/1446] Compiling pair.cc
[852/1446] Compiling hexdump.cc
[853/1446] Compiling printf.cc
[854/1446] Compiling file.cc
[855/1446] Compiling fd.cc
[856/1446] Compiling errno.cc
[857/1446] Compiling connect.cc
[858/1446] Compiling bio_mem.cc
[859/1446] Compiling base64.cc
[860/1446] Compiling bio.cc
[861/1446] Compiling tasn_typ.cc
[862/1446] Compiling tasn_fre.cc
[863/1446] Compiling tasn_utl.cc
[864/1446] Compiling tasn_new.cc
[865/1446] Compiling tasn_enc.cc
[866/1446] Compiling f_int.cc
[867/1446] Compiling posix_time.cc
[868/1446] Compiling asn_pack.cc
[869/1446] Compiling f_string.cc
[870/1446] Compiling tasn_dec.cc
[871/1446] Compiling asn1_par.cc
[872/1446] Compiling a_type.cc
[873/1446] Compiling a_octet.cc
[874/1446] Compiling asn1_lib.cc
[875/1446] Compiling a_time.cc
[876/1446] Compiling a_utctm.cc
[877/1446] Compiling a_strnid.cc
[878/1446] Compiling a_strex.cc
[879/1446] Compiling a_i2d_fp.cc
[880/1446] Compiling a_object.cc
[881/1446] Compiling a_mbstr.cc
[882/1446] Compiling a_d2i_fp.cc
[883/1446] Compiling CGoogleGaxCRC32C CGoogleGaxCRC32C.c
[884/1446] Compiling a_dup.cc
[885/1446] Compiling a_int.cc
[886/1446] Compiling fiat_p256_adx_mul.S
[887/1446] Compiling fiat_p256_adx_sqr.S
[887/1446] Compiling a_gentm.cc
[889/1446] Compiling fiat_curve25519_adx_square.S
[890/1446] Compiling fiat_curve25519_adx_mul.S
[891/1446] Compiling md5-x86_64-linux.S
[892/1446] Compiling md5-x86_64-apple.S
[893/1446] Compiling md5-586-linux.S
[894/1446] Compiling md5-586-apple.S
[895/1446] Compiling a_bitstr.cc
[896/1446] Compiling chacha20_poly1305_x86_64-linux.S
[897/1446] Compiling chacha20_poly1305_x86_64-apple.S
[898/1446] Compiling chacha20_poly1305_armv8-win.S
[899/1446] Compiling CCryptoBoringSSLShims shims.c
[900/1446] Compiling chacha20_poly1305_armv8-apple.S
[901/1446] Compiling chacha-x86_64-linux.S
[902/1446] Compiling chacha20_poly1305_armv8-linux.S
[903/1446] Compiling chacha-x86_64-apple.S
[904/1446] Compiling chacha-x86-linux.S
[905/1446] Compiling chacha-armv8-win.S
[906/1446] Compiling chacha-x86-apple.S
[907/1446] Compiling chacha-armv8-apple.S
[908/1446] Compiling chacha-armv4-linux.S
[909/1446] Compiling aes128gcmsiv-x86_64-linux.S
[910/1446] Compiling chacha-armv8-linux.S
[911/1446] Compiling aes128gcmsiv-x86_64-apple.S
[912/1446] Compiling x86_64-mont5-linux.S
[913/1446] Compiling x86_64-mont5-apple.S
[914/1446] Compiling x86_64-mont-linux.S
[915/1446] Compiling x86_64-mont-apple.S
[916/1446] Compiling x86-mont-linux.S
[917/1446] Compiling vpaes-x86_64-apple.S
[918/1446] Compiling x86-mont-apple.S
[919/1446] Compiling vpaes-x86_64-linux.S
[920/1446] Compiling a_bool.cc
[921/1446] Compiling vpaes-x86-apple.S
[922/1446] Compiling vpaes-x86-linux.S
[923/1446] Compiling vpaes-armv8-win.S
[924/1446] Compiling vpaes-armv7-linux.S
[925/1446] Compiling vpaes-armv8-apple.S
[926/1446] Compiling sha512-x86_64-linux.S
[927/1446] Compiling vpaes-armv8-linux.S
[928/1446] Compiling sha512-x86_64-apple.S
[929/1446] Compiling sha512-armv8-apple.S
[930/1446] Compiling sha512-586-linux.S
[931/1446] Compiling sha512-armv8-win.S
[932/1446] Compiling sha512-armv8-linux.S
[933/1446] Compiling sha512-586-apple.S
[934/1446] Compiling sha256-x86_64-linux.S
[935/1446] Compiling sha512-armv4-linux.S
[936/1446] Compiling err_data.cc
[937/1446] Compiling sha256-armv8-win.S
[938/1446] Compiling sha256-x86_64-apple.S
[939/1446] Compiling sha256-armv8-apple.S
[940/1446] Compiling sha256-586-linux.S
[941/1446] Compiling sha256-armv8-linux.S
[942/1446] Compiling sha256-armv4-linux.S
[943/1446] Compiling sha256-586-apple.S
[944/1446] Compiling sha1-armv8-win.S
[945/1446] Compiling sha1-x86_64-apple.S
[946/1446] Compiling sha1-armv8-apple.S
[947/1446] Compiling sha1-x86_64-linux.S
[948/1446] Compiling sha1-armv8-linux.S
[948/1446] Compiling rsaz-avx2-linux.S
[950/1446] Compiling sha1-armv4-large-linux.S
[951/1446] Compiling rsaz-avx2-apple.S
[952/1446] Compiling sha1-586-apple.S
[953/1446] Compiling sha1-586-linux.S
[954/1446] Compiling rdrand-x86_64-linux.S
[955/1446] Compiling rdrand-x86_64-apple.S
[956/1446] Compiling p256_beeu-x86_64-asm-apple.S
[957/1446] Compiling p256_beeu-x86_64-asm-linux.S
[958/1446] Compiling p256_beeu-armv8-asm-win.S
[959/1446] Compiling p256_beeu-armv8-asm-linux.S
[960/1446] Compiling p256_beeu-armv8-asm-apple.S
[961/1446] Compiling p256-x86_64-asm-linux.S
[962/1446] Compiling p256-x86_64-asm-apple.S
[963/1446] Compiling p256-armv8-asm-win.S
[964/1446] Compiling p256-armv8-asm-apple.S
[965/1446] Compiling ghashv8-armv8-linux.S
[966/1446] Compiling ghashv8-armv8-win.S
[967/1446] Compiling ghashv8-armv8-apple.S
[968/1446] Compiling ghashv8-armv7-linux.S
[969/1446] Compiling p256-armv8-asm-linux.S
[970/1446] Compiling ghash-x86_64-linux.S
[971/1446] Compiling ghash-x86_64-apple.S
[972/1446] Compiling ghash-ssse3-x86_64-linux.S
[973/1446] Compiling ghash-x86-apple.S
[974/1446] Compiling ghash-x86-linux.S
[975/1446] Compiling ghash-ssse3-x86_64-apple.S
[976/1446] Compiling ghash-ssse3-x86-linux.S
[977/1446] Compiling ghash-neon-armv8-linux.S
[978/1446] Compiling ghash-neon-armv8-apple.S
[979/1446] Compiling co-586-linux.S
[980/1446] Compiling ghash-neon-armv8-win.S
[981/1446] Compiling ghash-ssse3-x86-apple.S
[982/1446] Compiling ghash-armv4-linux.S
[983/1446] Compiling bsaes-armv7-linux.S
[984/1446] Compiling bn-armv8-linux.S
[985/1446] Compiling co-586-apple.S
[986/1446] Compiling bn-armv8-win.S
[987/1446] Compiling bn-armv8-apple.S
[988/1446] Compiling armv8-mont-win.S
[989/1446] Compiling bn-586-linux.S
[990/1446] Compiling bn-586-apple.S
[991/1446] Compiling armv8-mont-apple.S
[992/1446] Compiling armv8-mont-linux.S
[993/1446] Compiling armv4-mont-linux.S
[994/1446] Compiling aesv8-gcm-armv8-win.S
[995/1446] Compiling aesv8-armv8-win.S
[996/1446] Compiling aesv8-gcm-armv8-apple.S
[997/1446] Compiling aesv8-gcm-armv8-linux.S
[998/1446] Compiling aesv8-armv8-linux.S
[999/1446] Compiling aesv8-armv8-apple.S
[1000/1446] Compiling aesv8-armv7-linux.S
[1001/1446] Compiling aesni-x86_64-linux.S
[1002/1446] Compiling aesni-x86_64-apple.S
[1003/1446] Compiling aesni-gcm-x86_64-linux.S
[1004/1446] Compiling aesni-x86-linux.S
[1005/1446] Compiling aesni-x86-apple.S
[1006/1446] Compiling aesni-gcm-x86_64-apple.S
[1007/1446] Compiling aes-gcm-avx512-x86_64-linux.S
[1008/1446] Compiling aes-gcm-avx2-x86_64-linux.S
[1008/1446] Compiling aes-gcm-avx512-x86_64-apple.S
[1010/1446] Compiling aes-gcm-avx2-x86_64-apple.S
[1011/1446] Compiling x_req.cc
[1012/1446] Compiling xwing.cc
[1013/1446] Compiling x_x509.cc
[1014/1446] Compiling x_sig.cc
[1015/1446] Compiling x_x509a.cc
[1016/1446] Compiling x_spki.cc
[1017/1446] Compiling x_name.cc
[1018/1446] Compiling x_exten.cc
[1019/1446] Compiling x_pubkey.cc
[1020/1446] Compiling c-nioatomics.c
[1021/1446] Compiling x_attrib.cc
[1022/1446] Compiling x_crl.cc
[1023/1446] Compiling x_all.cc
[1024/1446] Compiling x509rset.cc
[1025/1446] Compiling x_algor.cc
[1026/1446] Compiling c-atomics.c
[1027/1446] Compiling x509_vpm.cc
[1028/1453] Compiling x509cset.cc
[1029/1453] Compiling x509spki.cc
[1030/1453] Compiling x509name.cc
[1031/1453] Compiling x509_vfy.cc
[1033/1453] Compiling NIOConcurrencyHelpers NIOLockedValueBox.swift
[1034/1453] Compiling NIOConcurrencyHelpers NIOThreadPoolWorkAvailable.swift
[1035/1453] Compiling NIOConcurrencyHelpers NIOLock.swift
[1035/1453] Compiling x509_v3.cc
[1037/1453] Compiling NIOConcurrencyHelpers NIOAtomic.swift
[1038/1453] Compiling NIOConcurrencyHelpers lock.swift
[1038/1453] Compiling x509_txt.cc
[1039/1453] Compiling x509_trs.cc
[1041/1453] Emitting module NIOConcurrencyHelpers
[1042/1453] Compiling NIOConcurrencyHelpers atomics.swift
[1043/1454] Compiling x509_set.cc
[1044/1454] Wrapping AST for NIOConcurrencyHelpers for debugging
[1045/1454] Compiling x509_obj.cc
[1046/1454] Compiling x509_def.cc
[1047/1454] Compiling x509_ext.cc
[1048/1454] Compiling x509_req.cc
[1049/1454] Compiling x509_lu.cc
[1050/1454] Compiling x509_d2.cc
[1051/1454] Compiling x509_att.cc
[1052/1454] Compiling x509.cc
[1053/1454] Compiling x509_cmp.cc
[1054/1454] Compiling v3_pcons.cc
[1055/1454] Compiling v3_prn.cc
[1056/1454] Compiling v3_skey.cc
[1056/1454] Compiling v3_purp.cc
[1058/1454] Compiling v3_utl.cc
[1059/1454] Compiling v3_pmaps.cc
[1060/1454] Compiling v3_ocsp.cc
[1061/1454] Compiling v3_lib.cc
[1062/1454] Compiling v3_ncons.cc
[1063/1454] Compiling v3_int.cc
[1064/1454] Compiling v3_info.cc
[1065/1454] Compiling v3_enum.cc
[1066/1454] Compiling v3_extku.cc
[1067/1454] Compiling v3_ia5.cc
[1068/1454] Compiling v3_genn.cc
[1069/1454] Compiling v3_cpols.cc
[1070/1454] Compiling v3_crld.cc
[1071/1454] Compiling v3_akey.cc
[1072/1454] Compiling v3_akeya.cc
[1073/1454] Compiling v3_bitst.cc
[1074/1454] Compiling v3_alt.cc
[1075/1454] Compiling v3_bcons.cc
[1076/1454] Compiling v3_conf.cc
[1077/1454] Compiling t_x509a.cc
[1078/1454] Compiling t_x509.cc
[1079/1454] Compiling i2d_pr.cc
[1080/1454] Compiling t_req.cc
[1081/1454] Compiling by_file.cc
[1082/1454] Compiling name_print.cc
[1083/1454] Compiling by_dir.cc
[1084/1454] Compiling policy.cc
[1085/1454] Compiling rsa_pss.cc
[1086/1454] Compiling t_crl.cc
[1087/1454] Compiling a_verify.cc
[1088/1454] Compiling a_sign.cc
[1089/1454] Compiling a_digest.cc
[1090/1454] Compiling algorithm.cc
[1091/1454] Compiling asn1_gen.cc
[1092/1454] Compiling pmbtoken.cc
[1093/1454] Compiling voprf.cc
[1094/1454] Compiling thread_pthread.cc
[1095/1454] Compiling trust_token.cc
[1096/1454] Compiling thread_none.cc
[1097/1454] Compiling siphash.cc
[1098/1454] Compiling thread_win.cc
[1099/1454] Compiling spake2plus.cc
[1100/1454] Compiling stack.cc
[1101/1454] Compiling thread.cc
[1102/1454] Compiling slhdsa.cc
[1103/1454] Compiling sha512.cc
[1104/1454] Compiling sha256.cc
[1105/1454] Compiling rsa_print.cc
[1106/1454] Compiling sha1.cc
[1107/1454] Compiling refcount.cc
[1108/1454] Compiling rsa_extra.cc
[1109/1454] Compiling rsa_crypt.cc
[1110/1454] Compiling windows.cc
[1111/1454] Compiling rc4.cc
[1112/1454] Compiling urandom.cc
[1113/1454] Compiling trusty.cc
[1114/1454] Compiling rand.cc
[1115/1454] Compiling getentropy.cc
[1116/1454] Compiling poly1305_arm_asm.S
[1117/1454] Compiling passive.cc
[1118/1454] Compiling rsa_asn1.cc
[1119/1454] Compiling forkunsafe.cc
[1120/1454] Compiling deterministic.cc
[1121/1454] Compiling fork_detect.cc
[1122/1454] Compiling poly1305_vec.cc
[1123/1454] Compiling poly1305_arm.cc
[1124/1454] Compiling poly1305.cc
[1125/1454] Compiling pool.cc
[1126/1454] Compiling pkcs8_x509.cc
[1127/1454] Compiling pkcs8.cc
[1128/1454] Compiling pkcs7.cc
[1129/1454] Compiling p5_pbev2.cc
[1130/1454] Compiling pkcs7_x509.cc
[1131/1454] Compiling pem_x509.cc
[1132/1454] Compiling pem_pk8.cc
[1133/1454] Compiling pem_pkey.cc
[1134/1454] Compiling pem_xaux.cc
[1135/1454] Compiling pem_oth.cc
[1136/1454] Compiling pem_lib.cc
[1137/1454] Compiling mlkem.cc
[1138/1454] Compiling pem_all.cc
[1139/1454] Compiling mldsa.cc
[1140/1454] Compiling mem.cc
[1140/1454] Compiling obj_xref.cc
[1142/1454] Compiling poly_rq_mul.S
[1143/1454] Compiling pem_info.cc
[1144/1454] Compiling obj.cc
[1145/1454] Compiling fips_shared_support.cc
[1146/1454] Compiling lhash.cc
[1147/1454] Compiling md5.cc
[1148/1454] Compiling md4.cc
[1149/1454] Compiling kyber.cc
[1150/1454] Compiling fuzzer_mode.cc
[1151/1454] Compiling ex_data.cc
[1152/1454] Compiling hpke.cc
[1153/1454] Compiling hrss.cc
[1154/1454] Compiling scrypt.cc
[1155/1454] Compiling print.cc
[1156/1454] Compiling pbkdf.cc
[1157/1454] Compiling sign.cc
[1158/1454] Compiling p_ed25519_asn1.cc
[1159/1454] Compiling p_x25519.cc
[1160/1454] Compiling p_x25519_asn1.cc
[1161/1454] Compiling p_rsa_asn1.cc
[1162/1454] Compiling p_rsa.cc
[1163/1454] Compiling p_hkdf.cc
[1164/1454] Compiling p_ed25519.cc
[1165/1454] Compiling p_dsa_asn1.cc
[1166/1454] Compiling p_ec_asn1.cc
[1167/1454] Compiling p_ec.cc
[1168/1454] Compiling evp_ctx.cc
[1169/1454] Compiling evp.cc
[1170/1454] Compiling p_dh_asn1.cc
[1171/1454] Compiling engine.cc
[1172/1454] Compiling p_dh.cc
[1173/1454] Compiling err.cc
[1174/1454] Compiling ecdh.cc
[1175/1454] Compiling ecdsa_p1363.cc
[1176/1454] Compiling ec_derive.cc
[1177/1454] Compiling ecdsa_asn1.cc
[1178/1454] Compiling hash_to_curve.cc
[1179/1454] Compiling dsa.cc
[1180/1454] Compiling digest_extra.cc
[1181/1454] Compiling ec_asn1.cc
[1182/1454] Compiling params.cc
[1183/1454] Compiling x25519-asm-arm.S
[1184/1454] Compiling dsa_asn1.cc
[1185/1454] Compiling dh_asn1.cc
[1186/1454] Compiling des.cc
[1187/1454] Compiling crypto.cc
[1188/1454] Compiling curve25519_64_adx.cc
[1189/1454] Compiling cpu_intel.cc
[1190/1454] Compiling cpu_arm_freebsd.cc
[1191/1454] Compiling curve25519.cc
[1192/1454] Compiling spake25519.cc
[1193/1454] Compiling cpu_arm_linux.cc
[1194/1454] Compiling cpu_aarch64_win.cc
[1195/1454] Compiling cpu_aarch64_openbsd.cc
[1196/1454] Compiling cpu_aarch64_sysreg.cc
[1197/1454] Compiling cpu_aarch64_linux.cc
[1198/1454] Compiling cpu_aarch64_fuchsia.cc
[1199/1454] Compiling conf.cc
[1200/1454] Compiling get_cipher.cc
[1201/1454] Compiling cpu_aarch64_apple.cc
[1202/1454] Compiling cms.cc
[1203/1454] Compiling tls_cbc.cc
[1204/1454] Compiling e_tls.cc
[1205/1454] Compiling e_rc2.cc
[1206/1454] Compiling e_des.cc
[1207/1454] Compiling e_rc4.cc
[1208/1454] Compiling e_aesgcmsiv.cc
[1209/1454] Compiling e_null.cc
[1210/1454] Compiling e_chacha20poly1305.cc
[1211/1454] Compiling e_aeseax.cc
[1212/1454] Compiling chacha.cc
[1213/1454] Compiling derive_key.cc
[1214/1454] Compiling e_aesctrhmac.cc
[1215/1454] Compiling unicode.cc
[1216/1454] Compiling cbb.cc
[1217/1454] Compiling cbs.cc
[1218/1454] Compiling buf.cc
[1219/1454] Compiling ber.cc
[1220/1454] Compiling sqrt.cc
[1221/1454] Compiling exponentiation.cc
[1222/1454] Compiling bn_asn1.cc
[1223/1454] Compiling blake2.cc
[1224/1454] Compiling asn1_compat.cc
[1225/1454] Compiling convert.cc
[1226/1454] Compiling div.cc
[1227/1454] Compiling printf.cc
[1228/1454] Compiling pair.cc
[1229/1454] Compiling fd.cc
[1230/1454] Compiling errno.cc
[1231/1454] Compiling hexdump.cc
[1232/1454] Compiling base64.cc
[1233/1454] Compiling bio.cc
[1234/1454] Compiling file.cc
[1235/1454] Compiling bio_mem.cc
[1236/1454] Compiling tasn_typ.cc
[1237/1454] Compiling tasn_fre.cc
[1238/1454] Compiling tasn_utl.cc
[1239/1454] Compiling tasn_enc.cc
[1240/1454] Compiling tasn_new.cc
[1241/1454] Compiling f_string.cc
[1242/1454] Compiling posix_time.cc
[1243/1454] Compiling asn_pack.cc
[1244/1454] Compiling tasn_dec.cc
[1245/1454] Compiling asn1_par.cc
[1246/1454] Compiling asn1_lib.cc
[1247/1454] Compiling a_utctm.cc
[1248/1454] Compiling a_strnid.cc
[1249/1454] Compiling a_time.cc
[1250/1454] Compiling a_strex.cc
[1251/1454] Compiling a_type.cc
[1252/1454] Compiling a_octet.cc
[1253/1454] Compiling a_i2d_fp.cc
[1253/1454] Write sources
[1257/1454] Compiling a_object.cc
[1258/1497] Compiling a_int.cc
[1260/1497] Compiling Algorithms Partition.swift
[1261/1497] Compiling Algorithms Permutations.swift
[1262/1499] Compiling Algorithms EitherSequence.swift
[1263/1499] Compiling Algorithms FirstNonNil.swift
[1264/1499] Compiling Algorithms Indexed.swift
[1265/1499] Compiling Algorithms Intersperse.swift
[1265/1499] Compiling bcm.cc
[1266/1499] Compiling a_dup.cc
[1267/1499] Compiling a_d2i_fp.cc
[1269/1499] Compiling Algorithms FlattenCollection.swift
[1270/1499] Compiling Algorithms Grouped.swift
[1271/1499] Compiling Atomics IntegerOperations.swift
[1272/1499] Compiling Atomics Unmanaged extensions.swift
[1272/1499] Compiling a_gentm.cc
[1273/1499] Compiling a_bool.cc
[1275/1499] Compiling Algorithms Joined.swift
[1276/1499] Compiling Algorithms Keyed.swift
[1277/1499] Compiling Algorithms MinMax.swift
[1279/1507] Compiling Algorithms Stride.swift
[1280/1507] Compiling Algorithms Suffix.swift
[1281/1510] Compiling Algorithms RandomSample.swift
[1282/1510] Compiling Algorithms Reductions.swift
[1283/1510] Compiling Algorithms Rotate.swift
[1288/1510] Compiling Algorithms Compacted.swift
[1289/1510] Compiling Algorithms Cycle.swift
[1298/1510] Compiling CryptoBoringWrapper RandomBytes.swift
[1299/1510] Compiling CryptoBoringWrapper CryptoKitErrors_boring.swift
[1300/1510] Compiling CryptoBoringWrapper FiniteFieldArithmeticContext.swift
[1301/1510] Compiling Algorithms Trim.swift
[1302/1510] Compiling Algorithms Unique.swift
[1303/1510] Compiling Algorithms Windows.swift
[1304/1510] Compiling CryptoBoringWrapper ArbitraryPrecisionInteger.swift
[1305/1510] Compiling CryptoBoringWrapper EllipticCurvePoint.swift
[1306/1510] Compiling Algorithms AdjacentPairs.swift
[1307/1510] Compiling Algorithms Chain.swift
[1308/1510] Compiling Algorithms Chunked.swift
[1309/1510] Compiling Algorithms Combinations.swift
[1310/1510] Compiling CryptoBoringWrapper BoringSSLAEAD.swift
[1311/1510] Emitting module CryptoBoringWrapper
[1312/1510] Compiling CryptoBoringWrapper EllipticCurve.swift
[1313/1511] Wrapping AST for CryptoBoringWrapper for debugging
[1315/1550] Compiling Crypto ChaChaPoly.swift
[1316/1550] Compiling Crypto Cipher.swift
[1317/1550] Compiling Crypto Nonces.swift
[1318/1550] Compiling Crypto AES-GCM.swift
[1319/1550] Compiling Crypto AES-GCM_boring.swift
[1320/1550] Compiling Crypto ChaChaPoly_boring.swift
[1321/1595] Emitting module Algorithms
[1322/1596] Wrapping AST for Algorithms for debugging
[1324/1596] Emitting module Atomics
[1325/1597] Wrapping AST for Atomics for debugging
[1327/1661] Compiling NIOCore ChannelInvoker.swift
[1328/1661] Compiling NIOCore ChannelOption.swift
[1329/1661] Compiling NIOCore ChannelPipeline.swift
[1330/1661] Compiling NIOCore NIOThrowingAsyncSequenceProducer.swift
[1331/1661] Compiling NIOCore BSDSocketAPI.swift
[1332/1661] Compiling NIOCore ByteBuffer-aux.swift
[1333/1661] Compiling NIOCore ByteBuffer-binaryEncodedLengthPrefix.swift
[1334/1661] Compiling NIOCore ByteBuffer-conversions.swift
[1335/1661] Compiling NIOCore ByteBuffer-core.swift
[1336/1661] Compiling NIOCore ByteBuffer-hex.swift
[1337/1661] Compiling NIOCore ByteBuffer-int.swift
[1338/1661] Compiling NIOCore ByteBuffer-lengthPrefix.swift
[1339/1672] Compiling NIOCore NIOPooledRecvBufferAllocator.swift
[1340/1672] Compiling NIOCore NIOScheduledCallback.swift
[1341/1672] Compiling NIOCore NIOSendable.swift
[1342/1672] Compiling NIOCore NIOSplitLinesMessageDecoder.swift
[1343/1672] Compiling NIOCore NIOTransportAccessibleChannelCore.swift
[1344/1672] Compiling NIOCore RecvByteBufferAllocator.swift
[1345/1672] Compiling NIOCore IPProtocol.swift
[1346/1672] Compiling NIOCore IntegerBitPacking.swift
[1347/1672] Compiling NIOCore IntegerTypes.swift
[1348/1672] Compiling NIOCore Interfaces.swift
[1349/1672] Compiling NIOCore Linux.swift
[1350/1672] Compiling NIOCore EventLoopFuture+Deprecated.swift
[1351/1672] Compiling NIOCore EventLoopFuture+WithEventLoop.swift
[1352/1672] Compiling NIOCore EventLoopFuture.swift
[1353/1672] Compiling NIOCore FileDescriptor.swift
[1354/1672] Compiling NIOCore FileHandle.swift
[1355/1672] Compiling NIOCore FileRegion.swift
[1356/1672] Compiling NIOCore GlobalSingletons.swift
[1357/1672] Compiling NIOCore IO.swift
[1358/1672] Compiling NIOCore IOData.swift
[1359/1672] Compiling NIOCore NIOCoreSendableMetatype.swift
[1360/1672] Compiling NIOCore NIODecodedAsyncSequence.swift
[1361/1672] Compiling NIOCore NIOLoopBound.swift
[1362/1672] Emitting module Crypto
[1363/1672] Compiling NIOCore AsyncChannelHandler.swift
[1364/1672] Compiling NIOCore AsyncChannelInboundStream.swift
[1365/1672] Compiling NIOCore AsyncChannelOutboundWriter.swift
[1366/1672] Compiling NIOCore NIOAsyncSequenceProducer.swift
[1367/1672] Compiling NIOCore NIOAsyncSequenceProducerStrategies.swift
[1368/1672] Compiling NIOCore NIOAsyncWriter.swift
[1369/1672] Compiling NIOCore ByteBuffer-multi-int.swift
[1370/1672] Compiling NIOCore ByteBuffer-quicBinaryEncodingStrategy.swift
[1371/1672] Compiling NIOCore ByteBuffer-views.swift
[1372/1672] Compiling NIOCore Channel.swift
[1373/1672] Compiling NIOCore ChannelHandler.swift
[1374/1672] Compiling NIOCore ChannelHandlers.swift
[1375/1672] Compiling NIOCore CircularBuffer.swift
[1376/1672] Compiling NIOCore Codec.swift
[1377/1672] Compiling NIOCore ConvenienceOptionSupport.swift
[1378/1672] Compiling NIOCore DeadChannel.swift
[1379/1672] Compiling NIOCore DispatchQueue+WithFuture.swift
[1380/1672] Compiling NIOCore EventLoop+Deprecated.swift
[1381/1672] Compiling NIOCore EventLoop+SerialExecutor.swift
[1382/1672] Compiling NIOCore EventLoop.swift
[1383/1672] Compiling NIOCore EventLoopFuture+AssumeIsolated.swift
[1384/1672] Compiling NIOCore AddressedEnvelope.swift
[1385/1672] Compiling NIOCore AsyncAwaitSupport.swift
[1386/1672] Compiling NIOCore AsyncChannel.swift
[1387/1672] Compiling Crypto HPKE-LabeledExtract.swift
[1388/1672] Compiling Crypto HPKE-Utils.swift
[1389/1672] Compiling Crypto DHKEM.swift
[1390/1672] Compiling Crypto HPKE-KEM-Curve25519.swift
[1391/1672] Compiling Crypto HPKE-NIST-EC-KEMs.swift
[1392/1672] Compiling Crypto HPKE-KEM.swift
[1393/1672] Compiling Crypto HPKE-Errors.swift
[1394/1672] Compiling Crypto HPKE.swift
[1395/1672] Compiling Crypto HPKE-Context.swift
[1396/1672] Compiling Crypto HPKE-KeySchedule.swift
[1397/1672] Compiling Crypto HPKE-Modes.swift
[1398/1672] Compiling Crypto Insecure.swift
[1399/1672] Compiling NIOCore MarkedCircularBuffer.swift
[1400/1672] Compiling NIOCore MulticastChannel.swift
[1401/1672] Compiling NIOCore NIOAny.swift
[1402/1672] Compiling NIOCore NIOCloseOnErrorHandler.swift
[1403/1672] Compiling Crypto KEM-Errors.swift
[1404/1672] Compiling Crypto KEM.swift
[1405/1672] Compiling Crypto MLKEM.swift
[1406/1672] Compiling Crypto XWing.swift
[1407/1672] Compiling Crypto ECDH_boring.swift
[1408/1672] Compiling Crypto DH.swift
[1409/1672] Compiling Crypto ECDH.swift
[1410/1672] Compiling Crypto ANSIx963.swift
[1438/1680] Compiling Crypto Signature.swift
[1439/1680] Compiling Crypto CryptoKitErrors_boring.swift
[1440/1680] Compiling Crypto Optional+withUnsafeBytes_boring.swift
[1441/1680] Compiling Crypto RNG_boring.swift
[1442/1680] Compiling Crypto SafeCompare_boring.swift
[1443/1680] Compiling Crypto Zeroization_boring.swift
[1444/1680] Compiling Crypto _CryptoModuleAnchor.swift
[1445/1680] Compiling Crypto PrettyBytes.swift
[1446/1680] Compiling Crypto SafeCompare.swift
[1447/1680] Compiling Crypto SecureBytes.swift
[1448/1680] Compiling Crypto Zeroization.swift
[1458/1681] Wrapping AST for Crypto for debugging
[1469/1743] Compiling CryptoExtras Data+Extensions.swift
[1470/1743] Compiling CryptoExtras DigestType.swift
[1471/1743] Compiling CryptoExtras Error.swift
[1472/1743] Compiling CryptoExtras I2OSP.swift
[1473/1743] Compiling CryptoExtras IntegerEncoding.swift
[1474/1743] Compiling CryptoExtras PEMDocument.swift
[1475/1743] Compiling CryptoExtras PrettyBytes.swift
[1476/1743] Compiling CryptoExtras SubjectPublicKeyInfo.swift
[1477/1751] Compiling CryptoExtras ARCServer.swift
[1478/1751] Compiling CryptoExtras ChaCha20CTR_boring.swift
[1479/1751] Compiling CryptoExtras ChaCha20CTR.swift
[1480/1751] Compiling CryptoExtras BoringSSLSHA512256Context.swift
[1481/1751] Compiling CryptoExtras BoringSSLSHA512256HashFunction.swift
[1482/1751] Compiling CryptoExtras SHA512256.swift
[1483/1751] Compiling CryptoExtras SHA512256Digest.swift
[1484/1751] Compiling CryptoExtras Curve25519+PEM.swift
[1485/1751] Compiling CryptoExtras ObjectIdentifier.swift
[1486/1751] Compiling CryptoExtras AES_CBC.swift
[1487/1751] Compiling CryptoExtras AES_CFB.swift
[1488/1751] Compiling CryptoExtras AES_CTR.swift
[1489/1751] Compiling CryptoExtras AES_GCM_SIV.swift
[1490/1751] Compiling CryptoExtras Block Function.swift
[1491/1751] Compiling CryptoExtras AES_CBC_boring.swift
[1492/1751] Compiling CryptoExtras AES_CFB_boring.swift
[1493/1751] Compiling CryptoExtras AES_CTR_boring.swift
[1494/1751] Compiling CryptoExtras AES_GCM_SIV_boring.swift
[1495/1751] Compiling CryptoExtras ThreadOps.swift
[1496/1751] Compiling CryptoExtras ThreadPosix.swift
[1497/1751] Compiling CryptoExtras ThreadSpecific.swift
[1498/1751] Compiling CryptoExtras ThreadWindows.swift
[1499/1751] Compiling CryptoExtras DLEQ.swift
[1500/1751] Compiling CryptoExtras Prover.swift
[1501/1751] Compiling CryptoExtras Verifier.swift
[1502/1751] Compiling CryptoExtras ZKPToolbox.swift
[1509/1751] Compiling NIOCore UniversalBootstrapSupport.swift
[1510/1751] Compiling NIOCore Utilities.swift
[1511/1751] Compiling CryptoExtras PKCS8DERRepresentation.swift
[1512/1751] Compiling CryptoExtras PKCS8PrivateKey.swift
[1513/1751] Compiling CryptoExtras RFC8410AlgorithmIdentifier.swift
[1514/1751] Compiling CryptoExtras ECToolbox_boring.swift
[1515/1751] Compiling CryptoExtras ECToolbox.swift
[1516/1751] Compiling CryptoExtras HashToField.swift
[1517/1751] Compiling CryptoExtras KDF.swift
[1518/1751] Compiling CryptoExtras PBKDF2_boring.swift
[1519/1751] Compiling CryptoExtras PBKDF2_commoncrypto.swift
[1520/1751] Compiling CryptoExtras BoringSSLPassphraseCallbackManager.swift
[1521/1751] Compiling CryptoExtras RSA+BlindSigning.swift
[1522/1751] Compiling CryptoExtras RSA.swift
[1523/1751] Compiling CryptoExtras RSA_boring.swift
[1524/1751] Compiling CryptoExtras Reexport.swift
[1525/1751] Compiling CryptoExtras Zeroization_boring.swift
[1526/1751] Compiling CryptoExtras BoringSSLHelpers.swift
[1527/1751] Compiling CryptoExtras CryptoKitErrors_boring.swift
[1528/1751] Compiling CryptoExtras PBKDF2.swift
[1529/1751] Compiling CryptoExtras Scrypt_boring.swift
[1530/1751] Compiling CryptoExtras Scrypt.swift
[1531/1751] Compiling CryptoExtras OPRF.swift
[1532/1751] Compiling CryptoExtras OPRFClient.swift
[1533/1751] Compiling CryptoExtras OPRFServer.swift
[1534/1751] Compiling CryptoExtras VOPRF+API.swift
[1535/1751] Compiling CryptoExtras VOPRFClient.swift
[1536/1751] Compiling CryptoExtras VOPRFServer.swift
[1537/1751] Emitting module CryptoExtras
[1538/1751] Compiling CryptoExtras CMAC.swift
[1539/1751] Compiling CryptoExtras ARC+API.swift
[1540/1751] Compiling CryptoExtras ARC.swift
[1541/1751] Compiling CryptoExtras ARCCredential.swift
[1542/1751] Compiling CryptoExtras ARCEncoding.swift
[1543/1751] Compiling CryptoExtras ARCPrecredential.swift
[1544/1751] Compiling CryptoExtras ARCPresentation.swift
[1545/1751] Compiling CryptoExtras ARCRequest.swift
[1546/1751] Compiling CryptoExtras ARCResponse.swift
[1547/1754] Wrapping AST for CryptoExtras for debugging
[1549/1754] Emitting module _CryptoExtras
[1550/1754] Compiling _CryptoExtras Exports.swift
[1551/1755] Wrapping AST for _CryptoExtras for debugging
[1553/1850] Emitting module NIOCore
[1554/1850] Compiling X509 CMSEncapsulatedContentInfo.swift
[1555/1850] Compiling X509 OCSPExtensionID.swift
[1556/1850] Compiling X509 OCSPNonce.swift
[1557/1850] Compiling X509 OCSPPolicy.swift
[1558/1850] Compiling X509 OCSPRequest.swift
[1559/1850] Compiling X509 OCSPResponse.swift
[1560/1850] Compiling X509 OCSPResponseBytes.swift
[1561/1850] Compiling X509 OCSPResponseData.swift
[1562/1850] Compiling X509 OCSPResponseStatus.swift
[1563/1850] Compiling X509 CertificationRequestInfo.swift
[1564/1850] Compiling X509 ExtensionRequest.swift
[1565/1850] Compiling X509 Certificate.swift
[1566/1850] Compiling X509 CertificatePrivateKey.swift
[1567/1850] Compiling X509 CertificatePublicKey.swift
[1568/1850] Compiling X509 CertificateSerialNumber.swift
[1569/1850] Compiling X509 CertificateVersion.swift
[1570/1850] Compiling X509 CMSAttribute.swift
[1571/1850] Compiling X509 CMSContentInfo.swift
[1572/1851] Wrapping AST for NIOCore for debugging
[1574/1908] Compiling NIOFoundationEssentialsCompat Codable+ByteBuffer.swift
[1575/1908] Emitting module NIOFoundationEssentialsCompat
[1576/1908] Compiling NIOFoundationEssentialsCompat ByteBuffer-foundation.swift
[1577/1909] Wrapping AST for NIOFoundationEssentialsCompat for debugging
[1579/1909] Compiling NIOPosix PipeChannel.swift
[1580/1909] Compiling NIOPosix PipePair.swift
[1581/1909] Compiling NIOPosix Pool.swift
[1582/1909] Compiling NIOPosix PosixSingletons+ConcurrencyTakeOver.swift
[1583/1909] Compiling NIOPosix PosixSingletons.swift
[1584/1909] Compiling NIOPosix RawSocketBootstrap.swift
[1585/1909] Compiling NIOPosix Resolver.swift
[1586/1909] Compiling NIOPosix SelectorWSAPoll.swift
[1587/1909] Compiling NIOPosix ServerSocket.swift
[1588/1909] Compiling NIOPosix Socket.swift
[1589/1909] Compiling NIOPosix SocketChannel.swift
[1590/1909] Compiling NIOPosix SocketProtocols.swift
[1591/1909] Compiling NIOPosix StructuredConcurrencyHelpers.swift
[1592/1922] Emitting module NIOEmbedded
[1593/1922] Compiling NIOEmbedded AsyncTestingChannel.swift
[1594/1922] Compiling NIOEmbedded AsyncTestingEventLoop.swift
[1595/1922] Compiling NIOEmbedded Embedded.swift
[1596/1923] Wrapping AST for NIOEmbedded for debugging
[1598/1923] Compiling X509 PKCS8PrivateKey.swift
[1599/1923] Compiling X509 PromiseAndFuture.swift
[1600/1923] Compiling X509 RDNAttribute.swift
[1601/1923] Compiling X509 RandomNumberGenerator+bytes.swift
[1602/1923] Compiling X509 RelativeDistinguishedName.swift
[1603/1923] Compiling X509 SEC1PrivateKey.swift
[1604/1923] Compiling X509 SecKeyWrapper.swift
[1605/1923] Compiling X509 Signature.swift
[1606/1923] Compiling X509 SignatureAlgorithm.swift
[1607/1923] Compiling X509 AllOfPolicies.swift
[1608/1923] Compiling X509 AnyPolicy.swift
[1609/1923] Compiling X509 CertificateStore.swift
[1610/1923] Compiling X509 CustomCertificateStore.swift
[1611/1923] Compiling X509 OneOfPolicies.swift
[1612/1923] Compiling X509 PolicyBuilder.swift
[1613/1923] Compiling X509 BasicConstraintsPolicy.swift
[1614/1923] Compiling X509 DNSNames.swift
[1615/1923] Compiling X509 ExpiryPolicy.swift
[1616/1923] Compiling X509 IPConstraints.swift
[1617/1923] Compiling X509 NameConstraintsPolicy.swift
[1618/1923] Compiling X509 RFC5280Policy.swift
[1619/1923] Compiling X509 URIConstraints.swift
[1620/1923] Compiling X509 VersionPolicy.swift
[1621/1923] Compiling X509 ServerIdentityPolicy.swift
[1622/1923] Compiling X509 TrustRootLoading.swift
[1623/1923] Compiling X509 UnverifiedChain.swift
[1624/1923] Compiling NIOPosix BSDSocketAPICommon.swift
[1625/1923] Compiling NIOPosix BSDSocketAPIPosix.swift
[1626/1923] Compiling NIOPosix BSDSocketAPIWindows.swift
[1627/1923] Compiling NIOPosix BaseSocket.swift
[1628/1923] Compiling NIOPosix BaseSocketChannel+AccessibleTransport.swift
[1629/1923] Compiling NIOPosix BaseSocketChannel+SocketOptionProvider.swift
[1630/1923] Compiling NIOPosix BaseSocketChannel.swift
[1631/1923] Compiling NIOPosix HappyEyeballs.swift
[1632/1923] Compiling NIOPosix IO.swift
[1633/1923] Compiling NIOPosix IntegerBitPacking.swift
[1634/1923] Compiling NIOPosix IntegerTypes.swift
[1635/1923] Compiling NIOPosix Linux.swift
[1636/1923] Compiling NIOPosix LinuxCPUSet.swift
[1637/1923] Compiling NIOPosix LinuxUring.swift
[1638/1923] Compiling X509 DomainComponent.swift
[1639/1923] Compiling X509 EmailAddress.swift
[1640/1923] Compiling X509 LocalityName.swift
[1641/1923] Compiling X509 OrganizationName.swift
[1642/1923] Compiling X509 OrganizationalUnitName.swift
[1643/1923] Compiling X509 StateOrProvinceName.swift
[1644/1923] Compiling X509 StreetAddress.swift
[1645/1923] Compiling X509 Error.swift
[1646/1923] Compiling X509 AuthorityInformationAccess.swift
[1647/1923] Compiling X509 AuthorityKeyIdentifier.swift
[1648/1923] Compiling X509 BasicConstraints.swift
[1649/1923] Compiling X509 ExtendedKeyUsage.swift
[1650/1923] Compiling X509 ExtensionIdentifiers.swift
[1651/1923] Compiling X509 KeyUsage.swift
[1652/1923] Compiling NIOPosix System.swift
[1653/1923] Compiling NIOPosix BaseStreamSocketChannel.swift
[1654/1923] Compiling NIOPosix Bootstrap.swift
[1655/1923] Compiling NIOPosix ControlMessage.swift
[1656/1923] Compiling NIOPosix DatagramVectorReadManager.swift
[1657/1923] Compiling NIOPosix Errors+Any.swift
[1658/1923] Compiling NIOPosix FileDescriptor.swift
[1659/1923] Compiling NIOPosix GetaddrinfoResolver.swift
[1660/1923] Compiling X509 LockedValueBox.swift
[1661/1923] Compiling X509 BasicOCSPResponse.swift
[1662/1923] Compiling X509 DirectoryString.swift
[1663/1923] Compiling X509 OCSPCertID.swift
[1664/1923] Compiling X509 OCSPCertStatus.swift
[1679/1930] Compiling NIOPosix Selectable.swift
[1680/1930] Compiling NIOPosix SelectableChannel.swift
[1681/1930] Compiling NIOPosix SelectableEventLoop.swift
[1682/1930] Compiling NIOPosix SelectorEpoll.swift
[1683/1930] Compiling NIOPosix SelectorGeneric.swift
[1684/1930] Compiling NIOPosix SelectorKqueue.swift
[1685/1930] Compiling NIOPosix SelectorUring.swift
[1693/1930] Compiling NIOPosix MultiThreadedEventLoopGroup.swift
[1694/1930] Compiling NIOPosix NIOPosixSendableMetatype.swift
[1695/1930] Compiling NIOPosix NIORandomizedDNSResolver.swift
[1696/1930] Compiling NIOPosix NIOThreadPool.swift
[1697/1930] Compiling NIOPosix NonBlockingFileIO.swift
[1698/1930] Compiling NIOPosix PendingDatagramWritesManager.swift
[1699/1930] Compiling NIOPosix PendingWritesManager.swift
[1707/1930] Emitting module X509
[1708/1930] Compiling NIOPosix Thread.swift
[1709/1930] Compiling NIOPosix ThreadPosix.swift
[1710/1930] Compiling NIOPosix ThreadWindows.swift
[1711/1930] Compiling NIOPosix Utilities.swift
[1712/1930] Compiling NIOPosix VsockAddress.swift
[1713/1930] Compiling NIOPosix VsockChannelEvents.swift
[1714/1930] Compiling NIOPosix Windows.swift
[1715/1930] Emitting module NIOPosix
[1737/1931] Wrapping AST for NIOPosix for debugging
[1739/1933] Emitting module NIO
[1740/1933] Compiling NIO Exports.swift
[1742/1934] Compiling X509 ValidatedCertificateChain.swift
[1743/1934] Compiling X509 VerificationDiagnostic.swift
[1744/1934] Compiling X509 Verifier.swift
[1745/1934] Compiling X509 VerifierPolicy.swift
[1746/1934] Compiling X509 AlgorithmIdentifier.swift
[1747/1934] Compiling X509 ECDSASignature.swift
[1748/1934] Compiling X509 RSAPKCS1PublicKey.swift
[1749/1934] Compiling X509 SubjectPublicKeyInfo.swift
[1750/1934] Compiling X509 TBSCertificate.swift
[1751/1934] Compiling X509 Time.swift
[1752/1934] Compiling X509 TimeCalculations.swift
[1753/1934] Compiling X509 Validity.swift
[1754/1934] Compiling X509 X509SendableMetatype.swift
[1754/1935] Wrapping AST for NIO for debugging
[1756/1974] Wrapping AST for X509 for debugging
[1758/2039] Compiling NIOTLS TLSEvents.swift
[1759/2041] Emitting module NIOFoundationCompat
[1760/2041] Compiling NIOSOCKS SelectedAuthenticationMethod.swift
[1761/2042] Compiling NIOFoundationCompat WaitSpinningRunLoop.swift
[1762/2042] Compiling NIOFoundationCompat JSONSerialization+ByteBuffer.swift
[1763/2042] Compiling NIOFoundationCompat Exports.swift
[1764/2042] Compiling NIOTLS ApplicationProtocolNegotiationHandler.swift
[1765/2042] Emitting module NIOTLS
[1766/2042] Compiling NIOSOCKS SOCKSResponse.swift
[1767/2043] Compiling JWTKit IDClaim.swift
[1768/2043] Compiling JWTKit IssuedAtClaim.swift
[1769/2043] Compiling NIOSOCKS ClientStateMachine.swift
[1770/2043] Compiling JWTKit ExpirationClaim.swift
[1771/2043] Compiling JWTKit GoogleHostedDomainClaim.swift
[1772/2043] Wrapping AST for NIOFoundationCompat for debugging
[1774/2043] Compiling JWTKit AudienceClaim.swift
[1775/2043] Compiling JWTKit BoolClaim.swift
[1776/2043] Emitting module NIOSOCKS
[1777/2043] Compiling NIOSOCKS ServerStateMachine.swift
[1778/2043] Compiling JWTKit IssuerClaim.swift
[1779/2043] Compiling JWTKit JWTClaim.swift
[1781/2044] Compiling NIOTLS NIOTypedApplicationProtocolNegotiationHandler.swift
[1782/2044] Compiling NIOTLS ProtocolNegotiationHandlerStateMachine.swift
[1783/2044] Compiling NIOTLS SNIHandler.swift
[1784/2044] Emitting module NIOHTTP1
[1785/2047] Compiling JWTKit JWTMultiValueClaim.swift
[1786/2047] Compiling JWTKit JWTUnixEpochClaim.swift
[1788/2047] Wrapping AST for NIOSOCKS for debugging
[1790/2047] Wrapping AST for NIOTLS for debugging
[1795/2077] Compiling NIOSSL SSLCertificateExtensions.swift
[1796/2077] Compiling NIOSSL SSLCertificateName.swift
[1797/2077] Compiling JWTKit MLDSAType.swift
[1798/2077] Compiling JWTKit JWTKeyCollection+UnsecuredNone.swift
[1799/2077] Compiling JWTKit UnsecuredNoneSigner.swift
[1800/2077] Compiling JWTKit JWTKeyCollection+RSA.swift
[1801/2077] Compiling JWTKit RSA.swift
[1802/2077] Compiling JWTKit RSAError.swift
[1803/2077] Compiling JWTKit RSASigner.swift
[1804/2077] Compiling JWTKit Base64URL.swift
[1805/2077] Compiling JWTKit CryptoSigner.swift
[1806/2077] Compiling JWTKit JWTSerializer.swift
[1807/2077] Compiling JWTKit JWTSigner.swift
[1808/2077] Compiling JWTKit JWTKeyCollection+MLDSA.swift
[1809/2077] Compiling JWTKit MLDSA.swift
[1810/2077] Compiling JWTKit MLDSA65+MLDSAKey.swift
[1811/2077] Compiling JWTKit MLDSA87+MLDSAKey.swift
[1812/2077] Compiling JWTKit MLDSAError.swift
[1813/2077] Compiling JWTKit MLDSAKey.swift
[1814/2077] Compiling JWTKit MLDSASigner.swift
[1815/2086] Compiling NIOSSL SSLCallbacks.swift
[1816/2086] Compiling NIOSSL SSLCertificate.swift
[1817/2086] Compiling NIOSSL AndroidCABundle.swift
[1818/2086] Compiling NIOSSL ByteBufferBIO.swift
[1819/2086] Compiling NIOSSL CustomPrivateKey.swift
[1820/2086] Compiling NIOSSL FreeBSDCABundle.swift
[1821/2086] Compiling NIOSSL IdentityVerification.swift
[1822/2086] Compiling NIOSSL LinuxCABundle.swift
[1823/2086] Compiling NIOSSL NIOSSLClientHandler.swift
[1824/2086] Compiling NIOSSL NIOSSLHandler+Configuration.swift
[1825/2086] Compiling NIOSSL NIOSSLHandler.swift
[1826/2086] Compiling NIOSSL NIOSSLServerHandler.swift
[1827/2086] Emitting module JWTKit
[1828/2086] Compiling NIOSSL SSLConnection.swift
[1829/2086] Compiling NIOSSL SSLContext.swift
[1830/2086] Compiling NIOSSL SSLPKCS12Bundle.swift
[1831/2086] Compiling NIOSSL SSLPrivateKey.swift
[1832/2086] Compiling NIOSSL SSLPublicKey.swift
[1833/2086] Compiling NIOSSL SecurityFrameworkCertificateVerification.swift
[1834/2086] Compiling NIOSSL String+unsafeUninitializedCapacity.swift
[1835/2086] Compiling NIOSSL SubjectAlternativeName.swift
[1836/2086] Compiling NIOSSL NIOSSLSecureBytes.swift
[1837/2086] Compiling NIOSSL RNG.swift
[1838/2086] Compiling NIOSSL SafeCompare.swift
[1839/2086] Compiling JWTKit JWTKeyCollection+EdDSA.swift
[1840/2086] Compiling NIOSSL ObjectIdentifier.swift
[1841/2086] Compiling NIOSSL PosixPort.swift
[1848/2086] Compiling NIOSSL SSLErrors.swift
[1849/2086] Compiling NIOSSL SSLInit.swift
[1852/2086] Compiling JWTKit JWTAlgorithm.swift
[1853/2086] Compiling JWTKit JWTError.swift
[1854/2086] Compiling JWTKit JWTHeader+CommonFields.swift
[1855/2086] Compiling JWTKit JWTHeader.swift
[1856/2086] Compiling JWTKit JWTHeaderField.swift
[1857/2086] Compiling JWTKit JWTKeyCollection.swift
[1858/2086] Compiling JWTKit JWTParser+MandatoryVerificationFields.swift
[1859/2086] Compiling JWTKit JWTParser.swift
[1860/2086] Compiling JWTKit JWTPayload.swift
[1861/2086] Compiling JWTKit HMAC.swift
[1862/2086] Compiling JWTKit HMACError.swift
[1863/2086] Compiling JWTKit HMACSigner.swift
[1864/2086] Compiling JWTKit JWTKeyCollection+HMAC.swift
[1865/2086] Compiling JWTKit Insecure.swift
[1866/2086] Compiling JWTKit JWK.swift
[1867/2086] Compiling JWTKit JWKIdentifier.swift
[1868/2086] Compiling JWTKit JWKS.swift
[1869/2086] Compiling JWTKit JWKSigner.swift
[1873/2093] Wrapping AST for NIOHTTP1 for debugging
[1875/2104] Compiling NIOHPACK HPACKEncoder.swift
[1876/2104] Compiling NIOHPACK HPACKErrors.swift
[1877/2104] Compiling NIOHPACK DynamicHeaderTable.swift
[1878/2104] Compiling NIOHPACK HPACKDecoder.swift
[1879/2104] Compiling NIOHPACK HPACKHeader.swift
[1880/2104] Emitting module NIOSSL
[1881/2108] Compiling NIOHTTPCompression HTTPDecompressor.swift
[1890/2108] Compiling NIOHPACK IndexedHeaderTable.swift
[1891/2109] Compiling NIOHPACK IntegerCoding.swift
[1892/2109] Compiling JWTKit CustomizedJSONCoders.swift
[1893/2109] Compiling JWTKit Utilities.swift
[1894/2109] Compiling JWTKit AppleIdentityToken.swift
[1895/2109] Compiling JWTKit FirebaseAuthIdentityToken.swift
[1896/2109] Compiling JWTKit GoogleIdentityToken.swift
[1897/2109] Compiling JWTKit MicrosoftIdentityToken.swift
[1898/2109] Compiling JWTKit EmptyPolicy.swift
[1899/2109] Compiling JWTKit ValidationTimePayload.swift
[1900/2109] Compiling JWTKit X5CVerifier.swift
[1901/2110] Wrapping AST for JWTKit for debugging
[1903/2110] Compiling NIOHTTPCompression HTTPResponseCompressor.swift
[1904/2110] Compiling NIOHTTPCompression HTTPRequestCompressor.swift
[1905/2110] Compiling NIOHTTPCompression HTTPDecompression.swift
[1906/2110] Emitting module NIOHTTPCompression
[1907/2110] Compiling NIOHTTPCompression HTTPCompression.swift
[1908/2111] Compiling NIOHPACK HuffmanCoding.swift
[1909/2111] Compiling NIOHPACK HuffmanTables.swift
[1911/2111] Emitting module NIOHPACK
[1912/2111] Compiling NIOHPACK StaticHeaderTable.swift
[1912/2111] Wrapping AST for NIOHTTPCompression for debugging
[1918/2111] Compiling NIOHPACK HeaderTables.swift
[1936/2112] Wrapping AST for NIOHPACK for debugging
[1938/2175] Compiling NIOHTTP2 HTTP2ConnectionStateChange.swift
[1939/2175] Compiling NIOHTTP2 HTTP2Error.swift
[1940/2175] Compiling NIOHTTP2 HTTP2ErrorCode.swift
[1941/2175] Compiling NIOHTTP2 HTTP2FlowControlWindow.swift
[1942/2176] Wrapping AST for NIOSSL for debugging
[1944/2176] Emitting module NIOHTTP2
[1945/2184] Compiling NIOHTTP2 HTTP2StreamMultiplexer.swift
[1946/2184] Compiling NIOHTTP2 HTTP2ToHTTP1Codec.swift
[1947/2184] Compiling NIOHTTP2 HTTP2UserEvents.swift
[1948/2184] Compiling NIOHTTP2 InboundEventBuffer.swift
[1949/2184] Compiling NIOHTTP2 InboundWindowManager.swift
[1950/2184] Compiling NIOHTTP2 MultiplexerAbstractChannel.swift
[1951/2184] Compiling NIOHTTP2 NIOHTTP2FrameDelegate.swift
[1952/2184] Compiling NIOHTTP2 NIOHTTP2ServerConnectionManagementHandler+StateMachine.swift
[1953/2184] Compiling NIOHTTP2 NIOHTTP2ServerConnectionManagementHandler.swift
[1954/2184] Compiling NIOHTTP2 StreamChannelFlowController.swift
[1955/2184] Compiling NIOHTTP2 StreamChannelList.swift
[1956/2184] Compiling NIOHTTP2 StreamMap.swift
[1957/2184] Compiling NIOHTTP2 StreamStateMachine.swift
[1958/2184] Compiling NIOHTTP2 Timer.swift
[1959/2184] Compiling NIOHTTP2 UnsafeTransfer.swift
[1960/2184] Compiling NIOHTTP2 WatermarkedFlowController.swift
[1961/2184] Compiling NIOHTTP2 HTTP2FrameParser.swift
[1962/2184] Compiling NIOHTTP2 HTTP2PingData.swift
[1963/2184] Compiling NIOHTTP2 HTTP2PipelineHelpers.swift
[1964/2184] Compiling NIOHTTP2 HTTP2Settings.swift
[1965/2184] Compiling NIOHTTP2 HTTP2Stream.swift
[1966/2184] Compiling NIOHTTP2 HTTP2StreamChannel+OutboundStreamMultiplexer.swift
[1967/2184] Compiling NIOHTTP2 HTTP2StreamChannel.swift
[1968/2184] Compiling NIOHTTP2 HTTP2StreamDelegate.swift
[1969/2184] Compiling NIOHTTP2 HTTP2StreamID.swift
[1970/2184] Compiling NIOHTTP2 HasFlowControlWindows.swift
[1971/2184] Compiling NIOHTTP2 HasLocalSettings.swift
[1972/2184] Compiling NIOHTTP2 HasRemoteSettings.swift
[1973/2184] Compiling NIOHTTP2 LocallyQuiescingState.swift
[1974/2184] Compiling NIOHTTP2 QuiescingState.swift
[1975/2184] Compiling NIOHTTP2 RemotelyQuiescingState.swift
[1976/2184] Compiling NIOHTTP2 SendAndReceiveGoawayState.swift
[1977/2184] Compiling NIOHTTP2 StateMachineResult.swift
[1978/2184] Compiling NIOHTTP2 ContentLengthVerifier.swift
[1979/2184] Compiling NIOHTTP2 DOSHeuristics.swift
[1980/2184] Compiling NIOHTTP2 Error+Any.swift
[1981/2184] Compiling NIOHTTP2 ConcurrentStreamBuffer.swift
[1982/2184] Compiling NIOHTTP2 ControlFrameBuffer.swift
[1983/2184] Compiling NIOHTTP2 OutboundFlowControlBuffer.swift
[1984/2184] Compiling NIOHTTP2 OutboundFrameBuffer.swift
[1985/2184] Compiling NIOHTTP2 GlitchesMonitor.swift
[1986/2184] Compiling NIOHTTP2 HPACKHeaders+Validation.swift
[1987/2184] Compiling NIOHTTP2 HTTP2ChannelHandler+InboundStreamMultiplexer.swift
[1988/2184] Compiling NIOHTTP2 HTTP2ChannelHandler+InlineStreamMultiplexer.swift
[1989/2184] Compiling NIOHTTP2 HTTP2ChannelHandler.swift
[1990/2184] Compiling NIOHTTP2 HTTP2CommonInboundStreamMultiplexer.swift
[1995/2184] Compiling NIOHTTP2 HTTP2Frame.swift
[1996/2184] Compiling NIOHTTP2 HTTP2FrameEncoder.swift
[1997/2184] Compiling NIOHTTP2 MaySendFrames.swift
[1998/2184] Compiling NIOHTTP2 SendingDataState.swift
[1999/2184] Compiling NIOHTTP2 SendingGoawayState.swift
[2000/2184] Compiling NIOHTTP2 SendingHeadersState.swift
[2001/2184] Compiling NIOHTTP2 SendingPushPromiseState.swift
[2002/2184] Compiling NIOHTTP2 SendingRstStreamState.swift
[2003/2184] Compiling NIOHTTP2 SendingWindowUpdateState.swift
[2004/2184] Compiling NIOHTTP2 HTTP2SettingsState.swift
[2005/2184] Compiling NIOHTTP2 HasExtendedConnectSettings.swift
[2006/2184] Compiling NIOHTTP2 ConnectionStateMachine.swift
[2007/2184] Compiling NIOHTTP2 ConnectionStreamsState.swift
[2008/2184] Compiling NIOHTTP2 MayReceiveFrames.swift
[2009/2184] Compiling NIOHTTP2 ReceivingDataState.swift
[2010/2184] Compiling NIOHTTP2 ReceivingGoAwayState.swift
[2011/2184] Compiling NIOHTTP2 ReceivingHeadersState.swift
[2012/2184] Compiling NIOHTTP2 ReceivingPushPromiseState.swift
[2013/2184] Compiling NIOHTTP2 ReceivingRstStreamState.swift
[2014/2184] Compiling NIOHTTP2 ReceivingWindowUpdateState.swift
[2015/2185] Wrapping AST for NIOHTTP2 for debugging
[2017/2249] Compiling AsyncHTTPClient AnyAsyncSequence.swift
[2018/2249] Compiling AsyncHTTPClient AnyAsyncSequenceProucerDelete.swift
[2019/2249] Compiling AsyncHTTPClient AsyncLazySequence.swift
[2020/2249] Compiling AsyncHTTPClient HTTPClient+execute.swift
[2021/2249] Compiling AsyncHTTPClient HTTPClient+shutdown.swift
[2022/2249] Compiling AsyncHTTPClient HTTPClient+tracing.swift
[2023/2249] Compiling AsyncHTTPClient HTTPClientRequest+Prepared.swift
[2024/2249] Compiling AsyncHTTPClient HTTPClientRequest+auth.swift
[2025/2249] Compiling AsyncHTTPClient HTTPClientRequest.swift
[2026/2257] Compiling AsyncHTTPClient HTTPClientResponse.swift
[2027/2257] Compiling AsyncHTTPClient SingleIteratorPrecondition.swift
[2028/2257] Compiling AsyncHTTPClient Transaction+StateMachine.swift
[2029/2257] Compiling AsyncHTTPClient Transaction.swift
[2030/2257] Compiling AsyncHTTPClient Base64.swift
[2031/2257] Compiling AsyncHTTPClient BasicAuth.swift
[2032/2257] Compiling AsyncHTTPClient BestEffortHashableTLSConfiguration.swift
[2033/2257] Compiling AsyncHTTPClient Configuration+BrowserLike.swift
[2034/2257] Compiling AsyncHTTPClient ConnectionPool.swift
[2035/2257] Compiling AsyncHTTPClient RequestValidation.swift
[2036/2257] Compiling AsyncHTTPClient SSLContextCache.swift
[2037/2257] Compiling AsyncHTTPClient Scheme.swift
[2038/2257] Compiling AsyncHTTPClient Singleton.swift
[2039/2257] Compiling AsyncHTTPClient StringConvertibleInstances.swift
[2040/2257] Compiling AsyncHTTPClient StructuredConcurrencyHelpers.swift
[2041/2257] Compiling AsyncHTTPClient TracingSupport.swift
[2042/2257] Compiling AsyncHTTPClient Utils.swift
[2043/2257] Compiling AsyncHTTPClient LRUCache.swift
[2044/2257] Compiling AsyncHTTPClient NIOLoopBound+Execute.swift
[2045/2257] Compiling AsyncHTTPClient NWErrorHandler.swift
[2046/2257] Compiling AsyncHTTPClient NWWaitingHandler.swift
[2047/2257] Compiling AsyncHTTPClient TLSConfiguration.swift
[2048/2257] Compiling AsyncHTTPClient RedirectState.swift
[2049/2257] Compiling AsyncHTTPClient RequestBag+StateMachine.swift
[2050/2257] Compiling AsyncHTTPClient RequestBag+Tracing.swift
[2051/2257] Compiling AsyncHTTPClient RequestBag.swift
[2052/2257] Compiling AsyncHTTPClient HTTP1ProxyConnectHandler.swift
[2053/2257] Compiling AsyncHTTPClient SOCKSEventsHandler.swift
[2054/2257] Compiling AsyncHTTPClient TLSEventsHandler.swift
[2055/2257] Compiling AsyncHTTPClient HTTP1ClientChannelHandler.swift
[2056/2257] Compiling AsyncHTTPClient HTTP1Connection.swift
[2057/2257] Compiling AsyncHTTPClient HTTP1ConnectionStateMachine.swift
[2058/2257] Compiling AsyncHTTPClient HTTP2ClientRequestHandler.swift
[2059/2257] Compiling AsyncHTTPClient HTTP2Connection.swift
[2060/2257] Compiling AsyncHTTPClient HTTP2IdleHandler.swift
[2061/2257] Compiling AsyncHTTPClient HTTPConnectionEvent.swift
[2062/2257] Compiling AsyncHTTPClient HTTPConnectionPool+Factory.swift
[2063/2257] Compiling AsyncHTTPClient HTTPConnectionPool+Manager.swift
[2064/2257] Compiling AsyncHTTPClient HTTPConnectionPool.swift
[2065/2257] Compiling AsyncHTTPClient HTTPExecutableRequest.swift
[2066/2257] Compiling AsyncHTTPClient HTTPRequestStateMachine+Demand.swift
[2067/2257] Compiling AsyncHTTPClient HTTPRequestStateMachine.swift
[2068/2257] Compiling AsyncHTTPClient RequestBodyLength.swift
[2069/2257] Compiling AsyncHTTPClient RequestFramingMetadata.swift
[2070/2257] Emitting module AsyncHTTPClient
[2071/2257] Compiling AsyncHTTPClient DeconstructedURL.swift
[2072/2257] Compiling AsyncHTTPClient FileDownloadDelegate.swift
[2073/2257] Compiling AsyncHTTPClient FoundationExtensions.swift
[2074/2257] Compiling AsyncHTTPClient HTTPClient+HTTPCookie.swift
[2075/2257] Compiling AsyncHTTPClient HTTPClient+Proxy.swift
[2076/2257] Compiling AsyncHTTPClient HTTPClient+StructuredConcurrency.swift
[2077/2257] Compiling AsyncHTTPClient HTTPClient.swift
[2078/2257] Compiling AsyncHTTPClient HTTPClientConfiguration+SwiftConfiguration.swift
[2079/2257] Compiling AsyncHTTPClient HTTPHandler.swift
[2080/2257] Compiling AsyncHTTPClient RequestOptions.swift
[2081/2257] Compiling AsyncHTTPClient HTTPConnectionPool+Backoff.swift
[2082/2257] Compiling AsyncHTTPClient HTTPConnectionPool+HTTP1Connections.swift
[2083/2257] Compiling AsyncHTTPClient HTTPConnectionPool+HTTP1StateMachine.swift
[2084/2257] Compiling AsyncHTTPClient HTTPConnectionPool+HTTP2Connections.swift
[2085/2257] Compiling AsyncHTTPClient HTTPConnectionPool+HTTP2StateMachine.swift
[2086/2257] Compiling AsyncHTTPClient HTTPConnectionPool+RequestQueue.swift
[2087/2257] Compiling AsyncHTTPClient HTTPConnectionPool+StateMachine.swift
[2088/2257] Compiling AsyncHTTPClient ConnectionTarget.swift
[2089/2258] Wrapping AST for AsyncHTTPClient for debugging
[2091/2281] Emitting module GoogleAuth
[2092/2284] Compiling GoogleAuth AnonymousCredentials.swift
[2093/2284] Compiling GoogleAuth ApiKeyCredentials.swift
[2094/2284] Compiling GoogleAuth ExternalAccountCredentials.swift
[2095/2284] Compiling GoogleAuth ADC.swift
[2096/2284] Compiling GoogleAuth ADCPath.swift
[2097/2284] Compiling GoogleAuth ADCResolver.swift
[2098/2284] Compiling GoogleAuth AuthHeaders.swift
[2099/2284] Compiling GoogleAuth UserAccountData.swift
[2100/2284] Compiling GoogleAuth UserAccountTokenProvider.swift
[2101/2284] Compiling GoogleAuth UserCredentials.swift
[2102/2284] Compiling GoogleAuth SubjectTokenProvider.swift
[2103/2284] Compiling GoogleAuth MDSAccessTokenProvider.swift
[2104/2284] Compiling GoogleAuth MDSCredentials.swift
[2105/2284] Compiling GoogleAuth AuthHTTPClient.swift
[2106/2284] Compiling GoogleAuth AuthHTTPError.swift
[2107/2284] Compiling GoogleAuth RetryEngine.swift
[2108/2284] Compiling GoogleAuth CredentialParserRegistry.swift
[2109/2284] Compiling GoogleAuth Credentials.swift
[2110/2284] Compiling GoogleAuth CredentialsError.swift
[2111/2284] Compiling GoogleAuth ServiceAccountCredentials.swift
[2112/2284] Compiling GoogleAuth ServiceAccountData.swift
[2113/2284] Compiling GoogleAuth ServiceAccountTokenProvider.swift
[2114/2284] Compiling GoogleAuth STSHandler.swift
[2115/2284] Compiling GoogleAuth TokenCache.swift
[2116/2284] Compiling GoogleAuth PackageVersion.swift
[2117/2285] Wrapping AST for GoogleAuth for debugging
[2119/2343] Compiling GoogleGax Pagination.swift
/host/spi-builder-workspace/.build/checkouts/swift-google-gax/Sources/GoogleGax/Pagination.swift:44:22: error: cannot convert '@Sendable (String) async throws -> (response: ResponseType, items: [Item], nextToken: String)' to 'nonisolated(nonsending) @Sendable (String) async throws -> (response: ResponseType, items: [Item], nextToken: String)' because crossing of an isolation boundary requires parameter and result types to conform to 'Sendable' protocol
42 | ) where ResponseType: _PaginatedResponse<Item> {
43 | self.initialPageToken = initialPageToken ?? ""
44 | self.fetchPage = { token in
| |- error: cannot convert '@Sendable (String) async throws -> (response: ResponseType, items: [Item], nextToken: String)' to 'nonisolated(nonsending) @Sendable (String) async throws -> (response: ResponseType, items: [Item], nextToken: String)' because crossing of an isolation boundary requires parameter and result types to conform to 'Sendable' protocol
| `- note: type 'Item' does not conform to 'Sendable' protocol
45 | let response = try await listRpc(token)
46 | return (response, response._getPaginatedItems(), response._nextPageToken())
[2120/2343] Compiling GoogleGax PollingBackoffPolicy.swift
/host/spi-builder-workspace/.build/checkouts/swift-google-gax/Sources/GoogleGax/Pagination.swift:44:22: error: cannot convert '@Sendable (String) async throws -> (response: ResponseType, items: [Item], nextToken: String)' to 'nonisolated(nonsending) @Sendable (String) async throws -> (response: ResponseType, items: [Item], nextToken: String)' because crossing of an isolation boundary requires parameter and result types to conform to 'Sendable' protocol
42 | ) where ResponseType: _PaginatedResponse<Item> {
43 | self.initialPageToken = initialPageToken ?? ""
44 | self.fetchPage = { token in
| |- error: cannot convert '@Sendable (String) async throws -> (response: ResponseType, items: [Item], nextToken: String)' to 'nonisolated(nonsending) @Sendable (String) async throws -> (response: ResponseType, items: [Item], nextToken: String)' because crossing of an isolation boundary requires parameter and result types to conform to 'Sendable' protocol
| `- note: type 'Item' does not conform to 'Sendable' protocol
45 | let response = try await listRpc(token)
46 | return (response, response._getPaginatedItems(), response._nextPageToken())
[2121/2343] Compiling GoogleGax PollingErrorPolicy.swift
/host/spi-builder-workspace/.build/checkouts/swift-google-gax/Sources/GoogleGax/Pagination.swift:44:22: error: cannot convert '@Sendable (String) async throws -> (response: ResponseType, items: [Item], nextToken: String)' to 'nonisolated(nonsending) @Sendable (String) async throws -> (response: ResponseType, items: [Item], nextToken: String)' because crossing of an isolation boundary requires parameter and result types to conform to 'Sendable' protocol
42 | ) where ResponseType: _PaginatedResponse<Item> {
43 | self.initialPageToken = initialPageToken ?? ""
44 | self.fetchPage = { token in
| |- error: cannot convert '@Sendable (String) async throws -> (response: ResponseType, items: [Item], nextToken: String)' to 'nonisolated(nonsending) @Sendable (String) async throws -> (response: ResponseType, items: [Item], nextToken: String)' because crossing of an isolation boundary requires parameter and result types to conform to 'Sendable' protocol
| `- note: type 'Item' does not conform to 'Sendable' protocol
45 | let response = try await listRpc(token)
46 | return (response, response._getPaginatedItems(), response._nextPageToken())
[2122/2343] Compiling GoogleGax PollingResult.swift
/host/spi-builder-workspace/.build/checkouts/swift-google-gax/Sources/GoogleGax/Pagination.swift:44:22: error: cannot convert '@Sendable (String) async throws -> (response: ResponseType, items: [Item], nextToken: String)' to 'nonisolated(nonsending) @Sendable (String) async throws -> (response: ResponseType, items: [Item], nextToken: String)' because crossing of an isolation boundary requires parameter and result types to conform to 'Sendable' protocol
42 | ) where ResponseType: _PaginatedResponse<Item> {
43 | self.initialPageToken = initialPageToken ?? ""
44 | self.fetchPage = { token in
| |- error: cannot convert '@Sendable (String) async throws -> (response: ResponseType, items: [Item], nextToken: String)' to 'nonisolated(nonsending) @Sendable (String) async throws -> (response: ResponseType, items: [Item], nextToken: String)' because crossing of an isolation boundary requires parameter and result types to conform to 'Sendable' protocol
| `- note: type 'Item' does not conform to 'Sendable' protocol
45 | let response = try await listRpc(token)
46 | return (response, response._getPaginatedItems(), response._nextPageToken())
[2123/2343] Compiling GoogleGax PollingState.swift
/host/spi-builder-workspace/.build/checkouts/swift-google-gax/Sources/GoogleGax/Pagination.swift:44:22: error: cannot convert '@Sendable (String) async throws -> (response: ResponseType, items: [Item], nextToken: String)' to 'nonisolated(nonsending) @Sendable (String) async throws -> (response: ResponseType, items: [Item], nextToken: String)' because crossing of an isolation boundary requires parameter and result types to conform to 'Sendable' protocol
42 | ) where ResponseType: _PaginatedResponse<Item> {
43 | self.initialPageToken = initialPageToken ?? ""
44 | self.fetchPage = { token in
| |- error: cannot convert '@Sendable (String) async throws -> (response: ResponseType, items: [Item], nextToken: String)' to 'nonisolated(nonsending) @Sendable (String) async throws -> (response: ResponseType, items: [Item], nextToken: String)' because crossing of an isolation boundary requires parameter and result types to conform to 'Sendable' protocol
| `- note: type 'Item' does not conform to 'Sendable' protocol
45 | let response = try await listRpc(token)
46 | return (response, response._getPaginatedItems(), response._nextPageToken())
[2124/2343] Compiling GoogleGax ProtobufConversionError.swift
/host/spi-builder-workspace/.build/checkouts/swift-google-gax/Sources/GoogleGax/Pagination.swift:44:22: error: cannot convert '@Sendable (String) async throws -> (response: ResponseType, items: [Item], nextToken: String)' to 'nonisolated(nonsending) @Sendable (String) async throws -> (response: ResponseType, items: [Item], nextToken: String)' because crossing of an isolation boundary requires parameter and result types to conform to 'Sendable' protocol
42 | ) where ResponseType: _PaginatedResponse<Item> {
43 | self.initialPageToken = initialPageToken ?? ""
44 | self.fetchPage = { token in
| |- error: cannot convert '@Sendable (String) async throws -> (response: ResponseType, items: [Item], nextToken: String)' to 'nonisolated(nonsending) @Sendable (String) async throws -> (response: ResponseType, items: [Item], nextToken: String)' because crossing of an isolation boundary requires parameter and result types to conform to 'Sendable' protocol
| `- note: type 'Item' does not conform to 'Sendable' protocol
45 | let response = try await listRpc(token)
46 | return (response, response._getPaginatedItems(), response._nextPageToken())
[2125/2343] Compiling GoogleGax QueryParameter.swift
/host/spi-builder-workspace/.build/checkouts/swift-google-gax/Sources/GoogleGax/Pagination.swift:44:22: error: cannot convert '@Sendable (String) async throws -> (response: ResponseType, items: [Item], nextToken: String)' to 'nonisolated(nonsending) @Sendable (String) async throws -> (response: ResponseType, items: [Item], nextToken: String)' because crossing of an isolation boundary requires parameter and result types to conform to 'Sendable' protocol
42 | ) where ResponseType: _PaginatedResponse<Item> {
43 | self.initialPageToken = initialPageToken ?? ""
44 | self.fetchPage = { token in
| |- error: cannot convert '@Sendable (String) async throws -> (response: ResponseType, items: [Item], nextToken: String)' to 'nonisolated(nonsending) @Sendable (String) async throws -> (response: ResponseType, items: [Item], nextToken: String)' because crossing of an isolation boundary requires parameter and result types to conform to 'Sendable' protocol
| `- note: type 'Item' does not conform to 'Sendable' protocol
45 | let response = try await listRpc(token)
46 | return (response, response._getPaginatedItems(), response._nextPageToken())
[2126/2343] Compiling GoogleGax RequestError.swift
/host/spi-builder-workspace/.build/checkouts/swift-google-gax/Sources/GoogleGax/Pagination.swift:44:22: error: cannot convert '@Sendable (String) async throws -> (response: ResponseType, items: [Item], nextToken: String)' to 'nonisolated(nonsending) @Sendable (String) async throws -> (response: ResponseType, items: [Item], nextToken: String)' because crossing of an isolation boundary requires parameter and result types to conform to 'Sendable' protocol
42 | ) where ResponseType: _PaginatedResponse<Item> {
43 | self.initialPageToken = initialPageToken ?? ""
44 | self.fetchPage = { token in
| |- error: cannot convert '@Sendable (String) async throws -> (response: ResponseType, items: [Item], nextToken: String)' to 'nonisolated(nonsending) @Sendable (String) async throws -> (response: ResponseType, items: [Item], nextToken: String)' because crossing of an isolation boundary requires parameter and result types to conform to 'Sendable' protocol
| `- note: type 'Item' does not conform to 'Sendable' protocol
45 | let response = try await listRpc(token)
46 | return (response, response._getPaginatedItems(), response._nextPageToken())
[2127/2343] Compiling GoogleGax AIP194+PollingErrorPolicy.swift
[2128/2343] Compiling GoogleGax AIP194+RetryPolicy.swift
[2129/2343] Compiling GoogleGax AIP194.swift
[2130/2343] Compiling GoogleGax AdaptiveThrottler.swift
[2131/2343] Compiling GoogleGax AlwaysPoll.swift
[2132/2343] Compiling GoogleGax AlwaysRetry.swift
[2133/2343] Compiling GoogleGax ApiClientHeader.swift
[2134/2343] Compiling GoogleGax BackoffPolicy.swift
[2135/2343] Compiling GoogleGax BasePollingErrorPolicy.swift
[2136/2351] Compiling GoogleGax LimitedAttemptCount+PollingErrorPolicy.swift
[2137/2351] Compiling GoogleGax LimitedAttemptCount+RetryPolicy.swift
[2138/2351] Compiling GoogleGax LimitedAttemptCount.swift
[2139/2351] Compiling GoogleGax LimitedElapsedTime+PollingErrorPolicy.swift
[2140/2351] Compiling GoogleGax LimitedElapsedTime+RetryPolicy.swift
[2141/2351] Compiling GoogleGax LimitedElapsedTime.swift
[2142/2351] Compiling GoogleGax LongRunningOperations.swift
[2143/2351] Compiling GoogleGax NeverRetry.swift
[2144/2351] Compiling GoogleGax RequestOptions.swift
[2145/2351] Compiling GoogleGax RetryLoop.swift
[2146/2351] Compiling GoogleGax RetryPolicy.swift
[2147/2351] Compiling GoogleGax RetryResult.swift
[2148/2351] Compiling GoogleGax RetryState.swift
[2149/2351] Compiling GoogleGax RetryThrottler.swift
[2150/2351] Compiling GoogleGax RetryThrottlerError.swift
[2151/2351] Compiling GoogleGax RoutingMatcher.swift
[2152/2351] Compiling GoogleGax ContinueOnIO.swift
[2153/2351] Compiling GoogleGax CredentialsProtocol.swift
[2154/2351] Compiling GoogleGax ErrorWrapper.swift
[2155/2351] Compiling GoogleGax ExponentialBackoff+BackoffPolicy.swift
[2156/2351] Compiling GoogleGax ExponentialBackoff+PollingBackoffPolicy.swift
[2157/2351] Compiling GoogleGax ExponentialBackoff.swift
[2158/2351] Compiling GoogleGax HTTPClient.swift
[2159/2351] Compiling GoogleGax HTTPClientHolder.swift
[2160/2351] Emitting module GoogleGax
[2161/2351] Compiling GoogleGax BaseRetryPolicy.swift
[2162/2351] Compiling GoogleGax BindingError.swift
[2163/2351] Compiling GoogleGax CRC32C.swift
[2164/2351] Compiling GoogleGax CircuitBreaker.swift
[2165/2351] Compiling GoogleGax ClientError.swift
[2166/2351] Compiling GoogleGax ClientOptions.swift
[2167/2351] Compiling GoogleGax ContinueOnIO+PollingErrorPolicy.swift
[2168/2351] Compiling GoogleGax ContinueOnIO+RetryPolicy.swift
[2169/2351] Compiling GoogleGax HTTPClientProtocol.swift
[2170/2351] Compiling GoogleGax HTTPClientRequest.swift
[2171/2351] Compiling GoogleGax HTTPClientResponse.swift
[2172/2351] Compiling GoogleGax HTTPHeaders.swift
[2173/2351] Compiling GoogleGax HTTPResponseBody.swift
[2174/2351] Compiling GoogleGax HeaderNames.swift
[2175/2351] Compiling GoogleGax Host.swift
[2176/2351] Compiling GoogleGax InProgressResult.swift
[2177/2351] Compiling GoogleGax ServiceError.swift
[2178/2351] Compiling GoogleGax StatusDetail.swift
[2179/2351] Compiling GoogleGax StrictIdempotency.swift
[2180/2351] Compiling GoogleGax ThrottleResult.swift
[2181/2351] Compiling GoogleGax TooManyRequests+PollingErrorPolicy.swift
[2182/2351] Compiling GoogleGax TooManyRequests+RetryPolicy.swift
[2183/2351] Compiling GoogleGax TooManyRequests.swift
[2184/2351] Compiling GoogleGax PackageVersion.swift
BUILD FAILURE 6.2 android