Build Information
Failed to build DMAction, reference main (10bced), with Swift 6.3 for Wasm on 10 Oct 2026 03:37:27 UTC.
Build Command
bash -c docker run --pull=always --rm -v "checkouts-54344845-1":/host -w "$PWD" -e JAVA_HOME="/root/.sdkman/candidates/java/current" -e SPI_BUILD="1" -e SPI_PROCESSING="1" registry.gitlab.com/saguaro1/spi-images:wasm-6.3-latest swift build --swift-sdk swift-6.3.2-RELEASE_wasm 2>&1Build Log
========================================
RunAll
========================================
Builder version: 5.1.1
Interrupt handler set up.
========================================
Checkout
========================================
Clone URL: https://github.com/nikolay-dementiev/DMAction.git
Reference: main
Initialized empty Git repository in /host/spi-builder-workspace/.git/
hint: Using 'master' as the name for the initial branch. This default branch name
hint: is subject to change. To configure the initial branch name to use in all
hint: of your new repositories, which will suppress this warning, call:
hint:
hint: git config --global init.defaultBranch <name>
hint:
hint: Names commonly chosen instead of 'master' are 'main', 'trunk' and
hint: 'development'. The just-created branch can be renamed via this command:
hint:
hint: git branch -m <name>
From https://github.com/nikolay-dementiev/DMAction
* branch main -> FETCH_HEAD
* [new branch] main -> origin/main
HEAD is now at 10bced0 Merge pull request #14 from nikolay-dementiev/ci/deepsource-shell
Cloned https://github.com/nikolay-dementiev/DMAction.git
Revision (git rev-parse @):
10bced08770c2db7f5957cdef7de22b48b66cb90
SPI manifest file found: $PWD/.spi.yml
SUCCESS checkout https://github.com/nikolay-dementiev/DMAction.git at main
========================================
Build
========================================
Selected platform: wasm
Swift version: 6.3
Building package at path: $PWD
https://github.com/nikolay-dementiev/DMAction.git
Running build ...
bash -c docker run --pull=always --rm -v "checkouts-54344845-1":/host -w "$PWD" -e JAVA_HOME="/root/.sdkman/candidates/java/current" -e SPI_BUILD="1" -e SPI_PROCESSING="1" registry.gitlab.com/saguaro1/spi-images:wasm-6.3-latest swift build --swift-sdk swift-6.3.2-RELEASE_wasm 2>&1
wasm-6.3-latest: Pulling from saguaro1/spi-images
Digest: sha256:df2e9038ff906af397ec7b7e13902ccb183f8867606bc33419e44453a9abdb4b
Status: Image is up to date for registry.gitlab.com/saguaro1/spi-images:wasm-6.3-latest
Building for debugging...
[0/2] Write sources
[1/2] Write swift-version-24593BA9C3E375BF.txt
[3/10] Compiling DMAction Result+DMAction.swift
error: emit-module command failed with exit code 1 (use -v to see invocation)
[4/10] Compiling DMAction DMButtonAction.swift
[5/10] Compiling DMAction DMActionWithFallback.swift
[6/10] Compiling DMAction DMAction.swift
[7/10] Compiling DMAction ActionPlan.swift
[8/10] Compiling DMAction DMActionResultValue.swift
[9/10] Emitting module DMAction
/host/spi-builder-workspace/Sources/DMAction/ActionRun.swift:33:28: error: cannot find type 'Thread' in scope
31 | var cursor: Cursor?
32 | /// The thread inside the producer call, until the call returns.
33 | var callingThread: Thread?
| `- error: cannot find type 'Thread' in scope
34 | /// The first result, when it arrived on the calling thread before the call returned.
35 | var deposit: DMButtonAction.ResultType?
/host/spi-builder-workspace/Sources/DMAction/ActionRun.swift:37:45: error: cannot find type 'Thread' in scope
35 | var deposit: DMButtonAction.ResultType?
36 |
37 | init(cursor: Cursor, callingThread: Thread) {
| `- error: cannot find type 'Thread' in scope
38 | self.cursor = cursor
39 | self.callingThread = callingThread
[10/10] Compiling DMAction ActionRun.swift
/host/spi-builder-workspace/Sources/DMAction/ActionRun.swift:33:28: error: cannot find type 'Thread' in scope
31 | var cursor: Cursor?
32 | /// The thread inside the producer call, until the call returns.
33 | var callingThread: Thread?
| `- error: cannot find type 'Thread' in scope
34 | /// The first result, when it arrived on the calling thread before the call returned.
35 | var deposit: DMButtonAction.ResultType?
/host/spi-builder-workspace/Sources/DMAction/ActionRun.swift:37:45: error: cannot find type 'Thread' in scope
35 | var deposit: DMButtonAction.ResultType?
36 |
37 | init(cursor: Cursor, callingThread: Thread) {
| `- error: cannot find type 'Thread' in scope
38 | self.cursor = cursor
39 | self.callingThread = callingThread
/host/spi-builder-workspace/Sources/DMAction/ActionRun.swift:90:62: error: cannot find 'Thread' in scope
88 | /// not while a producer is still inside its call.
89 | private func call(_ cursor: Cursor) -> DMButtonAction.ResultType? {
90 | let attempt = Attempt(cursor: cursor, callingThread: Thread.current)
| `- error: cannot find 'Thread' in scope
91 | // The run is held strongly: a producer may keep its completion and call it after
92 | // everything else has let go of the run.
/host/spi-builder-workspace/Sources/DMAction/ActionRun.swift:116:38: error: cannot find 'Thread' in scope
114 | // on at once: the producer may be waiting, inside its call, for an effect of this very
115 | // completion, and making the completion wait for the call would deadlock both.
116 | if attempt.callingThread === Thread.current {
| `- error: cannot find 'Thread' in scope
117 | attempt.deposit = result
118 | lock.unlock()
BUILD FAILURE 6.3 wasm