Build Information
Failed to build user-default-entries, reference 0.1.0 (8affc7), with Swift 6.2 for Android on 18 Jul 2026 18:21:49 UTC.
Build Command
bash -c docker run --pull=always --rm -v "checkouts-54344849-3":/host -w "$PWD" -e JAVA_HOME="/root/.sdkman/candidates/java/current" -e SPI_BUILD="1" -e SPI_PROCESSING="1" registry.gitlab.com/saguaro1/spi-images:android-6.2-latest swift build --swift-sdk aarch64-unknown-linux-android28 2>&1Build Log
========================================
RunAll
========================================
Builder version: 333316120c8b89ed7d21f1b34865290794301d91
Interrupt handler set up.
========================================
Checkout
========================================
Clone URL: https://github.com/edonv/user-default-entries.git
Reference: 0.1.0
Initialized empty Git repository in /host/spi-builder-workspace/.git/
hint: Using 'master' as the name for the initial branch. This default branch name
hint: is subject to change. To configure the initial branch name to use in all
hint: of your new repositories, which will suppress this warning, call:
hint:
hint: git config --global init.defaultBranch <name>
hint:
hint: Names commonly chosen instead of 'master' are 'main', 'trunk' and
hint: 'development'. The just-created branch can be renamed via this command:
hint:
hint: git branch -m <name>
From https://github.com/edonv/user-default-entries
* tag 0.1.0 -> FETCH_HEAD
HEAD is now at 8affc72 Update README.md
Cloned https://github.com/edonv/user-default-entries.git
Revision (git rev-parse @):
8affc72bb6d64b0b463848c4afe4f15bbb7391c7
SPI manifest file found: $PWD/.spi.yml
SUCCESS checkout https://github.com/edonv/user-default-entries.git at 0.1.0
========================================
Build
========================================
Selected platform: android
Swift version: 6.2
Building package at path: $PWD
https://github.com/edonv/user-default-entries.git
Running build ...
bash -c docker run --pull=always --rm -v "checkouts-54344849-3":/host -w "$PWD" -e JAVA_HOME="/root/.sdkman/candidates/java/current" -e SPI_BUILD="1" -e SPI_PROCESSING="1" registry.gitlab.com/saguaro1/spi-images:android-6.2-latest swift build --swift-sdk aarch64-unknown-linux-android28 2>&1
android-6.2-latest: Pulling from saguaro1/spi-images
Digest: sha256:3f0849bce0d177c252f57ff0847fffe59d625aee973279c71a52a43c740d3c90
Status: Image is up to date for registry.gitlab.com/saguaro1/spi-images:android-6.2-latest
Fetching https://github.com/swiftlang/swift-syntax.git
[1/76050] Fetching swift-syntax
Fetched https://github.com/swiftlang/swift-syntax.git from cache (2.85s)
Computing version for https://github.com/swiftlang/swift-syntax.git
Computed https://github.com/swiftlang/swift-syntax.git at 603.0.2 (3.80s)
Creating working copy for https://github.com/swiftlang/swift-syntax.git
Working copy of https://github.com/swiftlang/swift-syntax.git resolved at 603.0.2
Found unhandled resource at /host/spi-builder-workspace/Sources/PrivacyInfo.xcprivacy
Building for debugging...
[0/46] Write sources
[19/46] Copying PrivacyInfo.xcprivacy
[23/46] Compiling _SwiftSyntaxCShims PlatformMutex.c
[24/46] Write swift-version--11D90AFD9DD3AB2.txt
[26/73] Compiling SwiftSyntax602 Empty.swift
[27/73] Emitting module SwiftSyntax602
[28/74] Emitting module SwiftSyntax510
[29/74] Compiling SwiftSyntax510 Empty.swift
[32/75] Emitting module SwiftSyntax603
[33/75] Compiling SwiftSyntax603 Empty.swift
[33/76] Wrapping AST for SwiftSyntax602 for debugging
[35/76] Wrapping AST for SwiftSyntax510 for debugging
[36/76] Wrapping AST for SwiftSyntax603 for debugging
[38/76] Compiling SwiftSyntax601 Empty.swift
[39/76] Emitting module SwiftSyntax601
[40/77] Compiling SwiftSyntax600 Empty.swift
[41/77] Emitting module SwiftSyntax600
[44/78] Compiling SwiftSyntax509 Empty.swift
[45/78] Emitting module SwiftSyntax509
[46/79] Wrapping AST for SwiftSyntax601 for debugging
[47/79] Wrapping AST for SwiftSyntax600 for debugging
[48/79] Wrapping AST for SwiftSyntax509 for debugging
[50/142] Compiling SwiftSyntax Identifier.swift
[51/142] Compiling SwiftSyntax MemoryLayout.swift
[52/142] Compiling SwiftSyntax MissingNodeInitializers.swift
[53/142] Compiling SwiftSyntax RawSyntax.swift
[54/142] Compiling SwiftSyntax RawSyntaxArena.swift
[55/142] Compiling SwiftSyntax RawSyntaxLayoutView.swift
[56/142] Compiling SwiftSyntax RawSyntaxNodeProtocol.swift
[57/142] Compiling SwiftSyntax RawSyntaxTokenView.swift
[58/142] Compiling SwiftSyntax SourceEdit.swift
[59/150] Compiling SwiftSyntax RenamedNodesCompatibility.swift
[60/150] Compiling SwiftSyntax SyntaxAnyVisitor.swift
[61/152] Compiling SwiftSyntax SyntaxRewriter.swift
[62/152] Compiling SwiftSyntax SyntaxTraits.swift
[63/152] Compiling SwiftSyntax Keyword.swift
[64/152] Compiling SwiftSyntax RenamedChildrenCompatibility.swift
[65/152] Compiling SwiftSyntax RawSyntaxNodesD.swift
[66/152] Compiling SwiftSyntax ChildNameForKeyPath.swift
[67/152] Compiling SwiftSyntax Tokens.swift
[68/152] Compiling SwiftSyntax TriviaPieces.swift
[69/152] Emitting module UserDefaultable
[70/152] Compiling UserDefaultable URL+UserDefaultable.swift
[71/152] Compiling UserDefaultable UserDefaultable.swift
[72/152] Compiling SwiftSyntax SyntaxVisitor.swift
[73/152] Compiling SwiftSyntax TokenKind.swift
[74/152] Compiling SwiftSyntax RawSyntaxNodesAB.swift
[75/152] Compiling SwiftSyntax RawSyntaxNodesC.swift
[77/156] Compiling UserDefault resource_bundle_accessor.swift
/host/spi-builder-workspace/Sources/UserDefault/UserDefault.swift:8:8: error: no such module 'SwiftUI'
6 | //
7 |
8 | import SwiftUI
| `- error: no such module 'SwiftUI'
9 | import UserDefaultable
10 |
error: emit-module command failed with exit code 1 (use -v to see invocation)
[78/156] Emitting module UserDefault
/host/spi-builder-workspace/Sources/UserDefault/UserDefault.swift:8:8: error: no such module 'SwiftUI'
6 | //
7 |
8 | import SwiftUI
| `- error: no such module 'SwiftUI'
9 | import UserDefaultable
10 |
[79/156] Compiling UserDefault UserDefault.swift
/host/spi-builder-workspace/Sources/UserDefault/UserDefault.swift:8:8: error: no such module 'SwiftUI'
6 | //
7 |
8 | import SwiftUI
| `- error: no such module 'SwiftUI'
9 | import UserDefaultable
10 |
BUILD FAILURE 6.2 android