The Swift Package Index logo.Swift Package Index

Build Information

Failed to build AgoraUIKit_macOS, reference main (b110d3), with Swift 6.4 for macOS (Xcode) using Xcode 27.0 on 18 Sep 2026 22:24:36 UTC.

Build Command

env DEVELOPER_DIR=/Applications/Xcode-27.0.0-Release.Candidate.app xcrun xcodebuild -IDEClonedSourcePackagesDirPathOverride=$PWD/.dependencies -skipMacroValidation -skipPackagePluginValidation -derivedDataPath $PWD/.derivedData build -scheme AgoraUIKit_macOS-Package -destination platform=macOS,arch=arm64

Build Log

========================================
RunAll
========================================
Builder version: 5.1.0
Interrupt handler set up.
========================================
Checkout
========================================
Clone URL: https://github.com/AgoraIO-Community/VideoUIKit-macOS.git
Reference: main
Initialized empty Git repository in /Users/admin/builder/spi-builder-workspace/.git/
From https://github.com/AgoraIO-Community/VideoUIKit-macOS
 * branch            main       -> FETCH_HEAD
 * [new branch]      main       -> origin/main
HEAD is now at b110d3b Merge pull request #6 from AgoraIO-Community/410-update
Cloned https://github.com/AgoraIO-Community/VideoUIKit-macOS.git
Revision (git rev-parse @):
b110d3bded4fc06a3768567a8abe1d91fbdc196e
SPI manifest file found: $PWD/.spi.yml
SUCCESS checkout https://github.com/AgoraIO-Community/VideoUIKit-macOS.git at main
========================================
Build
========================================
Selected platform:         macosXcodebuild
Swift version:             6.4
Building package at path:  $PWD
https://github.com/AgoraIO-Community/VideoUIKit-macOS.git
Command line invocation:
    /Applications/Xcode-27.0.0-Release.Candidate.app/Contents/Developer/usr/bin/xcodebuild -IDEClonedSourcePackagesDirPathOverride=/Users/admin/builder/spi-builder-workspace/.dependencies -resolvePackageDependencies
Resolve Package Graph
Fetching from https://github.com/AgoraIO/AgoraRtcEngine_macOS
Fetching from https://github.com/AgoraIO/AgoraRtm_macOS
Creating working copy of package ‘AgoraRtm_macOS’
Checking out 1.5.1 of package ‘AgoraRtm_macOS’
Creating working copy of package ‘AgoraRtcEngine_macOS’
Checking out 4.1.1 of package ‘AgoraRtcEngine_macOS’
Resolve Package Graph
Resolved source packages:
  AgoraRtmKit: https://github.com/AgoraIO/AgoraRtm_macOS @ 1.5.1
  AgoraUIKit_macOS: /Users/admin/builder/spi-builder-workspace
  AgoraRtcKit: https://github.com/AgoraIO/AgoraRtcEngine_macOS @ 4.1.1
resolved source packages: AgoraRtmKit, AgoraUIKit_macOS, AgoraRtcKit
2026-09-18 18:23:38.052 xcodebuild[525:3000] [MT] IDERunDestination: Supported platforms for the buildables in the current scheme is empty.
{
  "dependencies" : [
    {
      "identity" : "agorartcengine_macos",
      "requirement" : {
        "range" : [
          {
            "lower_bound" : "4.1.0",
            "upper_bound" : "4.2.0"
          }
        ]
      },
      "type" : "sourceControl",
      "url" : "https://github.com/AgoraIO/AgoraRtcEngine_macOS"
    },
    {
      "identity" : "agorartm_macos",
      "requirement" : {
        "range" : [
          {
            "lower_bound" : "1.5.1",
            "upper_bound" : "1.6.0"
          }
        ]
      },
      "type" : "sourceControl",
      "url" : "https://github.com/AgoraIO/AgoraRtm_macOS"
    }
  ],
  "manifest_display_name" : "AgoraUIKit_macOS",
  "name" : "AgoraUIKit_macOS",
  "path" : "/Users/admin/builder/spi-builder-workspace",
  "platforms" : [
    {
      "name" : "macos",
      "version" : "10.15"
    }
  ],
  "products" : [
    {
      "name" : "AgoraUIKit",
      "targets" : [
        "AgoraUIKit",
        "AgoraRtmControl"
      ],
      "type" : {
        "library" : [
          "automatic"
        ]
      }
    },
    {
      "name" : "AgoraAppGroupDataHelper",
      "targets" : [
        "AgoraAppGroupDataHelper"
      ],
      "type" : {
        "library" : [
          "automatic"
        ]
      }
    }
  ],
  "targets" : [
    {
      "c99name" : "AgoraUIKit_Tests",
      "module_type" : "SwiftTarget",
      "name" : "AgoraUIKit-Tests",
      "path" : "Tests/Agora-UIKit-Tests",
      "sources" : [
        "RtcEncodingTests.swift",
        "RtmMessagingTests.swift",
        "RtmUserIdHandlingTests.swift"
      ],
      "target_dependencies" : [
        "AgoraUIKit",
        "AgoraRtmControl"
      ],
      "type" : "test"
    },
    {
      "c99name" : "AgoraUIKit",
      "module_type" : "SwiftTarget",
      "name" : "AgoraUIKit",
      "path" : "Sources/Agora-Video-UIKit",
      "product_dependencies" : [
        "RtcBasic"
      ],
      "product_memberships" : [
        "AgoraUIKit"
      ],
      "sources" : [
        "AgoraCameraSourcePush.swift",
        "AgoraCollectionViewer.swift",
        "AgoraConnectionData.swift",
        "AgoraSettings.swift",
        "AgoraSingleVideoView+RtmDelegate.swift",
        "AgoraSingleVideoView+RtmOptions.swift",
        "AgoraSingleVideoView.swift",
        "AgoraUIKit+AgoraRtmController+Extensions.swift",
        "AgoraUIKit+AgoraRtmController+MuteRequests.swift",
        "AgoraUIKit+AgoraRtmController+SendHelpers.swift",
        "AgoraUIKit+MD5.swift",
        "AgoraUIKit.swift",
        "AgoraVideoViewer+AgoraExtensions.swift",
        "AgoraVideoViewer+AgoraRtcEngineDelegate.swift",
        "AgoraVideoViewer+Buttons.swift",
        "AgoraVideoViewer+JoinChannel.swift",
        "AgoraVideoViewer+LocalVideo.swift",
        "AgoraVideoViewer+Ordering.swift",
        "AgoraVideoViewer+Permissions.swift",
        "AgoraVideoViewer+RtcEngineDelegateOverflow.swift",
        "AgoraVideoViewer+Token.swift",
        "AgoraVideoViewer+Utilities.swift",
        "AgoraVideoViewer+VideoControl.swift",
        "AgoraVideoViewer.swift",
        "AgoraViewer.swift",
        "UIButton+Extensions.swift",
        "iOS+macOS+typealiases.swift"
      ],
      "target_dependencies" : [
        "AgoraRtmControl"
      ],
      "type" : "library"
    },
    {
      "c99name" : "AgoraRtmControl",
      "module_type" : "SwiftTarget",
      "name" : "AgoraRtmControl",
      "path" : "Sources/AgoraRtmControl",
      "product_dependencies" : [
        "AgoraRtmKit"
      ],
      "product_memberships" : [
        "AgoraUIKit"
      ],
      "sources" : [
        "AgoraRtmController+AgoraRtmDelegate.swift",
        "AgoraRtmController+MuteRequests.swift",
        "AgoraRtmController+RtmDelegateOverflows.swift",
        "AgoraRtmController+SendHelpers.swift",
        "AgoraRtmController+Tokens.swift",
        "AgoraRtmController.swift"
      ],
      "type" : "library"
    },
    {
      "c99name" : "AgoraAppGroupDataHelper",
      "module_type" : "SwiftTarget",
      "name" : "AgoraAppGroupDataHelper",
      "path" : "Sources/AgoraAppGroupDataHelper",
      "product_memberships" : [
        "AgoraAppGroupDataHelper"
      ],
      "sources" : [
        "AgoraAppGroupDataHelper.swift"
      ],
      "type" : "library"
    }
  ],
  "tools_version" : "5.5"
}
{
  "workspace" : {
    "name" : "AgoraUIKit_macOS",
    "schemes" : [
      "AgoraAppGroupDataHelper",
      "AgoraUIKit",
      "AgoraUIKit_macOS-Package"
    ]
  }
}
2026-09-18 18:24:19.821 xcodebuild[937:4790] [MT] IDERunDestination: Supported platforms for the buildables in the current scheme is empty.
Running build ...
env DEVELOPER_DIR=/Applications/Xcode-27.0.0-Release.Candidate.app xcrun xcodebuild -IDEClonedSourcePackagesDirPathOverride=$PWD/.dependencies -skipMacroValidation -skipPackagePluginValidation -derivedDataPath $PWD/.derivedData build -scheme AgoraUIKit_macOS-Package -destination platform=macOS,arch=arm64
Command line invocation:
    /Applications/Xcode-27.0.0-Release.Candidate.app/Contents/Developer/usr/bin/xcodebuild -IDEClonedSourcePackagesDirPathOverride=/Users/admin/builder/spi-builder-workspace/.dependencies -skipMacroValidation -skipPackagePluginValidation -derivedDataPath /Users/admin/builder/spi-builder-workspace/.derivedData build -scheme AgoraUIKit_macOS-Package -destination platform=macOS,arch=arm64
Resolve Package Graph
Resolve Package Graph
Resolved source packages:
  AgoraRtcKit: https://github.com/AgoraIO/AgoraRtcEngine_macOS @ 4.1.1
  AgoraRtmKit: https://github.com/AgoraIO/AgoraRtm_macOS @ 1.5.1
  AgoraUIKit_macOS: /Users/admin/builder/spi-builder-workspace
ComputePackagePrebuildTargetDependencyGraph
Prepare packages
CreateBuildRequest
SendProjectDescription
CreateBuildOperation
ComputeTargetDependencyGraph
note: Building targets in dependency order
note: Target dependency graph (7 targets)
    Target 'AgoraAppGroupDataHelper-product' in project 'AgoraUIKit_macOS'
        ➜ Explicit dependency on target 'AgoraAppGroupDataHelper' in project 'AgoraUIKit_macOS'
    Target 'AgoraAppGroupDataHelper' in project 'AgoraUIKit_macOS' (no dependencies)
    Target 'AgoraUIKit-product' in project 'AgoraUIKit_macOS'
        ➜ Explicit dependency on target 'AgoraUIKit' in project 'AgoraUIKit_macOS'
        ➜ Explicit dependency on target 'AgoraRtmControl' in project 'AgoraUIKit_macOS'
        ➜ Explicit dependency on target 'AgoraRtmKit-product' in project 'AgoraRtmKit'
        ➜ Explicit dependency on target 'RtcBasic-product' in project 'AgoraRtcKit'
    Target 'AgoraUIKit' in project 'AgoraUIKit_macOS'
        ➜ Explicit dependency on target 'AgoraRtmControl' in project 'AgoraUIKit_macOS'
        ➜ Explicit dependency on target 'AgoraRtmKit-product' in project 'AgoraRtmKit'
        ➜ Explicit dependency on target 'RtcBasic-product' in project 'AgoraRtcKit'
    Target 'RtcBasic-product' in project 'AgoraRtcKit' (no dependencies)
    Target 'AgoraRtmControl' in project 'AgoraUIKit_macOS'
        ➜ Explicit dependency on target 'AgoraRtmKit-product' in project 'AgoraRtmKit'
    Target 'AgoraRtmKit-product' in project 'AgoraRtmKit' (no dependencies)
GatherProvisioningInputs
CreateBuildDescription
ExecuteExternalTool /Applications/Xcode-27.0.0-Release.Candidate.app/Contents/Developer/Toolchains/XcodeDefault.xctoolchain/usr/bin/clang -v -E -dM -isysroot /Applications/Xcode-27.0.0-Release.Candidate.app/Contents/Developer/Platforms/MacOSX.platform/Developer/SDKs/MacOSX27.0.sdk -x c -c /dev/null
ExecuteExternalTool /Applications/Xcode-27.0.0-Release.Candidate.app/Contents/Developer/Toolchains/XcodeDefault.xctoolchain/usr/bin/swiftc --version
ExecuteExternalTool /Applications/Xcode-27.0.0-Release.Candidate.app/Contents/Developer/Toolchains/XcodeDefault.xctoolchain/usr/bin/ld -version_details
ReadFileContents /Applications/Xcode-27.0.0-Release.Candidate.app/Contents/Developer/Toolchains/XcodeDefault.xctoolchain/usr/share/docc/features.json
Build description signature: 68e56dcf48ce448072ad4de55ebf4e09
Build description path: /Users/admin/builder/spi-builder-workspace/.derivedData/Build/Intermediates.noindex/XCBuildData/68e56dcf48ce448072ad4de55ebf4e09.xcbuilddata
CreateBuildDirectory /Users/admin/builder/spi-builder-workspace/.derivedData/SDKExplicitPrecompiledModules
    cd /Users/admin/builder/spi-builder-workspace/.swiftpm/xcode
    builtin-create-build-directory /Users/admin/builder/spi-builder-workspace/.derivedData/SDKExplicitPrecompiledModules
CreateBuildDirectory /Users/admin/builder/spi-builder-workspace/.derivedData/CompilationCache.noindex
    cd /Users/admin/builder/spi-builder-workspace/.swiftpm/xcode
    builtin-create-build-directory /Users/admin/builder/spi-builder-workspace/.derivedData/CompilationCache.noindex
CreateBuildDirectory /Users/admin/builder/spi-builder-workspace/.derivedData/ModuleCache.noindex
    cd /Users/admin/builder/spi-builder-workspace/.swiftpm/xcode
    builtin-create-build-directory /Users/admin/builder/spi-builder-workspace/.derivedData/ModuleCache.noindex
CreateBuildDirectory /Users/admin/builder/spi-builder-workspace/.derivedData/Build/Intermediates.noindex
    cd /Users/admin/builder/spi-builder-workspace/.swiftpm/xcode
    builtin-create-build-directory /Users/admin/builder/spi-builder-workspace/.derivedData/Build/Intermediates.noindex
CreateBuildDirectory /Users/admin/builder/spi-builder-workspace/.derivedData/Build/Products
    cd /Users/admin/builder/spi-builder-workspace/.swiftpm/xcode
    builtin-create-build-directory /Users/admin/builder/spi-builder-workspace/.derivedData/Build/Products
ClangStatCache /Applications/Xcode-27.0.0-Release.Candidate.app/Contents/Developer/Toolchains/XcodeDefault.xctoolchain/usr/bin/clang-stat-cache /Applications/Xcode-27.0.0-Release.Candidate.app/Contents/Developer/Platforms/MacOSX.platform/Developer/SDKs/MacOSX27.0.sdk /Users/admin/builder/spi-builder-workspace/.derivedData/SDKStatCaches.noindex/macosx27.0-26A425-e829b21a6f8c9b70876ba0858053c0446a22442a12e9d48fe1a705f55a1adfc4.sdkstatcache
    cd /Users/admin/builder/spi-builder-workspace/.swiftpm/xcode
    /Applications/Xcode-27.0.0-Release.Candidate.app/Contents/Developer/Toolchains/XcodeDefault.xctoolchain/usr/bin/clang-stat-cache /Applications/Xcode-27.0.0-Release.Candidate.app/Contents/Developer/Platforms/MacOSX.platform/Developer/SDKs/MacOSX27.0.sdk -o /Users/admin/builder/spi-builder-workspace/.derivedData/SDKStatCaches.noindex/macosx27.0-26A425-e829b21a6f8c9b70876ba0858053c0446a22442a12e9d48fe1a705f55a1adfc4.sdkstatcache
CreateBuildDirectory /Users/admin/builder/spi-builder-workspace/.derivedData/Build/Intermediates.noindex/SwiftExplicitPrecompiledModules
    cd /Users/admin/builder/spi-builder-workspace/.swiftpm/xcode
    builtin-create-build-directory /Users/admin/builder/spi-builder-workspace/.derivedData/Build/Intermediates.noindex/SwiftExplicitPrecompiledModules
CreateBuildDirectory /Users/admin/builder/spi-builder-workspace/.derivedData/Build/Intermediates.noindex/PrecompiledHeaders
    cd /Users/admin/builder/spi-builder-workspace/.swiftpm/xcode
    builtin-create-build-directory /Users/admin/builder/spi-builder-workspace/.derivedData/Build/Intermediates.noindex/PrecompiledHeaders
CreateBuildDirectory /Users/admin/builder/spi-builder-workspace/.derivedData/Build/Intermediates.noindex/ExplicitPrecompiledModules
    cd /Users/admin/builder/spi-builder-workspace/.swiftpm/xcode
    builtin-create-build-directory /Users/admin/builder/spi-builder-workspace/.derivedData/Build/Intermediates.noindex/ExplicitPrecompiledModules
CreateBuildDirectory /Users/admin/builder/spi-builder-workspace/.derivedData/Build/Intermediates.noindex/EagerLinkingTBDs/Debug
    cd /Users/admin/builder/spi-builder-workspace/.swiftpm/xcode
    builtin-create-build-directory /Users/admin/builder/spi-builder-workspace/.derivedData/Build/Intermediates.noindex/EagerLinkingTBDs/Debug
CreateBuildDirectory /Users/admin/builder/spi-builder-workspace/.derivedData/Build/Products/Debug
    cd /Users/admin/builder/spi-builder-workspace/.swiftpm/xcode
    builtin-create-build-directory /Users/admin/builder/spi-builder-workspace/.derivedData/Build/Products/Debug
CreateBuildDirectory /Users/admin/builder/spi-builder-workspace/.derivedData/Build/Products/Debug/PackageFrameworks
    cd /Users/admin/builder/spi-builder-workspace/.swiftpm/xcode
    builtin-create-build-directory /Users/admin/builder/spi-builder-workspace/.derivedData/Build/Products/Debug/PackageFrameworks
WriteAuxiliaryFile /Users/admin/builder/spi-builder-workspace/.derivedData/Build/Intermediates.noindex/AgoraUIKit_macOS.build/Debug/AgoraAppGroupDataHelper-t.build/AgoraAppGroupDataHelper.modulemap (in target 'AgoraAppGroupDataHelper' from project 'AgoraUIKit_macOS')
    cd /Users/admin/builder/spi-builder-workspace
    write-file /Users/admin/builder/spi-builder-workspace/.derivedData/Build/Intermediates.noindex/AgoraUIKit_macOS.build/Debug/AgoraAppGroupDataHelper-t.build/AgoraAppGroupDataHelper.modulemap
WriteAuxiliaryFile /Users/admin/builder/spi-builder-workspace/.derivedData/Build/Intermediates.noindex/AgoraUIKit_macOS.build/Debug/AgoraAppGroupDataHelper-t.build/AgoraAppGroupDataHelper.DependencyStaticMetadataFileList (in target 'AgoraAppGroupDataHelper' from project 'AgoraUIKit_macOS')
    cd /Users/admin/builder/spi-builder-workspace
    write-file /Users/admin/builder/spi-builder-workspace/.derivedData/Build/Intermediates.noindex/AgoraUIKit_macOS.build/Debug/AgoraAppGroupDataHelper-t.build/AgoraAppGroupDataHelper.DependencyStaticMetadataFileList
WriteAuxiliaryFile /Users/admin/builder/spi-builder-workspace/.derivedData/Build/Intermediates.noindex/AgoraUIKit_macOS.build/Debug/AgoraAppGroupDataHelper-t.build/AgoraAppGroupDataHelper.DependencyMetadataFileList (in target 'AgoraAppGroupDataHelper' from project 'AgoraUIKit_macOS')
    cd /Users/admin/builder/spi-builder-workspace
    write-file /Users/admin/builder/spi-builder-workspace/.derivedData/Build/Intermediates.noindex/AgoraUIKit_macOS.build/Debug/AgoraAppGroupDataHelper-t.build/AgoraAppGroupDataHelper.DependencyMetadataFileList
WriteAuxiliaryFile /Users/admin/builder/spi-builder-workspace/.derivedData/Build/Intermediates.noindex/AgoraUIKit_macOS.build/Debug/AgoraAppGroupDataHelper-t.build/Objects-normal/arm64/AgoraAppGroupDataHelper.LinkFileList (in target 'AgoraAppGroupDataHelper' from project 'AgoraUIKit_macOS')
    cd /Users/admin/builder/spi-builder-workspace
    write-file /Users/admin/builder/spi-builder-workspace/.derivedData/Build/Intermediates.noindex/AgoraUIKit_macOS.build/Debug/AgoraAppGroupDataHelper-t.build/Objects-normal/arm64/AgoraAppGroupDataHelper.LinkFileList
WriteAuxiliaryFile /Users/admin/builder/spi-builder-workspace/.derivedData/Build/Intermediates.noindex/AgoraUIKit_macOS.build/Debug/AgoraAppGroupDataHelper-t.build/Objects-normal/arm64/AgoraAppGroupDataHelper_const_extract_protocols.json (in target 'AgoraAppGroupDataHelper' from project 'AgoraUIKit_macOS')
    cd /Users/admin/builder/spi-builder-workspace
    write-file /Users/admin/builder/spi-builder-workspace/.derivedData/Build/Intermediates.noindex/AgoraUIKit_macOS.build/Debug/AgoraAppGroupDataHelper-t.build/Objects-normal/arm64/AgoraAppGroupDataHelper_const_extract_protocols.json
WriteAuxiliaryFile /Users/admin/builder/spi-builder-workspace/.derivedData/Build/Intermediates.noindex/AgoraUIKit_macOS.build/Debug/AgoraAppGroupDataHelper-t.build/Objects-normal/arm64/AgoraAppGroupDataHelper.SwiftFileList (in target 'AgoraAppGroupDataHelper' from project 'AgoraUIKit_macOS')
    cd /Users/admin/builder/spi-builder-workspace
    write-file /Users/admin/builder/spi-builder-workspace/.derivedData/Build/Intermediates.noindex/AgoraUIKit_macOS.build/Debug/AgoraAppGroupDataHelper-t.build/Objects-normal/arm64/AgoraAppGroupDataHelper.SwiftFileList
WriteAuxiliaryFile /Users/admin/builder/spi-builder-workspace/.derivedData/Build/Intermediates.noindex/AgoraUIKit_macOS.build/Debug/AgoraAppGroupDataHelper-t.build/Objects-normal/arm64/AgoraAppGroupDataHelper-OutputFileMap.json (in target 'AgoraAppGroupDataHelper' from project 'AgoraUIKit_macOS')
    cd /Users/admin/builder/spi-builder-workspace
    write-file /Users/admin/builder/spi-builder-workspace/.derivedData/Build/Intermediates.noindex/AgoraUIKit_macOS.build/Debug/AgoraAppGroupDataHelper-t.build/Objects-normal/arm64/AgoraAppGroupDataHelper-OutputFileMap.json
WriteAuxiliaryFile /Users/admin/builder/spi-builder-workspace/.derivedData/Build/Intermediates.noindex/AgoraUIKit_macOS.build/Debug/AgoraAppGroupDataHelper-t.build/Objects-normal/arm64/AgoraAppGroupDataHelper.SwiftConstValuesFileList (in target 'AgoraAppGroupDataHelper' from project 'AgoraUIKit_macOS')
    cd /Users/admin/builder/spi-builder-workspace
    write-file /Users/admin/builder/spi-builder-workspace/.derivedData/Build/Intermediates.noindex/AgoraUIKit_macOS.build/Debug/AgoraAppGroupDataHelper-t.build/Objects-normal/arm64/AgoraAppGroupDataHelper.SwiftConstValuesFileList
Copy /Users/admin/builder/spi-builder-workspace/.derivedData/Build/Intermediates.noindex/GeneratedModuleMaps/AgoraAppGroupDataHelper.modulemap /Users/admin/builder/spi-builder-workspace/.derivedData/Build/Intermediates.noindex/AgoraUIKit_macOS.build/Debug/AgoraAppGroupDataHelper-t.build/AgoraAppGroupDataHelper.modulemap (in target 'AgoraAppGroupDataHelper' from project 'AgoraUIKit_macOS')
    cd /Users/admin/builder/spi-builder-workspace
    builtin-copy -exclude .DS_Store -exclude CVS -exclude .svn -exclude .git -exclude .hg -resolve-src-symlinks /Users/admin/builder/spi-builder-workspace/.derivedData/Build/Intermediates.noindex/AgoraUIKit_macOS.build/Debug/AgoraAppGroupDataHelper-t.build/AgoraAppGroupDataHelper.modulemap /Users/admin/builder/spi-builder-workspace/.derivedData/Build/Intermediates.noindex/GeneratedModuleMaps
ProcessXCFramework /Users/admin/builder/spi-builder-workspace/.dependencies/artifacts/agorartcengine_macos/AgoraSoundTouch/AgoraSoundTouch.xcframework /Users/admin/builder/spi-builder-workspace/.derivedData/Build/Products/Debug/AgoraSoundTouch.framework macos
    cd /Users/admin/builder/spi-builder-workspace/.swiftpm/xcode
    builtin-process-xcframework --xcframework /Users/admin/builder/spi-builder-workspace/.dependencies/artifacts/agorartcengine_macos/AgoraSoundTouch/AgoraSoundTouch.xcframework --platform macos --target-path /Users/admin/builder/spi-builder-workspace/.derivedData/Build/Products/Debug
ProcessXCFramework /Users/admin/builder/spi-builder-workspace/.dependencies/artifacts/agorartcengine_macos/av1/av1.xcframework /Users/admin/builder/spi-builder-workspace/.derivedData/Build/Products/Debug/av1.framework macos
    cd /Users/admin/builder/spi-builder-workspace/.swiftpm/xcode
    builtin-process-xcframework --xcframework /Users/admin/builder/spi-builder-workspace/.dependencies/artifacts/agorartcengine_macos/av1/av1.xcframework --platform macos --target-path /Users/admin/builder/spi-builder-workspace/.derivedData/Build/Products/Debug
ProcessXCFramework /Users/admin/builder/spi-builder-workspace/.dependencies/artifacts/agorartcengine_macos/Agoraffmpeg/Agoraffmpeg.xcframework /Users/admin/builder/spi-builder-workspace/.derivedData/Build/Products/Debug/Agoraffmpeg.framework macos
    cd /Users/admin/builder/spi-builder-workspace/.swiftpm/xcode
    builtin-process-xcframework --xcframework /Users/admin/builder/spi-builder-workspace/.dependencies/artifacts/agorartcengine_macos/Agoraffmpeg/Agoraffmpeg.xcframework --platform macos --target-path /Users/admin/builder/spi-builder-workspace/.derivedData/Build/Products/Debug
ProcessXCFramework /Users/admin/builder/spi-builder-workspace/.dependencies/artifacts/agorartcengine_macos/AgoraDav1d/AgoraDav1d.xcframework /Users/admin/builder/spi-builder-workspace/.derivedData/Build/Products/Debug/AgoraDav1d.framework macos
    cd /Users/admin/builder/spi-builder-workspace/.swiftpm/xcode
    builtin-process-xcframework --xcframework /Users/admin/builder/spi-builder-workspace/.dependencies/artifacts/agorartcengine_macos/AgoraDav1d/AgoraDav1d.xcframework --platform macos --target-path /Users/admin/builder/spi-builder-workspace/.derivedData/Build/Products/Debug
ProcessXCFramework /Users/admin/builder/spi-builder-workspace/.dependencies/artifacts/agorartcengine_macos/Agorafdkaac/Agorafdkaac.xcframework /Users/admin/builder/spi-builder-workspace/.derivedData/Build/Products/Debug/Agorafdkaac.framework macos
    cd /Users/admin/builder/spi-builder-workspace/.swiftpm/xcode
    builtin-process-xcframework --xcframework /Users/admin/builder/spi-builder-workspace/.dependencies/artifacts/agorartcengine_macos/Agorafdkaac/Agorafdkaac.xcframework --platform macos --target-path /Users/admin/builder/spi-builder-workspace/.derivedData/Build/Products/Debug
ProcessXCFramework /Users/admin/builder/spi-builder-workspace/.dependencies/artifacts/agorartm_macos/AgoraRtmKit/AgoraRtmKit.xcframework /Users/admin/builder/spi-builder-workspace/.derivedData/Build/Products/Debug/AgoraRtmKit.framework macos
    cd /Users/admin/builder/spi-builder-workspace/.swiftpm/xcode
    builtin-process-xcframework --xcframework /Users/admin/builder/spi-builder-workspace/.dependencies/artifacts/agorartm_macos/AgoraRtmKit/AgoraRtmKit.xcframework --platform macos --target-path /Users/admin/builder/spi-builder-workspace/.derivedData/Build/Products/Debug
ProcessXCFramework /Users/admin/builder/spi-builder-workspace/.dependencies/artifacts/agorartcengine_macos/AgoraRtcKit/AgoraRtcKit.xcframework /Users/admin/builder/spi-builder-workspace/.derivedData/Build/Products/Debug/AgoraRtcKit.framework macos
    cd /Users/admin/builder/spi-builder-workspace/.swiftpm/xcode
    builtin-process-xcframework --xcframework /Users/admin/builder/spi-builder-workspace/.dependencies/artifacts/agorartcengine_macos/AgoraRtcKit/AgoraRtcKit.xcframework --platform macos --target-path /Users/admin/builder/spi-builder-workspace/.derivedData/Build/Products/Debug
WriteAuxiliaryFile /Users/admin/builder/spi-builder-workspace/.derivedData/Build/Intermediates.noindex/AgoraUIKit_macOS.build/Debug/AgoraRtmControl-t.build/AgoraRtmControl.modulemap (in target 'AgoraRtmControl' from project 'AgoraUIKit_macOS')
    cd /Users/admin/builder/spi-builder-workspace
    write-file /Users/admin/builder/spi-builder-workspace/.derivedData/Build/Intermediates.noindex/AgoraUIKit_macOS.build/Debug/AgoraRtmControl-t.build/AgoraRtmControl.modulemap
WriteAuxiliaryFile /Users/admin/builder/spi-builder-workspace/.derivedData/Build/Intermediates.noindex/AgoraUIKit_macOS.build/Debug/AgoraRtmControl-t.build/Objects-normal/arm64/AgoraRtmControl_const_extract_protocols.json (in target 'AgoraRtmControl' from project 'AgoraUIKit_macOS')
    cd /Users/admin/builder/spi-builder-workspace
    write-file /Users/admin/builder/spi-builder-workspace/.derivedData/Build/Intermediates.noindex/AgoraUIKit_macOS.build/Debug/AgoraRtmControl-t.build/Objects-normal/arm64/AgoraRtmControl_const_extract_protocols.json
WriteAuxiliaryFile /Users/admin/builder/spi-builder-workspace/.derivedData/Build/Intermediates.noindex/AgoraUIKit_macOS.build/Debug/AgoraRtmControl-t.build/Objects-normal/arm64/AgoraRtmControl-OutputFileMap.json (in target 'AgoraRtmControl' from project 'AgoraUIKit_macOS')
    cd /Users/admin/builder/spi-builder-workspace
    write-file /Users/admin/builder/spi-builder-workspace/.derivedData/Build/Intermediates.noindex/AgoraUIKit_macOS.build/Debug/AgoraRtmControl-t.build/Objects-normal/arm64/AgoraRtmControl-OutputFileMap.json
WriteAuxiliaryFile /Users/admin/builder/spi-builder-workspace/.derivedData/Build/Intermediates.noindex/AgoraUIKit_macOS.build/Debug/AgoraRtmControl-t.build/Objects-normal/arm64/AgoraRtmControl.SwiftFileList (in target 'AgoraRtmControl' from project 'AgoraUIKit_macOS')
    cd /Users/admin/builder/spi-builder-workspace
    write-file /Users/admin/builder/spi-builder-workspace/.derivedData/Build/Intermediates.noindex/AgoraUIKit_macOS.build/Debug/AgoraRtmControl-t.build/Objects-normal/arm64/AgoraRtmControl.SwiftFileList
WriteAuxiliaryFile /Users/admin/builder/spi-builder-workspace/.derivedData/Build/Intermediates.noindex/AgoraUIKit_macOS.build/Debug/AgoraRtmControl-t.build/AgoraRtmControl.DependencyStaticMetadataFileList (in target 'AgoraRtmControl' from project 'AgoraUIKit_macOS')
    cd /Users/admin/builder/spi-builder-workspace
    write-file /Users/admin/builder/spi-builder-workspace/.derivedData/Build/Intermediates.noindex/AgoraUIKit_macOS.build/Debug/AgoraRtmControl-t.build/AgoraRtmControl.DependencyStaticMetadataFileList
WriteAuxiliaryFile /Users/admin/builder/spi-builder-workspace/.derivedData/Build/Intermediates.noindex/AgoraUIKit_macOS.build/Debug/AgoraRtmControl-t.build/Objects-normal/arm64/AgoraRtmControl.LinkFileList (in target 'AgoraRtmControl' from project 'AgoraUIKit_macOS')
    cd /Users/admin/builder/spi-builder-workspace
    write-file /Users/admin/builder/spi-builder-workspace/.derivedData/Build/Intermediates.noindex/AgoraUIKit_macOS.build/Debug/AgoraRtmControl-t.build/Objects-normal/arm64/AgoraRtmControl.LinkFileList
WriteAuxiliaryFile /Users/admin/builder/spi-builder-workspace/.derivedData/Build/Intermediates.noindex/AgoraUIKit_macOS.build/Debug/AgoraRtmControl-t.build/AgoraRtmControl.DependencyMetadataFileList (in target 'AgoraRtmControl' from project 'AgoraUIKit_macOS')
    cd /Users/admin/builder/spi-builder-workspace
    write-file /Users/admin/builder/spi-builder-workspace/.derivedData/Build/Intermediates.noindex/AgoraUIKit_macOS.build/Debug/AgoraRtmControl-t.build/AgoraRtmControl.DependencyMetadataFileList
WriteAuxiliaryFile /Users/admin/builder/spi-builder-workspace/.derivedData/Build/Intermediates.noindex/AgoraUIKit_macOS.build/Debug/AgoraRtmControl-t.build/Objects-normal/arm64/AgoraRtmControl.SwiftConstValuesFileList (in target 'AgoraRtmControl' from project 'AgoraUIKit_macOS')
    cd /Users/admin/builder/spi-builder-workspace
    write-file /Users/admin/builder/spi-builder-workspace/.derivedData/Build/Intermediates.noindex/AgoraUIKit_macOS.build/Debug/AgoraRtmControl-t.build/Objects-normal/arm64/AgoraRtmControl.SwiftConstValuesFileList
Copy /Users/admin/builder/spi-builder-workspace/.derivedData/Build/Intermediates.noindex/GeneratedModuleMaps/AgoraRtmControl.modulemap /Users/admin/builder/spi-builder-workspace/.derivedData/Build/Intermediates.noindex/AgoraUIKit_macOS.build/Debug/AgoraRtmControl-t.build/AgoraRtmControl.modulemap (in target 'AgoraRtmControl' from project 'AgoraUIKit_macOS')
    cd /Users/admin/builder/spi-builder-workspace
    builtin-copy -exclude .DS_Store -exclude CVS -exclude .svn -exclude .git -exclude .hg -resolve-src-symlinks /Users/admin/builder/spi-builder-workspace/.derivedData/Build/Intermediates.noindex/AgoraUIKit_macOS.build/Debug/AgoraRtmControl-t.build/AgoraRtmControl.modulemap /Users/admin/builder/spi-builder-workspace/.derivedData/Build/Intermediates.noindex/GeneratedModuleMaps
WriteAuxiliaryFile /Users/admin/builder/spi-builder-workspace/.derivedData/Build/Intermediates.noindex/AgoraUIKit_macOS.build/Debug/AgoraUIKit-t.build/AgoraUIKit.DependencyMetadataFileList (in target 'AgoraUIKit' from project 'AgoraUIKit_macOS')
    cd /Users/admin/builder/spi-builder-workspace
    write-file /Users/admin/builder/spi-builder-workspace/.derivedData/Build/Intermediates.noindex/AgoraUIKit_macOS.build/Debug/AgoraUIKit-t.build/AgoraUIKit.DependencyMetadataFileList
WriteAuxiliaryFile /Users/admin/builder/spi-builder-workspace/.derivedData/Build/Intermediates.noindex/AgoraUIKit_macOS.build/Debug/AgoraUIKit-t.build/AgoraUIKit.modulemap (in target 'AgoraUIKit' from project 'AgoraUIKit_macOS')
    cd /Users/admin/builder/spi-builder-workspace
    write-file /Users/admin/builder/spi-builder-workspace/.derivedData/Build/Intermediates.noindex/AgoraUIKit_macOS.build/Debug/AgoraUIKit-t.build/AgoraUIKit.modulemap
WriteAuxiliaryFile /Users/admin/builder/spi-builder-workspace/.derivedData/Build/Intermediates.noindex/AgoraUIKit_macOS.build/Debug/AgoraUIKit-t.build/AgoraUIKit.DependencyStaticMetadataFileList (in target 'AgoraUIKit' from project 'AgoraUIKit_macOS')
    cd /Users/admin/builder/spi-builder-workspace
    write-file /Users/admin/builder/spi-builder-workspace/.derivedData/Build/Intermediates.noindex/AgoraUIKit_macOS.build/Debug/AgoraUIKit-t.build/AgoraUIKit.DependencyStaticMetadataFileList
WriteAuxiliaryFile /Users/admin/builder/spi-builder-workspace/.derivedData/Build/Intermediates.noindex/AgoraUIKit_macOS.build/Debug/AgoraUIKit-t.build/Objects-normal/arm64/AgoraUIKit_const_extract_protocols.json (in target 'AgoraUIKit' from project 'AgoraUIKit_macOS')
    cd /Users/admin/builder/spi-builder-workspace
    write-file /Users/admin/builder/spi-builder-workspace/.derivedData/Build/Intermediates.noindex/AgoraUIKit_macOS.build/Debug/AgoraUIKit-t.build/Objects-normal/arm64/AgoraUIKit_const_extract_protocols.json
WriteAuxiliaryFile /Users/admin/builder/spi-builder-workspace/.derivedData/Build/Intermediates.noindex/AgoraUIKit_macOS.build/Debug/AgoraUIKit-t.build/Objects-normal/arm64/AgoraUIKit.LinkFileList (in target 'AgoraUIKit' from project 'AgoraUIKit_macOS')
    cd /Users/admin/builder/spi-builder-workspace
    write-file /Users/admin/builder/spi-builder-workspace/.derivedData/Build/Intermediates.noindex/AgoraUIKit_macOS.build/Debug/AgoraUIKit-t.build/Objects-normal/arm64/AgoraUIKit.LinkFileList
WriteAuxiliaryFile /Users/admin/builder/spi-builder-workspace/.derivedData/Build/Intermediates.noindex/AgoraUIKit_macOS.build/Debug/AgoraUIKit-t.build/Objects-normal/arm64/AgoraUIKit.SwiftFileList (in target 'AgoraUIKit' from project 'AgoraUIKit_macOS')
    cd /Users/admin/builder/spi-builder-workspace
    write-file /Users/admin/builder/spi-builder-workspace/.derivedData/Build/Intermediates.noindex/AgoraUIKit_macOS.build/Debug/AgoraUIKit-t.build/Objects-normal/arm64/AgoraUIKit.SwiftFileList
WriteAuxiliaryFile /Users/admin/builder/spi-builder-workspace/.derivedData/Build/Intermediates.noindex/AgoraUIKit_macOS.build/Debug/AgoraUIKit-t.build/Objects-normal/arm64/AgoraUIKit-OutputFileMap.json (in target 'AgoraUIKit' from project 'AgoraUIKit_macOS')
    cd /Users/admin/builder/spi-builder-workspace
    write-file /Users/admin/builder/spi-builder-workspace/.derivedData/Build/Intermediates.noindex/AgoraUIKit_macOS.build/Debug/AgoraUIKit-t.build/Objects-normal/arm64/AgoraUIKit-OutputFileMap.json
WriteAuxiliaryFile /Users/admin/builder/spi-builder-workspace/.derivedData/Build/Intermediates.noindex/AgoraUIKit_macOS.build/Debug/AgoraUIKit-t.build/Objects-normal/arm64/AgoraUIKit.SwiftConstValuesFileList (in target 'AgoraUIKit' from project 'AgoraUIKit_macOS')
    cd /Users/admin/builder/spi-builder-workspace
    write-file /Users/admin/builder/spi-builder-workspace/.derivedData/Build/Intermediates.noindex/AgoraUIKit_macOS.build/Debug/AgoraUIKit-t.build/Objects-normal/arm64/AgoraUIKit.SwiftConstValuesFileList
Copy /Users/admin/builder/spi-builder-workspace/.derivedData/Build/Intermediates.noindex/GeneratedModuleMaps/AgoraUIKit.modulemap /Users/admin/builder/spi-builder-workspace/.derivedData/Build/Intermediates.noindex/AgoraUIKit_macOS.build/Debug/AgoraUIKit-t.build/AgoraUIKit.modulemap (in target 'AgoraUIKit' from project 'AgoraUIKit_macOS')
    cd /Users/admin/builder/spi-builder-workspace
    builtin-copy -exclude .DS_Store -exclude CVS -exclude .svn -exclude .git -exclude .hg -resolve-src-symlinks /Users/admin/builder/spi-builder-workspace/.derivedData/Build/Intermediates.noindex/AgoraUIKit_macOS.build/Debug/AgoraUIKit-t.build/AgoraUIKit.modulemap /Users/admin/builder/spi-builder-workspace/.derivedData/Build/Intermediates.noindex/GeneratedModuleMaps
SwiftDriver AgoraRtmControl normal arm64 com.apple.xcode.tools.swift.compiler (in target 'AgoraRtmControl' from project 'AgoraUIKit_macOS')
    cd /Users/admin/builder/spi-builder-workspace/.swiftpm/xcode
    builtin-SwiftDriver -- /Applications/Xcode-27.0.0-Release.Candidate.app/Contents/Developer/Toolchains/XcodeDefault.xctoolchain/usr/bin/swiftc -parse-as-library -module-name AgoraRtmControl -Onone @/Users/admin/builder/spi-builder-workspace/.derivedData/Build/Intermediates.noindex/AgoraUIKit_macOS.build/Debug/AgoraRtmControl-t.build/Objects-normal/arm64/AgoraRtmControl.SwiftFileList -DSWIFT_PACKAGE -DDEBUG -DSWIFT_MODULE_RESOURCE_BUNDLE_UNAVAILABLE -DXcode -plugin-path /Applications/Xcode-27.0.0-Release.Candidate.app/Contents/Developer/Toolchains/XcodeDefault.xctoolchain/usr/lib/swift/host/plugins/testing -enable-experimental-feature DebugDescriptionMacro -sdk /Applications/Xcode-27.0.0-Release.Candidate.app/Contents/Developer/Platforms/MacOSX.platform/Developer/SDKs/MacOSX27.0.sdk -target arm64-apple-macos12.0 -g -module-cache-path /Users/admin/builder/spi-builder-workspace/.derivedData/ModuleCache.noindex -Xfrontend -serialize-debugging-options -profile-coverage-mapping -profile-generate -enable-testing -index-store-path /Users/admin/builder/spi-builder-workspace/.derivedData/Index.noindex/DataStore -Xcc -D_LIBCPP_HARDENING_MODE\=_LIBCPP_HARDENING_MODE_DEBUG -swift-version 5 -I /Users/admin/builder/spi-builder-workspace/.derivedData/Build/Products/Debug -Isystem /Applications/Xcode-27.0.0-Release.Candidate.app/Contents/Developer/Platforms/MacOSX.platform/Developer/usr/lib -F /Users/admin/builder/spi-builder-workspace/.derivedData/Build/Products/Debug -F /Applications/Xcode-27.0.0-Release.Candidate.app/Contents/Developer/Platforms/MacOSX.platform/Developer/Library/Frameworks -c -j10 -enable-batch-mode -incremental -Xcc -ivfsstatcache -Xcc /Users/admin/builder/spi-builder-workspace/.derivedData/SDKStatCaches.noindex/macosx27.0-26A425-e829b21a6f8c9b70876ba0858053c0446a22442a12e9d48fe1a705f55a1adfc4.sdkstatcache -output-file-map /Users/admin/builder/spi-builder-workspace/.derivedData/Build/Intermediates.noindex/AgoraUIKit_macOS.build/Debug/AgoraRtmControl-t.build/Objects-normal/arm64/AgoraRtmControl-OutputFileMap.json -save-temps -no-color-diagnostics -explicit-module-build -module-cache-path /Users/admin/builder/spi-builder-workspace/.derivedData/Build/Intermediates.noindex/SwiftExplicitPrecompiledModules -clang-scanner-module-cache-path /Users/admin/builder/spi-builder-workspace/.derivedData/ModuleCache.noindex -sdk-module-cache-path /Users/admin/builder/spi-builder-workspace/.derivedData/SDKExplicitPrecompiledModules -emit-dependencies -emit-module -emit-module-path /Users/admin/builder/spi-builder-workspace/.derivedData/Build/Intermediates.noindex/AgoraUIKit_macOS.build/Debug/AgoraRtmControl-t.build/Objects-normal/arm64/AgoraRtmControl.swiftmodule -serialize-diagnostics -dependency-scan-serialize-diagnostics-path /Users/admin/builder/spi-builder-workspace/.derivedData/Build/Intermediates.noindex/AgoraUIKit_macOS.build/Debug/AgoraRtmControl-t.build/Objects-normal/arm64/AgoraRtmControl-dependency-scan.dia -validate-clang-modules-once -clang-build-session-file /Users/admin/builder/spi-builder-workspace/.derivedData/ModuleCache.noindex/Session.modulevalidation -Xcc -fmodules-prune-interval\=86400 -Xcc -fmodules-prune-after\=345600 -emit-const-values -const-gather-protocols-list /Users/admin/builder/spi-builder-workspace/.derivedData/Build/Intermediates.noindex/AgoraUIKit_macOS.build/Debug/AgoraRtmControl-t.build/Objects-normal/arm64/AgoraRtmControl_const_extract_protocols.json -Xcc -I/Users/admin/builder/spi-builder-workspace/.derivedData/Build/Products/Debug/include -Xcc -I/Users/admin/builder/spi-builder-workspace/.derivedData/Build/Intermediates.noindex/AgoraUIKit_macOS.build/Debug/AgoraRtmControl-t.build/DerivedSources-normal/arm64 -Xcc -I/Users/admin/builder/spi-builder-workspace/.derivedData/Build/Intermediates.noindex/AgoraUIKit_macOS.build/Debug/AgoraRtmControl-t.build/DerivedSources/arm64 -Xcc -I/Users/admin/builder/spi-builder-workspace/.derivedData/Build/Intermediates.noindex/AgoraUIKit_macOS.build/Debug/AgoraRtmControl-t.build/DerivedSources -Xcc -DSWIFT_PACKAGE -Xcc -DDEBUG\=1 -emit-objc-header -emit-objc-header-path /Users/admin/builder/spi-builder-workspace/.derivedData/Build/Intermediates.noindex/AgoraUIKit_macOS.build/Debug/AgoraRtmControl-t.build/Objects-normal/arm64/AgoraRtmControl-Swift.h -working-directory /Users/admin/builder/spi-builder-workspace/.swiftpm/xcode -experimental-emit-module-separately -disable-cmo
SwiftDriver AgoraAppGroupDataHelper normal arm64 com.apple.xcode.tools.swift.compiler (in target 'AgoraAppGroupDataHelper' from project 'AgoraUIKit_macOS')
    cd /Users/admin/builder/spi-builder-workspace/.swiftpm/xcode
    builtin-SwiftDriver -- /Applications/Xcode-27.0.0-Release.Candidate.app/Contents/Developer/Toolchains/XcodeDefault.xctoolchain/usr/bin/swiftc -parse-as-library -module-name AgoraAppGroupDataHelper -Onone @/Users/admin/builder/spi-builder-workspace/.derivedData/Build/Intermediates.noindex/AgoraUIKit_macOS.build/Debug/AgoraAppGroupDataHelper-t.build/Objects-normal/arm64/AgoraAppGroupDataHelper.SwiftFileList -DSWIFT_PACKAGE -DDEBUG -DSWIFT_MODULE_RESOURCE_BUNDLE_UNAVAILABLE -DXcode -plugin-path /Applications/Xcode-27.0.0-Release.Candidate.app/Contents/Developer/Toolchains/XcodeDefault.xctoolchain/usr/lib/swift/host/plugins/testing -enable-experimental-feature DebugDescriptionMacro -sdk /Applications/Xcode-27.0.0-Release.Candidate.app/Contents/Developer/Platforms/MacOSX.platform/Developer/SDKs/MacOSX27.0.sdk -target arm64-apple-macos12.0 -g -module-cache-path /Users/admin/builder/spi-builder-workspace/.derivedData/ModuleCache.noindex -Xfrontend -serialize-debugging-options -profile-coverage-mapping -profile-generate -enable-testing -index-store-path /Users/admin/builder/spi-builder-workspace/.derivedData/Index.noindex/DataStore -Xcc -D_LIBCPP_HARDENING_MODE\=_LIBCPP_HARDENING_MODE_DEBUG -swift-version 5 -I /Users/admin/builder/spi-builder-workspace/.derivedData/Build/Products/Debug -Isystem /Applications/Xcode-27.0.0-Release.Candidate.app/Contents/Developer/Platforms/MacOSX.platform/Developer/usr/lib -F /Users/admin/builder/spi-builder-workspace/.derivedData/Build/Products/Debug -F /Applications/Xcode-27.0.0-Release.Candidate.app/Contents/Developer/Platforms/MacOSX.platform/Developer/Library/Frameworks -c -j10 -enable-batch-mode -incremental -Xcc -ivfsstatcache -Xcc /Users/admin/builder/spi-builder-workspace/.derivedData/SDKStatCaches.noindex/macosx27.0-26A425-e829b21a6f8c9b70876ba0858053c0446a22442a12e9d48fe1a705f55a1adfc4.sdkstatcache -output-file-map /Users/admin/builder/spi-builder-workspace/.derivedData/Build/Intermediates.noindex/AgoraUIKit_macOS.build/Debug/AgoraAppGroupDataHelper-t.build/Objects-normal/arm64/AgoraAppGroupDataHelper-OutputFileMap.json -save-temps -no-color-diagnostics -explicit-module-build -module-cache-path /Users/admin/builder/spi-builder-workspace/.derivedData/Build/Intermediates.noindex/SwiftExplicitPrecompiledModules -clang-scanner-module-cache-path /Users/admin/builder/spi-builder-workspace/.derivedData/ModuleCache.noindex -sdk-module-cache-path /Users/admin/builder/spi-builder-workspace/.derivedData/SDKExplicitPrecompiledModules -emit-dependencies -emit-module -emit-module-path /Users/admin/builder/spi-builder-workspace/.derivedData/Build/Intermediates.noindex/AgoraUIKit_macOS.build/Debug/AgoraAppGroupDataHelper-t.build/Objects-normal/arm64/AgoraAppGroupDataHelper.swiftmodule -serialize-diagnostics -dependency-scan-serialize-diagnostics-path /Users/admin/builder/spi-builder-workspace/.derivedData/Build/Intermediates.noindex/AgoraUIKit_macOS.build/Debug/AgoraAppGroupDataHelper-t.build/Objects-normal/arm64/AgoraAppGroupDataHelper-dependency-scan.dia -validate-clang-modules-once -clang-build-session-file /Users/admin/builder/spi-builder-workspace/.derivedData/ModuleCache.noindex/Session.modulevalidation -Xcc -fmodules-prune-interval\=86400 -Xcc -fmodules-prune-after\=345600 -emit-const-values -const-gather-protocols-list /Users/admin/builder/spi-builder-workspace/.derivedData/Build/Intermediates.noindex/AgoraUIKit_macOS.build/Debug/AgoraAppGroupDataHelper-t.build/Objects-normal/arm64/AgoraAppGroupDataHelper_const_extract_protocols.json -Xcc -I/Users/admin/builder/spi-builder-workspace/.derivedData/Build/Products/Debug/include -Xcc -I/Users/admin/builder/spi-builder-workspace/.derivedData/Build/Intermediates.noindex/AgoraUIKit_macOS.build/Debug/AgoraAppGroupDataHelper-t.build/DerivedSources-normal/arm64 -Xcc -I/Users/admin/builder/spi-builder-workspace/.derivedData/Build/Intermediates.noindex/AgoraUIKit_macOS.build/Debug/AgoraAppGroupDataHelper-t.build/DerivedSources/arm64 -Xcc -I/Users/admin/builder/spi-builder-workspace/.derivedData/Build/Intermediates.noindex/AgoraUIKit_macOS.build/Debug/AgoraAppGroupDataHelper-t.build/DerivedSources -Xcc -DSWIFT_PACKAGE -Xcc -DDEBUG\=1 -emit-objc-header -emit-objc-header-path /Users/admin/builder/spi-builder-workspace/.derivedData/Build/Intermediates.noindex/AgoraUIKit_macOS.build/Debug/AgoraAppGroupDataHelper-t.build/Objects-normal/arm64/AgoraAppGroupDataHelper-Swift.h -working-directory /Users/admin/builder/spi-builder-workspace/.swiftpm/xcode -experimental-emit-module-separately -disable-cmo
SwiftExplicitDependencyGeneratePcm arm64 /Users/admin/builder/spi-builder-workspace/.derivedData/SDKExplicitPrecompiledModules/_AvailabilityInternal-CJTV5E7EL3MWRA437DUFPBVN2.pcm
SwiftExplicitDependencyGeneratePcm arm64 /Users/admin/builder/spi-builder-workspace/.derivedData/SDKExplicitPrecompiledModules/_SwiftConcurrencyShims-BLUUWKI6AGMD7TJ4RGYS7DP6T.pcm
SwiftExplicitDependencyGeneratePcm arm64 /Users/admin/builder/spi-builder-workspace/.derivedData/SDKExplicitPrecompiledModules/_Builtin_stdbool-KYV2HKP8IKLKMKQS9DGA2GUQ.pcm
SwiftExplicitDependencyGeneratePcm arm64 /Users/admin/builder/spi-builder-workspace/.derivedData/SDKExplicitPrecompiledModules/_Builtin_stddef-3GI9GOKXSW3QCTFOI1USFLDZO.pcm
SwiftExplicitDependencyGeneratePcm arm64 /Users/admin/builder/spi-builder-workspace/.derivedData/SDKExplicitPrecompiledModules/ptrauth-2W92ZJRLNJU99RJUQGGJG3OC3.pcm
SwiftExplicitDependencyGeneratePcm arm64 /Users/admin/builder/spi-builder-workspace/.derivedData/SDKExplicitPrecompiledModules/_Builtin_stdarg-7CFWA9OSW5N24E7PG4ZOCF1VH.pcm
SwiftExplicitDependencyGeneratePcm arm64 /Users/admin/builder/spi-builder-workspace/.derivedData/SDKExplicitPrecompiledModules/SwiftShims-C4V0DQ62WSTCYBYGILXXGQNO3.pcm
SwiftExplicitDependencyGeneratePcm arm64 /Users/admin/builder/spi-builder-workspace/.derivedData/SDKExplicitPrecompiledModules/_Builtin_float-105CRCDRP90FQCQO5ZX1LHV7H.pcm
SwiftExplicitDependencyGeneratePcm arm64 /Users/admin/builder/spi-builder-workspace/.derivedData/SDKExplicitPrecompiledModules/ptrcheck-DHLCBWKPNUZOYTPJ1J3QVTCXK.pcm
SwiftExplicitDependencyGeneratePcm arm64 /Users/admin/builder/spi-builder-workspace/.derivedData/SDKExplicitPrecompiledModules/_DarwinFoundation1-7PRJIG163YE9KSKYA3BS35ZZP.pcm
SwiftExplicitDependencyGeneratePcm arm64 /Users/admin/builder/spi-builder-workspace/.derivedData/SDKExplicitPrecompiledModules/_Builtin_limits-AXGUGXBFPC0I7QDLJFB0K341Y.pcm
SwiftExplicitDependencyGeneratePcm arm64 /Users/admin/builder/spi-builder-workspace/.derivedData/SDKExplicitPrecompiledModules/_DarwinFoundation2-94WUUGE4H5R03OWXE0QFZX1DN.pcm
SwiftExplicitDependencyGeneratePcm arm64 /Users/admin/builder/spi-builder-workspace/.derivedData/SDKExplicitPrecompiledModules/_Builtin_stdint-22CBBOK8BNSF0UELDCAXSHGB.pcm
SwiftExplicitDependencyGeneratePcm arm64 /Users/admin/builder/spi-builder-workspace/.derivedData/SDKExplicitPrecompiledModules/sys_types-F4RNCN6UR5R5OWTLTOUM7TN3E.pcm
SwiftExplicitDependencyGeneratePcm arm64 /Users/admin/builder/spi-builder-workspace/.derivedData/SDKExplicitPrecompiledModules/string_h-10WPXBF3YFYMX5HUAW06LSABR.pcm
SwiftExplicitDependencyGeneratePcm arm64 /Users/admin/builder/spi-builder-workspace/.derivedData/SDKExplicitPrecompiledModules/libDER-5RCYOD0PCUUY2UGMBNE9LI8N9.pcm
SwiftExplicitDependencyGeneratePcm arm64 /Users/admin/builder/spi-builder-workspace/.derivedData/SDKExplicitPrecompiledModules/_DarwinFoundation3-32PO5Q4RCB6WXH5VFO3HA3AVS.pcm
SwiftExplicitDependencyGeneratePcm arm64 /Users/admin/builder/spi-builder-workspace/.derivedData/SDKExplicitPrecompiledModules/_Builtin_inttypes-1U6AP9A8AJ4G9WD98E9RHLGTJ.pcm
SwiftExplicitDependencyGeneratePcm arm64 /Users/admin/builder/spi-builder-workspace/.derivedData/SDKExplicitPrecompiledModules/Darwin-1RAAWNGKQM8YGHV0YJNNN5YDY.pcm
SwiftExplicitDependencyGeneratePcm arm64 /Users/admin/builder/spi-builder-workspace/.derivedData/SDKExplicitPrecompiledModules/MachO-AWTJ65TFR7TMST2NUE6ZCC1SL.pcm
SwiftExplicitDependencyGeneratePcm arm64 /Users/admin/builder/spi-builder-workspace/.derivedData/SDKExplicitPrecompiledModules/libkern-22MDXN9G35RPO3OLKX9B2PN16.pcm
SwiftExplicitDependencyGeneratePcm arm64 /Users/admin/builder/spi-builder-workspace/.derivedData/SDKExplicitPrecompiledModules/launch-2XAORMJNLLVS0OVKC1M0752GY.pcm
SwiftExplicitDependencyGeneratePcm arm64 /Users/admin/builder/spi-builder-workspace/.derivedData/SDKExplicitPrecompiledModules/ObjectiveC-B89IQP2TC4CFSWOUMTUZRI1VZ.pcm
SwiftExplicitDependencyGeneratePcm arm64 /Users/admin/builder/spi-builder-workspace/.derivedData/SDKExplicitPrecompiledModules/os_object-3KLCCI03OX6OQTLJ92KQH2KIO.pcm
SwiftExplicitDependencyGeneratePcm arm64 /Users/admin/builder/spi-builder-workspace/.derivedData/SDKExplicitPrecompiledModules/os_workgroup-10SJ5M8R2OB4BG1TPFL9SZMKV.pcm
SwiftExplicitDependencyGeneratePcm arm64 /Users/admin/builder/spi-builder-workspace/.derivedData/SDKExplicitPrecompiledModules/Dispatch-NAMWF9KN29KC7Z5OS3TTTAE8.pcm
SwiftExplicitDependencyGeneratePcm arm64 /Users/admin/builder/spi-builder-workspace/.derivedData/SDKExplicitPrecompiledModules/XPC-E1MSAZG4ZNL24S2WK6K6Y7GWW.pcm
SwiftExplicitDependencyGeneratePcm arm64 /Users/admin/builder/spi-builder-workspace/.derivedData/SDKExplicitPrecompiledModules/CoreFoundation-4ZIITQ30SOGUQE8KJAB99ZV0Q.pcm
SwiftExplicitDependencyGeneratePcm arm64 /Users/admin/builder/spi-builder-workspace/.derivedData/SDKExplicitPrecompiledModules/IOKit-6H3X691EDBH124EYTC2PEOP5T.pcm
SwiftExplicitDependencyGeneratePcm arm64 /Users/admin/builder/spi-builder-workspace/.derivedData/SDKExplicitPrecompiledModules/CFNetwork-CVHS5CT20191MFYXQIEDWSRGJ.pcm
SwiftExplicitDependencyGeneratePcm arm64 /Users/admin/builder/spi-builder-workspace/.derivedData/SDKExplicitPrecompiledModules/Security-ESPJ7FP0YAY1EL3VXBGY9MCZ8.pcm
SwiftExplicitDependencyGeneratePcm arm64 /Users/admin/builder/spi-builder-workspace/.derivedData/SDKExplicitPrecompiledModules/DiskArbitration-ZNZZU7T0SYELB0DAR56WQF0R.pcm
SwiftExplicitDependencyGeneratePcm arm64 /Users/admin/builder/spi-builder-workspace/.derivedData/SDKExplicitPrecompiledModules/CoreServices-CGCGY0FOMEQGSNMO3HQSC09XU.pcm
SwiftExplicitDependencyGeneratePcm arm64 /Users/admin/builder/spi-builder-workspace/.derivedData/SDKExplicitPrecompiledModules/Foundation-44WR0NU86C67CV5BW8W1MGKNG.pcm
SwiftEmitModule normal arm64 Emitting\ module\ for\ AgoraAppGroupDataHelper (in target 'AgoraAppGroupDataHelper' from project 'AgoraUIKit_macOS')
SwiftCompile normal arm64 (in target 'AgoraAppGroupDataHelper' from project 'AgoraUIKit_macOS')
    cd /Users/admin/builder/spi-builder-workspace/.swiftpm/xcode

SwiftCompile normal arm64 Compiling\ AgoraAppGroupDataHelper.swift /Users/admin/builder/spi-builder-workspace/Sources/AgoraAppGroupDataHelper/AgoraAppGroupDataHelper.swift (in target 'AgoraAppGroupDataHelper' from project 'AgoraUIKit_macOS')
SwiftCompile normal arm64 /Users/admin/builder/spi-builder-workspace/Sources/AgoraAppGroupDataHelper/AgoraAppGroupDataHelper.swift (in target 'AgoraAppGroupDataHelper' from project 'AgoraUIKit_macOS')
    cd /Users/admin/builder/spi-builder-workspace/.swiftpm/xcode
    builtin-SwiftPerFileCompile AgoraAppGroupDataHelper.swift
SwiftExplicitDependencyGeneratePcm arm64 /Users/admin/builder/spi-builder-workspace/.derivedData/Build/Intermediates.noindex/SwiftExplicitPrecompiledModules/AgoraRtmKit-6CSATP7AM90GGH6L3OU7MVCUA.pcm
<module-includes>:1:9: note: in file included from <module-includes>:1:
1 | #import "Headers/AgoraRtmKit.h"
  |         `- note: in file included from <module-includes>:1:
2 |
/Users/admin/builder/spi-builder-workspace/.derivedData/Build/Products/Debug/AgoraRtmKit.framework/Headers/AgoraRtmKit.h:1994:1: warning: umbrella header for module 'AgoraRtmKit' does not include header 'AgoraRtmKit_swift.h'
1992 | @end
1993 |
1994 |
     | `- warning: umbrella header for module 'AgoraRtmKit' does not include header 'AgoraRtmKit_swift.h'
<module-includes>:1:9: note: in file included from <module-includes>:1:
1 | #import "Headers/AgoraRtmKit.h"
  |         `- note: in file included from <module-includes>:1:
2 |
/Users/admin/builder/spi-builder-workspace/.derivedData/Build/Products/Debug/AgoraRtmKit.framework/Headers/AgoraRtmKit.h:1994:1: warning: umbrella header for module 'AgoraRtmKit' does not include header 'IAgoraRtmService.h'
1992 | @end
1993 |
1994 |
     | `- warning: umbrella header for module 'AgoraRtmKit' does not include header 'IAgoraRtmService.h'
<module-includes>:1:9: note: in file included from <module-includes>:1:
1 | #import "Headers/AgoraRtmKit.h"
  |         `- note: in file included from <module-includes>:1:
2 |
3 warnings generated.
/Users/admin/builder/spi-builder-workspace/.derivedData/Build/Products/Debug/AgoraRtmKit.framework/Headers/AgoraRtmKit.h:1994:1: warning: umbrella header for module 'AgoraRtmKit' does not include header 'IAgoraRtmCallManager.h'
1992 | @end
1993 |
1994 |
     | `- warning: umbrella header for module 'AgoraRtmKit' does not include header 'IAgoraRtmCallManager.h'
SwiftEmitModule normal arm64 Emitting\ module\ for\ AgoraRtmControl (in target 'AgoraRtmControl' from project 'AgoraUIKit_macOS')
SwiftCompile normal arm64 (in target 'AgoraRtmControl' from project 'AgoraUIKit_macOS')
    cd /Users/admin/builder/spi-builder-workspace/.swiftpm/xcode

SwiftCompile normal arm64 Compiling\ AgoraRtmController+SendHelpers.swift /Users/admin/builder/spi-builder-workspace/Sources/AgoraRtmControl/AgoraRtmController+SendHelpers.swift (in target 'AgoraRtmControl' from project 'AgoraUIKit_macOS')
SwiftCompile normal arm64 /Users/admin/builder/spi-builder-workspace/Sources/AgoraRtmControl/AgoraRtmController+SendHelpers.swift (in target 'AgoraRtmControl' from project 'AgoraUIKit_macOS')
    cd /Users/admin/builder/spi-builder-workspace/.swiftpm/xcode
    builtin-SwiftPerFileCompile AgoraRtmController+SendHelpers.swift
SwiftCompile normal arm64 Compiling\ AgoraRtmController+Tokens.swift /Users/admin/builder/spi-builder-workspace/Sources/AgoraRtmControl/AgoraRtmController+Tokens.swift (in target 'AgoraRtmControl' from project 'AgoraUIKit_macOS')
SwiftCompile normal arm64 /Users/admin/builder/spi-builder-workspace/Sources/AgoraRtmControl/AgoraRtmController+Tokens.swift (in target 'AgoraRtmControl' from project 'AgoraUIKit_macOS')
    cd /Users/admin/builder/spi-builder-workspace/.swiftpm/xcode
    builtin-SwiftPerFileCompile AgoraRtmController+Tokens.swift
SwiftCompile normal arm64 Compiling\ AgoraRtmController+RtmDelegateOverflows.swift /Users/admin/builder/spi-builder-workspace/Sources/AgoraRtmControl/AgoraRtmController+RtmDelegateOverflows.swift (in target 'AgoraRtmControl' from project 'AgoraUIKit_macOS')
SwiftCompile normal arm64 /Users/admin/builder/spi-builder-workspace/Sources/AgoraRtmControl/AgoraRtmController+RtmDelegateOverflows.swift (in target 'AgoraRtmControl' from project 'AgoraUIKit_macOS')
    cd /Users/admin/builder/spi-builder-workspace/.swiftpm/xcode
    builtin-SwiftPerFileCompile AgoraRtmController+RtmDelegateOverflows.swift
SwiftCompile normal arm64 Compiling\ AgoraRtmController+AgoraRtmDelegate.swift /Users/admin/builder/spi-builder-workspace/Sources/AgoraRtmControl/AgoraRtmController+AgoraRtmDelegate.swift (in target 'AgoraRtmControl' from project 'AgoraUIKit_macOS')
SwiftCompile normal arm64 /Users/admin/builder/spi-builder-workspace/Sources/AgoraRtmControl/AgoraRtmController+AgoraRtmDelegate.swift (in target 'AgoraRtmControl' from project 'AgoraUIKit_macOS')
    cd /Users/admin/builder/spi-builder-workspace/.swiftpm/xcode
    builtin-SwiftPerFileCompile AgoraRtmController+AgoraRtmDelegate.swift
SwiftCompile normal arm64 Compiling\ AgoraRtmController.swift /Users/admin/builder/spi-builder-workspace/Sources/AgoraRtmControl/AgoraRtmController.swift (in target 'AgoraRtmControl' from project 'AgoraUIKit_macOS')
SwiftCompile normal arm64 /Users/admin/builder/spi-builder-workspace/Sources/AgoraRtmControl/AgoraRtmController.swift (in target 'AgoraRtmControl' from project 'AgoraUIKit_macOS')
    cd /Users/admin/builder/spi-builder-workspace/.swiftpm/xcode
    builtin-SwiftPerFileCompile AgoraRtmController.swift
SwiftCompile normal arm64 Compiling\ AgoraRtmController+MuteRequests.swift /Users/admin/builder/spi-builder-workspace/Sources/AgoraRtmControl/AgoraRtmController+MuteRequests.swift (in target 'AgoraRtmControl' from project 'AgoraUIKit_macOS')
SwiftCompile normal arm64 /Users/admin/builder/spi-builder-workspace/Sources/AgoraRtmControl/AgoraRtmController+MuteRequests.swift (in target 'AgoraRtmControl' from project 'AgoraUIKit_macOS')
    cd /Users/admin/builder/spi-builder-workspace/.swiftpm/xcode
    builtin-SwiftPerFileCompile AgoraRtmController+MuteRequests.swift
SwiftDriverJobDiscovery normal arm64 Emitting module for AgoraAppGroupDataHelper (in target 'AgoraAppGroupDataHelper' from project 'AgoraUIKit_macOS')
SwiftDriver\ Compilation\ Requirements AgoraAppGroupDataHelper normal arm64 com.apple.xcode.tools.swift.compiler (in target 'AgoraAppGroupDataHelper' from project 'AgoraUIKit_macOS')
    cd /Users/admin/builder/spi-builder-workspace/.swiftpm/xcode
    builtin-Swift-Compilation-Requirements -- /Applications/Xcode-27.0.0-Release.Candidate.app/Contents/Developer/Toolchains/XcodeDefault.xctoolchain/usr/bin/swiftc -parse-as-library -module-name AgoraAppGroupDataHelper -Onone @/Users/admin/builder/spi-builder-workspace/.derivedData/Build/Intermediates.noindex/AgoraUIKit_macOS.build/Debug/AgoraAppGroupDataHelper-t.build/Objects-normal/arm64/AgoraAppGroupDataHelper.SwiftFileList -DSWIFT_PACKAGE -DDEBUG -DSWIFT_MODULE_RESOURCE_BUNDLE_UNAVAILABLE -DXcode -plugin-path /Applications/Xcode-27.0.0-Release.Candidate.app/Contents/Developer/Toolchains/XcodeDefault.xctoolchain/usr/lib/swift/host/plugins/testing -enable-experimental-feature DebugDescriptionMacro -sdk /Applications/Xcode-27.0.0-Release.Candidate.app/Contents/Developer/Platforms/MacOSX.platform/Developer/SDKs/MacOSX27.0.sdk -target arm64-apple-macos12.0 -g -module-cache-path /Users/admin/builder/spi-builder-workspace/.derivedData/ModuleCache.noindex -Xfrontend -serialize-debugging-options -profile-coverage-mapping -profile-generate -enable-testing -index-store-path /Users/admin/builder/spi-builder-workspace/.derivedData/Index.noindex/DataStore -Xcc -D_LIBCPP_HARDENING_MODE\=_LIBCPP_HARDENING_MODE_DEBUG -swift-version 5 -I /Users/admin/builder/spi-builder-workspace/.derivedData/Build/Products/Debug -Isystem /Applications/Xcode-27.0.0-Release.Candidate.app/Contents/Developer/Platforms/MacOSX.platform/Developer/usr/lib -F /Users/admin/builder/spi-builder-workspace/.derivedData/Build/Products/Debug -F /Applications/Xcode-27.0.0-Release.Candidate.app/Contents/Developer/Platforms/MacOSX.platform/Developer/Library/Frameworks -c -j10 -enable-batch-mode -incremental -Xcc -ivfsstatcache -Xcc /Users/admin/builder/spi-builder-workspace/.derivedData/SDKStatCaches.noindex/macosx27.0-26A425-e829b21a6f8c9b70876ba0858053c0446a22442a12e9d48fe1a705f55a1adfc4.sdkstatcache -output-file-map /Users/admin/builder/spi-builder-workspace/.derivedData/Build/Intermediates.noindex/AgoraUIKit_macOS.build/Debug/AgoraAppGroupDataHelper-t.build/Objects-normal/arm64/AgoraAppGroupDataHelper-OutputFileMap.json -save-temps -no-color-diagnostics -explicit-module-build -module-cache-path /Users/admin/builder/spi-builder-workspace/.derivedData/Build/Intermediates.noindex/SwiftExplicitPrecompiledModules -clang-scanner-module-cache-path /Users/admin/builder/spi-builder-workspace/.derivedData/ModuleCache.noindex -sdk-module-cache-path /Users/admin/builder/spi-builder-workspace/.derivedData/SDKExplicitPrecompiledModules -emit-dependencies -emit-module -emit-module-path /Users/admin/builder/spi-builder-workspace/.derivedData/Build/Intermediates.noindex/AgoraUIKit_macOS.build/Debug/AgoraAppGroupDataHelper-t.build/Objects-normal/arm64/AgoraAppGroupDataHelper.swiftmodule -serialize-diagnostics -dependency-scan-serialize-diagnostics-path /Users/admin/builder/spi-builder-workspace/.derivedData/Build/Intermediates.noindex/AgoraUIKit_macOS.build/Debug/AgoraAppGroupDataHelper-t.build/Objects-normal/arm64/AgoraAppGroupDataHelper-dependency-scan.dia -validate-clang-modules-once -clang-build-session-file /Users/admin/builder/spi-builder-workspace/.derivedData/ModuleCache.noindex/Session.modulevalidation -Xcc -fmodules-prune-interval\=86400 -Xcc -fmodules-prune-after\=345600 -emit-const-values -const-gather-protocols-list /Users/admin/builder/spi-builder-workspace/.derivedData/Build/Intermediates.noindex/AgoraUIKit_macOS.build/Debug/AgoraAppGroupDataHelper-t.build/Objects-normal/arm64/AgoraAppGroupDataHelper_const_extract_protocols.json -Xcc -I/Users/admin/builder/spi-builder-workspace/.derivedData/Build/Products/Debug/include -Xcc -I/Users/admin/builder/spi-builder-workspace/.derivedData/Build/Intermediates.noindex/AgoraUIKit_macOS.build/Debug/AgoraAppGroupDataHelper-t.build/DerivedSources-normal/arm64 -Xcc -I/Users/admin/builder/spi-builder-workspace/.derivedData/Build/Intermediates.noindex/AgoraUIKit_macOS.build/Debug/AgoraAppGroupDataHelper-t.build/DerivedSources/arm64 -Xcc -I/Users/admin/builder/spi-builder-workspace/.derivedData/Build/Intermediates.noindex/AgoraUIKit_macOS.build/Debug/AgoraAppGroupDataHelper-t.build/DerivedSources -Xcc -DSWIFT_PACKAGE -Xcc -DDEBUG\=1 -emit-objc-header -emit-objc-header-path /Users/admin/builder/spi-builder-workspace/.derivedData/Build/Intermediates.noindex/AgoraUIKit_macOS.build/Debug/AgoraAppGroupDataHelper-t.build/Objects-normal/arm64/AgoraAppGroupDataHelper-Swift.h -working-directory /Users/admin/builder/spi-builder-workspace/.swiftpm/xcode -experimental-emit-module-separately -disable-cmo
SwiftMergeGeneratedHeaders /Users/admin/builder/spi-builder-workspace/.derivedData/Build/Intermediates.noindex/GeneratedModuleMaps/AgoraAppGroupDataHelper-Swift.h /Users/admin/builder/spi-builder-workspace/.derivedData/Build/Intermediates.noindex/AgoraUIKit_macOS.build/Debug/AgoraAppGroupDataHelper-t.build/Objects-normal/arm64/AgoraAppGroupDataHelper-Swift.h (in target 'AgoraAppGroupDataHelper' from project 'AgoraUIKit_macOS')
    cd /Users/admin/builder/spi-builder-workspace
    builtin-swiftHeaderTool -arch arm64 /Users/admin/builder/spi-builder-workspace/.derivedData/Build/Intermediates.noindex/AgoraUIKit_macOS.build/Debug/AgoraAppGroupDataHelper-t.build/Objects-normal/arm64/AgoraAppGroupDataHelper-Swift.h -o /Users/admin/builder/spi-builder-workspace/.derivedData/Build/Intermediates.noindex/GeneratedModuleMaps/AgoraAppGroupDataHelper-Swift.h
Copy /Users/admin/builder/spi-builder-workspace/.derivedData/Build/Products/Debug/AgoraAppGroupDataHelper.swiftmodule/arm64-apple-macos.swiftmodule /Users/admin/builder/spi-builder-workspace/.derivedData/Build/Intermediates.noindex/AgoraUIKit_macOS.build/Debug/AgoraAppGroupDataHelper-t.build/Objects-normal/arm64/AgoraAppGroupDataHelper.swiftmodule (in target 'AgoraAppGroupDataHelper' from project 'AgoraUIKit_macOS')
    cd /Users/admin/builder/spi-builder-workspace
    builtin-copy -exclude .DS_Store -exclude CVS -exclude .svn -exclude .git -exclude .hg -resolve-src-symlinks -rename /Users/admin/builder/spi-builder-workspace/.derivedData/Build/Intermediates.noindex/AgoraUIKit_macOS.build/Debug/AgoraAppGroupDataHelper-t.build/Objects-normal/arm64/AgoraAppGroupDataHelper.swiftmodule /Users/admin/builder/spi-builder-workspace/.derivedData/Build/Products/Debug/AgoraAppGroupDataHelper.swiftmodule/arm64-apple-macos.swiftmodule
Copy /Users/admin/builder/spi-builder-workspace/.derivedData/Build/Products/Debug/AgoraAppGroupDataHelper.swiftmodule/arm64-apple-macos.swiftdoc /Users/admin/builder/spi-builder-workspace/.derivedData/Build/Intermediates.noindex/AgoraUIKit_macOS.build/Debug/AgoraAppGroupDataHelper-t.build/Objects-normal/arm64/AgoraAppGroupDataHelper.swiftdoc (in target 'AgoraAppGroupDataHelper' from project 'AgoraUIKit_macOS')
    cd /Users/admin/builder/spi-builder-workspace
    builtin-copy -exclude .DS_Store -exclude CVS -exclude .svn -exclude .git -exclude .hg -resolve-src-symlinks -rename /Users/admin/builder/spi-builder-workspace/.derivedData/Build/Intermediates.noindex/AgoraUIKit_macOS.build/Debug/AgoraAppGroupDataHelper-t.build/Objects-normal/arm64/AgoraAppGroupDataHelper.swiftdoc /Users/admin/builder/spi-builder-workspace/.derivedData/Build/Products/Debug/AgoraAppGroupDataHelper.swiftmodule/arm64-apple-macos.swiftdoc
Copy /Users/admin/builder/spi-builder-workspace/.derivedData/Build/Products/Debug/AgoraAppGroupDataHelper.swiftmodule/arm64-apple-macos.abi.json /Users/admin/builder/spi-builder-workspace/.derivedData/Build/Intermediates.noindex/AgoraUIKit_macOS.build/Debug/AgoraAppGroupDataHelper-t.build/Objects-normal/arm64/AgoraAppGroupDataHelper.abi.json (in target 'AgoraAppGroupDataHelper' from project 'AgoraUIKit_macOS')
    cd /Users/admin/builder/spi-builder-workspace
    builtin-copy -exclude .DS_Store -exclude CVS -exclude .svn -exclude .git -exclude .hg -resolve-src-symlinks -rename /Users/admin/builder/spi-builder-workspace/.derivedData/Build/Intermediates.noindex/AgoraUIKit_macOS.build/Debug/AgoraAppGroupDataHelper-t.build/Objects-normal/arm64/AgoraAppGroupDataHelper.abi.json /Users/admin/builder/spi-builder-workspace/.derivedData/Build/Products/Debug/AgoraAppGroupDataHelper.swiftmodule/arm64-apple-macos.abi.json
Copy /Users/admin/builder/spi-builder-workspace/.derivedData/Build/Products/Debug/AgoraAppGroupDataHelper.swiftmodule/Project/arm64-apple-macos.swiftsourceinfo /Users/admin/builder/spi-builder-workspace/.derivedData/Build/Intermediates.noindex/AgoraUIKit_macOS.build/Debug/AgoraAppGroupDataHelper-t.build/Objects-normal/arm64/AgoraAppGroupDataHelper.swiftsourceinfo (in target 'AgoraAppGroupDataHelper' from project 'AgoraUIKit_macOS')
    cd /Users/admin/builder/spi-builder-workspace
    builtin-copy -exclude .DS_Store -exclude CVS -exclude .svn -exclude .git -exclude .hg -resolve-src-symlinks -rename /Users/admin/builder/spi-builder-workspace/.derivedData/Build/Intermediates.noindex/AgoraUIKit_macOS.build/Debug/AgoraAppGroupDataHelper-t.build/Objects-normal/arm64/AgoraAppGroupDataHelper.swiftsourceinfo /Users/admin/builder/spi-builder-workspace/.derivedData/Build/Products/Debug/AgoraAppGroupDataHelper.swiftmodule/Project/arm64-apple-macos.swiftsourceinfo
SwiftDriverJobDiscovery normal arm64 Emitting module for AgoraRtmControl (in target 'AgoraRtmControl' from project 'AgoraUIKit_macOS')
SwiftDriver\ Compilation\ Requirements AgoraRtmControl normal arm64 com.apple.xcode.tools.swift.compiler (in target 'AgoraRtmControl' from project 'AgoraUIKit_macOS')
    cd /Users/admin/builder/spi-builder-workspace/.swiftpm/xcode
    builtin-Swift-Compilation-Requirements -- /Applications/Xcode-27.0.0-Release.Candidate.app/Contents/Developer/Toolchains/XcodeDefault.xctoolchain/usr/bin/swiftc -parse-as-library -module-name AgoraRtmControl -Onone @/Users/admin/builder/spi-builder-workspace/.derivedData/Build/Intermediates.noindex/AgoraUIKit_macOS.build/Debug/AgoraRtmControl-t.build/Objects-normal/arm64/AgoraRtmControl.SwiftFileList -DSWIFT_PACKAGE -DDEBUG -DSWIFT_MODULE_RESOURCE_BUNDLE_UNAVAILABLE -DXcode -plugin-path /Applications/Xcode-27.0.0-Release.Candidate.app/Contents/Developer/Toolchains/XcodeDefault.xctoolchain/usr/lib/swift/host/plugins/testing -enable-experimental-feature DebugDescriptionMacro -sdk /Applications/Xcode-27.0.0-Release.Candidate.app/Contents/Developer/Platforms/MacOSX.platform/Developer/SDKs/MacOSX27.0.sdk -target arm64-apple-macos12.0 -g -module-cache-path /Users/admin/builder/spi-builder-workspace/.derivedData/ModuleCache.noindex -Xfrontend -serialize-debugging-options -profile-coverage-mapping -profile-generate -enable-testing -index-store-path /Users/admin/builder/spi-builder-workspace/.derivedData/Index.noindex/DataStore -Xcc -D_LIBCPP_HARDENING_MODE\=_LIBCPP_HARDENING_MODE_DEBUG -swift-version 5 -I /Users/admin/builder/spi-builder-workspace/.derivedData/Build/Products/Debug -Isystem /Applications/Xcode-27.0.0-Release.Candidate.app/Contents/Developer/Platforms/MacOSX.platform/Developer/usr/lib -F /Users/admin/builder/spi-builder-workspace/.derivedData/Build/Products/Debug -F /Applications/Xcode-27.0.0-Release.Candidate.app/Contents/Developer/Platforms/MacOSX.platform/Developer/Library/Frameworks -c -j10 -enable-batch-mode -incremental -Xcc -ivfsstatcache -Xcc /Users/admin/builder/spi-builder-workspace/.derivedData/SDKStatCaches.noindex/macosx27.0-26A425-e829b21a6f8c9b70876ba0858053c0446a22442a12e9d48fe1a705f55a1adfc4.sdkstatcache -output-file-map /Users/admin/builder/spi-builder-workspace/.derivedData/Build/Intermediates.noindex/AgoraUIKit_macOS.build/Debug/AgoraRtmControl-t.build/Objects-normal/arm64/AgoraRtmControl-OutputFileMap.json -save-temps -no-color-diagnostics -explicit-module-build -module-cache-path /Users/admin/builder/spi-builder-workspace/.derivedData/Build/Intermediates.noindex/SwiftExplicitPrecompiledModules -clang-scanner-module-cache-path /Users/admin/builder/spi-builder-workspace/.derivedData/ModuleCache.noindex -sdk-module-cache-path /Users/admin/builder/spi-builder-workspace/.derivedData/SDKExplicitPrecompiledModules -emit-dependencies -emit-module -emit-module-path /Users/admin/builder/spi-builder-workspace/.derivedData/Build/Intermediates.noindex/AgoraUIKit_macOS.build/Debug/AgoraRtmControl-t.build/Objects-normal/arm64/AgoraRtmControl.swiftmodule -serialize-diagnostics -dependency-scan-serialize-diagnostics-path /Users/admin/builder/spi-builder-workspace/.derivedData/Build/Intermediates.noindex/AgoraUIKit_macOS.build/Debug/AgoraRtmControl-t.build/Objects-normal/arm64/AgoraRtmControl-dependency-scan.dia -validate-clang-modules-once -clang-build-session-file /Users/admin/builder/spi-builder-workspace/.derivedData/ModuleCache.noindex/Session.modulevalidation -Xcc -fmodules-prune-interval\=86400 -Xcc -fmodules-prune-after\=345600 -emit-const-values -const-gather-protocols-list /Users/admin/builder/spi-builder-workspace/.derivedData/Build/Intermediates.noindex/AgoraUIKit_macOS.build/Debug/AgoraRtmControl-t.build/Objects-normal/arm64/AgoraRtmControl_const_extract_protocols.json -Xcc -I/Users/admin/builder/spi-builder-workspace/.derivedData/Build/Products/Debug/include -Xcc -I/Users/admin/builder/spi-builder-workspace/.derivedData/Build/Intermediates.noindex/AgoraUIKit_macOS.build/Debug/AgoraRtmControl-t.build/DerivedSources-normal/arm64 -Xcc -I/Users/admin/builder/spi-builder-workspace/.derivedData/Build/Intermediates.noindex/AgoraUIKit_macOS.build/Debug/AgoraRtmControl-t.build/DerivedSources/arm64 -Xcc -I/Users/admin/builder/spi-builder-workspace/.derivedData/Build/Intermediates.noindex/AgoraUIKit_macOS.build/Debug/AgoraRtmControl-t.build/DerivedSources -Xcc -DSWIFT_PACKAGE -Xcc -DDEBUG\=1 -emit-objc-header -emit-objc-header-path /Users/admin/builder/spi-builder-workspace/.derivedData/Build/Intermediates.noindex/AgoraUIKit_macOS.build/Debug/AgoraRtmControl-t.build/Objects-normal/arm64/AgoraRtmControl-Swift.h -working-directory /Users/admin/builder/spi-builder-workspace/.swiftpm/xcode -experimental-emit-module-separately -disable-cmo
SwiftMergeGeneratedHeaders /Users/admin/builder/spi-builder-workspace/.derivedData/Build/Intermediates.noindex/GeneratedModuleMaps/AgoraRtmControl-Swift.h /Users/admin/builder/spi-builder-workspace/.derivedData/Build/Intermediates.noindex/AgoraUIKit_macOS.build/Debug/AgoraRtmControl-t.build/Objects-normal/arm64/AgoraRtmControl-Swift.h (in target 'AgoraRtmControl' from project 'AgoraUIKit_macOS')
    cd /Users/admin/builder/spi-builder-workspace
    builtin-swiftHeaderTool -arch arm64 /Users/admin/builder/spi-builder-workspace/.derivedData/Build/Intermediates.noindex/AgoraUIKit_macOS.build/Debug/AgoraRtmControl-t.build/Objects-normal/arm64/AgoraRtmControl-Swift.h -o /Users/admin/builder/spi-builder-workspace/.derivedData/Build/Intermediates.noindex/GeneratedModuleMaps/AgoraRtmControl-Swift.h
Copy /Users/admin/builder/spi-builder-workspace/.derivedData/Build/Products/Debug/AgoraRtmControl.swiftmodule/arm64-apple-macos.swiftdoc /Users/admin/builder/spi-builder-workspace/.derivedData/Build/Intermediates.noindex/AgoraUIKit_macOS.build/Debug/AgoraRtmControl-t.build/Objects-normal/arm64/AgoraRtmControl.swiftdoc (in target 'AgoraRtmControl' from project 'AgoraUIKit_macOS')
    cd /Users/admin/builder/spi-builder-workspace
    builtin-copy -exclude .DS_Store -exclude CVS -exclude .svn -exclude .git -exclude .hg -resolve-src-symlinks -rename /Users/admin/builder/spi-builder-workspace/.derivedData/Build/Intermediates.noindex/AgoraUIKit_macOS.build/Debug/AgoraRtmControl-t.build/Objects-normal/arm64/AgoraRtmControl.swiftdoc /Users/admin/builder/spi-builder-workspace/.derivedData/Build/Products/Debug/AgoraRtmControl.swiftmodule/arm64-apple-macos.swiftdoc
Copy /Users/admin/builder/spi-builder-workspace/.derivedData/Build/Products/Debug/AgoraRtmControl.swiftmodule/arm64-apple-macos.swiftmodule /Users/admin/builder/spi-builder-workspace/.derivedData/Build/Intermediates.noindex/AgoraUIKit_macOS.build/Debug/AgoraRtmControl-t.build/Objects-normal/arm64/AgoraRtmControl.swiftmodule (in target 'AgoraRtmControl' from project 'AgoraUIKit_macOS')
    cd /Users/admin/builder/spi-builder-workspace
    builtin-copy -exclude .DS_Store -exclude CVS -exclude .svn -exclude .git -exclude .hg -resolve-src-symlinks -rename /Users/admin/builder/spi-builder-workspace/.derivedData/Build/Intermediates.noindex/AgoraUIKit_macOS.build/Debug/AgoraRtmControl-t.build/Objects-normal/arm64/AgoraRtmControl.swiftmodule /Users/admin/builder/spi-builder-workspace/.derivedData/Build/Products/Debug/AgoraRtmControl.swiftmodule/arm64-apple-macos.swiftmodule
Copy /Users/admin/builder/spi-builder-workspace/.derivedData/Build/Products/Debug/AgoraRtmControl.swiftmodule/arm64-apple-macos.abi.json /Users/admin/builder/spi-builder-workspace/.derivedData/Build/Intermediates.noindex/AgoraUIKit_macOS.build/Debug/AgoraRtmControl-t.build/Objects-normal/arm64/AgoraRtmControl.abi.json (in target 'AgoraRtmControl' from project 'AgoraUIKit_macOS')
    cd /Users/admin/builder/spi-builder-workspace
    builtin-copy -exclude .DS_Store -exclude CVS -exclude .svn -exclude .git -exclude .hg -resolve-src-symlinks -rename /Users/admin/builder/spi-builder-workspace/.derivedData/Build/Intermediates.noindex/AgoraUIKit_macOS.build/Debug/AgoraRtmControl-t.build/Objects-normal/arm64/AgoraRtmControl.abi.json /Users/admin/builder/spi-builder-workspace/.derivedData/Build/Products/Debug/AgoraRtmControl.swiftmodule/arm64-apple-macos.abi.json
Copy /Users/admin/builder/spi-builder-workspace/.derivedData/Build/Products/Debug/AgoraRtmControl.swiftmodule/Project/arm64-apple-macos.swiftsourceinfo /Users/admin/builder/spi-builder-workspace/.derivedData/Build/Intermediates.noindex/AgoraUIKit_macOS.build/Debug/AgoraRtmControl-t.build/Objects-normal/arm64/AgoraRtmControl.swiftsourceinfo (in target 'AgoraRtmControl' from project 'AgoraUIKit_macOS')
    cd /Users/admin/builder/spi-builder-workspace
    builtin-copy -exclude .DS_Store -exclude CVS -exclude .svn -exclude .git -exclude .hg -resolve-src-symlinks -rename /Users/admin/builder/spi-builder-workspace/.derivedData/Build/Intermediates.noindex/AgoraUIKit_macOS.build/Debug/AgoraRtmControl-t.build/Objects-normal/arm64/AgoraRtmControl.swiftsourceinfo /Users/admin/builder/spi-builder-workspace/.derivedData/Build/Products/Debug/AgoraRtmControl.swiftmodule/Project/arm64-apple-macos.swiftsourceinfo
SwiftDriver AgoraUIKit normal arm64 com.apple.xcode.tools.swift.compiler (in target 'AgoraUIKit' from project 'AgoraUIKit_macOS')
    cd /Users/admin/builder/spi-builder-workspace/.swiftpm/xcode
    builtin-SwiftDriver -- /Applications/Xcode-27.0.0-Release.Candidate.app/Contents/Developer/Toolchains/XcodeDefault.xctoolchain/usr/bin/swiftc -parse-as-library -module-name AgoraUIKit -Onone @/Users/admin/builder/spi-builder-workspace/.derivedData/Build/Intermediates.noindex/AgoraUIKit_macOS.build/Debug/AgoraUIKit-t.build/Objects-normal/arm64/AgoraUIKit.SwiftFileList -DSWIFT_PACKAGE -DDEBUG -DSWIFT_MODULE_RESOURCE_BUNDLE_UNAVAILABLE -DXcode -plugin-path /Applications/Xcode-27.0.0-Release.Candidate.app/Contents/Developer/Toolchains/XcodeDefault.xctoolchain/usr/lib/swift/host/plugins/testing -enable-experimental-feature DebugDescriptionMacro -sdk /Applications/Xcode-27.0.0-Release.Candidate.app/Contents/Developer/Platforms/MacOSX.platform/Developer/SDKs/MacOSX27.0.sdk -target arm64-apple-macos12.0 -g -module-cache-path /Users/admin/builder/spi-builder-workspace/.derivedData/ModuleCache.noindex -Xfrontend -serialize-debugging-options -profile-coverage-mapping -profile-generate -enable-testing -index-store-path /Users/admin/builder/spi-builder-workspace/.derivedData/Index.noindex/DataStore -Xcc -D_LIBCPP_HARDENING_MODE\=_LIBCPP_HARDENING_MODE_DEBUG -swift-version 5 -I /Users/admin/builder/spi-builder-workspace/.derivedData/Build/Products/Debug -Isystem /Applications/Xcode-27.0.0-Release.Candidate.app/Contents/Developer/Platforms/MacOSX.platform/Developer/usr/lib -F /Users/admin/builder/spi-builder-workspace/.derivedData/Build/Products/Debug/PackageFrameworks -F /Users/admin/builder/spi-builder-workspace/.derivedData/Build/Products/Debug -F /Applications/Xcode-27.0.0-Release.Candidate.app/Contents/Developer/Platforms/MacOSX.platform/Developer/Library/Frameworks -c -j10 -enable-batch-mode -incremental -Xcc -ivfsstatcache -Xcc /Users/admin/builder/spi-builder-workspace/.derivedData/SDKStatCaches.noindex/macosx27.0-26A425-e829b21a6f8c9b70876ba0858053c0446a22442a12e9d48fe1a705f55a1adfc4.sdkstatcache -output-file-map /Users/admin/builder/spi-builder-workspace/.derivedData/Build/Intermediates.noindex/AgoraUIKit_macOS.build/Debug/AgoraUIKit-t.build/Objects-normal/arm64/AgoraUIKit-OutputFileMap.json -save-temps -no-color-diagnostics -explicit-module-build -module-cache-path /Users/admin/builder/spi-builder-workspace/.derivedData/Build/Intermediates.noindex/SwiftExplicitPrecompiledModules -clang-scanner-module-cache-path /Users/admin/builder/spi-builder-workspace/.derivedData/ModuleCache.noindex -sdk-module-cache-path /Users/admin/builder/spi-builder-workspace/.derivedData/SDKExplicitPrecompiledModules -emit-dependencies -emit-module -emit-module-path /Users/admin/builder/spi-builder-workspace/.derivedData/Build/Intermediates.noindex/AgoraUIKit_macOS.build/Debug/AgoraUIKit-t.build/Objects-normal/arm64/AgoraUIKit.swiftmodule -serialize-diagnostics -dependency-scan-serialize-diagnostics-path /Users/admin/builder/spi-builder-workspace/.derivedData/Build/Intermediates.noindex/AgoraUIKit_macOS.build/Debug/AgoraUIKit-t.build/Objects-normal/arm64/AgoraUIKit-dependency-scan.dia -validate-clang-modules-once -clang-build-session-file /Users/admin/builder/spi-builder-workspace/.derivedData/ModuleCache.noindex/Session.modulevalidation -Xcc -fmodules-prune-interval\=86400 -Xcc -fmodules-prune-after\=345600 -emit-const-values -const-gather-protocols-list /Users/admin/builder/spi-builder-workspace/.derivedData/Build/Intermediates.noindex/AgoraUIKit_macOS.build/Debug/AgoraUIKit-t.build/Objects-normal/arm64/AgoraUIKit_const_extract_protocols.json -Xcc -I/Users/admin/builder/spi-builder-workspace/.derivedData/Build/Products/Debug/include -Xcc -I/Users/admin/builder/spi-builder-workspace/.derivedData/Build/Intermediates.noindex/AgoraUIKit_macOS.build/Debug/AgoraUIKit-t.build/DerivedSources-normal/arm64 -Xcc -I/Users/admin/builder/spi-builder-workspace/.derivedData/Build/Intermediates.noindex/AgoraUIKit_macOS.build/Debug/AgoraUIKit-t.build/DerivedSources/arm64 -Xcc -I/Users/admin/builder/spi-builder-workspace/.derivedData/Build/Intermediates.noindex/AgoraUIKit_macOS.build/Debug/AgoraUIKit-t.build/DerivedSources -Xcc -DSWIFT_PACKAGE -Xcc -DDEBUG\=1 -emit-objc-header -emit-objc-header-path /Users/admin/builder/spi-builder-workspace/.derivedData/Build/Intermediates.noindex/AgoraUIKit_macOS.build/Debug/AgoraUIKit-t.build/Objects-normal/arm64/AgoraUIKit-Swift.h -working-directory /Users/admin/builder/spi-builder-workspace/.swiftpm/xcode -experimental-emit-module-separately -disable-cmo
SwiftDriverJobDiscovery normal arm64 Compiling AgoraRtmController+MuteRequests.swift (in target 'AgoraRtmControl' from project 'AgoraUIKit_macOS')
SwiftExplicitDependencyGeneratePcm arm64 /Users/admin/builder/spi-builder-workspace/.derivedData/SDKExplicitPrecompiledModules/CUPS-45MNISAOHSEBD6VQA5G0MXN9H.pcm
SwiftExplicitDependencyGeneratePcm arm64 /Users/admin/builder/spi-builder-workspace/.derivedData/SDKExplicitPrecompiledModules/CoreData-4EPJ39F9L3QQ9486B5AMG5G6J.pcm
SwiftExplicitDependencyGeneratePcm arm64 /Users/admin/builder/spi-builder-workspace/.derivedData/SDKExplicitPrecompiledModules/Symbols-2NFSQR6R0R96WH1KKGBXW1J.pcm
SwiftExplicitDependencyGeneratePcm arm64 /Users/admin/builder/spi-builder-workspace/.derivedData/SDKExplicitPrecompiledModules/CoreAudioTypes-EEH2XZ47XX4YM3FOOISUYVRQE.pcm
SwiftExplicitDependencyGeneratePcm arm64 /Users/admin/builder/spi-builder-workspace/.derivedData/SDKExplicitPrecompiledModules/DeveloperToolsSupport-13SNQ6N57G3DOS3KQA7V91OE7.pcm
SwiftExplicitDependencyGeneratePcm arm64 /Users/admin/builder/spi-builder-workspace/.derivedData/SDKExplicitPrecompiledModules/CoreGraphics-5TRMNDB7ZP6FFMRNSZCWEOZMD.pcm
SwiftExplicitDependencyGeneratePcm arm64 /Users/admin/builder/spi-builder-workspace/.derivedData/SDKExplicitPrecompiledModules/UniformTypeIdentifiers-5LG8RE3Q01MBLZVRR3FFHHL5H.pcm
SwiftExplicitDependencyGeneratePcm arm64 /Users/admin/builder/spi-builder-workspace/.derivedData/SDKExplicitPrecompiledModules/IOSurface-1TUG4NQVIPJF59WSUNATZ447F.pcm
SwiftExplicitDependencyGeneratePcm arm64 /Users/admin/builder/spi-builder-workspace/.derivedData/SDKExplicitPrecompiledModules/CoreAudio-8XPVZMQXZVBU162UQPW77JTL1.pcm
SwiftExplicitDependencyGeneratePcm arm64 /Users/admin/builder/spi-builder-workspace/.derivedData/SDKExplicitPrecompiledModules/_Builtin_intrinsics-4O6R03GTH5FLWSHEUBP0Z3GZ2.pcm
SwiftExplicitDependencyGeneratePcm arm64 /Users/admin/builder/spi-builder-workspace/.derivedData/SDKExplicitPrecompiledModules/_Builtin_stdatomic-8LN7S35C6I48KJOCW7VPXX04X.pcm
SwiftExplicitDependencyGeneratePcm arm64 /Users/admin/builder/spi-builder-workspace/.derivedData/SDKExplicitPrecompiledModules/Metal-KM8CI04R5X5OUWMGRMNZE4KP.pcm
SwiftExplicitDependencyGeneratePcm arm64 /Users/admin/builder/spi-builder-workspace/.derivedData/SDKExplicitPrecompiledModules/Accessibility-6F38G4T85MOHD9AA2EH4U2PJS.pcm
SwiftExplicitDependencyGeneratePcm arm64 /Users/admin/builder/spi-builder-workspace/.derivedData/SDKExplicitPrecompiledModules/OpenGL-FXV81CD8YS42YTVJKJH1VLGA.pcm
SwiftExplicitDependencyGeneratePcm arm64 /Users/admin/builder/spi-builder-workspace/.derivedData/SDKExplicitPrecompiledModules/CoreText-C1WSF2HWGIKVJ2XHWBKXQBSEY.pcm
SwiftExplicitDependencyGeneratePcm arm64 /Users/admin/builder/spi-builder-workspace/.derivedData/SDKExplicitPrecompiledModules/os-BYOEVK2GEMB4Q8WWHGZGREA00.pcm
SwiftDriverJobDiscovery normal arm64 Compiling AgoraRtmController+RtmDelegateOverflows.swift (in target 'AgoraRtmControl' from project 'AgoraUIKit_macOS')
SwiftExplicitDependencyGeneratePcm arm64 /Users/admin/builder/spi-builder-workspace/.derivedData/SDKExplicitPrecompiledModules/CoreTransferable-2HJ1Z8HJBPECRD89AVJ0X7S63.pcm
SwiftDriverJobDiscovery normal arm64 Compiling AgoraRtmController+AgoraRtmDelegate.swift (in target 'AgoraRtmControl' from project 'AgoraUIKit_macOS')
SwiftExplicitDependencyGeneratePcm arm64 /Users/admin/builder/spi-builder-workspace/.derivedData/SDKExplicitPrecompiledModules/CoreMIDI-CCJ8M3Z4I36O80AMQH4ISET6O.pcm
SwiftDriverJobDiscovery normal arm64 Compiling AgoraAppGroupDataHelper.swift (in target 'AgoraAppGroupDataHelper' from project 'AgoraUIKit_macOS')
SwiftExplicitDependencyGeneratePcm arm64 /Users/admin/builder/spi-builder-workspace/.derivedData/SDKExplicitPrecompiledModules/ImageIO-88YNP2EU498GB5YXIFJ9ANNYW.pcm
SwiftDriverJobDiscovery normal arm64 Compiling AgoraRtmController+SendHelpers.swift (in target 'AgoraRtmControl' from project 'AgoraUIKit_macOS')
SwiftExplicitDependencyGeneratePcm arm64 /Users/admin/builder/spi-builder-workspace/.derivedData/SDKExplicitPrecompiledModules/CommonCrypto-4VT0ZQ0T25ABPC98A7DOL9WXB.pcm
SwiftDriverJobDiscovery normal arm64 Compiling AgoraRtmController+Tokens.swift (in target 'AgoraRtmControl' from project 'AgoraUIKit_macOS')
SwiftExplicitDependencyGeneratePcm arm64 /Users/admin/builder/spi-builder-workspace/.derivedData/SDKExplicitPrecompiledModules/ColorSync-BBCIZDDQ6O3QECFAWJQ6RU4ZJ.pcm
SwiftDriverJobDiscovery normal arm64 Compiling AgoraRtmController.swift (in target 'AgoraRtmControl' from project 'AgoraUIKit_macOS')
SwiftExplicitDependencyGeneratePcm arm64 /Users/admin/builder/spi-builder-workspace/.derivedData/SDKExplicitPrecompiledModules/DataDetection-5GDUUWT6YIA10PE5D9A8SXWZ9.pcm
SwiftExplicitDependencyGeneratePcm arm64 /Users/admin/builder/spi-builder-workspace/.derivedData/SDKExplicitPrecompiledModules/_Builtin_tgmath-52XE6HC8DWOG6S7B5QAI046D1.pcm
SwiftDriver\ Compilation AgoraRtmControl normal arm64 com.apple.xcode.tools.swift.compiler (in target 'AgoraRtmControl' from project 'AgoraUIKit_macOS')
    cd /Users/admin/builder/spi-builder-workspace/.swiftpm/xcode
    builtin-Swift-Compilation -- /Applications/Xcode-27.0.0-Release.Candidate.app/Contents/Developer/Toolchains/XcodeDefault.xctoolchain/usr/bin/swiftc -parse-as-library -module-name AgoraRtmControl -Onone @/Users/admin/builder/spi-builder-workspace/.derivedData/Build/Intermediates.noindex/AgoraUIKit_macOS.build/Debug/AgoraRtmControl-t.build/Objects-normal/arm64/AgoraRtmControl.SwiftFileList -DSWIFT_PACKAGE -DDEBUG -DSWIFT_MODULE_RESOURCE_BUNDLE_UNAVAILABLE -DXcode -plugin-path /Applications/Xcode-27.0.0-Release.Candidate.app/Contents/Developer/Toolchains/XcodeDefault.xctoolchain/usr/lib/swift/host/plugins/testing -enable-experimental-feature DebugDescriptionMacro -sdk /Applications/Xcode-27.0.0-Release.Candidate.app/Contents/Developer/Platforms/MacOSX.platform/Developer/SDKs/MacOSX27.0.sdk -target arm64-apple-macos12.0 -g -module-cache-path /Users/admin/builder/spi-builder-workspace/.derivedData/ModuleCache.noindex -Xfrontend -serialize-debugging-options -profile-coverage-mapping -profile-generate -enable-testing -index-store-path /Users/admin/builder/spi-builder-workspace/.derivedData/Index.noindex/DataStore -Xcc -D_LIBCPP_HARDENING_MODE\=_LIBCPP_HARDENING_MODE_DEBUG -swift-version 5 -I /Users/admin/builder/spi-builder-workspace/.derivedData/Build/Products/Debug -Isystem /Applications/Xcode-27.0.0-Release.Candidate.app/Contents/Developer/Platforms/MacOSX.platform/Developer/usr/lib -F /Users/admin/builder/spi-builder-workspace/.derivedData/Build/Products/Debug -F /Applications/Xcode-27.0.0-Release.Candidate.app/Contents/Developer/Platforms/MacOSX.platform/Developer/Library/Frameworks -c -j10 -enable-batch-mode -incremental -Xcc -ivfsstatcache -Xcc /Users/admin/builder/spi-builder-workspace/.derivedData/SDKStatCaches.noindex/macosx27.0-26A425-e829b21a6f8c9b70876ba0858053c0446a22442a12e9d48fe1a705f55a1adfc4.sdkstatcache -output-file-map /Users/admin/builder/spi-builder-workspace/.derivedData/Build/Intermediates.noindex/AgoraUIKit_macOS.build/Debug/AgoraRtmControl-t.build/Objects-normal/arm64/AgoraRtmControl-OutputFileMap.json -save-temps -no-color-diagnostics -explicit-module-build -module-cache-path /Users/admin/builder/spi-builder-workspace/.derivedData/Build/Intermediates.noindex/SwiftExplicitPrecompiledModules -clang-scanner-module-cache-path /Users/admin/builder/spi-builder-workspace/.derivedData/ModuleCache.noindex -sdk-module-cache-path /Users/admin/builder/spi-builder-workspace/.derivedData/SDKExplicitPrecompiledModules -emit-dependencies -emit-module -emit-module-path /Users/admin/builder/spi-builder-workspace/.derivedData/Build/Intermediates.noindex/AgoraUIKit_macOS.build/Debug/AgoraRtmControl-t.build/Objects-normal/arm64/AgoraRtmControl.swiftmodule -serialize-diagnostics -dependency-scan-serialize-diagnostics-path /Users/admin/builder/spi-builder-workspace/.derivedData/Build/Intermediates.noindex/AgoraUIKit_macOS.build/Debug/AgoraRtmControl-t.build/Objects-normal/arm64/AgoraRtmControl-dependency-scan.dia -validate-clang-modules-once -clang-build-session-file /Users/admin/builder/spi-builder-workspace/.derivedData/ModuleCache.noindex/Session.modulevalidation -Xcc -fmodules-prune-interval\=86400 -Xcc -fmodules-prune-after\=345600 -emit-const-values -const-gather-protocols-list /Users/admin/builder/spi-builder-workspace/.derivedData/Build/Intermediates.noindex/AgoraUIKit_macOS.build/Debug/AgoraRtmControl-t.build/Objects-normal/arm64/AgoraRtmControl_const_extract_protocols.json -Xcc -I/Users/admin/builder/spi-builder-workspace/.derivedData/Build/Products/Debug/include -Xcc -I/Users/admin/builder/spi-builder-workspace/.derivedData/Build/Intermediates.noindex/AgoraUIKit_macOS.build/Debug/AgoraRtmControl-t.build/DerivedSources-normal/arm64 -Xcc -I/Users/admin/builder/spi-builder-workspace/.derivedData/Build/Intermediates.noindex/AgoraUIKit_macOS.build/Debug/AgoraRtmControl-t.build/DerivedSources/arm64 -Xcc -I/Users/admin/builder/spi-builder-workspace/.derivedData/Build/Intermediates.noindex/AgoraUIKit_macOS.build/Debug/AgoraRtmControl-t.build/DerivedSources -Xcc -DSWIFT_PACKAGE -Xcc -DDEBUG\=1 -emit-objc-header -emit-objc-header-path /Users/admin/builder/spi-builder-workspace/.derivedData/Build/Intermediates.noindex/AgoraUIKit_macOS.build/Debug/AgoraRtmControl-t.build/Objects-normal/arm64/AgoraRtmControl-Swift.h -working-directory /Users/admin/builder/spi-builder-workspace/.swiftpm/xcode -experimental-emit-module-separately -disable-cmo
SwiftExplicitDependencyGeneratePcm arm64 /Users/admin/builder/spi-builder-workspace/.derivedData/SDKExplicitPrecompiledModules/OSLog-1GSRGGGEESVJH9OULZA91RAA3.pcm
Ld /Users/admin/builder/spi-builder-workspace/.derivedData/Build/Products/Debug/AgoraRtmControl.o normal (in target 'AgoraRtmControl' from project 'AgoraUIKit_macOS')
    cd /Users/admin/builder/spi-builder-workspace
    /Applications/Xcode-27.0.0-Release.Candidate.app/Contents/Developer/Toolchains/XcodeDefault.xctoolchain/usr/bin/clang -Xlinker -reproducible -target arm64-apple-macos12.0 -r -isysroot /Applications/Xcode-27.0.0-Release.Candidate.app/Contents/Developer/Platforms/MacOSX.platform/Developer/SDKs/MacOSX27.0.sdk -O0 -Xlinker -no_warn_duplicate_libraries -F/Users/admin/builder/spi-builder-workspace/.derivedData/Build/Intermediates.noindex/EagerLinkingTBDs/Debug -F/Users/admin/builder/spi-builder-workspace/.derivedData/Build/Products/Debug -iframework /Applications/Xcode-27.0.0-Release.Candidate.app/Contents/Developer/Platforms/MacOSX.platform/Developer/Library/Frameworks -filelist /Users/admin/builder/spi-builder-workspace/.derivedData/Build/Intermediates.noindex/AgoraUIKit_macOS.build/Debug/AgoraRtmControl-t.build/Objects-normal/arm64/AgoraRtmControl.LinkFileList -nostdlib -Xlinker -object_path_lto -Xlinker /Users/admin/builder/spi-builder-workspace/.derivedData/Build/Intermediates.noindex/AgoraUIKit_macOS.build/Debug/AgoraRtmControl-t.build/Objects-normal/arm64/AgoraRtmControl_lto.o -Xlinker -no_deduplicate -Xlinker -debug_variant -Xlinker -dependency_info -Xlinker /Users/admin/builder/spi-builder-workspace/.derivedData/Build/Intermediates.noindex/AgoraUIKit_macOS.build/Debug/AgoraRtmControl-t.build/Objects-normal/arm64/AgoraRtmControl_dependency_info.dat -fobjc-link-runtime -L/Applications/Xcode-27.0.0-Release.Candidate.app/Contents/Developer/Toolchains/XcodeDefault.xctoolchain/usr/lib/swift/macosx -L/usr/lib/swift -Xlinker -add_ast_path -Xlinker /Users/admin/builder/spi-builder-workspace/.derivedData/Build/Intermediates.noindex/AgoraUIKit_macOS.build/Debug/AgoraRtmControl-t.build/Objects-normal/arm64/AgoraRtmControl.swiftmodule -o /Users/admin/builder/spi-builder-workspace/.derivedData/Build/Products/Debug/AgoraRtmControl.o
SwiftDriver\ Compilation AgoraAppGroupDataHelper normal arm64 com.apple.xcode.tools.swift.compiler (in target 'AgoraAppGroupDataHelper' from project 'AgoraUIKit_macOS')
    cd /Users/admin/builder/spi-builder-workspace/.swiftpm/xcode
    builtin-Swift-Compilation -- /Applications/Xcode-27.0.0-Release.Candidate.app/Contents/Developer/Toolchains/XcodeDefault.xctoolchain/usr/bin/swiftc -parse-as-library -module-name AgoraAppGroupDataHelper -Onone @/Users/admin/builder/spi-builder-workspace/.derivedData/Build/Intermediates.noindex/AgoraUIKit_macOS.build/Debug/AgoraAppGroupDataHelper-t.build/Objects-normal/arm64/AgoraAppGroupDataHelper.SwiftFileList -DSWIFT_PACKAGE -DDEBUG -DSWIFT_MODULE_RESOURCE_BUNDLE_UNAVAILABLE -DXcode -plugin-path /Applications/Xcode-27.0.0-Release.Candidate.app/Contents/Developer/Toolchains/XcodeDefault.xctoolchain/usr/lib/swift/host/plugins/testing -enable-experimental-feature DebugDescriptionMacro -sdk /Applications/Xcode-27.0.0-Release.Candidate.app/Contents/Developer/Platforms/MacOSX.platform/Developer/SDKs/MacOSX27.0.sdk -target arm64-apple-macos12.0 -g -module-cache-path /Users/admin/builder/spi-builder-workspace/.derivedData/ModuleCache.noindex -Xfrontend -serialize-debugging-options -profile-coverage-mapping -profile-generate -enable-testing -index-store-path /Users/admin/builder/spi-builder-workspace/.derivedData/Index.noindex/DataStore -Xcc -D_LIBCPP_HARDENING_MODE\=_LIBCPP_HARDENING_MODE_DEBUG -swift-version 5 -I /Users/admin/builder/spi-builder-workspace/.derivedData/Build/Products/Debug -Isystem /Applications/Xcode-27.0.0-Release.Candidate.app/Contents/Developer/Platforms/MacOSX.platform/Developer/usr/lib -F /Users/admin/builder/spi-builder-workspace/.derivedData/Build/Products/Debug -F /Applications/Xcode-27.0.0-Release.Candidate.app/Contents/Developer/Platforms/MacOSX.platform/Developer/Library/Frameworks -c -j10 -enable-batch-mode -incremental -Xcc -ivfsstatcache -Xcc /Users/admin/builder/spi-builder-workspace/.derivedData/SDKStatCaches.noindex/macosx27.0-26A425-e829b21a6f8c9b70876ba0858053c0446a22442a12e9d48fe1a705f55a1adfc4.sdkstatcache -output-file-map /Users/admin/builder/spi-builder-workspace/.derivedData/Build/Intermediates.noindex/AgoraUIKit_macOS.build/Debug/AgoraAppGroupDataHelper-t.build/Objects-normal/arm64/AgoraAppGroupDataHelper-OutputFileMap.json -save-temps -no-color-diagnostics -explicit-module-build -module-cache-path /Users/admin/builder/spi-builder-workspace/.derivedData/Build/Intermediates.noindex/SwiftExplicitPrecompiledModules -clang-scanner-module-cache-path /Users/admin/builder/spi-builder-workspace/.derivedData/ModuleCache.noindex -sdk-module-cache-path /Users/admin/builder/spi-builder-workspace/.derivedData/SDKExplicitPrecompiledModules -emit-dependencies -emit-module -emit-module-path /Users/admin/builder/spi-builder-workspace/.derivedData/Build/Intermediates.noindex/AgoraUIKit_macOS.build/Debug/AgoraAppGroupDataHelper-t.build/Objects-normal/arm64/AgoraAppGroupDataHelper.swiftmodule -serialize-diagnostics -dependency-scan-serialize-diagnostics-path /Users/admin/builder/spi-builder-workspace/.derivedData/Build/Intermediates.noindex/AgoraUIKit_macOS.build/Debug/AgoraAppGroupDataHelper-t.build/Objects-normal/arm64/AgoraAppGroupDataHelper-dependency-scan.dia -validate-clang-modules-once -clang-build-session-file /Users/admin/builder/spi-builder-workspace/.derivedData/ModuleCache.noindex/Session.modulevalidation -Xcc -fmodules-prune-interval\=86400 -Xcc -fmodules-prune-after\=345600 -emit-const-values -const-gather-protocols-list /Users/admin/builder/spi-builder-workspace/.derivedData/Build/Intermediates.noindex/AgoraUIKit_macOS.build/Debug/AgoraAppGroupDataHelper-t.build/Objects-normal/arm64/AgoraAppGroupDataHelper_const_extract_protocols.json -Xcc -I/Users/admin/builder/spi-builder-workspace/.derivedData/Build/Products/Debug/include -Xcc -I/Users/admin/builder/spi-builder-workspace/.derivedData/Build/Intermediates.noindex/AgoraUIKit_macOS.build/Debug/AgoraAppGroupDataHelper-t.build/DerivedSources-normal/arm64 -Xcc -I/Users/admin/builder/spi-builder-workspace/.derivedData/Build/Intermediates.noindex/AgoraUIKit_macOS.build/Debug/AgoraAppGroupDataHelper-t.build/DerivedSources/arm64 -Xcc -I/Users/admin/builder/spi-builder-workspace/.derivedData/Build/Intermediates.noindex/AgoraUIKit_macOS.build/Debug/AgoraAppGroupDataHelper-t.build/DerivedSources -Xcc -DSWIFT_PACKAGE -Xcc -DDEBUG\=1 -emit-objc-header -emit-objc-header-path /Users/admin/builder/spi-builder-workspace/.derivedData/Build/Intermediates.noindex/AgoraUIKit_macOS.build/Debug/AgoraAppGroupDataHelper-t.build/Objects-normal/arm64/AgoraAppGroupDataHelper-Swift.h -working-directory /Users/admin/builder/spi-builder-workspace/.swiftpm/xcode -experimental-emit-module-separately -disable-cmo
Ld /Users/admin/builder/spi-builder-workspace/.derivedData/Build/Products/Debug/AgoraAppGroupDataHelper.o normal (in target 'AgoraAppGroupDataHelper' from project 'AgoraUIKit_macOS')
    cd /Users/admin/builder/spi-builder-workspace
    /Applications/Xcode-27.0.0-Release.Candidate.app/Contents/Developer/Toolchains/XcodeDefault.xctoolchain/usr/bin/clang -Xlinker -reproducible -target arm64-apple-macos12.0 -r -isysroot /Applications/Xcode-27.0.0-Release.Candidate.app/Contents/Developer/Platforms/MacOSX.platform/Developer/SDKs/MacOSX27.0.sdk -O0 -Xlinker -no_warn_duplicate_libraries -F/Users/admin/builder/spi-builder-workspace/.derivedData/Build/Intermediates.noindex/EagerLinkingTBDs/Debug -F/Users/admin/builder/spi-builder-workspace/.derivedData/Build/Products/Debug -iframework /Applications/Xcode-27.0.0-Release.Candidate.app/Contents/Developer/Platforms/MacOSX.platform/Developer/Library/Frameworks -filelist /Users/admin/builder/spi-builder-workspace/.derivedData/Build/Intermediates.noindex/AgoraUIKit_macOS.build/Debug/AgoraAppGroupDataHelper-t.build/Objects-normal/arm64/AgoraAppGroupDataHelper.LinkFileList -nostdlib -Xlinker -object_path_lto -Xlinker /Users/admin/builder/spi-builder-workspace/.derivedData/Build/Intermediates.noindex/AgoraUIKit_macOS.build/Debug/AgoraAppGroupDataHelper-t.build/Objects-normal/arm64/AgoraAppGroupDataHelper_lto.o -Xlinker -no_deduplicate -Xlinker -debug_variant -Xlinker -dependency_info -Xlinker /Users/admin/builder/spi-builder-workspace/.derivedData/Build/Intermediates.noindex/AgoraUIKit_macOS.build/Debug/AgoraAppGroupDataHelper-t.build/Objects-normal/arm64/AgoraAppGroupDataHelper_dependency_info.dat -fobjc-link-runtime -L/Applications/Xcode-27.0.0-Release.Candidate.app/Contents/Developer/Toolchains/XcodeDefault.xctoolchain/usr/lib/swift/macosx -L/usr/lib/swift -Xlinker -add_ast_path -Xlinker /Users/admin/builder/spi-builder-workspace/.derivedData/Build/Intermediates.noindex/AgoraUIKit_macOS.build/Debug/AgoraAppGroupDataHelper-t.build/Objects-normal/arm64/AgoraAppGroupDataHelper.swiftmodule -o /Users/admin/builder/spi-builder-workspace/.derivedData/Build/Products/Debug/AgoraAppGroupDataHelper.o
SwiftExplicitDependencyGeneratePcm arm64 /Users/admin/builder/spi-builder-workspace/.derivedData/SDKExplicitPrecompiledModules/CoreVideo-11TKSDKW0L2K02H4B9ZHWLM3B.pcm
SwiftExplicitDependencyGeneratePcm arm64 /Users/admin/builder/spi-builder-workspace/.derivedData/SDKExplicitPrecompiledModules/simd-A9TKR8OE9APRJ1RNS7F0OBY4Q.pcm
ExtractAppIntentsMetadata (in target 'AgoraRtmControl' from project 'AgoraUIKit_macOS')
    cd /Users/admin/builder/spi-builder-workspace
    /Applications/Xcode-27.0.0-Release.Candidate.app/Contents/Developer/Toolchains/XcodeDefault.xctoolchain/usr/bin/appintentsmetadataprocessor --toolchain-dir /var/run/com.apple.security.cryptexd/mnt/com.apple.MobileAsset.MetalToolchain-v27.1.266.1.bTiz2W/Metal.xctoolchain --module-name AgoraRtmControl --sdk-root /Applications/Xcode-27.0.0-Release.Candidate.app/Contents/Developer/Platforms/MacOSX.platform/Developer/SDKs/MacOSX27.0.sdk --xcode-version 27A266a --platform-family macOS --deployment-target 12.0 --bundle-identifier spi-builder-workspace.AgoraRtmControl --output /Users/admin/builder/spi-builder-workspace/.derivedData/Build/Products/Debug/AgoraRtmControl.appintents --target-triple arm64-apple-macos12.0 --binary-file /Users/admin/builder/spi-builder-workspace/.derivedData/Build/Products/Debug/AgoraRtmControl.o --dependency-file /Users/admin/builder/spi-builder-workspace/.derivedData/Build/Intermediates.noindex/AgoraUIKit_macOS.build/Debug/AgoraRtmControl-t.build/Objects-normal/arm64/AgoraRtmControl_dependency_info.dat --stringsdata-file /Users/admin/builder/spi-builder-workspace/.derivedData/Build/Intermediates.noindex/AgoraUIKit_macOS.build/Debug/AgoraRtmControl-t.build/Objects-normal/arm64/ExtractedAppShortcutsMetadata.stringsdata --source-file-list /Users/admin/builder/spi-builder-workspace/.derivedData/Build/Intermediates.noindex/AgoraUIKit_macOS.build/Debug/AgoraRtmControl-t.build/Objects-normal/arm64/AgoraRtmControl.SwiftFileList --metadata-file-list /Users/admin/builder/spi-builder-workspace/.derivedData/Build/Intermediates.noindex/AgoraUIKit_macOS.build/Debug/AgoraRtmControl-t.build/AgoraRtmControl.DependencyMetadataFileList --static-metadata-file-list /Users/admin/builder/spi-builder-workspace/.derivedData/Build/Intermediates.noindex/AgoraUIKit_macOS.build/Debug/AgoraRtmControl-t.build/AgoraRtmControl.DependencyStaticMetadataFileList --swift-const-vals-list /Users/admin/builder/spi-builder-workspace/.derivedData/Build/Intermediates.noindex/AgoraUIKit_macOS.build/Debug/AgoraRtmControl-t.build/Objects-normal/arm64/AgoraRtmControl.SwiftConstValuesFileList --force --compile-time-extraction --deployment-aware-processing --no-app-shortcuts-localization
2026-09-18 18:24:30.370 appintentsmetadataprocessor[1057:5431] Starting appintentsmetadataprocessor export
2026-09-18 18:24:30.468 appintentsmetadataprocessor[1057:5431] Extracted no relevant App Intents symbols, skipping writing output
SwiftExplicitDependencyGeneratePcm arm64 /Users/admin/builder/spi-builder-workspace/.derivedData/SDKExplicitPrecompiledModules/ApplicationServices-ALXSS633FQY42UMJSLR6MNLSK.pcm
ExtractAppIntentsMetadata (in target 'AgoraAppGroupDataHelper' from project 'AgoraUIKit_macOS')
    cd /Users/admin/builder/spi-builder-workspace
    /Applications/Xcode-27.0.0-Release.Candidate.app/Contents/Developer/Toolchains/XcodeDefault.xctoolchain/usr/bin/appintentsmetadataprocessor --toolchain-dir /var/run/com.apple.security.cryptexd/mnt/com.apple.MobileAsset.MetalToolchain-v27.1.266.1.bTiz2W/Metal.xctoolchain --module-name AgoraAppGroupDataHelper --sdk-root /Applications/Xcode-27.0.0-Release.Candidate.app/Contents/Developer/Platforms/MacOSX.platform/Developer/SDKs/MacOSX27.0.sdk --xcode-version 27A266a --platform-family macOS --deployment-target 12.0 --bundle-identifier spi-builder-workspace.AgoraAppGroupDataHelper --output /Users/admin/builder/spi-builder-workspace/.derivedData/Build/Products/Debug/AgoraAppGroupDataHelper.appintents --target-triple arm64-apple-macos12.0 --binary-file /Users/admin/builder/spi-builder-workspace/.derivedData/Build/Products/Debug/AgoraAppGroupDataHelper.o --dependency-file /Users/admin/builder/spi-builder-workspace/.derivedData/Build/Intermediates.noindex/AgoraUIKit_macOS.build/Debug/AgoraAppGroupDataHelper-t.build/Objects-normal/arm64/AgoraAppGroupDataHelper_dependency_info.dat --stringsdata-file /Users/admin/builder/spi-builder-workspace/.derivedData/Build/Intermediates.noindex/AgoraUIKit_macOS.build/Debug/AgoraAppGroupDataHelper-t.build/Objects-normal/arm64/ExtractedAppShortcutsMetadata.stringsdata --source-file-list /Users/admin/builder/spi-builder-workspace/.derivedData/Build/Intermediates.noindex/AgoraUIKit_macOS.build/Debug/AgoraAppGroupDataHelper-t.build/Objects-normal/arm64/AgoraAppGroupDataHelper.SwiftFileList --metadata-file-list /Users/admin/builder/spi-builder-workspace/.derivedData/Build/Intermediates.noindex/AgoraUIKit_macOS.build/Debug/AgoraAppGroupDataHelper-t.build/AgoraAppGroupDataHelper.DependencyMetadataFileList --static-metadata-file-list /Users/admin/builder/spi-builder-workspace/.derivedData/Build/Intermediates.noindex/AgoraUIKit_macOS.build/Debug/AgoraAppGroupDataHelper-t.build/AgoraAppGroupDataHelper.DependencyStaticMetadataFileList --swift-const-vals-list /Users/admin/builder/spi-builder-workspace/.derivedData/Build/Intermediates.noindex/AgoraUIKit_macOS.build/Debug/AgoraAppGroupDataHelper-t.build/Objects-normal/arm64/AgoraAppGroupDataHelper.SwiftConstValuesFileList --force --compile-time-extraction --deployment-aware-processing --no-app-shortcuts-localization
2026-09-18 18:24:30.370 appintentsmetadataprocessor[1059:5434] Starting appintentsmetadataprocessor export
2026-09-18 18:24:30.468 appintentsmetadataprocessor[1059:5434] Extracted no relevant App Intents symbols, skipping writing output
SwiftExplicitDependencyGeneratePcm arm64 /Users/admin/builder/spi-builder-workspace/.derivedData/SDKExplicitPrecompiledModules/CoreImage-AKYY8VSFWQ6KIIXG3EQJ7PW5T.pcm
SwiftExplicitDependencyGeneratePcm arm64 /Users/admin/builder/spi-builder-workspace/.derivedData/SDKExplicitPrecompiledModules/CoreMedia-699WGYGEEF2LGFEEGSCM9Y1UF.pcm
SwiftExplicitDependencyGeneratePcm arm64 /Users/admin/builder/spi-builder-workspace/.derivedData/SDKExplicitPrecompiledModules/QuartzCore-AP21NXF3BYPWOG416U3DI6QME.pcm
SwiftExplicitDependencyGeneratePcm arm64 /Users/admin/builder/spi-builder-workspace/.derivedData/SDKExplicitPrecompiledModules/Carbon-2ONS33PR0M3OUK9U5ST5BLH43.pcm
SwiftExplicitDependencyGeneratePcm arm64 /Users/admin/builder/spi-builder-workspace/.derivedData/SDKExplicitPrecompiledModules/SwiftUICore-ESLJM4CVIQEQNCRTK6KPAF1I7.pcm
SwiftExplicitDependencyGeneratePcm arm64 /Users/admin/builder/spi-builder-workspace/.derivedData/SDKExplicitPrecompiledModules/VideoToolbox-6IDX6DMGASVEDUVPEGSTLUE4G.pcm
SwiftExplicitDependencyGeneratePcm arm64 /Users/admin/builder/spi-builder-workspace/.derivedData/SDKExplicitPrecompiledModules/AppKit-C2WRQ26QXORUMMNQB0M8H4QYD.pcm
SwiftExplicitDependencyGeneratePcm arm64 /Users/admin/builder/spi-builder-workspace/.derivedData/SDKExplicitPrecompiledModules/AudioToolbox-2T0MY057M2IF62UMRCVMCXBCW.pcm
SwiftExplicitDependencyGeneratePcm arm64 /Users/admin/builder/spi-builder-workspace/.derivedData/SDKExplicitPrecompiledModules/Spatial-2JNOU2HNJ0Q174XCFCD0GCOUQ.pcm
SwiftExplicitDependencyGeneratePcm arm64 /Users/admin/builder/spi-builder-workspace/.derivedData/SDKExplicitPrecompiledModules/AVFAudio-8O3YR1E0VTB07VYVVPNE7AW5O.pcm
SwiftExplicitDependencyGeneratePcm arm64 /Users/admin/builder/spi-builder-workspace/.derivedData/SDKExplicitPrecompiledModules/MediaToolbox-A1FBUTL5IVSGB3TSM17GGXT7S.pcm
SwiftExplicitDependencyGeneratePcm arm64 /Users/admin/builder/spi-builder-workspace/.derivedData/SDKExplicitPrecompiledModules/AVFoundation-7AXUV20FGUWS4UKWN8IVZVM84.pcm
SwiftExplicitDependencyGeneratePcm arm64 /Users/admin/builder/spi-builder-workspace/.derivedData/SDKExplicitPrecompiledModules/Cocoa-C4EM04F55Q09X00LN45U96140.pcm
SwiftExplicitDependencyGeneratePcm arm64 /Users/admin/builder/spi-builder-workspace/.derivedData/Build/Intermediates.noindex/SwiftExplicitPrecompiledModules/AgoraRtcKit-CLXYHLYT166W9UPO8CCIN2ZLC.pcm
SwiftExplicitDependencyGeneratePcm arm64 /Users/admin/builder/spi-builder-workspace/.derivedData/SDKExplicitPrecompiledModules/AVKit-65CNZV8LKDAPAP6OD1W0USG60.pcm
SwiftEmitModule normal arm64 Emitting\ module\ for\ AgoraUIKit (in target 'AgoraUIKit' from project 'AgoraUIKit_macOS')
/Users/admin/builder/spi-builder-workspace/Sources/Agora-Video-UIKit/AgoraVideoViewer+Ordering.swift:84:5: warning: non-'@objc' instance method declared in extension cannot be overridden; use 'public' instead; this will be an error in a future Swift language mode
 82 |     }
 83 |
 84 |     open override func layoutSubviews() {
    |     `- warning: non-'@objc' instance method declared in extension cannot be overridden; use 'public' instead; this will be an error in a future Swift language mode
 85 |         super.layoutSubviews()
 86 |         self.reorganiseVideos()
/Users/admin/builder/spi-builder-workspace/Sources/Agora-Video-UIKit/AgoraVideoViewer+Ordering.swift:84:24: error: method does not override any method from its superclass
 82 |     }
 83 |
 84 |     open override func layoutSubviews() {
    |                        `- error: method does not override any method from its superclass
 85 |         super.layoutSubviews()
 86 |         self.reorganiseVideos()
Failed frontend command:
SwiftCompile normal arm64 (in target 'AgoraUIKit' from project 'AgoraUIKit_macOS')
    cd /Users/admin/builder/spi-builder-workspace/.swiftpm/xcode

/Applications/Xcode-27.0.0-Release.Candidate.app/Contents/Developer/Toolchains/XcodeDefault.xctoolchain/usr/bin/swift-frontend -frontend -emit-module -experimental-skip-non-inlinable-function-bodies-without-types /Users/admin/builder/spi-builder-workspace/Sources/Agora-Video-UIKit/AgoraCameraSourcePush.swift /Users/admin/builder/spi-builder-workspace/Sources/Agora-Video-UIKit/AgoraCollectionViewer.swift /Users/admin/builder/spi-builder-workspace/Sources/Agora-Video-UIKit/AgoraConnectionData.swift /Users/admin/builder/spi-builder-workspace/Sources/Agora-Video-UIKit/AgoraSettings.swift /Users/admin/builder/spi-builder-workspace/Sources/Agora-Video-UIKit/AgoraSingleVideoView+RtmDelegate.swift /Users/admin/builder/spi-builder-workspace/Sources/Agora-Video-UIKit/AgoraSingleVideoView+RtmOptions.swift /Users/admin/builder/spi-builder-workspace/Sources/Agora-Video-UIKit/AgoraSingleVideoView.swift /Users/admin/builder/spi-builder-workspace/Sources/Agora-Video-UIKit/AgoraUIKit+AgoraRtmController+Extensions.swift /Users/admin/builder/spi-builder-workspace/Sources/Agora-Video-UIKit/AgoraUIKit+AgoraRtmController+MuteRequests.swift /Users/admin/builder/spi-builder-workspace/Sources/Agora-Video-UIKit/AgoraUIKit+AgoraRtmController+SendHelpers.swift /Users/admin/builder/spi-builder-workspace/Sources/Agora-Video-UIKit/AgoraUIKit+MD5.swift /Users/admin/builder/spi-builder-workspace/Sources/Agora-Video-UIKit/AgoraUIKit.swift /Users/admin/builder/spi-builder-workspace/Sources/Agora-Video-UIKit/AgoraVideoViewer+AgoraExtensions.swift /Users/admin/builder/spi-builder-workspace/Sources/Agora-Video-UIKit/AgoraVideoViewer+AgoraRtcEngineDelegate.swift /Users/admin/builder/spi-builder-workspace/Sources/Agora-Video-UIKit/AgoraVideoViewer+Buttons.swift /Users/admin/builder/spi-builder-workspace/Sources/Agora-Video-UIKit/AgoraVideoViewer+JoinChannel.swift /Users/admin/builder/spi-builder-workspace/Sources/Agora-Video-UIKit/AgoraVideoViewer+LocalVideo.swift /Users/admin/builder/spi-builder-workspace/Sources/Agora-Video-UIKit/AgoraVideoViewer+Ordering.swift /Users/admin/builder/spi-builder-workspace/Sources/Agora-Video-UIKit/AgoraVideoViewer+Permissions.swift /Users/admin/builder/spi-builder-workspace/Sources/Agora-Video-UIKit/AgoraVideoViewer+RtcEngineDelegateOverflow.swift /Users/admin/builder/spi-builder-workspace/Sources/Agora-Video-UIKit/AgoraVideoViewer+Token.swift /Users/admin/builder/spi-builder-workspace/Sources/Agora-Video-UIKit/AgoraVideoViewer+Utilities.swift /Users/admin/builder/spi-builder-workspace/Sources/Agora-Video-UIKit/AgoraVideoViewer+VideoControl.swift /Users/admin/builder/spi-builder-workspace/Sources/Agora-Video-UIKit/AgoraVideoViewer.swift /Users/admin/builder/spi-builder-workspace/Sources/Agora-Video-UIKit/AgoraViewer.swift /Users/admin/builder/spi-builder-workspace/Sources/Agora-Video-UIKit/UIButton+Extensions.swift /Users/admin/builder/spi-builder-workspace/Sources/Agora-Video-UIKit/iOS+macOS+typealiases.swift -target arm64-apple-macos12.0 -module-can-import AgoraRtmControl -module-can-import AgoraRtmKit -disable-cross-import-overlay-search -swift-module-cross-import AVKit /Applications/Xcode-27.0.0-Release.Candidate.app/Contents/Developer/Platforms/MacOSX.platform/Developer/SDKs/MacOSX.sdk/System/Library/Frameworks/AVKit.framework/Modules/AVKit.swiftcrossimport/SwiftUI.swiftoverlay -swift-module-cross-import AVKit /Applications/Xcode-27.0.0-Release.Candidate.app/Contents/Developer/Platforms/MacOSX.platform/Developer/SDKs/MacOSX27.0.sdk/System/Library/Frameworks/AVKit.framework/Modules/AVKit.swiftcrossimport/SwiftUI.swiftoverlay -load-resolved-plugin /Applications/Xcode-27.0.0-Release.Candidate.app/Contents/Developer/Platforms/MacOSX.platform/Developer/usr/lib/swift/host/plugins/libFoundationMacros.dylib\#/Applications/Xcode-27.0.0-Release.Candidate.app/Contents/Developer/Platforms/MacOSX.platform/Developer/usr/bin/swift-plugin-server\#FoundationMacros -load-resolved-plugin /Applications/Xcode-27.0.0-Release.Candidate.app/Contents/Developer/Platforms/MacOSX.platform/Developer/usr/lib/swift/host/plugins/libObservationMacros.dylib\#/Applications/Xcode-27.0.0-Release.Candidate.app/Contents/Developer/Platforms/MacOSX.platform/Developer/usr/bin/swift-plugin-server\#ObservationMacros -load-resolved-plugin /Applications/Xcode-27.0.0-Release.Candidate.app/Contents/Developer/Platforms/MacOSX.platform/Developer/usr/lib/swift/host/plugins/libPreviewsMacros.dylib\#/Applications/Xcode-27.0.0-Release.Candidate.app/Contents/Developer/Platforms/MacOSX.platform/Developer/usr/bin/swift-plugin-server\#PreviewsMacros -load-resolved-plugin /Applications/Xcode-27.0.0-Release.Candidate.app/Contents/Developer/Platforms/MacOSX.platform/Developer/usr/lib/swift/host/plugins/libSwiftMacros.dylib\#/Applications/Xcode-27.0.0-Release.Candidate.app/Contents/Developer/Platforms/MacOSX.platform/Developer/usr/bin/swift-plugin-server\#SwiftMacros -load-resolved-plugin /Applications/Xcode-27.0.0-Release.Candidate.app/Contents/Developer/Platforms/MacOSX.platform/Developer/usr/lib/swift/host/plugins/libSwiftUIMacros.dylib\#/Applications/Xcode-27.0.0-Release.Candidate.app/Contents/Developer/Platforms/MacOSX.platform/Developer/usr/bin/swift-plugin-server\#SwiftUIMacros -disable-implicit-swift-modules -Xcc -fno-implicit-modules -Xcc -fno-implicit-module-maps -explicit-swift-module-map-file /Users/admin/builder/spi-builder-workspace/.derivedData/Build/Intermediates.noindex/AgoraUIKit_macOS.build/Debug/AgoraUIKit-t.build/Objects-normal/arm64/AgoraUIKit-dependencies-1.json -Xllvm -aarch64-use-tbi -enable-objc-interop -stack-check -sdk /Applications/Xcode-27.0.0-Release.Candidate.app/Contents/Developer/Platforms/MacOSX.platform/Developer/SDKs/MacOSX27.0.sdk -I /Users/admin/builder/spi-builder-workspace/.derivedData/Build/Products/Debug -Isystem /Applications/Xcode-27.0.0-Release.Candidate.app/Contents/Developer/Platforms/MacOSX.platform/Developer/usr/lib -F /Users/admin/builder/spi-builder-workspace/.derivedData/Build/Products/Debug/PackageFrameworks -F /Users/admin/builder/spi-builder-workspace/.derivedData/Build/Products/Debug -F /Applications/Xcode-27.0.0-Release.Candidate.app/Contents/Developer/Platforms/MacOSX.platform/Developer/Library/Frameworks -module-cache-path /Users/admin/builder/spi-builder-workspace/.derivedData/Build/Intermediates.noindex/SwiftExplicitPrecompiledModules -no-color-diagnostics -Xcc -fno-color-diagnostics -enable-testing -g -debug-info-format\=dwarf -dwarf-version\=4 -profile-generate -profile-coverage-mapping -swift-version 5 -Onone -D SWIFT_PACKAGE -D DEBUG -D SWIFT_MODULE_RESOURCE_BUNDLE_UNAVAILABLE -D Xcode -serialize-debugging-options -enable-experimental-feature DebugDescriptionMacro -empty-abi-descriptor -validate-clang-modules-once -clang-build-session-file /Users/admin/builder/spi-builder-workspace/.derivedData/ModuleCache.noindex/Session.modulevalidation -Xcc -working-directory -Xcc /Users/admin/builder/spi-builder-workspace/.swiftpm/xcode -enable-anonymous-context-mangled-names -file-compilation-dir /Users/admin/builder/spi-builder-workspace/.swiftpm/xcode -Xcc -D_LIBCPP_HARDENING_MODE\=_LIBCPP_HARDENING_MODE_DEBUG -Xcc -ivfsstatcache -Xcc /Users/admin/builder/spi-builder-workspace/.derivedData/SDKStatCaches.noindex/macosx27.0-26A425-e829b21a6f8c9b70876ba0858053c0446a22442a12e9d48fe1a705f55a1adfc4.sdkstatcache -Xcc -fmodules-prune-interval\=86400 -Xcc -fmodules-prune-after\=345600 -Xcc -I/Users/admin/builder/spi-builder-workspace/.derivedData/Build/Products/Debug/include -Xcc -I/Users/admin/builder/spi-builder-workspace/.derivedData/Build/Intermediates.noindex/AgoraUIKit_macOS.build/Debug/AgoraUIKit-t.build/DerivedSources-normal/arm64 -Xcc -I/Users/admin/builder/spi-builder-workspace/.derivedData/Build/Intermediates.noindex/AgoraUIKit_macOS.build/Debug/AgoraUIKit-t.build/DerivedSources/arm64 -Xcc -I/Users/admin/builder/spi-builder-workspace/.derivedData/Build/Intermediates.noindex/AgoraUIKit_macOS.build/Debug/AgoraUIKit-t.build/DerivedSources -Xcc -DSWIFT_PACKAGE -Xcc -DDEBUG\=1 -no-auto-bridging-header-chaining -module-name AgoraUIKit -const-gather-protocols-file /Users/admin/builder/spi-builder-workspace/.derivedData/Build/Intermediates.noindex/AgoraUIKit_macOS.build/Debug/AgoraUIKit-t.build/Objects-normal/arm64/AgoraUIKit_const_extract_protocols.json -disable-clang-spi -clang-target arm64-apple-macos27.0 -target-sdk-version 27.0 -target-sdk-name macosx27.0 -in-process-plugin-server-path /Applications/Xcode-27.0.0-Release.Candidate.app/Contents/Developer/Toolchains/XcodeDefault.xctoolchain/usr/lib/swift/host/libSwiftInProcPluginServer.dylib -emit-module-doc-path /Users/admin/builder/spi-builder-workspace/.derivedData/Build/Intermediates.noindex/AgoraUIKit_macOS.build/Debug/AgoraUIKit-t.build/Objects-normal/arm64/AgoraUIKit.swiftdoc -emit-module-source-info-path /Users/admin/builder/spi-builder-workspace/.derivedData/Build/Intermediates.noindex/AgoraUIKit_macOS.build/Debug/AgoraUIKit-t.build/Objects-normal/arm64/AgoraUIKit.swiftsourceinfo -emit-objc-header-path /Users/admin/builder/spi-builder-workspace/.derivedData/Build/Intermediates.noindex/AgoraUIKit_macOS.build/Debug/AgoraUIKit-t.build/Objects-normal/arm64/AgoraUIKit-Swift.h -serialize-diagnostics-path /Users/admin/builder/spi-builder-workspace/.derivedData/Build/Intermediates.noindex/AgoraUIKit_macOS.build/Debug/AgoraUIKit-t.build/Objects-normal/arm64/AgoraUIKit-primary-emit-module.dia -emit-dependencies-path /Users/admin/builder/spi-builder-workspace/.derivedData/Build/Intermediates.noindex/AgoraUIKit_macOS.build/Debug/AgoraUIKit-t.build/Objects-normal/arm64/AgoraUIKit-primary-emit-module.d -parse-as-library -o /Users/admin/builder/spi-builder-workspace/.derivedData/Build/Intermediates.noindex/AgoraUIKit_macOS.build/Debug/AgoraUIKit-t.build/Objects-normal/arm64/AgoraUIKit.swiftmodule -emit-abi-descriptor-path /Users/admin/builder/spi-builder-workspace/.derivedData/Build/Intermediates.noindex/AgoraUIKit_macOS.build/Debug/AgoraUIKit-t.build/Objects-normal/arm64/AgoraUIKit.abi.json
SwiftCompile normal arm64 Compiling\ UIButton+Extensions.swift,\ iOS+macOS+typealiases.swift /Users/admin/builder/spi-builder-workspace/Sources/Agora-Video-UIKit/UIButton+Extensions.swift /Users/admin/builder/spi-builder-workspace/Sources/Agora-Video-UIKit/iOS+macOS+typealiases.swift (in target 'AgoraUIKit' from project 'AgoraUIKit_macOS')
SwiftCompile normal arm64 /Users/admin/builder/spi-builder-workspace/Sources/Agora-Video-UIKit/UIButton+Extensions.swift (in target 'AgoraUIKit' from project 'AgoraUIKit_macOS')
    cd /Users/admin/builder/spi-builder-workspace/.swiftpm/xcode
    builtin-SwiftPerFileCompile UIButton+Extensions.swift
SwiftCompile normal arm64 /Users/admin/builder/spi-builder-workspace/Sources/Agora-Video-UIKit/iOS+macOS+typealiases.swift (in target 'AgoraUIKit' from project 'AgoraUIKit_macOS')
    cd /Users/admin/builder/spi-builder-workspace/.swiftpm/xcode
    builtin-SwiftPerFileCompile iOS+macOS+typealiases.swift
SwiftCompile normal arm64 Compiling\ AgoraVideoViewer.swift,\ AgoraViewer.swift /Users/admin/builder/spi-builder-workspace/Sources/Agora-Video-UIKit/AgoraVideoViewer.swift /Users/admin/builder/spi-builder-workspace/Sources/Agora-Video-UIKit/AgoraViewer.swift (in target 'AgoraUIKit' from project 'AgoraUIKit_macOS')
SwiftCompile normal arm64 /Users/admin/builder/spi-builder-workspace/Sources/Agora-Video-UIKit/AgoraVideoViewer.swift (in target 'AgoraUIKit' from project 'AgoraUIKit_macOS')
    cd /Users/admin/builder/spi-builder-workspace/.swiftpm/xcode
    builtin-SwiftPerFileCompile AgoraVideoViewer.swift
SwiftCompile normal arm64 /Users/admin/builder/spi-builder-workspace/Sources/Agora-Video-UIKit/AgoraViewer.swift (in target 'AgoraUIKit' from project 'AgoraUIKit_macOS')
    cd /Users/admin/builder/spi-builder-workspace/.swiftpm/xcode
    builtin-SwiftPerFileCompile AgoraViewer.swift
SwiftCompile normal arm64 Compiling\ AgoraSingleVideoView.swift,\ AgoraUIKit+AgoraRtmController+Extensions.swift,\ AgoraUIKit+AgoraRtmController+MuteRequests.swift /Users/admin/builder/spi-builder-workspace/Sources/Agora-Video-UIKit/AgoraSingleVideoView.swift /Users/admin/builder/spi-builder-workspace/Sources/Agora-Video-UIKit/AgoraUIKit+AgoraRtmController+Extensions.swift /Users/admin/builder/spi-builder-workspace/Sources/Agora-Video-UIKit/AgoraUIKit+AgoraRtmController+MuteRequests.swift (in target 'AgoraUIKit' from project 'AgoraUIKit_macOS')
SwiftCompile normal arm64 /Users/admin/builder/spi-builder-workspace/Sources/Agora-Video-UIKit/AgoraSingleVideoView.swift (in target 'AgoraUIKit' from project 'AgoraUIKit_macOS')
    cd /Users/admin/builder/spi-builder-workspace/.swiftpm/xcode
    builtin-SwiftPerFileCompile AgoraSingleVideoView.swift
SwiftCompile normal arm64 /Users/admin/builder/spi-builder-workspace/Sources/Agora-Video-UIKit/AgoraUIKit+AgoraRtmController+Extensions.swift (in target 'AgoraUIKit' from project 'AgoraUIKit_macOS')
    cd /Users/admin/builder/spi-builder-workspace/.swiftpm/xcode
    builtin-SwiftPerFileCompile AgoraUIKit+AgoraRtmController+Extensions.swift
SwiftCompile normal arm64 /Users/admin/builder/spi-builder-workspace/Sources/Agora-Video-UIKit/AgoraUIKit+AgoraRtmController+MuteRequests.swift (in target 'AgoraUIKit' from project 'AgoraUIKit_macOS')
    cd /Users/admin/builder/spi-builder-workspace/.swiftpm/xcode
    builtin-SwiftPerFileCompile AgoraUIKit+AgoraRtmController+MuteRequests.swift
SwiftCompile normal arm64 Compiling\ AgoraVideoViewer+Permissions.swift,\ AgoraVideoViewer+RtcEngineDelegateOverflow.swift,\ AgoraVideoViewer+Token.swift /Users/admin/builder/spi-builder-workspace/Sources/Agora-Video-UIKit/AgoraVideoViewer+Permissions.swift /Users/admin/builder/spi-builder-workspace/Sources/Agora-Video-UIKit/AgoraVideoViewer+RtcEngineDelegateOverflow.swift /Users/admin/builder/spi-builder-workspace/Sources/Agora-Video-UIKit/AgoraVideoViewer+Token.swift (in target 'AgoraUIKit' from project 'AgoraUIKit_macOS')
SwiftCompile normal arm64 /Users/admin/builder/spi-builder-workspace/Sources/Agora-Video-UIKit/AgoraVideoViewer+Permissions.swift (in target 'AgoraUIKit' from project 'AgoraUIKit_macOS')
    cd /Users/admin/builder/spi-builder-workspace/.swiftpm/xcode
    builtin-SwiftPerFileCompile AgoraVideoViewer+Permissions.swift
SwiftCompile normal arm64 /Users/admin/builder/spi-builder-workspace/Sources/Agora-Video-UIKit/AgoraVideoViewer+RtcEngineDelegateOverflow.swift (in target 'AgoraUIKit' from project 'AgoraUIKit_macOS')
    cd /Users/admin/builder/spi-builder-workspace/.swiftpm/xcode
    builtin-SwiftPerFileCompile AgoraVideoViewer+RtcEngineDelegateOverflow.swift
SwiftCompile normal arm64 /Users/admin/builder/spi-builder-workspace/Sources/Agora-Video-UIKit/AgoraVideoViewer+Token.swift (in target 'AgoraUIKit' from project 'AgoraUIKit_macOS')
    cd /Users/admin/builder/spi-builder-workspace/.swiftpm/xcode
    builtin-SwiftPerFileCompile AgoraVideoViewer+Token.swift
SwiftCompile normal arm64 Compiling\ AgoraUIKit+AgoraRtmController+SendHelpers.swift,\ AgoraUIKit+MD5.swift,\ AgoraUIKit.swift /Users/admin/builder/spi-builder-workspace/Sources/Agora-Video-UIKit/AgoraUIKit+AgoraRtmController+SendHelpers.swift /Users/admin/builder/spi-builder-workspace/Sources/Agora-Video-UIKit/AgoraUIKit+MD5.swift /Users/admin/builder/spi-builder-workspace/Sources/Agora-Video-UIKit/AgoraUIKit.swift (in target 'AgoraUIKit' from project 'AgoraUIKit_macOS')
SwiftCompile normal arm64 /Users/admin/builder/spi-builder-workspace/Sources/Agora-Video-UIKit/AgoraUIKit+AgoraRtmController+SendHelpers.swift (in target 'AgoraUIKit' from project 'AgoraUIKit_macOS')
    cd /Users/admin/builder/spi-builder-workspace/.swiftpm/xcode
    builtin-SwiftPerFileCompile AgoraUIKit+AgoraRtmController+SendHelpers.swift
SwiftCompile normal arm64 /Users/admin/builder/spi-builder-workspace/Sources/Agora-Video-UIKit/AgoraUIKit+MD5.swift (in target 'AgoraUIKit' from project 'AgoraUIKit_macOS')
    cd /Users/admin/builder/spi-builder-workspace/.swiftpm/xcode
    builtin-SwiftPerFileCompile AgoraUIKit+MD5.swift
SwiftCompile normal arm64 (in target 'AgoraUIKit' from project 'AgoraUIKit_macOS')
    cd /Users/admin/builder/spi-builder-workspace/.swiftpm/xcode

SwiftCompile normal arm64 Compiling\ AgoraVideoViewer+Utilities.swift,\ AgoraVideoViewer+VideoControl.swift /Users/admin/builder/spi-builder-workspace/Sources/Agora-Video-UIKit/AgoraVideoViewer+Utilities.swift /Users/admin/builder/spi-builder-workspace/Sources/Agora-Video-UIKit/AgoraVideoViewer+VideoControl.swift (in target 'AgoraUIKit' from project 'AgoraUIKit_macOS')
SwiftCompile normal arm64 /Users/admin/builder/spi-builder-workspace/Sources/Agora-Video-UIKit/AgoraVideoViewer+Utilities.swift (in target 'AgoraUIKit' from project 'AgoraUIKit_macOS')
    cd /Users/admin/builder/spi-builder-workspace/.swiftpm/xcode
    builtin-SwiftPerFileCompile AgoraVideoViewer+Utilities.swift
SwiftCompile normal arm64 /Users/admin/builder/spi-builder-workspace/Sources/Agora-Video-UIKit/AgoraVideoViewer+VideoControl.swift (in target 'AgoraUIKit' from project 'AgoraUIKit_macOS')
    cd /Users/admin/builder/spi-builder-workspace/.swiftpm/xcode
    builtin-SwiftPerFileCompile AgoraVideoViewer+VideoControl.swift
SwiftCompile normal arm64 Compiling\ AgoraVideoViewer+JoinChannel.swift,\ AgoraVideoViewer+LocalVideo.swift,\ AgoraVideoViewer+Ordering.swift /Users/admin/builder/spi-builder-workspace/Sources/Agora-Video-UIKit/AgoraVideoViewer+JoinChannel.swift /Users/admin/builder/spi-builder-workspace/Sources/Agora-Video-UIKit/AgoraVideoViewer+LocalVideo.swift /Users/admin/builder/spi-builder-workspace/Sources/Agora-Video-UIKit/AgoraVideoViewer+Ordering.swift (in target 'AgoraUIKit' from project 'AgoraUIKit_macOS')
/Users/admin/builder/spi-builder-workspace/Sources/Agora-Video-UIKit/AgoraVideoViewer+Ordering.swift:84:5: warning: non-'@objc' instance method declared in extension cannot be overridden; use 'public' instead; this will be an error in a future Swift language mode
 82 |     }
 83 |
 84 |     open override func layoutSubviews() {
    |     `- warning: non-'@objc' instance method declared in extension cannot be overridden; use 'public' instead; this will be an error in a future Swift language mode
 85 |         super.layoutSubviews()
 86 |         self.reorganiseVideos()
/Users/admin/builder/spi-builder-workspace/Sources/Agora-Video-UIKit/AgoraVideoViewer+Ordering.swift:84:24: error: method does not override any method from its superclass
 82 |     }
 83 |
 84 |     open override func layoutSubviews() {
    |                        `- error: method does not override any method from its superclass
 85 |         super.layoutSubviews()
 86 |         self.reorganiseVideos()
SwiftCompile normal arm64 /Users/admin/builder/spi-builder-workspace/Sources/Agora-Video-UIKit/AgoraVideoViewer+JoinChannel.swift (in target 'AgoraUIKit' from project 'AgoraUIKit_macOS')
    cd /Users/admin/builder/spi-builder-workspace/.swiftpm/xcode
    builtin-SwiftPerFileCompile AgoraVideoViewer+JoinChannel.swift
SwiftCompile normal arm64 /Users/admin/builder/spi-builder-workspace/Sources/Agora-Video-UIKit/AgoraVideoViewer+LocalVideo.swift (in target 'AgoraUIKit' from project 'AgoraUIKit_macOS')
    cd /Users/admin/builder/spi-builder-workspace/.swiftpm/xcode
    builtin-SwiftPerFileCompile AgoraVideoViewer+LocalVideo.swift
SwiftCompile normal arm64 /Users/admin/builder/spi-builder-workspace/Sources/Agora-Video-UIKit/AgoraVideoViewer+Ordering.swift (in target 'AgoraUIKit' from project 'AgoraUIKit_macOS')
    cd /Users/admin/builder/spi-builder-workspace/.swiftpm/xcode
    builtin-SwiftPerFileCompile AgoraVideoViewer+Ordering.swift
SwiftCompile normal arm64 Compiling\ AgoraCameraSourcePush.swift,\ AgoraCollectionViewer.swift,\ AgoraConnectionData.swift /Users/admin/builder/spi-builder-workspace/Sources/Agora-Video-UIKit/AgoraCameraSourcePush.swift /Users/admin/builder/spi-builder-workspace/Sources/Agora-Video-UIKit/AgoraCollectionViewer.swift /Users/admin/builder/spi-builder-workspace/Sources/Agora-Video-UIKit/AgoraConnectionData.swift (in target 'AgoraUIKit' from project 'AgoraUIKit_macOS')
SwiftCompile normal arm64 /Users/admin/builder/spi-builder-workspace/Sources/Agora-Video-UIKit/AgoraCameraSourcePush.swift (in target 'AgoraUIKit' from project 'AgoraUIKit_macOS')
    cd /Users/admin/builder/spi-builder-workspace/.swiftpm/xcode
    builtin-SwiftPerFileCompile AgoraCameraSourcePush.swift
SwiftCompile normal arm64 /Users/admin/builder/spi-builder-workspace/Sources/Agora-Video-UIKit/AgoraCollectionViewer.swift (in target 'AgoraUIKit' from project 'AgoraUIKit_macOS')
    cd /Users/admin/builder/spi-builder-workspace/.swiftpm/xcode
    builtin-SwiftPerFileCompile AgoraCollectionViewer.swift
SwiftCompile normal arm64 /Users/admin/builder/spi-builder-workspace/Sources/Agora-Video-UIKit/AgoraConnectionData.swift (in target 'AgoraUIKit' from project 'AgoraUIKit_macOS')
    cd /Users/admin/builder/spi-builder-workspace/.swiftpm/xcode
    builtin-SwiftPerFileCompile AgoraConnectionData.swift
SwiftCompile normal arm64 Compiling\ AgoraSettings.swift,\ AgoraSingleVideoView+RtmDelegate.swift,\ AgoraSingleVideoView+RtmOptions.swift /Users/admin/builder/spi-builder-workspace/Sources/Agora-Video-UIKit/AgoraSettings.swift /Users/admin/builder/spi-builder-workspace/Sources/Agora-Video-UIKit/AgoraSingleVideoView+RtmDelegate.swift /Users/admin/builder/spi-builder-workspace/Sources/Agora-Video-UIKit/AgoraSingleVideoView+RtmOptions.swift (in target 'AgoraUIKit' from project 'AgoraUIKit_macOS')
SwiftCompile normal arm64 /Users/admin/builder/spi-builder-workspace/Sources/Agora-Video-UIKit/AgoraSettings.swift (in target 'AgoraUIKit' from project 'AgoraUIKit_macOS')
    cd /Users/admin/builder/spi-builder-workspace/.swiftpm/xcode
    builtin-SwiftPerFileCompile AgoraSettings.swift
SwiftCompile normal arm64 /Users/admin/builder/spi-builder-workspace/Sources/Agora-Video-UIKit/AgoraSingleVideoView+RtmDelegate.swift (in target 'AgoraUIKit' from project 'AgoraUIKit_macOS')
    cd /Users/admin/builder/spi-builder-workspace/.swiftpm/xcode
    builtin-SwiftPerFileCompile AgoraSingleVideoView+RtmDelegate.swift
SwiftCompile normal arm64 /Users/admin/builder/spi-builder-workspace/Sources/Agora-Video-UIKit/AgoraSingleVideoView+RtmOptions.swift (in target 'AgoraUIKit' from project 'AgoraUIKit_macOS')
    cd /Users/admin/builder/spi-builder-workspace/.swiftpm/xcode
    builtin-SwiftPerFileCompile AgoraSingleVideoView+RtmOptions.swift
SwiftCompile normal arm64 Compiling\ AgoraVideoViewer+AgoraExtensions.swift,\ AgoraVideoViewer+AgoraRtcEngineDelegate.swift,\ AgoraVideoViewer+Buttons.swift /Users/admin/builder/spi-builder-workspace/Sources/Agora-Video-UIKit/AgoraVideoViewer+AgoraExtensions.swift /Users/admin/builder/spi-builder-workspace/Sources/Agora-Video-UIKit/AgoraVideoViewer+AgoraRtcEngineDelegate.swift /Users/admin/builder/spi-builder-workspace/Sources/Agora-Video-UIKit/AgoraVideoViewer+Buttons.swift (in target 'AgoraUIKit' from project 'AgoraUIKit_macOS')
SwiftCompile normal arm64 /Users/admin/builder/spi-builder-workspace/Sources/Agora-Video-UIKit/AgoraVideoViewer+AgoraExtensions.swift (in target 'AgoraUIKit' from project 'AgoraUIKit_macOS')
    cd /Users/admin/builder/spi-builder-workspace/.swiftpm/xcode
    builtin-SwiftPerFileCompile AgoraVideoViewer+AgoraExtensions.swift
SwiftCompile normal arm64 /Users/admin/builder/spi-builder-workspace/Sources/Agora-Video-UIKit/AgoraVideoViewer+AgoraRtcEngineDelegate.swift (in target 'AgoraUIKit' from project 'AgoraUIKit_macOS')
    cd /Users/admin/builder/spi-builder-workspace/.swiftpm/xcode
    builtin-SwiftPerFileCompile AgoraVideoViewer+AgoraRtcEngineDelegate.swift
SwiftCompile normal arm64 /Users/admin/builder/spi-builder-workspace/Sources/Agora-Video-UIKit/AgoraVideoViewer+Buttons.swift (in target 'AgoraUIKit' from project 'AgoraUIKit_macOS')
    cd /Users/admin/builder/spi-builder-workspace/.swiftpm/xcode
    builtin-SwiftPerFileCompile AgoraVideoViewer+Buttons.swift
PruneExplicitPrecompiledModules /Users/admin/builder/spi-builder-workspace/.derivedData/SDKExplicitPrecompiledModules
PruneExplicitPrecompiledModules /Users/admin/builder/spi-builder-workspace/.derivedData/Build/Intermediates.noindex/SwiftExplicitPrecompiledModules
PruneExplicitPrecompiledModules /Users/admin/builder/spi-builder-workspace/.derivedData/Build/Intermediates.noindex/ExplicitPrecompiledModules
2026-09-18 18:24:22.304 xcodebuild[938:4833] [MT] IDERunDestination: Supported platforms for the buildables in the current scheme is empty.
--- xcodebuild: WARNING: Using the first of multiple matching destinations:
{ platform:macOS, arch:arm64, id:b38c4d6d3d2d0b32dbe0faa67fedd903cfbd6cef, name:My Mac }
{ platform:macOS, arch:arm64, variant:Mac Catalyst, id:b38c4d6d3d2d0b32dbe0faa67fedd903cfbd6cef, name:My Mac }
{ platform:macOS, arch:arm64, variant:DriverKit, id:b38c4d6d3d2d0b32dbe0faa67fedd903cfbd6cef, name:My Mac }
{ platform:macOS, arch:arm64, variant:Designed for [iPad,iPhone], id:b38c4d6d3d2d0b32dbe0faa67fedd903cfbd6cef, name:My Mac }
** BUILD FAILED **
The following build commands failed:
	SwiftCompile normal arm64 (in target 'AgoraUIKit' from project 'AgoraUIKit_macOS')
	SwiftEmitModule normal arm64 Emitting\ module\ for\ AgoraUIKit (in target 'AgoraUIKit' from project 'AgoraUIKit_macOS')
	Building workspace AgoraUIKit_macOS with scheme AgoraUIKit_macOS-Package
(3 failures)
Command line invocation:
    /Applications/Xcode-27.0.0-Release.Candidate.app/Contents/Developer/usr/bin/xcodebuild -IDEClonedSourcePackagesDirPathOverride=/Users/admin/builder/spi-builder-workspace/.dependencies -resolvePackageDependencies
Resolve Package Graph
Resolved source packages:
  AgoraUIKit_macOS: /Users/admin/builder/spi-builder-workspace
  AgoraRtcKit: https://github.com/AgoraIO/AgoraRtcEngine_macOS @ 4.1.1
  AgoraRtmKit: https://github.com/AgoraIO/AgoraRtm_macOS @ 1.5.1
resolved source packages: AgoraUIKit_macOS, AgoraRtcKit, AgoraRtmKit
2026-09-18 18:24:32.971 xcodebuild[1085:5543] [MT] IDERunDestination: Supported platforms for the buildables in the current scheme is empty.
{
  "dependencies" : [
    {
      "identity" : "agorartcengine_macos",
      "requirement" : {
        "range" : [
          {
            "lower_bound" : "4.1.0",
            "upper_bound" : "4.2.0"
          }
        ]
      },
      "type" : "sourceControl",
      "url" : "https://github.com/AgoraIO/AgoraRtcEngine_macOS"
    },
    {
      "identity" : "agorartm_macos",
      "requirement" : {
        "range" : [
          {
            "lower_bound" : "1.5.1",
            "upper_bound" : "1.6.0"
          }
        ]
      },
      "type" : "sourceControl",
      "url" : "https://github.com/AgoraIO/AgoraRtm_macOS"
    }
  ],
  "manifest_display_name" : "AgoraUIKit_macOS",
  "name" : "AgoraUIKit_macOS",
  "path" : "/Users/admin/builder/spi-builder-workspace",
  "platforms" : [
    {
      "name" : "macos",
      "version" : "10.15"
    }
  ],
  "products" : [
    {
      "name" : "AgoraUIKit",
      "targets" : [
        "AgoraUIKit",
        "AgoraRtmControl"
      ],
      "type" : {
        "library" : [
          "automatic"
        ]
      }
    },
    {
      "name" : "AgoraAppGroupDataHelper",
      "targets" : [
        "AgoraAppGroupDataHelper"
      ],
      "type" : {
        "library" : [
          "automatic"
        ]
      }
    }
  ],
  "targets" : [
    {
      "c99name" : "AgoraUIKit_Tests",
      "module_type" : "SwiftTarget",
      "name" : "AgoraUIKit-Tests",
      "path" : "Tests/Agora-UIKit-Tests",
      "sources" : [
        "RtcEncodingTests.swift",
        "RtmMessagingTests.swift",
        "RtmUserIdHandlingTests.swift"
      ],
      "target_dependencies" : [
        "AgoraUIKit",
        "AgoraRtmControl"
      ],
      "type" : "test"
    },
    {
      "c99name" : "AgoraUIKit",
      "module_type" : "SwiftTarget",
      "name" : "AgoraUIKit",
      "path" : "Sources/Agora-Video-UIKit",
      "product_dependencies" : [
        "RtcBasic"
      ],
      "product_memberships" : [
        "AgoraUIKit"
      ],
      "sources" : [
        "AgoraCameraSourcePush.swift",
        "AgoraCollectionViewer.swift",
        "AgoraConnectionData.swift",
        "AgoraSettings.swift",
        "AgoraSingleVideoView+RtmDelegate.swift",
        "AgoraSingleVideoView+RtmOptions.swift",
        "AgoraSingleVideoView.swift",
        "AgoraUIKit+AgoraRtmController+Extensions.swift",
        "AgoraUIKit+AgoraRtmController+MuteRequests.swift",
        "AgoraUIKit+AgoraRtmController+SendHelpers.swift",
        "AgoraUIKit+MD5.swift",
        "AgoraUIKit.swift",
        "AgoraVideoViewer+AgoraExtensions.swift",
        "AgoraVideoViewer+AgoraRtcEngineDelegate.swift",
        "AgoraVideoViewer+Buttons.swift",
        "AgoraVideoViewer+JoinChannel.swift",
        "AgoraVideoViewer+LocalVideo.swift",
        "AgoraVideoViewer+Ordering.swift",
        "AgoraVideoViewer+Permissions.swift",
        "AgoraVideoViewer+RtcEngineDelegateOverflow.swift",
        "AgoraVideoViewer+Token.swift",
        "AgoraVideoViewer+Utilities.swift",
        "AgoraVideoViewer+VideoControl.swift",
        "AgoraVideoViewer.swift",
        "AgoraViewer.swift",
        "UIButton+Extensions.swift",
        "iOS+macOS+typealiases.swift"
      ],
      "target_dependencies" : [
        "AgoraRtmControl"
      ],
      "type" : "library"
    },
    {
      "c99name" : "AgoraRtmControl",
      "module_type" : "SwiftTarget",
      "name" : "AgoraRtmControl",
      "path" : "Sources/AgoraRtmControl",
      "product_dependencies" : [
        "AgoraRtmKit"
      ],
      "product_memberships" : [
        "AgoraUIKit"
      ],
      "sources" : [
        "AgoraRtmController+AgoraRtmDelegate.swift",
        "AgoraRtmController+MuteRequests.swift",
        "AgoraRtmController+RtmDelegateOverflows.swift",
        "AgoraRtmController+SendHelpers.swift",
        "AgoraRtmController+Tokens.swift",
        "AgoraRtmController.swift"
      ],
      "type" : "library"
    },
    {
      "c99name" : "AgoraAppGroupDataHelper",
      "module_type" : "SwiftTarget",
      "name" : "AgoraAppGroupDataHelper",
      "path" : "Sources/AgoraAppGroupDataHelper",
      "product_memberships" : [
        "AgoraAppGroupDataHelper"
      ],
      "sources" : [
        "AgoraAppGroupDataHelper.swift"
      ],
      "type" : "library"
    }
  ],
  "tools_version" : "5.5"
}
{
  "workspace" : {
    "name" : "AgoraUIKit_macOS",
    "schemes" : [
      "AgoraAppGroupDataHelper",
      "AgoraUIKit",
      "AgoraUIKit_macOS-Package"
    ]
  }
}
2026-09-18 18:24:34.235 xcodebuild[1093:5610] [MT] IDERunDestination: Supported platforms for the buildables in the current scheme is empty.
Running build ...
env DEVELOPER_DIR=/Applications/Xcode-27.0.0-Release.Candidate.app xcrun xcodebuild -IDEClonedSourcePackagesDirPathOverride=$PWD/.dependencies -skipMacroValidation -skipPackagePluginValidation -derivedDataPath $PWD/.derivedData build -scheme AgoraUIKit_macOS-Package -destination platform=macOS,arch=arm64
Command line invocation:
    /Applications/Xcode-27.0.0-Release.Candidate.app/Contents/Developer/usr/bin/xcodebuild -IDEClonedSourcePackagesDirPathOverride=/Users/admin/builder/spi-builder-workspace/.dependencies -skipMacroValidation -skipPackagePluginValidation -derivedDataPath /Users/admin/builder/spi-builder-workspace/.derivedData build -scheme AgoraUIKit_macOS-Package -destination platform=macOS,arch=arm64
Resolve Package Graph
Resolved source packages:
  AgoraRtmKit: https://github.com/AgoraIO/AgoraRtm_macOS @ 1.5.1
  AgoraUIKit_macOS: /Users/admin/builder/spi-builder-workspace
  AgoraRtcKit: https://github.com/AgoraIO/AgoraRtcEngine_macOS @ 4.1.1
ComputePackagePrebuildTargetDependencyGraph
Prepare packages
CreateBuildRequest
SendProjectDescription
CreateBuildOperation
ComputeTargetDependencyGraph
note: Building targets in dependency order
note: Target dependency graph (7 targets)
    Target 'AgoraAppGroupDataHelper-product' in project 'AgoraUIKit_macOS'
        ➜ Explicit dependency on target 'AgoraAppGroupDataHelper' in project 'AgoraUIKit_macOS'
    Target 'AgoraAppGroupDataHelper' in project 'AgoraUIKit_macOS' (no dependencies)
    Target 'AgoraUIKit-product' in project 'AgoraUIKit_macOS'
        ➜ Explicit dependency on target 'AgoraUIKit' in project 'AgoraUIKit_macOS'
        ➜ Explicit dependency on target 'AgoraRtmControl' in project 'AgoraUIKit_macOS'
        ➜ Explicit dependency on target 'AgoraRtmKit-product' in project 'AgoraRtmKit'
        ➜ Explicit dependency on target 'RtcBasic-product' in project 'AgoraRtcKit'
    Target 'AgoraUIKit' in project 'AgoraUIKit_macOS'
        ➜ Explicit dependency on target 'AgoraRtmControl' in project 'AgoraUIKit_macOS'
        ➜ Explicit dependency on target 'AgoraRtmKit-product' in project 'AgoraRtmKit'
        ➜ Explicit dependency on target 'RtcBasic-product' in project 'AgoraRtcKit'
    Target 'RtcBasic-product' in project 'AgoraRtcKit' (no dependencies)
    Target 'AgoraRtmControl' in project 'AgoraUIKit_macOS'
        ➜ Explicit dependency on target 'AgoraRtmKit-product' in project 'AgoraRtmKit'
    Target 'AgoraRtmKit-product' in project 'AgoraRtmKit' (no dependencies)
GatherProvisioningInputs
CreateBuildDescription
ClangStatCache /Applications/Xcode-27.0.0-Release.Candidate.app/Contents/Developer/Toolchains/XcodeDefault.xctoolchain/usr/bin/clang-stat-cache /Applications/Xcode-27.0.0-Release.Candidate.app/Contents/Developer/Platforms/MacOSX.platform/Developer/SDKs/MacOSX27.0.sdk /Users/admin/builder/spi-builder-workspace/.derivedData/SDKStatCaches.noindex/macosx27.0-26A425-e829b21a6f8c9b70876ba0858053c0446a22442a12e9d48fe1a705f55a1adfc4.sdkstatcache
    cd /Users/admin/builder/spi-builder-workspace/.swiftpm/xcode
    /Applications/Xcode-27.0.0-Release.Candidate.app/Contents/Developer/Toolchains/XcodeDefault.xctoolchain/usr/bin/clang-stat-cache /Applications/Xcode-27.0.0-Release.Candidate.app/Contents/Developer/Platforms/MacOSX.platform/Developer/SDKs/MacOSX27.0.sdk -o /Users/admin/builder/spi-builder-workspace/.derivedData/SDKStatCaches.noindex/macosx27.0-26A425-e829b21a6f8c9b70876ba0858053c0446a22442a12e9d48fe1a705f55a1adfc4.sdkstatcache
SwiftDriver AgoraUIKit normal arm64 com.apple.xcode.tools.swift.compiler (in target 'AgoraUIKit' from project 'AgoraUIKit_macOS')
    cd /Users/admin/builder/spi-builder-workspace/.swiftpm/xcode
    builtin-SwiftDriver -- /Applications/Xcode-27.0.0-Release.Candidate.app/Contents/Developer/Toolchains/XcodeDefault.xctoolchain/usr/bin/swiftc -parse-as-library -module-name AgoraUIKit -Onone @/Users/admin/builder/spi-builder-workspace/.derivedData/Build/Intermediates.noindex/AgoraUIKit_macOS.build/Debug/AgoraUIKit-t.build/Objects-normal/arm64/AgoraUIKit.SwiftFileList -DSWIFT_PACKAGE -DDEBUG -DSWIFT_MODULE_RESOURCE_BUNDLE_UNAVAILABLE -DXcode -plugin-path /Applications/Xcode-27.0.0-Release.Candidate.app/Contents/Developer/Toolchains/XcodeDefault.xctoolchain/usr/lib/swift/host/plugins/testing -enable-experimental-feature DebugDescriptionMacro -sdk /Applications/Xcode-27.0.0-Release.Candidate.app/Contents/Developer/Platforms/MacOSX.platform/Developer/SDKs/MacOSX27.0.sdk -target arm64-apple-macos12.0 -g -module-cache-path /Users/admin/builder/spi-builder-workspace/.derivedData/ModuleCache.noindex -Xfrontend -serialize-debugging-options -profile-coverage-mapping -profile-generate -enable-testing -index-store-path /Users/admin/builder/spi-builder-workspace/.derivedData/Index.noindex/DataStore -Xcc -D_LIBCPP_HARDENING_MODE\=_LIBCPP_HARDENING_MODE_DEBUG -swift-version 5 -I /Users/admin/builder/spi-builder-workspace/.derivedData/Build/Products/Debug -Isystem /Applications/Xcode-27.0.0-Release.Candidate.app/Contents/Developer/Platforms/MacOSX.platform/Developer/usr/lib -F /Users/admin/builder/spi-builder-workspace/.derivedData/Build/Products/Debug/PackageFrameworks -F /Users/admin/builder/spi-builder-workspace/.derivedData/Build/Products/Debug -F /Applications/Xcode-27.0.0-Release.Candidate.app/Contents/Developer/Platforms/MacOSX.platform/Developer/Library/Frameworks -c -j10 -enable-batch-mode -incremental -Xcc -ivfsstatcache -Xcc /Users/admin/builder/spi-builder-workspace/.derivedData/SDKStatCaches.noindex/macosx27.0-26A425-e829b21a6f8c9b70876ba0858053c0446a22442a12e9d48fe1a705f55a1adfc4.sdkstatcache -output-file-map /Users/admin/builder/spi-builder-workspace/.derivedData/Build/Intermediates.noindex/AgoraUIKit_macOS.build/Debug/AgoraUIKit-t.build/Objects-normal/arm64/AgoraUIKit-OutputFileMap.json -save-temps -no-color-diagnostics -explicit-module-build -module-cache-path /Users/admin/builder/spi-builder-workspace/.derivedData/Build/Intermediates.noindex/SwiftExplicitPrecompiledModules -clang-scanner-module-cache-path /Users/admin/builder/spi-builder-workspace/.derivedData/ModuleCache.noindex -sdk-module-cache-path /Users/admin/builder/spi-builder-workspace/.derivedData/SDKExplicitPrecompiledModules -emit-dependencies -emit-module -emit-module-path /Users/admin/builder/spi-builder-workspace/.derivedData/Build/Intermediates.noindex/AgoraUIKit_macOS.build/Debug/AgoraUIKit-t.build/Objects-normal/arm64/AgoraUIKit.swiftmodule -serialize-diagnostics -dependency-scan-serialize-diagnostics-path /Users/admin/builder/spi-builder-workspace/.derivedData/Build/Intermediates.noindex/AgoraUIKit_macOS.build/Debug/AgoraUIKit-t.build/Objects-normal/arm64/AgoraUIKit-dependency-scan.dia -validate-clang-modules-once -clang-build-session-file /Users/admin/builder/spi-builder-workspace/.derivedData/ModuleCache.noindex/Session.modulevalidation -Xcc -fmodules-prune-interval\=86400 -Xcc -fmodules-prune-after\=345600 -emit-const-values -const-gather-protocols-list /Users/admin/builder/spi-builder-workspace/.derivedData/Build/Intermediates.noindex/AgoraUIKit_macOS.build/Debug/AgoraUIKit-t.build/Objects-normal/arm64/AgoraUIKit_const_extract_protocols.json -Xcc -I/Users/admin/builder/spi-builder-workspace/.derivedData/Build/Products/Debug/include -Xcc -I/Users/admin/builder/spi-builder-workspace/.derivedData/Build/Intermediates.noindex/AgoraUIKit_macOS.build/Debug/AgoraUIKit-t.build/DerivedSources-normal/arm64 -Xcc -I/Users/admin/builder/spi-builder-workspace/.derivedData/Build/Intermediates.noindex/AgoraUIKit_macOS.build/Debug/AgoraUIKit-t.build/DerivedSources/arm64 -Xcc -I/Users/admin/builder/spi-builder-workspace/.derivedData/Build/Intermediates.noindex/AgoraUIKit_macOS.build/Debug/AgoraUIKit-t.build/DerivedSources -Xcc -DSWIFT_PACKAGE -Xcc -DDEBUG\=1 -emit-objc-header -emit-objc-header-path /Users/admin/builder/spi-builder-workspace/.derivedData/Build/Intermediates.noindex/AgoraUIKit_macOS.build/Debug/AgoraUIKit-t.build/Objects-normal/arm64/AgoraUIKit-Swift.h -working-directory /Users/admin/builder/spi-builder-workspace/.swiftpm/xcode -experimental-emit-module-separately -disable-cmo
SwiftCompile normal arm64 Compiling\ AgoraUIKit+AgoraRtmController+SendHelpers.swift,\ AgoraUIKit+MD5.swift,\ AgoraUIKit.swift /Users/admin/builder/spi-builder-workspace/Sources/Agora-Video-UIKit/AgoraUIKit+AgoraRtmController+SendHelpers.swift /Users/admin/builder/spi-builder-workspace/Sources/Agora-Video-UIKit/AgoraUIKit+MD5.swift /Users/admin/builder/spi-builder-workspace/Sources/Agora-Video-UIKit/AgoraUIKit.swift (in target 'AgoraUIKit' from project 'AgoraUIKit_macOS')
SwiftCompile normal arm64 /Users/admin/builder/spi-builder-workspace/Sources/Agora-Video-UIKit/AgoraUIKit+AgoraRtmController+SendHelpers.swift (in target 'AgoraUIKit' from project 'AgoraUIKit_macOS')
    cd /Users/admin/builder/spi-builder-workspace/.swiftpm/xcode
    builtin-SwiftPerFileCompile AgoraUIKit+AgoraRtmController+SendHelpers.swift
SwiftCompile normal arm64 /Users/admin/builder/spi-builder-workspace/Sources/Agora-Video-UIKit/AgoraUIKit+MD5.swift (in target 'AgoraUIKit' from project 'AgoraUIKit_macOS')
    cd /Users/admin/builder/spi-builder-workspace/.swiftpm/xcode
    builtin-SwiftPerFileCompile AgoraUIKit+MD5.swift
SwiftCompile normal arm64 (in target 'AgoraUIKit' from project 'AgoraUIKit_macOS')
    cd /Users/admin/builder/spi-builder-workspace/.swiftpm/xcode

SwiftCompile normal arm64 Compiling\ AgoraVideoViewer+AgoraExtensions.swift,\ AgoraVideoViewer+AgoraRtcEngineDelegate.swift,\ AgoraVideoViewer+Buttons.swift /Users/admin/builder/spi-builder-workspace/Sources/Agora-Video-UIKit/AgoraVideoViewer+AgoraExtensions.swift /Users/admin/builder/spi-builder-workspace/Sources/Agora-Video-UIKit/AgoraVideoViewer+AgoraRtcEngineDelegate.swift /Users/admin/builder/spi-builder-workspace/Sources/Agora-Video-UIKit/AgoraVideoViewer+Buttons.swift (in target 'AgoraUIKit' from project 'AgoraUIKit_macOS')
SwiftCompile normal arm64 /Users/admin/builder/spi-builder-workspace/Sources/Agora-Video-UIKit/AgoraVideoViewer+AgoraExtensions.swift (in target 'AgoraUIKit' from project 'AgoraUIKit_macOS')
    cd /Users/admin/builder/spi-builder-workspace/.swiftpm/xcode
    builtin-SwiftPerFileCompile AgoraVideoViewer+AgoraExtensions.swift
SwiftCompile normal arm64 /Users/admin/builder/spi-builder-workspace/Sources/Agora-Video-UIKit/AgoraVideoViewer+AgoraRtcEngineDelegate.swift (in target 'AgoraUIKit' from project 'AgoraUIKit_macOS')
    cd /Users/admin/builder/spi-builder-workspace/.swiftpm/xcode
    builtin-SwiftPerFileCompile AgoraVideoViewer+AgoraRtcEngineDelegate.swift
SwiftCompile normal arm64 /Users/admin/builder/spi-builder-workspace/Sources/Agora-Video-UIKit/AgoraVideoViewer+Buttons.swift (in target 'AgoraUIKit' from project 'AgoraUIKit_macOS')
    cd /Users/admin/builder/spi-builder-workspace/.swiftpm/xcode
    builtin-SwiftPerFileCompile AgoraVideoViewer+Buttons.swift
SwiftCompile normal arm64 Compiling\ AgoraVideoViewer+Permissions.swift,\ AgoraVideoViewer+RtcEngineDelegateOverflow.swift,\ AgoraVideoViewer+Token.swift /Users/admin/builder/spi-builder-workspace/Sources/Agora-Video-UIKit/AgoraVideoViewer+Permissions.swift /Users/admin/builder/spi-builder-workspace/Sources/Agora-Video-UIKit/AgoraVideoViewer+RtcEngineDelegateOverflow.swift /Users/admin/builder/spi-builder-workspace/Sources/Agora-Video-UIKit/AgoraVideoViewer+Token.swift (in target 'AgoraUIKit' from project 'AgoraUIKit_macOS')
SwiftCompile normal arm64 /Users/admin/builder/spi-builder-workspace/Sources/Agora-Video-UIKit/AgoraVideoViewer+Permissions.swift (in target 'AgoraUIKit' from project 'AgoraUIKit_macOS')
    cd /Users/admin/builder/spi-builder-workspace/.swiftpm/xcode
    builtin-SwiftPerFileCompile AgoraVideoViewer+Permissions.swift
SwiftCompile normal arm64 /Users/admin/builder/spi-builder-workspace/Sources/Agora-Video-UIKit/AgoraVideoViewer+RtcEngineDelegateOverflow.swift (in target 'AgoraUIKit' from project 'AgoraUIKit_macOS')
    cd /Users/admin/builder/spi-builder-workspace/.swiftpm/xcode
    builtin-SwiftPerFileCompile AgoraVideoViewer+RtcEngineDelegateOverflow.swift
SwiftCompile normal arm64 /Users/admin/builder/spi-builder-workspace/Sources/Agora-Video-UIKit/AgoraVideoViewer+Token.swift (in target 'AgoraUIKit' from project 'AgoraUIKit_macOS')
    cd /Users/admin/builder/spi-builder-workspace/.swiftpm/xcode
    builtin-SwiftPerFileCompile AgoraVideoViewer+Token.swift
SwiftCompile normal arm64 Compiling\ AgoraSettings.swift,\ AgoraSingleVideoView+RtmDelegate.swift,\ AgoraSingleVideoView+RtmOptions.swift /Users/admin/builder/spi-builder-workspace/Sources/Agora-Video-UIKit/AgoraSettings.swift /Users/admin/builder/spi-builder-workspace/Sources/Agora-Video-UIKit/AgoraSingleVideoView+RtmDelegate.swift /Users/admin/builder/spi-builder-workspace/Sources/Agora-Video-UIKit/AgoraSingleVideoView+RtmOptions.swift (in target 'AgoraUIKit' from project 'AgoraUIKit_macOS')
SwiftCompile normal arm64 /Users/admin/builder/spi-builder-workspace/Sources/Agora-Video-UIKit/AgoraSettings.swift (in target 'AgoraUIKit' from project 'AgoraUIKit_macOS')
    cd /Users/admin/builder/spi-builder-workspace/.swiftpm/xcode
    builtin-SwiftPerFileCompile AgoraSettings.swift
SwiftCompile normal arm64 /Users/admin/builder/spi-builder-workspace/Sources/Agora-Video-UIKit/AgoraSingleVideoView+RtmDelegate.swift (in target 'AgoraUIKit' from project 'AgoraUIKit_macOS')
    cd /Users/admin/builder/spi-builder-workspace/.swiftpm/xcode
    builtin-SwiftPerFileCompile AgoraSingleVideoView+RtmDelegate.swift
SwiftCompile normal arm64 /Users/admin/builder/spi-builder-workspace/Sources/Agora-Video-UIKit/AgoraSingleVideoView+RtmOptions.swift (in target 'AgoraUIKit' from project 'AgoraUIKit_macOS')
    cd /Users/admin/builder/spi-builder-workspace/.swiftpm/xcode
    builtin-SwiftPerFileCompile AgoraSingleVideoView+RtmOptions.swift
SwiftCompile normal arm64 Compiling\ AgoraSingleVideoView.swift,\ AgoraUIKit+AgoraRtmController+Extensions.swift,\ AgoraUIKit+AgoraRtmController+MuteRequests.swift /Users/admin/builder/spi-builder-workspace/Sources/Agora-Video-UIKit/AgoraSingleVideoView.swift /Users/admin/builder/spi-builder-workspace/Sources/Agora-Video-UIKit/AgoraUIKit+AgoraRtmController+Extensions.swift /Users/admin/builder/spi-builder-workspace/Sources/Agora-Video-UIKit/AgoraUIKit+AgoraRtmController+MuteRequests.swift (in target 'AgoraUIKit' from project 'AgoraUIKit_macOS')
SwiftCompile normal arm64 /Users/admin/builder/spi-builder-workspace/Sources/Agora-Video-UIKit/AgoraSingleVideoView.swift (in target 'AgoraUIKit' from project 'AgoraUIKit_macOS')
    cd /Users/admin/builder/spi-builder-workspace/.swiftpm/xcode
    builtin-SwiftPerFileCompile AgoraSingleVideoView.swift
SwiftCompile normal arm64 /Users/admin/builder/spi-builder-workspace/Sources/Agora-Video-UIKit/AgoraUIKit+AgoraRtmController+Extensions.swift (in target 'AgoraUIKit' from project 'AgoraUIKit_macOS')
    cd /Users/admin/builder/spi-builder-workspace/.swiftpm/xcode
    builtin-SwiftPerFileCompile AgoraUIKit+AgoraRtmController+Extensions.swift
SwiftCompile normal arm64 /Users/admin/builder/spi-builder-workspace/Sources/Agora-Video-UIKit/AgoraUIKit+AgoraRtmController+MuteRequests.swift (in target 'AgoraUIKit' from project 'AgoraUIKit_macOS')
    cd /Users/admin/builder/spi-builder-workspace/.swiftpm/xcode
    builtin-SwiftPerFileCompile AgoraUIKit+AgoraRtmController+MuteRequests.swift
SwiftCompile normal arm64 Compiling\ AgoraCameraSourcePush.swift,\ AgoraCollectionViewer.swift,\ AgoraConnectionData.swift /Users/admin/builder/spi-builder-workspace/Sources/Agora-Video-UIKit/AgoraCameraSourcePush.swift /Users/admin/builder/spi-builder-workspace/Sources/Agora-Video-UIKit/AgoraCollectionViewer.swift /Users/admin/builder/spi-builder-workspace/Sources/Agora-Video-UIKit/AgoraConnectionData.swift (in target 'AgoraUIKit' from project 'AgoraUIKit_macOS')
SwiftCompile normal arm64 /Users/admin/builder/spi-builder-workspace/Sources/Agora-Video-UIKit/AgoraCameraSourcePush.swift (in target 'AgoraUIKit' from project 'AgoraUIKit_macOS')
    cd /Users/admin/builder/spi-builder-workspace/.swiftpm/xcode
    builtin-SwiftPerFileCompile AgoraCameraSourcePush.swift
SwiftCompile normal arm64 /Users/admin/builder/spi-builder-workspace/Sources/Agora-Video-UIKit/AgoraCollectionViewer.swift (in target 'AgoraUIKit' from project 'AgoraUIKit_macOS')
    cd /Users/admin/builder/spi-builder-workspace/.swiftpm/xcode
    builtin-SwiftPerFileCompile AgoraCollectionViewer.swift
SwiftCompile normal arm64 /Users/admin/builder/spi-builder-workspace/Sources/Agora-Video-UIKit/AgoraConnectionData.swift (in target 'AgoraUIKit' from project 'AgoraUIKit_macOS')
    cd /Users/admin/builder/spi-builder-workspace/.swiftpm/xcode
    builtin-SwiftPerFileCompile AgoraConnectionData.swift
SwiftCompile normal arm64 Compiling\ AgoraVideoViewer+JoinChannel.swift,\ AgoraVideoViewer+LocalVideo.swift,\ AgoraVideoViewer+Ordering.swift /Users/admin/builder/spi-builder-workspace/Sources/Agora-Video-UIKit/AgoraVideoViewer+JoinChannel.swift /Users/admin/builder/spi-builder-workspace/Sources/Agora-Video-UIKit/AgoraVideoViewer+LocalVideo.swift /Users/admin/builder/spi-builder-workspace/Sources/Agora-Video-UIKit/AgoraVideoViewer+Ordering.swift (in target 'AgoraUIKit' from project 'AgoraUIKit_macOS')
/Users/admin/builder/spi-builder-workspace/Sources/Agora-Video-UIKit/AgoraVideoViewer+Ordering.swift:84:5: warning: non-'@objc' instance method declared in extension cannot be overridden; use 'public' instead; this will be an error in a future Swift language mode
 82 |     }
 83 |
 84 |     open override func layoutSubviews() {
    |     `- warning: non-'@objc' instance method declared in extension cannot be overridden; use 'public' instead; this will be an error in a future Swift language mode
 85 |         super.layoutSubviews()
 86 |         self.reorganiseVideos()
/Users/admin/builder/spi-builder-workspace/Sources/Agora-Video-UIKit/AgoraVideoViewer+Ordering.swift:84:24: error: method does not override any method from its superclass
 82 |     }
 83 |
 84 |     open override func layoutSubviews() {
    |                        `- error: method does not override any method from its superclass
 85 |         super.layoutSubviews()
 86 |         self.reorganiseVideos()
SwiftCompile normal arm64 /Users/admin/builder/spi-builder-workspace/Sources/Agora-Video-UIKit/AgoraVideoViewer+JoinChannel.swift (in target 'AgoraUIKit' from project 'AgoraUIKit_macOS')
    cd /Users/admin/builder/spi-builder-workspace/.swiftpm/xcode
    builtin-SwiftPerFileCompile AgoraVideoViewer+JoinChannel.swift
SwiftCompile normal arm64 /Users/admin/builder/spi-builder-workspace/Sources/Agora-Video-UIKit/AgoraVideoViewer+LocalVideo.swift (in target 'AgoraUIKit' from project 'AgoraUIKit_macOS')
    cd /Users/admin/builder/spi-builder-workspace/.swiftpm/xcode
    builtin-SwiftPerFileCompile AgoraVideoViewer+LocalVideo.swift
SwiftCompile normal arm64 /Users/admin/builder/spi-builder-workspace/Sources/Agora-Video-UIKit/AgoraVideoViewer+Ordering.swift (in target 'AgoraUIKit' from project 'AgoraUIKit_macOS')
    cd /Users/admin/builder/spi-builder-workspace/.swiftpm/xcode
    builtin-SwiftPerFileCompile AgoraVideoViewer+Ordering.swift
SwiftCompile normal arm64 Compiling\ AgoraVideoViewer+Utilities.swift,\ AgoraVideoViewer+VideoControl.swift /Users/admin/builder/spi-builder-workspace/Sources/Agora-Video-UIKit/AgoraVideoViewer+Utilities.swift /Users/admin/builder/spi-builder-workspace/Sources/Agora-Video-UIKit/AgoraVideoViewer+VideoControl.swift (in target 'AgoraUIKit' from project 'AgoraUIKit_macOS')
SwiftCompile normal arm64 /Users/admin/builder/spi-builder-workspace/Sources/Agora-Video-UIKit/AgoraVideoViewer+Utilities.swift (in target 'AgoraUIKit' from project 'AgoraUIKit_macOS')
    cd /Users/admin/builder/spi-builder-workspace/.swiftpm/xcode
    builtin-SwiftPerFileCompile AgoraVideoViewer+Utilities.swift
SwiftCompile normal arm64 /Users/admin/builder/spi-builder-workspace/Sources/Agora-Video-UIKit/AgoraVideoViewer+VideoControl.swift (in target 'AgoraUIKit' from project 'AgoraUIKit_macOS')
    cd /Users/admin/builder/spi-builder-workspace/.swiftpm/xcode
    builtin-SwiftPerFileCompile AgoraVideoViewer+VideoControl.swift
SwiftCompile normal arm64 Compiling\ AgoraVideoViewer.swift,\ AgoraViewer.swift /Users/admin/builder/spi-builder-workspace/Sources/Agora-Video-UIKit/AgoraVideoViewer.swift /Users/admin/builder/spi-builder-workspace/Sources/Agora-Video-UIKit/AgoraViewer.swift (in target 'AgoraUIKit' from project 'AgoraUIKit_macOS')
SwiftCompile normal arm64 /Users/admin/builder/spi-builder-workspace/Sources/Agora-Video-UIKit/AgoraVideoViewer.swift (in target 'AgoraUIKit' from project 'AgoraUIKit_macOS')
    cd /Users/admin/builder/spi-builder-workspace/.swiftpm/xcode
    builtin-SwiftPerFileCompile AgoraVideoViewer.swift
SwiftCompile normal arm64 /Users/admin/builder/spi-builder-workspace/Sources/Agora-Video-UIKit/AgoraViewer.swift (in target 'AgoraUIKit' from project 'AgoraUIKit_macOS')
    cd /Users/admin/builder/spi-builder-workspace/.swiftpm/xcode
    builtin-SwiftPerFileCompile AgoraViewer.swift
SwiftEmitModule normal arm64 Emitting\ module\ for\ AgoraUIKit (in target 'AgoraUIKit' from project 'AgoraUIKit_macOS')
/Users/admin/builder/spi-builder-workspace/Sources/Agora-Video-UIKit/AgoraVideoViewer+Ordering.swift:84:5: warning: non-'@objc' instance method declared in extension cannot be overridden; use 'public' instead; this will be an error in a future Swift language mode
 82 |     }
 83 |
 84 |     open override func layoutSubviews() {
    |     `- warning: non-'@objc' instance method declared in extension cannot be overridden; use 'public' instead; this will be an error in a future Swift language mode
 85 |         super.layoutSubviews()
 86 |         self.reorganiseVideos()
/Users/admin/builder/spi-builder-workspace/Sources/Agora-Video-UIKit/AgoraVideoViewer+Ordering.swift:84:24: error: method does not override any method from its superclass
 82 |     }
 83 |
 84 |     open override func layoutSubviews() {
    |                        `- error: method does not override any method from its superclass
 85 |         super.layoutSubviews()
 86 |         self.reorganiseVideos()
Failed frontend command:
/Applications/Xcode-27.0.0-Release.Candidate.app/Contents/Developer/Toolchains/XcodeDefault.xctoolchain/usr/bin/swift-frontend -frontend -emit-module -experimental-skip-non-inlinable-function-bodies-without-types /Users/admin/builder/spi-builder-workspace/Sources/Agora-Video-UIKit/AgoraCameraSourcePush.swift /Users/admin/builder/spi-builder-workspace/Sources/Agora-Video-UIKit/AgoraCollectionViewer.swift /Users/admin/builder/spi-builder-workspace/Sources/Agora-Video-UIKit/AgoraConnectionData.swift /Users/admin/builder/spi-builder-workspace/Sources/Agora-Video-UIKit/AgoraSettings.swift /Users/admin/builder/spi-builder-workspace/Sources/Agora-Video-UIKit/AgoraSingleVideoView+RtmDelegate.swift /Users/admin/builder/spi-builder-workspace/Sources/Agora-Video-UIKit/AgoraSingleVideoView+RtmOptions.swift /Users/admin/builder/spi-builder-workspace/Sources/Agora-Video-UIKit/AgoraSingleVideoView.swift /Users/admin/builder/spi-builder-workspace/Sources/Agora-Video-UIKit/AgoraUIKit+AgoraRtmController+Extensions.swift /Users/admin/builder/spi-builder-workspace/Sources/Agora-Video-UIKit/AgoraUIKit+AgoraRtmController+MuteRequests.swift /Users/admin/builder/spi-builder-workspace/Sources/Agora-Video-UIKit/AgoraUIKit+AgoraRtmController+SendHelpers.swift /Users/admin/builder/spi-builder-workspace/Sources/Agora-Video-UIKit/AgoraUIKit+MD5.swift /Users/admin/builder/spi-builder-workspace/Sources/Agora-Video-UIKit/AgoraUIKit.swift /Users/admin/builder/spi-builder-workspace/Sources/Agora-Video-UIKit/AgoraVideoViewer+AgoraExtensions.swift /Users/admin/builder/spi-builder-workspace/Sources/Agora-Video-UIKit/AgoraVideoViewer+AgoraRtcEngineDelegate.swift /Users/admin/builder/spi-builder-workspace/Sources/Agora-Video-UIKit/AgoraVideoViewer+Buttons.swift /Users/admin/builder/spi-builder-workspace/Sources/Agora-Video-UIKit/AgoraVideoViewer+JoinChannel.swift /Users/admin/builder/spi-builder-workspace/Sources/Agora-Video-UIKit/AgoraVideoViewer+LocalVideo.swift /Users/admin/builder/spi-builder-workspace/Sources/Agora-Video-UIKit/AgoraVideoViewer+Ordering.swift /Users/admin/builder/spi-builder-workspace/Sources/Agora-Video-UIKit/AgoraVideoViewer+Permissions.swift /Users/admin/builder/spi-builder-workspace/Sources/Agora-Video-UIKit/AgoraVideoViewer+RtcEngineDelegateOverflow.swift /Users/admin/builder/spi-builder-workspace/Sources/Agora-Video-UIKit/AgoraVideoViewer+Token.swift /Users/admin/builder/spi-builder-workspace/Sources/Agora-Video-UIKit/AgoraVideoViewer+Utilities.swift /Users/admin/builder/spi-builder-workspace/Sources/Agora-Video-UIKit/AgoraVideoViewer+VideoControl.swift /Users/admin/builder/spi-builder-workspace/Sources/Agora-Video-UIKit/AgoraVideoViewer.swift /Users/admin/builder/spi-builder-workspace/Sources/Agora-Video-UIKit/AgoraViewer.swift /Users/admin/builder/spi-builder-workspace/Sources/Agora-Video-UIKit/UIButton+Extensions.swift /Users/admin/builder/spi-builder-workspace/Sources/Agora-Video-UIKit/iOS+macOS+typealiases.swift -target arm64-apple-macos12.0 -module-can-import AgoraRtmControl -module-can-import AgoraRtmKit -disable-cross-import-overlay-search -swift-module-cross-import AVKit /Applications/Xcode-27.0.0-Release.Candidate.app/Contents/Developer/Platforms/MacOSX.platform/Developer/SDKs/MacOSX.sdk/System/Library/Frameworks/AVKit.framework/Modules/AVKit.swiftcrossimport/SwiftUI.swiftoverlay -swift-module-cross-import AVKit /Applications/Xcode-27.0.0-Release.Candidate.app/Contents/Developer/Platforms/MacOSX.platform/Developer/SDKs/MacOSX27.0.sdk/System/Library/Frameworks/AVKit.framework/Modules/AVKit.swiftcrossimport/SwiftUI.swiftoverlay -load-resolved-plugin /Applications/Xcode-27.0.0-Release.Candidate.app/Contents/Developer/Platforms/MacOSX.platform/Developer/usr/lib/swift/host/plugins/libFoundationMacros.dylib\#/Applications/Xcode-27.0.0-Release.Candidate.app/Contents/Developer/Platforms/MacOSX.platform/Developer/usr/bin/swift-plugin-server\#FoundationMacros -load-resolved-plugin /Applications/Xcode-27.0.0-Release.Candidate.app/Contents/Developer/Platforms/MacOSX.platform/Developer/usr/lib/swift/host/plugins/libObservationMacros.dylib\#/Applications/Xcode-27.0.0-Release.Candidate.app/Contents/Developer/Platforms/MacOSX.platform/Developer/usr/bin/swift-plugin-server\#ObservationMacros -load-resolved-plugin /Applications/Xcode-27.0.0-Release.Candidate.app/Contents/Developer/Platforms/MacOSX.platform/Developer/usr/lib/swift/host/plugins/libPreviewsMacros.dylib\#/Applications/Xcode-27.0.0-Release.Candidate.app/Contents/Developer/Platforms/MacOSX.platform/Developer/usr/bin/swift-plugin-server\#PreviewsMacros -load-resolved-plugin /Applications/Xcode-27.0.0-Release.Candidate.app/Contents/Developer/Platforms/MacOSX.platform/Developer/usr/lib/swift/host/plugins/libSwiftMacros.dylib\#/Applications/Xcode-27.0.0-Release.Candidate.app/Contents/Developer/Platforms/MacOSX.platform/Developer/usr/bin/swift-plugin-server\#SwiftMacros -load-resolved-plugin /Applications/Xcode-27.0.0-Release.Candidate.app/Contents/Developer/Platforms/MacOSX.platform/Developer/usr/lib/swift/host/plugins/libSwiftUIMacros.dylib\#/Applications/Xcode-27.0.0-Release.Candidate.app/Contents/Developer/Platforms/MacOSX.platform/Developer/usr/bin/swift-plugin-server\#SwiftUIMacros -disable-implicit-swift-modules -Xcc -fno-implicit-modules -Xcc -fno-implicit-module-maps -explicit-swift-module-map-file /Users/admin/builder/spi-builder-workspace/.derivedData/Build/Intermediates.noindex/AgoraUIKit_macOS.build/Debug/AgoraUIKit-t.build/Objects-normal/arm64/AgoraUIKit-dependencies-1.json -Xllvm -aarch64-use-tbi -enable-objc-interop -stack-check -sdk /Applications/Xcode-27.0.0-Release.Candidate.app/Contents/Developer/Platforms/MacOSX.platform/Developer/SDKs/MacOSX27.0.sdk -I /Users/admin/builder/spi-builder-workspace/.derivedData/Build/Products/Debug -Isystem /Applications/Xcode-27.0.0-Release.Candidate.app/Contents/Developer/Platforms/MacOSX.platform/Developer/usr/lib -F /Users/admin/builder/spi-builder-workspace/.derivedData/Build/Products/Debug/PackageFrameworks -F /Users/admin/builder/spi-builder-workspace/.derivedData/Build/Products/Debug -F /Applications/Xcode-27.0.0-Release.Candidate.app/Contents/Developer/Platforms/MacOSX.platform/Developer/Library/Frameworks -module-cache-path /Users/admin/builder/spi-builder-workspace/.derivedData/Build/Intermediates.noindex/SwiftExplicitPrecompiledModules -no-color-diagnostics -Xcc -fno-color-diagnostics -enable-testing -g -debug-info-format\=dwarf -dwarf-version\=4 -profile-generate -profile-coverage-mapping -swift-version 5 -Onone -D SWIFT_PACKAGE -D DEBUG -D SWIFT_MODULE_RESOURCE_BUNDLE_UNAVAILABLE -D Xcode -serialize-debugging-options -enable-experimental-feature DebugDescriptionMacro -empty-abi-descriptor -validate-clang-modules-once -clang-build-session-file /Users/admin/builder/spi-builder-workspace/.derivedData/ModuleCache.noindex/Session.modulevalidation -Xcc -working-directory -Xcc /Users/admin/builder/spi-builder-workspace/.swiftpm/xcode -enable-anonymous-context-mangled-names -file-compilation-dir /Users/admin/builder/spi-builder-workspace/.swiftpm/xcode -Xcc -D_LIBCPP_HARDENING_MODE\=_LIBCPP_HARDENING_MODE_DEBUG -Xcc -ivfsstatcache -Xcc /Users/admin/builder/spi-builder-workspace/.derivedData/SDKStatCaches.noindex/macosx27.0-26A425-e829b21a6f8c9b70876ba0858053c0446a22442a12e9d48fe1a705f55a1adfc4.sdkstatcache -Xcc -fmodules-prune-interval\=86400 -Xcc -fmodules-prune-after\=345600 -Xcc -I/Users/admin/builder/spi-builder-workspace/.derivedData/Build/Products/Debug/include -Xcc -I/Users/admin/builder/spi-builder-workspace/.derivedData/Build/Intermediates.noindex/AgoraUIKit_macOS.build/Debug/AgoraUIKit-t.build/DerivedSources-normal/arm64 -Xcc -I/Users/admin/builder/spi-builder-workspace/.derivedData/Build/Intermediates.noindex/AgoraUIKit_macOS.build/Debug/AgoraUIKit-t.build/DerivedSources/arm64 -Xcc -I/Users/admin/builder/spi-builder-workspace/.derivedData/Build/Intermediates.noindex/AgoraUIKit_macOS.build/Debug/AgoraUIKit-t.build/DerivedSources -Xcc -DSWIFT_PACKAGE -Xcc -DDEBUG\=1 -no-auto-bridging-header-chaining -module-name AgoraUIKit -const-gather-protocols-file /Users/admin/builder/spi-builder-workspace/.derivedData/Build/Intermediates.noindex/AgoraUIKit_macOS.build/Debug/AgoraUIKit-t.build/Objects-normal/arm64/AgoraUIKit_const_extract_protocols.json -disable-clang-spi -clang-target arm64-apple-macos27.0 -target-sdk-version 27.0 -target-sdk-name macosx27.0 -in-process-plugin-server-path /Applications/Xcode-27.0.0-Release.Candidate.app/Contents/Developer/Toolchains/XcodeDefault.xctoolchain/usr/lib/swift/host/libSwiftInProcPluginServer.dylib -emit-module-doc-path /Users/admin/builder/spi-builder-workspace/.derivedData/Build/Intermediates.noindex/AgoraUIKit_macOS.build/Debug/AgoraUIKit-t.build/Objects-normal/arm64/AgoraUIKit.swiftdoc -emit-module-source-info-path /Users/admin/builder/spi-builder-workspace/.derivedData/Build/Intermediates.noindex/AgoraUIKit_macOS.build/Debug/AgoraUIKit-t.build/Objects-normal/arm64/AgoraUIKit.swiftsourceinfo -emit-objc-header-path /Users/admin/builder/spi-builder-workspace/.derivedData/Build/Intermediates.noindex/AgoraUIKit_macOS.build/Debug/AgoraUIKit-t.build/Objects-normal/arm64/AgoraUIKit-Swift.h -serialize-diagnostics-path /Users/admin/builder/spi-builder-workspace/.derivedData/Build/Intermediates.noindex/AgoraUIKit_macOS.build/Debug/AgoraUIKit-t.build/Objects-normal/arm64/AgoraUIKit-primary-emit-module.dia -emit-dependencies-path /Users/admin/builder/spi-builder-workspace/.derivedData/Build/Intermediates.noindex/AgoraUIKit_macOS.build/Debug/AgoraUIKit-t.build/Objects-normal/arm64/AgoraUIKit-primary-emit-module.d -parse-as-library -o /Users/admin/builder/spi-builder-workspace/.derivedData/Build/Intermediates.noindex/AgoraUIKit_macOS.build/Debug/AgoraUIKit-t.build/Objects-normal/arm64/AgoraUIKit.swiftmodule -emit-abi-descriptor-path /Users/admin/builder/spi-builder-workspace/.derivedData/Build/Intermediates.noindex/AgoraUIKit_macOS.build/Debug/AgoraUIKit-t.build/Objects-normal/arm64/AgoraUIKit.abi.json
SwiftCompile normal arm64 (in target 'AgoraUIKit' from project 'AgoraUIKit_macOS')
    cd /Users/admin/builder/spi-builder-workspace/.swiftpm/xcode

SwiftCompile normal arm64 Compiling\ UIButton+Extensions.swift,\ iOS+macOS+typealiases.swift /Users/admin/builder/spi-builder-workspace/Sources/Agora-Video-UIKit/UIButton+Extensions.swift /Users/admin/builder/spi-builder-workspace/Sources/Agora-Video-UIKit/iOS+macOS+typealiases.swift (in target 'AgoraUIKit' from project 'AgoraUIKit_macOS')
SwiftCompile normal arm64 /Users/admin/builder/spi-builder-workspace/Sources/Agora-Video-UIKit/UIButton+Extensions.swift (in target 'AgoraUIKit' from project 'AgoraUIKit_macOS')
    cd /Users/admin/builder/spi-builder-workspace/.swiftpm/xcode
    builtin-SwiftPerFileCompile UIButton+Extensions.swift
SwiftCompile normal arm64 /Users/admin/builder/spi-builder-workspace/Sources/Agora-Video-UIKit/iOS+macOS+typealiases.swift (in target 'AgoraUIKit' from project 'AgoraUIKit_macOS')
    cd /Users/admin/builder/spi-builder-workspace/.swiftpm/xcode
    builtin-SwiftPerFileCompile iOS+macOS+typealiases.swift
PruneExplicitPrecompiledModules /Users/admin/builder/spi-builder-workspace/.derivedData/Build/Intermediates.noindex/ExplicitPrecompiledModules
PruneExplicitPrecompiledModules /Users/admin/builder/spi-builder-workspace/.derivedData/Build/Intermediates.noindex/SwiftExplicitPrecompiledModules
PruneExplicitPrecompiledModules /Users/admin/builder/spi-builder-workspace/.derivedData/SDKExplicitPrecompiledModules
2026-09-18 18:24:35.222 xcodebuild[1094:5640] [MT] IDERunDestination: Supported platforms for the buildables in the current scheme is empty.
--- xcodebuild: WARNING: Using the first of multiple matching destinations:
{ platform:macOS, arch:arm64, id:b38c4d6d3d2d0b32dbe0faa67fedd903cfbd6cef, name:My Mac }
{ platform:macOS, arch:arm64, variant:Mac Catalyst, id:b38c4d6d3d2d0b32dbe0faa67fedd903cfbd6cef, name:My Mac }
{ platform:macOS, arch:arm64, variant:DriverKit, id:b38c4d6d3d2d0b32dbe0faa67fedd903cfbd6cef, name:My Mac }
{ platform:macOS, arch:arm64, variant:Designed for [iPad,iPhone], id:b38c4d6d3d2d0b32dbe0faa67fedd903cfbd6cef, name:My Mac }
** BUILD FAILED **
The following build commands failed:
	SwiftEmitModule normal arm64 Emitting\ module\ for\ AgoraUIKit (in target 'AgoraUIKit' from project 'AgoraUIKit_macOS')
	SwiftCompile normal arm64 (in target 'AgoraUIKit' from project 'AgoraUIKit_macOS')
	Building workspace AgoraUIKit_macOS with scheme AgoraUIKit_macOS-Package
(3 failures)
BUILD FAILURE 6.4 macosXcodebuild